[INFO] fetching crate inillucent 2.3.4...
[INFO] checking inillucent-2.3.4 against 3154cc1a3e6424e44f438a95007d043ed5ceaaf6+rustflags=-Znext-solver=coherence for pr-133502-30
[INFO] extracting crate inillucent 2.3.4 into /workspace/builds/worker-1-tc1/source
[INFO] started tweaking crates.io crate inillucent 2.3.4
[INFO] removed 0 missing tests
[INFO] finished tweaking crates.io crate inillucent 2.3.4
[INFO] tweaked toml for crates.io crate inillucent 2.3.4 written to /workspace/builds/worker-1-tc1/source/Cargo.toml
[INFO] validating manifest of crates.io crate inillucent 2.3.4 on toolchain 3154cc1a3e6424e44f438a95007d043ed5ceaaf6
[INFO] running `Command { std: CARGO_HOME="/workspace/cargo-home" RUSTUP_HOME="/workspace/rustup-home" "/workspace/cargo-home/bin/cargo" "+3154cc1a3e6424e44f438a95007d043ed5ceaaf6" "metadata" "--manifest-path" "Cargo.toml" "--no-deps", kill_on_drop: false }`
[INFO] crate crates.io crate inillucent 2.3.4 already has a lockfile, it will not be regenerated
[INFO] running `Command { std: CARGO_HOME="/workspace/cargo-home" RUSTUP_HOME="/workspace/rustup-home" "/workspace/cargo-home/bin/cargo" "+3154cc1a3e6424e44f438a95007d043ed5ceaaf6" "fetch" "--manifest-path" "Cargo.toml", kill_on_drop: false }`
[INFO] [stderr]     Updating crates.io index
[INFO] [stderr]  Downloading crates ...
[INFO] [stderr]   Downloaded macro_rules_attribute v0.2.3
[INFO] [stderr]   Downloaded macro_rules_attribute-proc_macro v0.2.3
[INFO] [stderr]   Downloaded inillucent-sqlite-reader v2.3.4
[INFO] [stderr]   Downloaded inillucent-wal v2.3.4
[INFO] [stderr]   Downloaded onig v6.5.3
[INFO] [stderr]   Downloaded inillucent-catalog v2.3.4
[INFO] [stderr]   Downloaded ort-sys v2.0.0-rc.13
[INFO] [stderr]   Downloaded inillucent-value v2.3.4
[INFO] [stderr]   Downloaded inillucent-txn v2.3.4
[INFO] [stderr]   Downloaded inillucent-transaction v2.3.4
[INFO] [stderr]   Downloaded inillucent-vfs v2.3.4
[INFO] [stderr]   Downloaded inillucent-search v2.3.4
[INFO] [stderr]   Downloaded inillucent-driver v2.3.4
[INFO] [stderr]   Downloaded inillucent-base v2.3.4
[INFO] [stderr]   Downloaded inillucent-ext v2.3.4
[INFO] [stderr]   Downloaded inillucent-scalar v2.3.4
[INFO] [stderr]   Downloaded inillucent-tree v2.3.4
[INFO] [stderr]   Downloaded inillucent-storage v2.3.4
[INFO] [stderr]   Downloaded ort v2.0.0-rc.13
[INFO] [stderr]   Downloaded inillucent-pool v2.3.4
[INFO] [stderr]   Downloaded inillucent-core v2.3.4
[INFO] [stderr]   Downloaded inillucent-sql v2.3.4
[INFO] [stderr]   Downloaded inillucent-exec v2.3.4
[INFO] [stderr]   Downloaded inillucent-engine v2.3.4
[INFO] [stderr]   Downloaded onig_sys v69.9.3
[INFO] running `Command { std: "docker" "create" "-v" "/var/lib/crater-agent-workspace/builds/worker-1-tc1/source:/opt/rustwide/workdir:ro,Z" "-v" "/var/lib/crater-agent-workspace/builds/worker-1-tc1/target:/opt/rustwide/target:rw,Z" "-v" "/var/lib/crater-agent-workspace/cargo-home:/opt/rustwide/cargo-home:ro,Z" "-v" "/var/lib/crater-agent-workspace/rustup-home:/opt/rustwide/rustup-home:ro,Z" "-m" "1610612736" "--network" "none" "ghcr.io/rust-lang/crates-build-env/linux@sha256:77db811e55d90add9212f6832c23229e3de5f1c1f9905e8cb07319ea15df73ac" "sleep" "infinity", kill_on_drop: false }`
[INFO] [stdout] 8a09456c63928bbedcc86e9fe1a4dd58b0b8eb23d8b6290c4ae17a77edf815b6
[INFO] running `Command { std: "docker" "start" "8a09456c63928bbedcc86e9fe1a4dd58b0b8eb23d8b6290c4ae17a77edf815b6", kill_on_drop: false }`
[INFO] running `Command { std: "docker" "inspect" "8a09456c63928bbedcc86e9fe1a4dd58b0b8eb23d8b6290c4ae17a77edf815b6", kill_on_drop: false }`
[INFO] running `Command { std: "docker" "exec" "-e" "SOURCE_DIR=/opt/rustwide/workdir" "-e" "CARGO_HOME=/opt/rustwide/cargo-home" "-e" "RUSTUP_HOME=/opt/rustwide/rustup-home" "-e" "CARGO_TARGET_DIR=/opt/rustwide/target" "-w" "/opt/rustwide/workdir" "--user" "0:0" "8a09456c63928bbedcc86e9fe1a4dd58b0b8eb23d8b6290c4ae17a77edf815b6" "/opt/rustwide/cargo-home/bin/cargo" "+3154cc1a3e6424e44f438a95007d043ed5ceaaf6" "metadata" "--no-deps" "--format-version=1", kill_on_drop: false }`
[INFO] running `Command { std: "docker" "inspect" "8a09456c63928bbedcc86e9fe1a4dd58b0b8eb23d8b6290c4ae17a77edf815b6", kill_on_drop: false }`
[INFO] running `Command { std: "docker" "exec" "-e" "SOURCE_DIR=/opt/rustwide/workdir" "-e" "CARGO_HOME=/opt/rustwide/cargo-home" "-e" "RUSTUP_HOME=/opt/rustwide/rustup-home" "-e" "CARGO_TARGET_DIR=/opt/rustwide/target" "-e" "CARGO_INCREMENTAL=0" "-e" "RUST_BACKTRACE=full" "-e" "RUSTFLAGS=--cap-lints=forbid -Znext-solver=coherence" "-e" "RUSTDOCFLAGS=--cap-lints=forbid" "-w" "/opt/rustwide/workdir" "--user" "0:0" "8a09456c63928bbedcc86e9fe1a4dd58b0b8eb23d8b6290c4ae17a77edf815b6" "/opt/rustwide/cargo-home/bin/cargo" "+3154cc1a3e6424e44f438a95007d043ed5ceaaf6" "check" "--frozen" "--all" "--all-targets" "--message-format=json", kill_on_drop: false }`
[INFO] [stderr]    Compiling inillucent-base v2.3.4
[INFO] [stderr]    Compiling serde_core v1.0.229
[INFO] [stderr]    Compiling zerocopy v0.8.56
[INFO] [stderr]    Compiling serde v1.0.229
[INFO] [stderr]    Compiling syn v3.0.4
[INFO] [stderr]    Compiling serde_json v1.0.151
[INFO] [stderr]    Compiling thiserror v2.0.20
[INFO] [stderr]     Checking either v1.18.0
[INFO] [stderr]     Checking memchr v2.8.3
[INFO] [stderr]     Checking rayon v1.12.0
[INFO] [stderr]     Checking inillucent-vfs v2.3.4
[INFO] [stderr]     Checking inillucent-value v2.3.4
[INFO] [stderr]     Checking inillucent-sql v2.3.4
[INFO] [stderr]     Checking inillucent-pool v2.3.4
[INFO] [stderr]     Checking inillucent-wal v2.3.4
[INFO] [stderr]     Checking inillucent-storage v2.3.4
[INFO] [stderr]     Checking inillucent-tree v2.3.4
[INFO] [stderr]    Compiling serde_derive v1.0.229
[INFO] [stderr]    Compiling thiserror-impl v2.0.20
[INFO] [stderr]    Compiling bytemuck_derive v1.12.0
[INFO] [stderr]     Checking inillucent-transaction v2.3.4
[INFO] [stderr]     Checking bytemuck v1.25.2
[INFO] [stderr]     Checking inillucent-txn v2.3.4
[INFO] [stderr]     Checking ppv-lite86 v0.2.21
[INFO] [stderr]     Checking inillucent-catalog v2.3.4
[INFO] [stderr]     Checking inillucent-scalar v2.3.4
[INFO] [stderr]     Checking rand_chacha v0.3.1
[INFO] [stderr]     Checking rand v0.8.8
[INFO] [stderr]     Checking inillucent-sqlite-reader v2.3.4
[INFO] [stderr]     Checking rust-stemmers v1.2.0
[INFO] [stderr]     Checking inillucent-exec v2.3.4
[INFO] [stderr]     Checking inillucent-ext v2.3.4
[INFO] [stderr]     Checking inillucent-core v2.3.4
[INFO] [stderr]     Checking inillucent-search v2.3.4
[INFO] [stderr]     Checking inillucent-engine v2.3.4
[INFO] [stderr]     Checking inillucent-driver v2.3.4
[INFO] [stderr]     Checking inillucent v2.3.4 (/opt/rustwide/workdir)
[INFO] [stdout] error[E0433]: cannot find module or crate `inillucent_compat` in this scope
[INFO] [stdout]   --> tests/story_rag.rs:43:5
[INFO] [stdout]    |
[INFO] [stdout] 43 | use inillucent_compat::matrix::{Arm, Scale};
[INFO] [stdout]    |     ^^^^^^^^^^^^^^^^^ use of unresolved module or unlinked crate `inillucent_compat`
[INFO] [stdout]    |
[INFO] [stdout]    = help: if you wanted to use a crate named `inillucent_compat`, use `cargo add inillucent_compat` to add it to your `Cargo.toml`
[INFO] [stdout] 
[INFO] [stdout] 
[INFO] [stdout] error[E0433]: cannot find module or crate `inillucent_compat` in this scope
[INFO] [stdout]   --> tests/story_rag.rs:45:5
[INFO] [stdout]    |
[INFO] [stdout] 45 | use inillucent_compat::stories::{ask, open, reopen_and_check, run, vector};
[INFO] [stdout]    |     ^^^^^^^^^^^^^^^^^ use of unresolved module or unlinked crate `inillucent_compat`
[INFO] [stdout]    |
[INFO] [stdout]    = help: if you wanted to use a crate named `inillucent_compat`, use `cargo add inillucent_compat` to add it to your `Cargo.toml`
[INFO] [stdout] 
[INFO] [stdout] 
[INFO] [stdout] error[E0432]: unresolved import `inillucent_compat`
[INFO] [stdout]   --> tests/story_rag.rs:44:5
[INFO] [stdout]    |
[INFO] [stdout] 44 | use inillucent_compat::scenario;
[INFO] [stdout]    |     ^^^^^^^^^^^^^^^^^ use of unresolved module or unlinked crate `inillucent_compat`
[INFO] [stdout]    |
[INFO] [stdout]    = help: if you wanted to use a crate named `inillucent_compat`, use `cargo add inillucent_compat` to add it to your `Cargo.toml`
[INFO] [stdout] 
[INFO] [stdout] 
[INFO] [stdout] error[E0432]: unresolved import `inillucent_compat`
[INFO] [stdout]   --> tests/story_rag.rs:46:5
[INFO] [stdout]    |
[INFO] [stdout] 46 | use inillucent_compat::workspace_root;
[INFO] [stdout]    |     ^^^^^^^^^^^^^^^^^ use of unresolved module or unlinked crate `inillucent_compat`
[INFO] [stdout]    |
[INFO] [stdout]    = help: if you wanted to use a crate named `inillucent_compat`, use `cargo add inillucent_compat` to add it to your `Cargo.toml`
[INFO] [stdout] 
[INFO] [stdout] 
[INFO] [stdout] error[E0433]: cannot find module or crate `inillucent_compat` in this scope
[INFO] [stdout]   --> tests/story_ledger_day_nightly.rs:46:5
[INFO] [stdout]    |
[INFO] [stdout] 46 | use inillucent_compat::differential::skipping;
[INFO] [stdout]    |     ^^^^^^^^^^^^^^^^^ use of unresolved module or unlinked crate `inillucent_compat`
[INFO] [stdout]    |
[INFO] [stdout]    = help: if you wanted to use a crate named `inillucent_compat`, use `cargo add inillucent_compat` to add it to your `Cargo.toml`
[INFO] [stdout] 
[INFO] [stdout] 
[INFO] [stdout] error[E0433]: cannot find module or crate `inillucent_compat` in this scope
[INFO] [stdout]   --> tests/durability.rs:43:5
[INFO] [stdout]    |
[INFO] [stdout] 43 | use inillucent_compat::durable::{
[INFO] [stdout]    |     ^^^^^^^^^^^^^^^^^ use of unresolved module or unlinked crate `inillucent_compat`
[INFO] [stdout]    |
[INFO] [stdout]    = help: if you wanted to use a crate named `inillucent_compat`, use `cargo add inillucent_compat` to add it to your `Cargo.toml`
[INFO] [stdout] 
[INFO] [stdout] 
[INFO] [stdout] error[E0433]: cannot find module or crate `inillucent_compat` in this scope
[INFO] [stdout]   --> tests/durability.rs:46:5
[INFO] [stdout]    |
[INFO] [stdout] 46 | use inillucent_compat::matrix::Arm;
[INFO] [stdout]    |     ^^^^^^^^^^^^^^^^^ use of unresolved module or unlinked crate `inillucent_compat`
[INFO] [stdout]    |
[INFO] [stdout]    = help: if you wanted to use a crate named `inillucent_compat`, use `cargo add inillucent_compat` to add it to your `Cargo.toml`
[INFO] [stdout] 
[INFO] [stdout] 
[INFO] [stdout] error[E0433]: cannot find module or crate `inillucent_compat` in this scope
[INFO] [stdout]   --> tests/story_ledger_day_nightly.rs:47:5
[INFO] [stdout]    |
[INFO] [stdout] 47 | use inillucent_compat::ledger::{play_with, Model, Phases};
[INFO] [stdout]    |     ^^^^^^^^^^^^^^^^^ use of unresolved module or unlinked crate `inillucent_compat`
[INFO] [stdout]    |
[INFO] [stdout]    = help: if you wanted to use a crate named `inillucent_compat`, use `cargo add inillucent_compat` to add it to your `Cargo.toml`
[INFO] [stdout] 
[INFO] [stdout] 
[INFO] [stdout] error[E0433]: cannot find module or crate `inillucent_compat` in this scope
[INFO] [stdout]   --> tests/story_ledger_day_nightly.rs:48:5
[INFO] [stdout]    |
[INFO] [stdout] 48 | use inillucent_compat::matrix::default_arm;
[INFO] [stdout]    |     ^^^^^^^^^^^^^^^^^ use of unresolved module or unlinked crate `inillucent_compat`
[INFO] [stdout]    |
[INFO] [stdout]    = help: if you wanted to use a crate named `inillucent_compat`, use `cargo add inillucent_compat` to add it to your `Cargo.toml`
[INFO] [stdout] 
[INFO] [stdout] 
[INFO] [stdout] error[E0433]: cannot find module or crate `inillucent_compat` in this scope
[INFO] [stdout]   --> tests/story_nikaya.rs:38:5
[INFO] [stdout]    |
[INFO] [stdout] 38 | use inillucent_compat::matrix::{Arm, Scale};
[INFO] [stdout]    |     ^^^^^^^^^^^^^^^^^ use of unresolved module or unlinked crate `inillucent_compat`
[INFO] [stdout]    |
[INFO] [stdout]    = help: if you wanted to use a crate named `inillucent_compat`, use `cargo add inillucent_compat` to add it to your `Cargo.toml`
[INFO] [stdout] 
[INFO] [stdout] 
[INFO] [stdout] error[E0433]: cannot find module or crate `inillucent_compat` in this scope
[INFO] [stdout]   --> tests/story_nikaya.rs:39:5
[INFO] [stdout]    |
[INFO] [stdout] 39 | use inillucent_compat::nikaya::{every_column, seed};
[INFO] [stdout]    |     ^^^^^^^^^^^^^^^^^ use of unresolved module or unlinked crate `inillucent_compat`
[INFO] [stdout]    |
[INFO] [stdout]    = help: if you wanted to use a crate named `inillucent_compat`, use `cargo add inillucent_compat` to add it to your `Cargo.toml`
[INFO] [stdout] 
[INFO] [stdout] 
[INFO] [stdout] error[E0433]: cannot find module or crate `inillucent_compat` in this scope
[INFO] [stdout]   --> tests/story_nikaya.rs:41:5
[INFO] [stdout]    |
[INFO] [stdout] 41 | use inillucent_compat::stories::{ask, open, reopen_and_check, run, the_same_two_ways};
[INFO] [stdout]    |     ^^^^^^^^^^^^^^^^^ use of unresolved module or unlinked crate `inillucent_compat`
[INFO] [stdout]    |
[INFO] [stdout]    = help: if you wanted to use a crate named `inillucent_compat`, use `cargo add inillucent_compat` to add it to your `Cargo.toml`
[INFO] [stdout] 
[INFO] [stdout] 
[INFO] [stdout] error[E0432]: unresolved import `inillucent_compat`
[INFO] [stdout]   --> tests/story_nikaya.rs:40:5
[INFO] [stdout]    |
[INFO] [stdout] 40 | use inillucent_compat::scenario;
[INFO] [stdout]    |     ^^^^^^^^^^^^^^^^^ use of unresolved module or unlinked crate `inillucent_compat`
[INFO] [stdout]    |
[INFO] [stdout]    = help: if you wanted to use a crate named `inillucent_compat`, use `cargo add inillucent_compat` to add it to your `Cargo.toml`
[INFO] [stdout] 
[INFO] [stdout] 
[INFO] [stdout] error[E0432]: unresolved import `inillucent_compat`
[INFO] [stdout]   --> tests/story_ledger_day_nightly.rs:49:5
[INFO] [stdout]    |
[INFO] [stdout] 49 | use inillucent_compat::workspace_root;
[INFO] [stdout]    |     ^^^^^^^^^^^^^^^^^ use of unresolved module or unlinked crate `inillucent_compat`
[INFO] [stdout]    |
[INFO] [stdout]    = help: if you wanted to use a crate named `inillucent_compat`, use `cargo add inillucent_compat` to add it to your `Cargo.toml`
[INFO] [stdout] 
[INFO] [stdout] 
[INFO] [stdout] error[E0433]: cannot find module or crate `inillucent_compat` in this scope
[INFO] [stdout]   --> tests/application.rs:65:5
[INFO] [stdout]    |
[INFO] [stdout] 65 | use inillucent_compat::matrix::Arm;
[INFO] [stdout]    |     ^^^^^^^^^^^^^^^^^ use of unresolved module or unlinked crate `inillucent_compat`
[INFO] [stdout]    |
[INFO] [stdout]    = help: if you wanted to use a crate named `inillucent_compat`, use `cargo add inillucent_compat` to add it to your `Cargo.toml`
[INFO] [stdout] 
[INFO] [stdout] 
[INFO] [stdout] error[E0432]: unresolved import `inillucent_compat`
[INFO] [stdout]   --> tests/application.rs:66:5
[INFO] [stdout]    |
[INFO] [stdout] 66 | use inillucent_compat::scenario;
[INFO] [stdout]    |     ^^^^^^^^^^^^^^^^^ use of unresolved module or unlinked crate `inillucent_compat`
[INFO] [stdout]    |
[INFO] [stdout]    = help: if you wanted to use a crate named `inillucent_compat`, use `cargo add inillucent_compat` to add it to your `Cargo.toml`
[INFO] [stdout] 
[INFO] [stdout] 
[INFO] [stdout] Some errors have detailed explanations: E0432, E0433.
[INFO] [stdout] 
[INFO] [stdout] For more information about an error, try `rustc --explain E0432`.
[INFO] [stdout] 
[INFO] [stdout] error[E0433]: cannot find module or crate `inillucent_compat` in this scope
[INFO] [stdout]    --> tests/durability.rs:532:5
[INFO] [stdout]     |
[INFO] [stdout] 532 |     inillucent_compat::matrix::default_arm()
[INFO] [stdout]     |     ^^^^^^^^^^^^^^^^^ use of unresolved module or unlinked crate `inillucent_compat`
[INFO] [stdout]     |
[INFO] [stdout]     = help: if you wanted to use a crate named `inillucent_compat`, use `cargo add inillucent_compat` to add it to your `Cargo.toml`
[INFO] [stdout] 
[INFO] [stdout] 
[INFO] [stdout] Some errors have detailed explanations: E0432, E0433.
[INFO] [stdout] 
[INFO] [stdout] For more information about an error, try `rustc --explain E0432`.
[INFO] [stdout] 
[INFO] [stderr] error: could not compile `inillucent` (test "story_ledger_day_nightly") due to 4 previous errors
[INFO] [stderr] warning: build failed, waiting for other jobs to finish...
[INFO] [stdout] Some errors have detailed explanations: E0432, E0433.
[INFO] [stdout] 
[INFO] [stdout] For more information about an error, try `rustc --explain E0432`.
[INFO] [stdout] 
[INFO] [stderr] error: could not compile `inillucent` (test "application") due to 2 previous errors
[INFO] [stderr] error: could not compile `inillucent` (test "story_rag") due to 4 previous errors
[INFO] [stdout] error[E0433]: cannot find module or crate `inillucent_compat` in this scope
[INFO] [stdout]   --> tests/story_nikaya.rs:51:16
[INFO] [stdout]    |
[INFO] [stdout] 51 |     let path = inillucent_compat::workspace_root().join("tests/workloads/nikaya/story.allow.list");
[INFO] [stdout]    |                ^^^^^^^^^^^^^^^^^ use of unresolved module or unlinked crate `inillucent_compat`
[INFO] [stdout]    |
[INFO] [stdout]    = help: if you wanted to use a crate named `inillucent_compat`, use `cargo add inillucent_compat` to add it to your `Cargo.toml`
[INFO] [stdout] 
[INFO] [stdout] 
[INFO] [stdout] Some errors have detailed explanations: E0432, E0433.
[INFO] [stdout] 
[INFO] [stdout] For more information about an error, try `rustc --explain E0432`.
[INFO] [stdout] 
[INFO] [stderr] error: could not compile `inillucent` (test "story_nikaya") due to 5 previous errors
[INFO] [stdout] For more information about this error, try `rustc --explain E0433`.
[INFO] [stdout] 
[INFO] [stderr] error: could not compile `inillucent` (test "durability") due to 3 previous errors
[INFO] running `Command { std: "docker" "inspect" "8a09456c63928bbedcc86e9fe1a4dd58b0b8eb23d8b6290c4ae17a77edf815b6", kill_on_drop: false }`
[INFO] running `Command { std: "docker" "rm" "-f" "8a09456c63928bbedcc86e9fe1a4dd58b0b8eb23d8b6290c4ae17a77edf815b6", kill_on_drop: false }`
[INFO] [stdout] 8a09456c63928bbedcc86e9fe1a4dd58b0b8eb23d8b6290c4ae17a77edf815b6
