[INFO] fetching crate inillucent-wal 2.3.4...
[INFO] checking inillucent-wal-2.3.4 against 3154cc1a3e6424e44f438a95007d043ed5ceaaf6 for pr-133502-30
[INFO] extracting crate inillucent-wal 2.3.4 into /workspace/builds/worker-6-tc2/source
[INFO] started tweaking crates.io crate inillucent-wal 2.3.4
[INFO] removed 0 missing tests
[INFO] finished tweaking crates.io crate inillucent-wal 2.3.4
[INFO] tweaked toml for crates.io crate inillucent-wal 2.3.4 written to /workspace/builds/worker-6-tc2/source/Cargo.toml
[INFO] validating manifest of crates.io crate inillucent-wal 2.3.4 on toolchain 3154cc1a3e6424e44f438a95007d043ed5ceaaf6
[INFO] running `Command { std: CARGO_HOME="/workspace/cargo-home" RUSTUP_HOME="/workspace/rustup-home" "/workspace/cargo-home/bin/cargo" "+3154cc1a3e6424e44f438a95007d043ed5ceaaf6" "metadata" "--manifest-path" "Cargo.toml" "--no-deps", kill_on_drop: false }`
[INFO] crate crates.io crate inillucent-wal 2.3.4 already has a lockfile, it will not be regenerated
[INFO] running `Command { std: CARGO_HOME="/workspace/cargo-home" RUSTUP_HOME="/workspace/rustup-home" "/workspace/cargo-home/bin/cargo" "+3154cc1a3e6424e44f438a95007d043ed5ceaaf6" "fetch" "--manifest-path" "Cargo.toml", kill_on_drop: false }`
[INFO] running `Command { std: "docker" "create" "-v" "/var/lib/crater-agent-workspace/builds/worker-6-tc2/source:/opt/rustwide/workdir:ro,Z" "-v" "/var/lib/crater-agent-workspace/builds/worker-6-tc2/target:/opt/rustwide/target:rw,Z" "-v" "/var/lib/crater-agent-workspace/cargo-home:/opt/rustwide/cargo-home:ro,Z" "-v" "/var/lib/crater-agent-workspace/rustup-home:/opt/rustwide/rustup-home:ro,Z" "-m" "1610612736" "--network" "none" "ghcr.io/rust-lang/crates-build-env/linux@sha256:77db811e55d90add9212f6832c23229e3de5f1c1f9905e8cb07319ea15df73ac" "sleep" "infinity", kill_on_drop: false }`
[INFO] [stdout] f9f86314831bb8c83597ba42fabdb522ad9ba4d0b4f83aca66b696ccd15eff59
[INFO] running `Command { std: "docker" "start" "f9f86314831bb8c83597ba42fabdb522ad9ba4d0b4f83aca66b696ccd15eff59", kill_on_drop: false }`
[INFO] running `Command { std: "docker" "inspect" "f9f86314831bb8c83597ba42fabdb522ad9ba4d0b4f83aca66b696ccd15eff59", kill_on_drop: false }`
[INFO] running `Command { std: "docker" "exec" "-e" "SOURCE_DIR=/opt/rustwide/workdir" "-e" "CARGO_HOME=/opt/rustwide/cargo-home" "-e" "RUSTUP_HOME=/opt/rustwide/rustup-home" "-e" "CARGO_TARGET_DIR=/opt/rustwide/target" "-w" "/opt/rustwide/workdir" "--user" "0:0" "f9f86314831bb8c83597ba42fabdb522ad9ba4d0b4f83aca66b696ccd15eff59" "/opt/rustwide/cargo-home/bin/cargo" "+3154cc1a3e6424e44f438a95007d043ed5ceaaf6" "metadata" "--no-deps" "--format-version=1", kill_on_drop: false }`
[INFO] running `Command { std: "docker" "inspect" "f9f86314831bb8c83597ba42fabdb522ad9ba4d0b4f83aca66b696ccd15eff59", kill_on_drop: false }`
[INFO] running `Command { std: "docker" "exec" "-e" "SOURCE_DIR=/opt/rustwide/workdir" "-e" "CARGO_HOME=/opt/rustwide/cargo-home" "-e" "RUSTUP_HOME=/opt/rustwide/rustup-home" "-e" "CARGO_TARGET_DIR=/opt/rustwide/target" "-e" "CARGO_INCREMENTAL=0" "-e" "RUST_BACKTRACE=full" "-e" "RUSTFLAGS=--cap-lints=forbid" "-e" "RUSTDOCFLAGS=--cap-lints=forbid" "-w" "/opt/rustwide/workdir" "--user" "0:0" "f9f86314831bb8c83597ba42fabdb522ad9ba4d0b4f83aca66b696ccd15eff59" "/opt/rustwide/cargo-home/bin/cargo" "+3154cc1a3e6424e44f438a95007d043ed5ceaaf6" "check" "--frozen" "--all" "--all-targets" "--message-format=json", kill_on_drop: false }`
[INFO] [stderr]    Compiling inillucent-base v2.3.4
[INFO] [stderr]     Checking inillucent-vfs v2.3.4
[INFO] [stderr]     Checking inillucent-wal v2.3.4 (/opt/rustwide/workdir)
[INFO] [stdout] error[E0432]: unresolved import `inillucent_sim`
[INFO] [stdout]   --> tests/log.rs:13:5
[INFO] [stdout]    |
[INFO] [stdout] 13 | use inillucent_sim::{Failure, SimConfig, SimVfs, Site};
[INFO] [stdout]    |     ^^^^^^^^^^^^^^ use of unresolved module or unlinked crate `inillucent_sim`
[INFO] [stdout]    |
[INFO] [stdout] help: there is a crate or module with a similar name
[INFO] [stdout]    |
[INFO] [stdout] 13 - use inillucent_sim::{Failure, SimConfig, SimVfs, Site};
[INFO] [stdout] 13 + use inillucent_vfs::{Failure, SimConfig, SimVfs, Site};
[INFO] [stdout]    |
[INFO] [stdout] 
[INFO] [stdout] 
[INFO] [stdout] error[E0433]: cannot find module or crate `inillucent_sim` in this scope
[INFO] [stdout]    --> tests/log.rs:498:9
[INFO] [stdout]     |
[INFO] [stdout] 498 |         inillucent_sim::Policy::Always(Failure::IoError),
[INFO] [stdout]     |         ^^^^^^^^^^^^^^ use of unresolved module or unlinked crate `inillucent_sim`
[INFO] [stdout]     |
[INFO] [stdout] help: there is a crate or module with a similar name
[INFO] [stdout]     |
[INFO] [stdout] 498 -         inillucent_sim::Policy::Always(Failure::IoError),
[INFO] [stdout] 498 +         inillucent_vfs::Policy::Always(Failure::IoError),
[INFO] [stdout]     |
[INFO] [stdout] 
[INFO] [stdout] 
[INFO] [stdout] error[E0433]: cannot find module or crate `inillucent_sim` in this scope
[INFO] [stdout]    --> tests/log.rs:504:27
[INFO] [stdout]     |
[INFO] [stdout] 504 |         .set(Site::Write, inillucent_sim::Policy::Off);
[INFO] [stdout]     |                           ^^^^^^^^^^^^^^ use of unresolved module or unlinked crate `inillucent_sim`
[INFO] [stdout]     |
[INFO] [stdout] help: there is a crate or module with a similar name
[INFO] [stdout]     |
[INFO] [stdout] 504 -         .set(Site::Write, inillucent_sim::Policy::Off);
[INFO] [stdout] 504 +         .set(Site::Write, inillucent_vfs::Policy::Off);
[INFO] [stdout]     |
[INFO] [stdout] 
[INFO] [stdout] 
[INFO] [stdout] error[E0433]: cannot find module or crate `inillucent_sim` in this scope
[INFO] [stdout]    --> tests/log.rs:528:26
[INFO] [stdout]     |
[INFO] [stdout] 528 |         .set(Site::Sync, inillucent_sim::Policy::Always(Failure::IoError));
[INFO] [stdout]     |                          ^^^^^^^^^^^^^^ use of unresolved module or unlinked crate `inillucent_sim`
[INFO] [stdout]     |
[INFO] [stdout] help: there is a crate or module with a similar name
[INFO] [stdout]     |
[INFO] [stdout] 528 -         .set(Site::Sync, inillucent_sim::Policy::Always(Failure::IoError));
[INFO] [stdout] 528 +         .set(Site::Sync, inillucent_vfs::Policy::Always(Failure::IoError));
[INFO] [stdout]     |
[INFO] [stdout] 
[INFO] [stdout] 
[INFO] [stdout] error[E0432]: unresolved import `inillucent_sim`
[INFO] [stdout]   --> tests/recovery.rs:18:5
[INFO] [stdout]    |
[INFO] [stdout] 18 | use inillucent_sim::{CrashSnapshot, Failure, Policy, SimConfig, SimVfs, Site};
[INFO] [stdout]    |     ^^^^^^^^^^^^^^ use of unresolved module or unlinked crate `inillucent_sim`
[INFO] [stdout]    |
[INFO] [stdout] help: there is a crate or module with a similar name
[INFO] [stdout]    |
[INFO] [stdout] 18 - use inillucent_sim::{CrashSnapshot, Failure, Policy, SimConfig, SimVfs, Site};
[INFO] [stdout] 18 + use inillucent_vfs::{CrashSnapshot, Failure, Policy, SimConfig, SimVfs, Site};
[INFO] [stdout]    |
[INFO] [stdout] 
[INFO] [stdout] 
[INFO] [stdout] For more information about this error, try `rustc --explain E0432`.
[INFO] [stdout] 
[INFO] [stdout] Some errors have detailed explanations: E0432, E0433.
[INFO] [stdout] 
[INFO] [stdout] For more information about an error, try `rustc --explain E0432`.
[INFO] [stdout] 
[INFO] [stderr] error: could not compile `inillucent-wal` (test "recovery") due to 1 previous error
[INFO] [stderr] warning: build failed, waiting for other jobs to finish...
[INFO] [stderr] error: could not compile `inillucent-wal` (test "log") due to 4 previous errors
[INFO] running `Command { std: "docker" "inspect" "f9f86314831bb8c83597ba42fabdb522ad9ba4d0b4f83aca66b696ccd15eff59", kill_on_drop: false }`
[INFO] running `Command { std: "docker" "rm" "-f" "f9f86314831bb8c83597ba42fabdb522ad9ba4d0b4f83aca66b696ccd15eff59", kill_on_drop: false }`
[INFO] [stdout] f9f86314831bb8c83597ba42fabdb522ad9ba4d0b4f83aca66b696ccd15eff59
