[INFO] fetching crate inillucent-pool 2.3.4...
[INFO] checking inillucent-pool-2.3.4 against 3154cc1a3e6424e44f438a95007d043ed5ceaaf6 for pr-133502-30
[INFO] extracting crate inillucent-pool 2.3.4 into /workspace/builds/worker-6-tc2/source
[INFO] started tweaking crates.io crate inillucent-pool 2.3.4
[INFO] removed 0 missing tests
[INFO] finished tweaking crates.io crate inillucent-pool 2.3.4
[INFO] tweaked toml for crates.io crate inillucent-pool 2.3.4 written to /workspace/builds/worker-6-tc2/source/Cargo.toml
[INFO] validating manifest of crates.io crate inillucent-pool 2.3.4 on toolchain 3154cc1a3e6424e44f438a95007d043ed5ceaaf6
[INFO] running `Command { std: CARGO_HOME="/workspace/cargo-home" RUSTUP_HOME="/workspace/rustup-home" "/workspace/cargo-home/bin/cargo" "+3154cc1a3e6424e44f438a95007d043ed5ceaaf6" "metadata" "--manifest-path" "Cargo.toml" "--no-deps", kill_on_drop: false }`
[INFO] crate crates.io crate inillucent-pool 2.3.4 already has a lockfile, it will not be regenerated
[INFO] running `Command { std: CARGO_HOME="/workspace/cargo-home" RUSTUP_HOME="/workspace/rustup-home" "/workspace/cargo-home/bin/cargo" "+3154cc1a3e6424e44f438a95007d043ed5ceaaf6" "fetch" "--manifest-path" "Cargo.toml", kill_on_drop: false }`
[INFO] running `Command { std: "docker" "create" "-v" "/var/lib/crater-agent-workspace/builds/worker-6-tc2/source:/opt/rustwide/workdir:ro,Z" "-v" "/var/lib/crater-agent-workspace/builds/worker-6-tc2/target:/opt/rustwide/target:rw,Z" "-v" "/var/lib/crater-agent-workspace/cargo-home:/opt/rustwide/cargo-home:ro,Z" "-v" "/var/lib/crater-agent-workspace/rustup-home:/opt/rustwide/rustup-home:ro,Z" "-m" "1610612736" "--network" "none" "ghcr.io/rust-lang/crates-build-env/linux@sha256:77db811e55d90add9212f6832c23229e3de5f1c1f9905e8cb07319ea15df73ac" "sleep" "infinity", kill_on_drop: false }`
[INFO] [stdout] 8b6931deee4d109ba1828d1639a880ababe1a4a4aac56270ae6148316b557386
[INFO] running `Command { std: "docker" "start" "8b6931deee4d109ba1828d1639a880ababe1a4a4aac56270ae6148316b557386", kill_on_drop: false }`
[INFO] running `Command { std: "docker" "inspect" "8b6931deee4d109ba1828d1639a880ababe1a4a4aac56270ae6148316b557386", kill_on_drop: false }`
[INFO] running `Command { std: "docker" "exec" "-e" "SOURCE_DIR=/opt/rustwide/workdir" "-e" "CARGO_HOME=/opt/rustwide/cargo-home" "-e" "RUSTUP_HOME=/opt/rustwide/rustup-home" "-e" "CARGO_TARGET_DIR=/opt/rustwide/target" "-w" "/opt/rustwide/workdir" "--user" "0:0" "8b6931deee4d109ba1828d1639a880ababe1a4a4aac56270ae6148316b557386" "/opt/rustwide/cargo-home/bin/cargo" "+3154cc1a3e6424e44f438a95007d043ed5ceaaf6" "metadata" "--no-deps" "--format-version=1", kill_on_drop: false }`
[INFO] running `Command { std: "docker" "inspect" "8b6931deee4d109ba1828d1639a880ababe1a4a4aac56270ae6148316b557386", kill_on_drop: false }`
[INFO] running `Command { std: "docker" "exec" "-e" "SOURCE_DIR=/opt/rustwide/workdir" "-e" "CARGO_HOME=/opt/rustwide/cargo-home" "-e" "RUSTUP_HOME=/opt/rustwide/rustup-home" "-e" "CARGO_TARGET_DIR=/opt/rustwide/target" "-e" "CARGO_INCREMENTAL=0" "-e" "RUST_BACKTRACE=full" "-e" "RUSTFLAGS=--cap-lints=forbid" "-e" "RUSTDOCFLAGS=--cap-lints=forbid" "-w" "/opt/rustwide/workdir" "--user" "0:0" "8b6931deee4d109ba1828d1639a880ababe1a4a4aac56270ae6148316b557386" "/opt/rustwide/cargo-home/bin/cargo" "+3154cc1a3e6424e44f438a95007d043ed5ceaaf6" "check" "--frozen" "--all" "--all-targets" "--message-format=json", kill_on_drop: false }`
[INFO] [stderr]    Compiling inillucent-base v2.3.4
[INFO] [stderr]    Compiling libc v0.2.189
[INFO] [stderr]     Checking inillucent-vfs v2.3.4
[INFO] [stderr]     Checking inillucent-pool v2.3.4 (/opt/rustwide/workdir)
[INFO] [stdout] error[E0433]: cannot find module or crate `inillucent_sim` in this scope
[INFO] [stdout]     --> src/journal.rs:1274:13
[INFO] [stdout]      |
[INFO] [stdout] 1274 |         use inillucent_sim::media::MediaModel;
[INFO] [stdout]      |             ^^^^^^^^^^^^^^ use of unresolved module or unlinked crate `inillucent_sim`
[INFO] [stdout]      |
[INFO] [stdout] help: there is a crate or module with a similar name
[INFO] [stdout]      |
[INFO] [stdout] 1274 -         use inillucent_sim::media::MediaModel;
[INFO] [stdout] 1274 +         use inillucent_vfs::media::MediaModel;
[INFO] [stdout]      |
[INFO] [stdout] 
[INFO] [stdout] 
[INFO] [stdout] error[E0433]: cannot find module or crate `inillucent_sim` in this scope
[INFO] [stdout]     --> src/journal.rs:1275:13
[INFO] [stdout]      |
[INFO] [stdout] 1275 |         use inillucent_sim::sim_vfs::{SimConfig, SimVfs};
[INFO] [stdout]      |             ^^^^^^^^^^^^^^ use of unresolved module or unlinked crate `inillucent_sim`
[INFO] [stdout]      |
[INFO] [stdout] help: there is a crate or module with a similar name
[INFO] [stdout]      |
[INFO] [stdout] 1275 -         use inillucent_sim::sim_vfs::{SimConfig, SimVfs};
[INFO] [stdout] 1275 +         use inillucent_vfs::sim_vfs::{SimConfig, SimVfs};
[INFO] [stdout]      |
[INFO] [stdout] 
[INFO] [stdout] 
[INFO] [stdout] error[E0433]: cannot find module or crate `inillucent_sim` in this scope
[INFO] [stdout]   --> tests/fault_campaign.rs:25:5
[INFO] [stdout]    |
[INFO] [stdout] 25 | use inillucent_sim::failpoint::{Failure, Policy, Site};
[INFO] [stdout]    |     ^^^^^^^^^^^^^^ use of unresolved module or unlinked crate `inillucent_sim`
[INFO] [stdout]    |
[INFO] [stdout] help: there is a crate or module with a similar name
[INFO] [stdout]    |
[INFO] [stdout] 25 - use inillucent_sim::failpoint::{Failure, Policy, Site};
[INFO] [stdout] 25 + use inillucent_vfs::failpoint::{Failure, Policy, Site};
[INFO] [stdout]    |
[INFO] [stdout] 
[INFO] [stdout] 
[INFO] [stdout] error[E0432]: unresolved import `inillucent_sim`
[INFO] [stdout]   --> tests/fault_campaign.rs:26:5
[INFO] [stdout]    |
[INFO] [stdout] 26 | use inillucent_sim::{SimConfig, SimVfs};
[INFO] [stdout]    |     ^^^^^^^^^^^^^^ use of unresolved module or unlinked crate `inillucent_sim`
[INFO] [stdout]    |
[INFO] [stdout] help: there is a crate or module with a similar name
[INFO] [stdout]    |
[INFO] [stdout] 26 - use inillucent_sim::{SimConfig, SimVfs};
[INFO] [stdout] 26 + use inillucent_vfs::{SimConfig, SimVfs};
[INFO] [stdout]    |
[INFO] [stdout] 
[INFO] [stdout] 
[INFO] [stdout] error[E0433]: cannot find module or crate `inillucent_sim` in this scope
[INFO] [stdout]   --> tests/journal_ordering.rs:61:5
[INFO] [stdout]    |
[INFO] [stdout] 61 | use inillucent_sim::failpoint::{Failure, Policy, Site};
[INFO] [stdout]    |     ^^^^^^^^^^^^^^ use of unresolved module or unlinked crate `inillucent_sim`
[INFO] [stdout]    |
[INFO] [stdout] help: there is a crate or module with a similar name
[INFO] [stdout]    |
[INFO] [stdout] 61 - use inillucent_sim::failpoint::{Failure, Policy, Site};
[INFO] [stdout] 61 + use inillucent_vfs::failpoint::{Failure, Policy, Site};
[INFO] [stdout]    |
[INFO] [stdout] 
[INFO] [stdout] 
[INFO] [stdout] error[E0433]: cannot find module or crate `inillucent_sim` in this scope
[INFO] [stdout]   --> tests/journal_ordering.rs:62:5
[INFO] [stdout]    |
[INFO] [stdout] 62 | use inillucent_sim::sim_vfs::{CrashSnapshot, SimConfig, SimVfs};
[INFO] [stdout]    |     ^^^^^^^^^^^^^^ use of unresolved module or unlinked crate `inillucent_sim`
[INFO] [stdout]    |
[INFO] [stdout] help: there is a crate or module with a similar name
[INFO] [stdout]    |
[INFO] [stdout] 62 - use inillucent_sim::sim_vfs::{CrashSnapshot, SimConfig, SimVfs};
[INFO] [stdout] 62 + use inillucent_vfs::sim_vfs::{CrashSnapshot, SimConfig, SimVfs};
[INFO] [stdout]    |
[INFO] [stdout] 
[INFO] [stdout] 
[INFO] [stdout] Some errors have detailed explanations: E0432, E0433.
[INFO] [stdout] 
[INFO] [stdout] For more information about an error, try `rustc --explain E0432`.
[INFO] [stdout] 
[INFO] [stderr] error: could not compile `inillucent-pool` (test "fault_campaign") due to 2 previous errors
[INFO] [stderr] warning: build failed, waiting for other jobs to finish...
[INFO] [stdout] error[E0433]: cannot find module or crate `inillucent_sim` in this scope
[INFO] [stdout]    --> tests/journal_ordering.rs:384:21
[INFO] [stdout]     |
[INFO] [stdout] 384 |     let events: Vec<inillucent_sim::trace::Event> = vfs
[INFO] [stdout]     |                     ^^^^^^^^^^^^^^ use of unresolved module or unlinked crate `inillucent_sim`
[INFO] [stdout]     |
[INFO] [stdout] help: there is a crate or module with a similar name
[INFO] [stdout]     |
[INFO] [stdout] 384 -     let events: Vec<inillucent_sim::trace::Event> = vfs
[INFO] [stdout] 384 +     let events: Vec<inillucent_vfs::trace::Event> = vfs
[INFO] [stdout]     |
[INFO] [stdout] 
[INFO] [stdout] 
[INFO] [stdout] For more information about this error, try `rustc --explain E0433`.
[INFO] [stdout] 
[INFO] [stderr] error: could not compile `inillucent-pool` (test "journal_ordering") due to 3 previous errors
[INFO] [stdout] For more information about this error, try `rustc --explain E0433`.
[INFO] [stdout] 
[INFO] [stderr] error: could not compile `inillucent-pool` (lib test) due to 2 previous errors
[INFO] running `Command { std: "docker" "inspect" "8b6931deee4d109ba1828d1639a880ababe1a4a4aac56270ae6148316b557386", kill_on_drop: false }`
[INFO] running `Command { std: "docker" "rm" "-f" "8b6931deee4d109ba1828d1639a880ababe1a4a4aac56270ae6148316b557386", kill_on_drop: false }`
[INFO] [stdout] 8b6931deee4d109ba1828d1639a880ababe1a4a4aac56270ae6148316b557386
