[INFO] fetching crate ingraph-derive 0.1.0...
[INFO] checking ingraph-derive-0.1.0 against 3154cc1a3e6424e44f438a95007d043ed5ceaaf6+rustflags=-Znext-solver=coherence for pr-133502-30
[INFO] extracting crate ingraph-derive 0.1.0 into /workspace/builds/worker-6-tc1/source
[INFO] started tweaking crates.io crate ingraph-derive 0.1.0
[INFO] finished tweaking crates.io crate ingraph-derive 0.1.0
[INFO] tweaked toml for crates.io crate ingraph-derive 0.1.0 written to /workspace/builds/worker-6-tc1/source/Cargo.toml
[INFO] validating manifest of crates.io crate ingraph-derive 0.1.0 on toolchain 3154cc1a3e6424e44f438a95007d043ed5ceaaf6
[INFO] running `Command { std: CARGO_HOME="/workspace/cargo-home" RUSTUP_HOME="/workspace/rustup-home" "/workspace/cargo-home/bin/cargo" "+3154cc1a3e6424e44f438a95007d043ed5ceaaf6" "metadata" "--manifest-path" "Cargo.toml" "--no-deps", kill_on_drop: false }`
[INFO] crate crates.io crate ingraph-derive 0.1.0 already has a lockfile, it will not be regenerated
[INFO] running `Command { std: CARGO_HOME="/workspace/cargo-home" RUSTUP_HOME="/workspace/rustup-home" "/workspace/cargo-home/bin/cargo" "+3154cc1a3e6424e44f438a95007d043ed5ceaaf6" "fetch" "--manifest-path" "Cargo.toml", kill_on_drop: false }`
[INFO] [stderr] warning: `package.homepage` is redundant with `package.repository`
[INFO] [stderr]   --> Cargo.toml:69:12
[INFO] [stderr]    |
[INFO] [stderr] 69 | homepage = "https://github.com/findit-studio/ingraph"
[INFO] [stderr]    |            ^^^^^^^^^^^^^^^^^^^^^^^^^^^^^^^^^^^^^^^^^^
[INFO] [stderr] ...
[INFO] [stderr] 74 | repository = "https://github.com/findit-studio/ingraph"
[INFO] [stderr]    |              ------------------------------------------
[INFO] [stderr]    |
[INFO] [stderr]    = note: `cargo::redundant_homepage` is set to `warn` by default
[INFO] [stderr] help: consider removing `package.homepage`
[INFO] [stderr] warning: `ingraph-derive` (manifest) generated 1 warning
[INFO] [stderr]     Updating crates.io index
[INFO] [stderr]  Downloading crates ...
[INFO] [stderr]   Downloaded target-triple v1.0.1
[INFO] [stderr]   Downloaded trybuild v1.0.120
[INFO] [stderr]   Downloaded pluralizer v0.5.0
[INFO] [stderr]   Downloaded cronp v0.3.0
[INFO] [stderr]   Downloaded ingraph-codegen v0.1.0
[INFO] running `Command { std: "docker" "create" "-v" "/var/lib/crater-agent-workspace/builds/worker-6-tc1/source:/opt/rustwide/workdir:ro,Z" "-v" "/var/lib/crater-agent-workspace/builds/worker-6-tc1/target:/opt/rustwide/target:rw,Z" "-v" "/var/lib/crater-agent-workspace/cargo-home:/opt/rustwide/cargo-home:ro,Z" "-v" "/var/lib/crater-agent-workspace/rustup-home:/opt/rustwide/rustup-home:ro,Z" "-m" "1610612736" "--network" "none" "ghcr.io/rust-lang/crates-build-env/linux@sha256:77db811e55d90add9212f6832c23229e3de5f1c1f9905e8cb07319ea15df73ac" "sleep" "infinity", kill_on_drop: false }`
[INFO] [stdout] 68d8473ea01ba0c587209d2ce18f49452e0993a95a27070ef9f76c892ae6e6d8
[INFO] running `Command { std: "docker" "start" "68d8473ea01ba0c587209d2ce18f49452e0993a95a27070ef9f76c892ae6e6d8", kill_on_drop: false }`
[INFO] running `Command { std: "docker" "inspect" "68d8473ea01ba0c587209d2ce18f49452e0993a95a27070ef9f76c892ae6e6d8", kill_on_drop: false }`
[INFO] running `Command { std: "docker" "exec" "-e" "SOURCE_DIR=/opt/rustwide/workdir" "-e" "CARGO_HOME=/opt/rustwide/cargo-home" "-e" "RUSTUP_HOME=/opt/rustwide/rustup-home" "-e" "CARGO_TARGET_DIR=/opt/rustwide/target" "-w" "/opt/rustwide/workdir" "--user" "0:0" "68d8473ea01ba0c587209d2ce18f49452e0993a95a27070ef9f76c892ae6e6d8" "/opt/rustwide/cargo-home/bin/cargo" "+3154cc1a3e6424e44f438a95007d043ed5ceaaf6" "metadata" "--no-deps" "--format-version=1", kill_on_drop: false }`
[INFO] running `Command { std: "docker" "inspect" "68d8473ea01ba0c587209d2ce18f49452e0993a95a27070ef9f76c892ae6e6d8", kill_on_drop: false }`
[INFO] running `Command { std: "docker" "exec" "-e" "SOURCE_DIR=/opt/rustwide/workdir" "-e" "CARGO_HOME=/opt/rustwide/cargo-home" "-e" "RUSTUP_HOME=/opt/rustwide/rustup-home" "-e" "CARGO_TARGET_DIR=/opt/rustwide/target" "-e" "CARGO_INCREMENTAL=0" "-e" "RUST_BACKTRACE=full" "-e" "RUSTFLAGS=--cap-lints=forbid -Znext-solver=coherence" "-e" "RUSTDOCFLAGS=--cap-lints=forbid" "-w" "/opt/rustwide/workdir" "--user" "0:0" "68d8473ea01ba0c587209d2ce18f49452e0993a95a27070ef9f76c892ae6e6d8" "/opt/rustwide/cargo-home/bin/cargo" "+3154cc1a3e6424e44f438a95007d043ed5ceaaf6" "check" "--frozen" "--all" "--all-targets" "--message-format=json", kill_on_drop: false }`
[INFO] [stderr] warning: `package.homepage` is redundant with `package.repository`
[INFO] [stderr]   --> Cargo.toml:69:12
[INFO] [stderr]    |
[INFO] [stderr] 69 | homepage = "https://github.com/findit-studio/ingraph"
[INFO] [stderr]    |            ^^^^^^^^^^^^^^^^^^^^^^^^^^^^^^^^^^^^^^^^^^
[INFO] [stderr] ...
[INFO] [stderr] 74 | repository = "https://github.com/findit-studio/ingraph"
[INFO] [stderr]    |              ------------------------------------------
[INFO] [stderr]    |
[INFO] [stderr]    = note: `cargo::redundant_homepage` is set to `warn` by default
[INFO] [stderr] help: consider removing `package.homepage`
[INFO] [stderr] warning: `ingraph-derive` (manifest) generated 1 warning
[INFO] [stderr]     Checking memchr v2.8.3
[INFO] [stderr]     Checking unicode-ident v1.0.24
[INFO] [stderr]     Checking regex-syntax v0.8.11
[INFO] [stderr]    Compiling cronp v0.3.0
[INFO] [stderr]     Checking once_cell v1.21.4
[INFO] [stderr]    Compiling libc v0.2.189
[INFO] [stderr]     Checking winnow v1.0.4
[INFO] [stderr]     Checking jiff-core v0.1.0
[INFO] [stderr]    Compiling rustix v1.1.4
[INFO] [stderr]    Compiling serde_core v1.0.229
[INFO] [stderr]    Compiling zmij v1.0.23
[INFO] [stderr]    Compiling target-triple v1.0.1
[INFO] [stderr]    Compiling serde v1.0.229
[INFO] [stderr]    Compiling getrandom v0.4.3
[INFO] [stderr]    Compiling serde_json v1.0.151
[INFO] [stderr]    Compiling syn v3.0.4
[INFO] [stderr]     Checking linux-raw-sys v0.12.1
[INFO] [stderr]     Checking heck v0.5.0
[INFO] [stderr]     Checking proc-macro2 v1.0.107
[INFO] [stderr]     Checking cfg-if v1.0.4
[INFO] [stderr]     Checking itoa v1.0.18
[INFO] [stderr]     Checking toml_writer v1.1.2+spec-1.1.0
[INFO] [stderr]     Checking bitflags v2.13.1
[INFO] [stderr]     Checking fastrand v2.5.0
[INFO] [stderr]     Checking glob v0.3.4
[INFO] [stderr]     Checking quote v1.0.47
[INFO] [stderr]     Checking termcolor v1.4.1
[INFO] [stderr]     Checking pin-project-lite v0.2.17
[INFO] [stderr]     Checking uuid v1.26.0
[INFO] [stderr]     Checking smol_str v0.3.6
[INFO] [stderr]     Checking toml_parser v1.1.3+spec-1.1.0
[INFO] [stderr]     Checking aho-corasick v1.1.5
[INFO] [stderr]     Checking jiff v0.2.35
[INFO] [stderr]     Checking regex-automata v0.4.18
[INFO] [stderr]     Checking tempfile v3.27.0
[INFO] [stderr]     Checking toml_datetime v1.1.1+spec-1.1.0
[INFO] [stderr]     Checking serde_spanned v1.1.1
[INFO] [stderr]     Checking toml v1.1.4+spec-1.1.0
[INFO] [stderr]     Checking prettyplease v0.3.0
[INFO] [stderr]     Checking regex v1.13.1
[INFO] [stderr]    Compiling tokio-macros v2.7.2
[INFO] [stderr]    Compiling serde_derive v1.0.229
[INFO] [stderr]     Checking pluralizer v0.5.0
[INFO] [stderr]     Checking ingraph-codegen v0.1.0
[INFO] [stderr]     Checking tokio v1.53.1
[INFO] [stderr]     Checking trybuild v1.0.120
[INFO] [stderr]     Checking ingraph-derive v0.1.0 (/opt/rustwide/workdir)
[INFO] [stdout] error[E0433]: cannot find module or crate `ingraph` in this scope
[INFO] [stdout]    --> src/error/tests.rs:253:5
[INFO] [stdout]     |
[INFO] [stdout] 253 |     ingraph::ErrorCode::RepeatedOrderSubject,
[INFO] [stdout]     |     ^^^^^^^ use of unresolved module or unlinked crate `ingraph`
[INFO] [stdout]     |
[INFO] [stdout]     = help: if you wanted to use a crate named `ingraph`, use `cargo add ingraph` to add it to your `Cargo.toml`
[INFO] [stdout] 
[INFO] [stdout] 
[INFO] [stdout] error[E0433]: cannot find module or crate `ingraph` in this scope
[INFO] [stdout]    --> src/error/tests.rs:254:5
[INFO] [stdout]     |
[INFO] [stdout] 254 |     ingraph::ErrorCode::AmbiguousPageDirection,
[INFO] [stdout]     |     ^^^^^^^ use of unresolved module or unlinked crate `ingraph`
[INFO] [stdout]     |
[INFO] [stdout]     = help: if you wanted to use a crate named `ingraph`, use `cargo add ingraph` to add it to your `Cargo.toml`
[INFO] [stdout] 
[INFO] [stdout] 
[INFO] [stdout] error[E0433]: cannot find module or crate `ingraph` in this scope
[INFO] [stdout]    --> src/error/tests.rs:255:5
[INFO] [stdout]     |
[INFO] [stdout] 255 |     ingraph::ErrorCode::UnusableCursor,
[INFO] [stdout]     |     ^^^^^^^ use of unresolved module or unlinked crate `ingraph`
[INFO] [stdout]     |
[INFO] [stdout]     = help: if you wanted to use a crate named `ingraph`, use `cargo add ingraph` to add it to your `Cargo.toml`
[INFO] [stdout] 
[INFO] [stdout] 
[INFO] [stdout] error[E0433]: cannot find module or crate `ingraph` in this scope
[INFO] [stdout]    --> src/error/tests.rs:256:5
[INFO] [stdout]     |
[INFO] [stdout] 256 |     ingraph::ErrorCode::StoreRefused,
[INFO] [stdout]     |     ^^^^^^^ use of unresolved module or unlinked crate `ingraph`
[INFO] [stdout]     |
[INFO] [stdout]     = help: if you wanted to use a crate named `ingraph`, use `cargo add ingraph` to add it to your `Cargo.toml`
[INFO] [stdout] 
[INFO] [stdout] 
[INFO] [stdout] error[E0433]: cannot find module or crate `ingraph` in this scope
[INFO] [stdout]    --> src/error/tests.rs:257:5
[INFO] [stdout]     |
[INFO] [stdout] 257 |     ingraph::ErrorCode::UnsupportedFilter,
[INFO] [stdout]     |     ^^^^^^^ use of unresolved module or unlinked crate `ingraph`
[INFO] [stdout]     |
[INFO] [stdout]     = help: if you wanted to use a crate named `ingraph`, use `cargo add ingraph` to add it to your `Cargo.toml`
[INFO] [stdout] 
[INFO] [stdout] 
[INFO] [stdout] error[E0433]: cannot find module or crate `ingraph` in this scope
[INFO] [stdout]    --> src/error/tests.rs:258:5
[INFO] [stdout]     |
[INFO] [stdout] 258 |     ingraph::ErrorCode::UnrenderableOrder,
[INFO] [stdout]     |     ^^^^^^^ use of unresolved module or unlinked crate `ingraph`
[INFO] [stdout]     |
[INFO] [stdout]     = help: if you wanted to use a crate named `ingraph`, use `cargo add ingraph` to add it to your `Cargo.toml`
[INFO] [stdout] 
[INFO] [stdout] 
[INFO] [stdout] error[E0433]: cannot find module or crate `ingraph` in this scope
[INFO] [stdout]    --> src/error/tests.rs:259:5
[INFO] [stdout]     |
[INFO] [stdout] 259 |     ingraph::ErrorCode::UnpageableOrder,
[INFO] [stdout]     |     ^^^^^^^ use of unresolved module or unlinked crate `ingraph`
[INFO] [stdout]     |
[INFO] [stdout]     = help: if you wanted to use a crate named `ingraph`, use `cargo add ingraph` to add it to your `Cargo.toml`
[INFO] [stdout] 
[INFO] [stdout] 
[INFO] [stdout] error[E0433]: cannot find module or crate `ingraph` in this scope
[INFO] [stdout]    --> src/error/tests.rs:260:5
[INFO] [stdout]     |
[INFO] [stdout] 260 |     ingraph::ErrorCode::UnreadableRow,
[INFO] [stdout]     |     ^^^^^^^ use of unresolved module or unlinked crate `ingraph`
[INFO] [stdout]     |
[INFO] [stdout]     = help: if you wanted to use a crate named `ingraph`, use `cargo add ingraph` to add it to your `Cargo.toml`
[INFO] [stdout] 
[INFO] [stdout] 
[INFO] [stdout] error[E0433]: cannot find module or crate `ingraph` in this scope
[INFO] [stdout]    --> src/error/tests.rs:261:5
[INFO] [stdout]     |
[INFO] [stdout] 261 |     ingraph::ErrorCode::OversizedSkip,
[INFO] [stdout]     |     ^^^^^^^ use of unresolved module or unlinked crate `ingraph`
[INFO] [stdout]     |
[INFO] [stdout]     = help: if you wanted to use a crate named `ingraph`, use `cargo add ingraph` to add it to your `Cargo.toml`
[INFO] [stdout] 
[INFO] [stdout] 
[INFO] [stdout] error[E0433]: cannot find module or crate `ingraph` in this scope
[INFO] [stdout]    --> src/error/tests.rs:262:5
[INFO] [stdout]     |
[INFO] [stdout] 262 |     ingraph::ErrorCode::UnwrittenArtifact,
[INFO] [stdout]     |     ^^^^^^^ use of unresolved module or unlinked crate `ingraph`
[INFO] [stdout]     |
[INFO] [stdout]     = help: if you wanted to use a crate named `ingraph`, use `cargo add ingraph` to add it to your `Cargo.toml`
[INFO] [stdout] 
[INFO] [stdout] 
[INFO] [stdout] error[E0433]: cannot find module or crate `ingraph` in this scope
[INFO] [stdout]    --> src/error/tests.rs:263:5
[INFO] [stdout]     |
[INFO] [stdout] 263 |     ingraph::ErrorCode::UnusableAddress,
[INFO] [stdout]     |     ^^^^^^^ use of unresolved module or unlinked crate `ingraph`
[INFO] [stdout]     |
[INFO] [stdout]     = help: if you wanted to use a crate named `ingraph`, use `cargo add ingraph` to add it to your `Cargo.toml`
[INFO] [stdout] 
[INFO] [stdout] 
[INFO] [stdout] error[E0433]: cannot find module or crate `ingraph` in this scope
[INFO] [stdout]    --> src/error/tests.rs:264:5
[INFO] [stdout]     |
[INFO] [stdout] 264 |     ingraph::ErrorCode::UnreachableSource,
[INFO] [stdout]     |     ^^^^^^^ use of unresolved module or unlinked crate `ingraph`
[INFO] [stdout]     |
[INFO] [stdout]     = help: if you wanted to use a crate named `ingraph`, use `cargo add ingraph` to add it to your `Cargo.toml`
[INFO] [stdout] 
[INFO] [stdout] 
[INFO] [stdout] error[E0433]: cannot find module or crate `ingraph` in this scope
[INFO] [stdout]    --> src/error/tests.rs:265:5
[INFO] [stdout]     |
[INFO] [stdout] 265 |     ingraph::ErrorCode::UnreachableNode,
[INFO] [stdout]     |     ^^^^^^^ use of unresolved module or unlinked crate `ingraph`
[INFO] [stdout]     |
[INFO] [stdout]     = help: if you wanted to use a crate named `ingraph`, use `cargo add ingraph` to add it to your `Cargo.toml`
[INFO] [stdout] 
[INFO] [stdout] 
[INFO] [stdout] error[E0433]: cannot find module or crate `ingraph` in this scope
[INFO] [stdout]    --> src/error/tests.rs:266:5
[INFO] [stdout]     |
[INFO] [stdout] 266 |     ingraph::ErrorCode::RequestDropped,
[INFO] [stdout]     |     ^^^^^^^ use of unresolved module or unlinked crate `ingraph`
[INFO] [stdout]     |
[INFO] [stdout]     = help: if you wanted to use a crate named `ingraph`, use `cargo add ingraph` to add it to your `Cargo.toml`
[INFO] [stdout] 
[INFO] [stdout] 
[INFO] [stdout] error[E0433]: cannot find module or crate `ingraph` in this scope
[INFO] [stdout]    --> src/error/tests.rs:267:5
[INFO] [stdout]     |
[INFO] [stdout] 267 |     ingraph::ErrorCode::RequestTimedOut,
[INFO] [stdout]     |     ^^^^^^^ use of unresolved module or unlinked crate `ingraph`
[INFO] [stdout]     |
[INFO] [stdout]     = help: if you wanted to use a crate named `ingraph`, use `cargo add ingraph` to add it to your `Cargo.toml`
[INFO] [stdout] 
[INFO] [stdout] 
[INFO] [stdout] error[E0433]: cannot find module or crate `ingraph` in this scope
[INFO] [stdout]    --> src/interface/tests.rs:204:7
[INFO] [stdout]     |
[INFO] [stdout] 204 |       ingraph::interface::KIND.as_str(),
[INFO] [stdout]     |       ^^^^^^^ use of unresolved module or unlinked crate `ingraph`
[INFO] [stdout]     |
[INFO] [stdout]     = help: if you wanted to use a crate named `ingraph`, use `cargo add ingraph` to add it to your `Cargo.toml`
[INFO] [stdout] 
[INFO] [stdout] 
[INFO] [stdout] error[E0433]: cannot find module or crate `ingraph` in this scope
[INFO] [stdout]    --> src/interface/tests.rs:209:7
[INFO] [stdout]     |
[INFO] [stdout] 209 |       ingraph::interface::SOURCE.as_str(),
[INFO] [stdout]     |       ^^^^^^^ use of unresolved module or unlinked crate `ingraph`
[INFO] [stdout]     |
[INFO] [stdout]     = help: if you wanted to use a crate named `ingraph`, use `cargo add ingraph` to add it to your `Cargo.toml`
[INFO] [stdout] 
[INFO] [stdout] 
[INFO] [stdout] error[E0433]: cannot find module or crate `ingraph` in this scope
[INFO] [stdout]     --> src/tests.rs:2126:5
[INFO] [stdout]      |
[INFO] [stdout] 2126 |     ingraph::comparison::sql::ALIAS_PREFIX,
[INFO] [stdout]      |     ^^^^^^^ use of unresolved module or unlinked crate `ingraph`
[INFO] [stdout]      |
[INFO] [stdout]      = help: if you wanted to use a crate named `ingraph`, use `cargo add ingraph` to add it to your `Cargo.toml`
[INFO] [stdout] 
[INFO] [stdout] 
[INFO] [stdout] error[E0433]: cannot find module or crate `ingraph` in this scope
[INFO] [stdout]     --> src/tests.rs:2359:29
[INFO] [stdout]      |
[INFO] [stdout] 2359 |   assert_eq!(DEPTH_CEILING, ingraph::query::sql::DEPTH_CEILING);
[INFO] [stdout]      |                             ^^^^^^^ use of unresolved module or unlinked crate `ingraph`
[INFO] [stdout]      |
[INFO] [stdout]      = help: if you wanted to use a crate named `ingraph`, use `cargo add ingraph` to add it to your `Cargo.toml`
[INFO] [stdout] 
[INFO] [stdout] 
[INFO] [stdout] error[E0433]: cannot find module or crate `ingraph` in this scope
[INFO] [stdout]     --> src/tests.rs:2362:5
[INFO] [stdout]      |
[INFO] [stdout] 2362 |     ingraph::query::sql::DEPTH_CEILING,
[INFO] [stdout]      |     ^^^^^^^ use of unresolved module or unlinked crate `ingraph`
[INFO] [stdout]      |
[INFO] [stdout]      = help: if you wanted to use a crate named `ingraph`, use `cargo add ingraph` to add it to your `Cargo.toml`
[INFO] [stdout] 
[INFO] [stdout] 
[INFO] [stdout] For more information about this error, try `rustc --explain E0433`.
[INFO] [stdout] 
[INFO] [stderr] error: could not compile `ingraph-derive` (lib test) due to 20 previous errors
[INFO] running `Command { std: "docker" "inspect" "68d8473ea01ba0c587209d2ce18f49452e0993a95a27070ef9f76c892ae6e6d8", kill_on_drop: false }`
[INFO] running `Command { std: "docker" "rm" "-f" "68d8473ea01ba0c587209d2ce18f49452e0993a95a27070ef9f76c892ae6e6d8", kill_on_drop: false }`
[INFO] [stdout] 68d8473ea01ba0c587209d2ce18f49452e0993a95a27070ef9f76c892ae6e6d8
