[INFO] fetching crate hyphae-native-product 4.0.0...
[INFO] checking hyphae-native-product-4.0.0 against 3154cc1a3e6424e44f438a95007d043ed5ceaaf6 for pr-133502-30
[INFO] extracting crate hyphae-native-product 4.0.0 into /workspace/builds/worker-5-tc2/source
[INFO] started tweaking crates.io crate hyphae-native-product 4.0.0
[INFO] removed 0 missing examples
[INFO] removed 0 missing tests
[INFO] finished tweaking crates.io crate hyphae-native-product 4.0.0
[INFO] tweaked toml for crates.io crate hyphae-native-product 4.0.0 written to /workspace/builds/worker-5-tc2/source/Cargo.toml
[INFO] validating manifest of crates.io crate hyphae-native-product 4.0.0 on toolchain 3154cc1a3e6424e44f438a95007d043ed5ceaaf6
[INFO] running `Command { std: CARGO_HOME="/workspace/cargo-home" RUSTUP_HOME="/workspace/rustup-home" "/workspace/cargo-home/bin/cargo" "+3154cc1a3e6424e44f438a95007d043ed5ceaaf6" "metadata" "--manifest-path" "Cargo.toml" "--no-deps", kill_on_drop: false }`
[INFO] crate crates.io crate hyphae-native-product 4.0.0 already has a lockfile, it will not be regenerated
[INFO] running `Command { std: CARGO_HOME="/workspace/cargo-home" RUSTUP_HOME="/workspace/rustup-home" "/workspace/cargo-home/bin/cargo" "+3154cc1a3e6424e44f438a95007d043ed5ceaaf6" "fetch" "--manifest-path" "Cargo.toml", kill_on_drop: false }`
[INFO] running `Command { std: "docker" "create" "-v" "/var/lib/crater-agent-workspace/builds/worker-5-tc2/source:/opt/rustwide/workdir:ro,Z" "-v" "/var/lib/crater-agent-workspace/builds/worker-5-tc2/target:/opt/rustwide/target:rw,Z" "-v" "/var/lib/crater-agent-workspace/cargo-home:/opt/rustwide/cargo-home:ro,Z" "-v" "/var/lib/crater-agent-workspace/rustup-home:/opt/rustwide/rustup-home:ro,Z" "-m" "1610612736" "--network" "none" "ghcr.io/rust-lang/crates-build-env/linux@sha256:77db811e55d90add9212f6832c23229e3de5f1c1f9905e8cb07319ea15df73ac" "sleep" "infinity", kill_on_drop: false }`
[INFO] [stdout] cc02e0922b7b48579ad2ff4d31199906befddbcc7e6bd965666391595650271d
[INFO] running `Command { std: "docker" "start" "cc02e0922b7b48579ad2ff4d31199906befddbcc7e6bd965666391595650271d", kill_on_drop: false }`
[INFO] running `Command { std: "docker" "inspect" "cc02e0922b7b48579ad2ff4d31199906befddbcc7e6bd965666391595650271d", kill_on_drop: false }`
[INFO] running `Command { std: "docker" "exec" "-e" "SOURCE_DIR=/opt/rustwide/workdir" "-e" "CARGO_HOME=/opt/rustwide/cargo-home" "-e" "RUSTUP_HOME=/opt/rustwide/rustup-home" "-e" "CARGO_TARGET_DIR=/opt/rustwide/target" "-w" "/opt/rustwide/workdir" "--user" "0:0" "cc02e0922b7b48579ad2ff4d31199906befddbcc7e6bd965666391595650271d" "/opt/rustwide/cargo-home/bin/cargo" "+3154cc1a3e6424e44f438a95007d043ed5ceaaf6" "metadata" "--no-deps" "--format-version=1", kill_on_drop: false }`
[INFO] running `Command { std: "docker" "inspect" "cc02e0922b7b48579ad2ff4d31199906befddbcc7e6bd965666391595650271d", kill_on_drop: false }`
[INFO] running `Command { std: "docker" "exec" "-e" "SOURCE_DIR=/opt/rustwide/workdir" "-e" "CARGO_HOME=/opt/rustwide/cargo-home" "-e" "RUSTUP_HOME=/opt/rustwide/rustup-home" "-e" "CARGO_TARGET_DIR=/opt/rustwide/target" "-e" "CARGO_INCREMENTAL=0" "-e" "RUST_BACKTRACE=full" "-e" "RUSTFLAGS=--cap-lints=forbid" "-e" "RUSTDOCFLAGS=--cap-lints=forbid" "-w" "/opt/rustwide/workdir" "--user" "0:0" "cc02e0922b7b48579ad2ff4d31199906befddbcc7e6bd965666391595650271d" "/opt/rustwide/cargo-home/bin/cargo" "+3154cc1a3e6424e44f438a95007d043ed5ceaaf6" "check" "--frozen" "--all" "--all-targets" "--message-format=json", kill_on_drop: false }`
[INFO] [stderr]    Compiling proc-macro2 v1.0.106
[INFO] [stderr]    Compiling quote v1.0.46
[INFO] [stderr]    Compiling unicode-ident v1.0.24
[INFO] [stderr]    Compiling serde_core v1.0.229
[INFO] [stderr]    Compiling zmij v1.0.23
[INFO] [stderr]    Compiling serde_json v1.0.151
[INFO] [stderr]     Checking itoa v1.0.18
[INFO] [stderr]    Compiling thiserror v2.0.20
[INFO] [stderr]    Compiling find-msvc-tools v0.1.9
[INFO] [stderr]    Compiling shlex v2.0.1
[INFO] [stderr]     Checking memchr v2.8.3
[INFO] [stderr]     Checking cfg-if v1.0.4
[INFO] [stderr]    Compiling semver v1.0.28
[INFO] [stderr]    Compiling cc v1.2.67
[INFO] [stderr]     Checking arrayvec v0.7.8
[INFO] [stderr]     Checking cpufeatures v0.3.0
[INFO] [stderr]    Compiling rustc_version v0.4.1
[INFO] [stderr]     Checking constant_time_eq v0.4.2
[INFO] [stderr]    Compiling libc v0.2.189
[INFO] [stderr]    Compiling cfg_aliases v0.2.1
[INFO] [stderr]    Compiling nix v0.31.3
[INFO] [stderr]     Checking bitflags v2.13.0
[INFO] [stderr]    Compiling crc32c v0.6.8
[INFO] [stderr]    Compiling getrandom v0.3.4
[INFO] [stderr]    Compiling rustix v1.1.4
[INFO] [stderr]    Compiling serde v1.0.229
[INFO] [stderr]     Checking tinyvec_macros v0.1.1
[INFO] [stderr]     Checking tinyvec v1.12.0
[INFO] [stderr]     Checking linux-raw-sys v0.12.1
[INFO] [stderr]     Checking same-file v1.0.6
[INFO] [stderr]    Compiling syn v3.0.2
[INFO] [stderr]     Checking unicode-casefold v0.2.0
[INFO] [stderr]     Checking futures-core v0.3.34
[INFO] [stderr]     Checking subtle v2.6.1
[INFO] [stderr]     Checking futures-channel v0.3.34
[INFO] [stderr]     Checking unicode-normalization v0.1.25
[INFO] [stderr]    Compiling blake3 v1.8.7
[INFO] [stderr]     Checking hyphae-native-types v4.0.0
[INFO] [stderr]    Compiling thiserror-impl v2.0.20
[INFO] [stderr]    Compiling serde_derive v1.0.229
[INFO] [stderr]     Checking hyphae-native-mvcc v4.0.0
[INFO] [stderr]     Checking hyphae-native-records v4.0.0
[INFO] [stderr]     Checking hyphae-native-pages v4.0.0
[INFO] [stderr]     Checking hyphae-native-wal v4.0.0
[INFO] [stderr]     Checking hyphae-native-catalog v4.0.0
[INFO] [stderr]     Checking hyphae-native-ann v4.0.0
[INFO] [stderr]     Checking hyphae-native-btree v4.0.0
[INFO] [stderr]     Checking hyphae-native-blobs v4.0.0
[INFO] [stderr]     Checking hyphae-native-manifest v4.0.0
[INFO] [stderr]     Checking hyphae-native-runtime v4.0.0
[INFO] [stderr]     Checking hyphae-native-product v4.0.0 (/opt/rustwide/workdir)
[INFO] [stdout] warning: use of deprecated method `std::sync::atomic::Atomic::<u64>::fetch_update`: renamed to `try_update` for consistency
[INFO] [stdout]    --> src/service.rs:705:14
[INFO] [stdout]     |
[INFO] [stdout] 705 |             .fetch_update(Ordering::AcqRel, Ordering::Acquire, |value| {
[INFO] [stdout]     |              ^^^^^^^^^^^^
[INFO] [stdout]     |
[INFO] [stdout]     = note: `#[warn(deprecated)]` on by default
[INFO] [stdout] help: replace the use of the deprecated method
[INFO] [stdout]     |
[INFO] [stdout] 705 -             .fetch_update(Ordering::AcqRel, Ordering::Acquire, |value| {
[INFO] [stdout] 705 +             .try_update(Ordering::AcqRel, Ordering::Acquire, |value| {
[INFO] [stdout]     |
[INFO] [stdout] 
[INFO] [stdout] 
[INFO] [stdout] warning: use of deprecated method `std::sync::atomic::Atomic::<u64>::fetch_update`: renamed to `try_update` for consistency
[INFO] [stdout]     --> src/service.rs:1549:22
[INFO] [stdout]      |
[INFO] [stdout] 1549 |                     .fetch_update(Ordering::AcqRel, Ordering::Acquire, |value| {
[INFO] [stdout]      |                      ^^^^^^^^^^^^
[INFO] [stdout]      |
[INFO] [stdout] help: replace the use of the deprecated method
[INFO] [stdout]      |
[INFO] [stdout] 1549 -                     .fetch_update(Ordering::AcqRel, Ordering::Acquire, |value| {
[INFO] [stdout] 1549 +                     .try_update(Ordering::AcqRel, Ordering::Acquire, |value| {
[INFO] [stdout]      |
[INFO] [stdout] 
[INFO] [stdout] 
[INFO] [stdout] warning: use of deprecated method `std::sync::atomic::Atomic::<u64>::fetch_update`: renamed to `try_update` for consistency
[INFO] [stdout]    --> src/service.rs:705:14
[INFO] [stdout]     |
[INFO] [stdout] 705 |             .fetch_update(Ordering::AcqRel, Ordering::Acquire, |value| {
[INFO] [stdout]     |              ^^^^^^^^^^^^
[INFO] [stdout]     |
[INFO] [stdout]     = note: `#[warn(deprecated)]` on by default
[INFO] [stdout] help: replace the use of the deprecated method
[INFO] [stdout]     |
[INFO] [stdout] 705 -             .fetch_update(Ordering::AcqRel, Ordering::Acquire, |value| {
[INFO] [stdout] 705 +             .try_update(Ordering::AcqRel, Ordering::Acquire, |value| {
[INFO] [stdout]     |
[INFO] [stdout] 
[INFO] [stdout] 
[INFO] [stdout] warning: use of deprecated method `std::sync::atomic::Atomic::<u64>::fetch_update`: renamed to `try_update` for consistency
[INFO] [stdout]     --> src/service.rs:1549:22
[INFO] [stdout]      |
[INFO] [stdout] 1549 |                     .fetch_update(Ordering::AcqRel, Ordering::Acquire, |value| {
[INFO] [stdout]      |                      ^^^^^^^^^^^^
[INFO] [stdout]      |
[INFO] [stdout] help: replace the use of the deprecated method
[INFO] [stdout]      |
[INFO] [stdout] 1549 -                     .fetch_update(Ordering::AcqRel, Ordering::Acquire, |value| {
[INFO] [stdout] 1549 +                     .try_update(Ordering::AcqRel, Ordering::Acquire, |value| {
[INFO] [stdout]      |
[INFO] [stdout] 
[INFO] [stdout] 
[INFO] [stdout] error[E0433]: cannot find module or crate `hyphae_native_protocol` in this scope
[INFO] [stdout]    --> examples/security_crash_matrix.rs:422:13
[INFO] [stdout]     |
[INFO] [stdout] 422 |             hyphae_native_protocol::encode_product_request(&request)?,
[INFO] [stdout]     |             ^^^^^^^^^^^^^^^^^^^^^^ use of unresolved module or unlinked crate `hyphae_native_protocol`
[INFO] [stdout]     |
[INFO] [stdout] help: there is a crate or module with a similar name
[INFO] [stdout]     |
[INFO] [stdout] 422 -             hyphae_native_protocol::encode_product_request(&request)?,
[INFO] [stdout] 422 +             hyphae_native_product::encode_product_request(&request)?,
[INFO] [stdout]     |
[INFO] [stdout] 
[INFO] [stdout] 
[INFO] [stdout] error[E0433]: cannot find module or crate `hyphae_native_protocol` in this scope
[INFO] [stdout]    --> examples/security_crash_matrix.rs:474:9
[INFO] [stdout]     |
[INFO] [stdout] 474 |         hyphae_native_protocol::encode_product_request(&hyphae_native_protocol::WireRequest {
[INFO] [stdout]     |         ^^^^^^^^^^^^^^^^^^^^^^ use of unresolved module or unlinked crate `hyphae_native_protocol`
[INFO] [stdout]     |
[INFO] [stdout] help: there is a crate or module with a similar name
[INFO] [stdout]     |
[INFO] [stdout] 474 -         hyphae_native_protocol::encode_product_request(&hyphae_native_protocol::WireRequest {
[INFO] [stdout] 474 +         hyphae_native_product::encode_product_request(&hyphae_native_protocol::WireRequest {
[INFO] [stdout]     |
[INFO] [stdout] 
[INFO] [stdout] 
[INFO] [stdout] error[E0433]: cannot find module or crate `hyphae_native_protocol` in this scope
[INFO] [stdout]    --> examples/security_crash_matrix.rs:691:9
[INFO] [stdout]     |
[INFO] [stdout] 691 |         hyphae_native_protocol::decode_product_request(&fs::read(directory.join(REQUEST_FILE))?)?;
[INFO] [stdout]     |         ^^^^^^^^^^^^^^^^^^^^^^ use of unresolved module or unlinked crate `hyphae_native_protocol`
[INFO] [stdout]     |
[INFO] [stdout] help: there is a crate or module with a similar name
[INFO] [stdout]     |
[INFO] [stdout] 691 -         hyphae_native_protocol::decode_product_request(&fs::read(directory.join(REQUEST_FILE))?)?;
[INFO] [stdout] 691 +         hyphae_native_product::decode_product_request(&fs::read(directory.join(REQUEST_FILE))?)?;
[INFO] [stdout]     |
[INFO] [stdout] 
[INFO] [stdout] 
[INFO] [stdout] error[E0433]: cannot find module or crate `hyphae_native_protocol` in this scope
[INFO] [stdout]     --> examples/security_crash_matrix.rs:1015:9
[INFO] [stdout]      |
[INFO] [stdout] 1015 |         hyphae_native_protocol::decode_product_request(&fs::read(directory.join(REQUEST_FILE))?)?;
[INFO] [stdout]      |         ^^^^^^^^^^^^^^^^^^^^^^ use of unresolved module or unlinked crate `hyphae_native_protocol`
[INFO] [stdout]      |
[INFO] [stdout] help: there is a crate or module with a similar name
[INFO] [stdout]      |
[INFO] [stdout] 1015 -         hyphae_native_protocol::decode_product_request(&fs::read(directory.join(REQUEST_FILE))?)?;
[INFO] [stdout] 1015 +         hyphae_native_product::decode_product_request(&fs::read(directory.join(REQUEST_FILE))?)?;
[INFO] [stdout]      |
[INFO] [stdout] 
[INFO] [stdout] 
[INFO] [stdout] error[E0433]: cannot find module or crate `hyphae_native_protocol` in this scope
[INFO] [stdout]    --> examples/security_crash_matrix.rs:412:23
[INFO] [stdout]     |
[INFO] [stdout] 412 |         let request = hyphae_native_protocol::WireRequest {
[INFO] [stdout]     |                       ^^^^^^^^^^^^^^^^^^^^^^ use of unresolved module or unlinked crate `hyphae_native_protocol`
[INFO] [stdout]     |
[INFO] [stdout] help: there is a crate or module with a similar name
[INFO] [stdout]     |
[INFO] [stdout] 412 -         let request = hyphae_native_protocol::WireRequest {
[INFO] [stdout] 412 +         let request = hyphae_native_product::WireRequest {
[INFO] [stdout]     |
[INFO] [stdout] 
[INFO] [stdout] 
[INFO] [stdout] error[E0433]: cannot find module or crate `hyphae_native_protocol` in this scope
[INFO] [stdout]    --> examples/security_crash_matrix.rs:474:57
[INFO] [stdout]     |
[INFO] [stdout] 474 |         hyphae_native_protocol::encode_product_request(&hyphae_native_protocol::WireRequest {
[INFO] [stdout]     |                                                         ^^^^^^^^^^^^^^^^^^^^^^ use of unresolved module or unlinked crate `hyphae_native_protocol`
[INFO] [stdout]     |
[INFO] [stdout] help: there is a crate or module with a similar name
[INFO] [stdout]     |
[INFO] [stdout] 474 -         hyphae_native_protocol::encode_product_request(&hyphae_native_protocol::WireRequest {
[INFO] [stdout] 474 +         hyphae_native_protocol::encode_product_request(&hyphae_native_product::WireRequest {
[INFO] [stdout]     |
[INFO] [stdout] 
[INFO] [stdout] 
[INFO] [stdout] For more information about this error, try `rustc --explain E0433`.
[INFO] [stdout] 
[INFO] [stderr] error: could not compile `hyphae-native-product` (example "security_crash_matrix") due to 6 previous errors
[INFO] [stderr] warning: build failed, waiting for other jobs to finish...
[INFO] running `Command { std: "docker" "inspect" "cc02e0922b7b48579ad2ff4d31199906befddbcc7e6bd965666391595650271d", kill_on_drop: false }`
[INFO] running `Command { std: "docker" "rm" "-f" "cc02e0922b7b48579ad2ff4d31199906befddbcc7e6bd965666391595650271d", kill_on_drop: false }`
[INFO] [stdout] cc02e0922b7b48579ad2ff4d31199906befddbcc7e6bd965666391595650271d
