[INFO] fetching crate hyphae-client 4.0.0...
[INFO] checking hyphae-client-4.0.0 against 3154cc1a3e6424e44f438a95007d043ed5ceaaf6 for pr-133502-30
[INFO] extracting crate hyphae-client 4.0.0 into /workspace/builds/worker-2-tc2/source
[INFO] started tweaking crates.io crate hyphae-client 4.0.0
[INFO] removed 0 missing tests
[INFO] finished tweaking crates.io crate hyphae-client 4.0.0
[INFO] tweaked toml for crates.io crate hyphae-client 4.0.0 written to /workspace/builds/worker-2-tc2/source/Cargo.toml
[INFO] validating manifest of crates.io crate hyphae-client 4.0.0 on toolchain 3154cc1a3e6424e44f438a95007d043ed5ceaaf6
[INFO] running `Command { std: CARGO_HOME="/workspace/cargo-home" RUSTUP_HOME="/workspace/rustup-home" "/workspace/cargo-home/bin/cargo" "+3154cc1a3e6424e44f438a95007d043ed5ceaaf6" "metadata" "--manifest-path" "Cargo.toml" "--no-deps", kill_on_drop: false }`
[INFO] crate crates.io crate hyphae-client 4.0.0 already has a lockfile, it will not be regenerated
[INFO] running `Command { std: CARGO_HOME="/workspace/cargo-home" RUSTUP_HOME="/workspace/rustup-home" "/workspace/cargo-home/bin/cargo" "+3154cc1a3e6424e44f438a95007d043ed5ceaaf6" "fetch" "--manifest-path" "Cargo.toml", kill_on_drop: false }`
[INFO] running `Command { std: "docker" "create" "-v" "/var/lib/crater-agent-workspace/builds/worker-2-tc2/source:/opt/rustwide/workdir:ro,Z" "-v" "/var/lib/crater-agent-workspace/builds/worker-2-tc2/target:/opt/rustwide/target:rw,Z" "-v" "/var/lib/crater-agent-workspace/cargo-home:/opt/rustwide/cargo-home:ro,Z" "-v" "/var/lib/crater-agent-workspace/rustup-home:/opt/rustwide/rustup-home:ro,Z" "-m" "1610612736" "--network" "none" "ghcr.io/rust-lang/crates-build-env/linux@sha256:77db811e55d90add9212f6832c23229e3de5f1c1f9905e8cb07319ea15df73ac" "sleep" "infinity", kill_on_drop: false }`
[INFO] [stdout] 926780cc40267fbcbd62740e99f63a3f79106b8ad44cf61c39cc840f131e85b7
[INFO] running `Command { std: "docker" "start" "926780cc40267fbcbd62740e99f63a3f79106b8ad44cf61c39cc840f131e85b7", kill_on_drop: false }`
[INFO] running `Command { std: "docker" "inspect" "926780cc40267fbcbd62740e99f63a3f79106b8ad44cf61c39cc840f131e85b7", kill_on_drop: false }`
[INFO] running `Command { std: "docker" "exec" "-e" "SOURCE_DIR=/opt/rustwide/workdir" "-e" "CARGO_HOME=/opt/rustwide/cargo-home" "-e" "RUSTUP_HOME=/opt/rustwide/rustup-home" "-e" "CARGO_TARGET_DIR=/opt/rustwide/target" "-w" "/opt/rustwide/workdir" "--user" "0:0" "926780cc40267fbcbd62740e99f63a3f79106b8ad44cf61c39cc840f131e85b7" "/opt/rustwide/cargo-home/bin/cargo" "+3154cc1a3e6424e44f438a95007d043ed5ceaaf6" "metadata" "--no-deps" "--format-version=1", kill_on_drop: false }`
[INFO] running `Command { std: "docker" "inspect" "926780cc40267fbcbd62740e99f63a3f79106b8ad44cf61c39cc840f131e85b7", kill_on_drop: false }`
[INFO] running `Command { std: "docker" "exec" "-e" "SOURCE_DIR=/opt/rustwide/workdir" "-e" "CARGO_HOME=/opt/rustwide/cargo-home" "-e" "RUSTUP_HOME=/opt/rustwide/rustup-home" "-e" "CARGO_TARGET_DIR=/opt/rustwide/target" "-e" "CARGO_INCREMENTAL=0" "-e" "RUST_BACKTRACE=full" "-e" "RUSTFLAGS=--cap-lints=forbid" "-e" "RUSTDOCFLAGS=--cap-lints=forbid" "-w" "/opt/rustwide/workdir" "--user" "0:0" "926780cc40267fbcbd62740e99f63a3f79106b8ad44cf61c39cc840f131e85b7" "/opt/rustwide/cargo-home/bin/cargo" "+3154cc1a3e6424e44f438a95007d043ed5ceaaf6" "check" "--frozen" "--all" "--all-targets" "--message-format=json", kill_on_drop: false }`
[INFO] [stderr]    Compiling proc-macro2 v1.0.106
[INFO] [stderr]    Compiling unicode-ident v1.0.24
[INFO] [stderr]    Compiling quote v1.0.46
[INFO] [stderr]    Compiling libc v0.2.189
[INFO] [stderr]    Compiling shlex v2.0.1
[INFO] [stderr]     Checking itoa v1.0.18
[INFO] [stderr]    Compiling find-msvc-tools v0.1.9
[INFO] [stderr]     Checking cfg-if v1.0.4
[INFO] [stderr]    Compiling serde_core v1.0.229
[INFO] [stderr]    Compiling zmij v1.0.23
[INFO] [stderr]    Compiling serde_json v1.0.151
[INFO] [stderr]     Checking memchr v2.8.3
[INFO] [stderr]    Compiling cc v1.2.67
[INFO] [stderr]    Compiling thiserror v2.0.20
[INFO] [stderr]     Checking stable_deref_trait v1.2.1
[INFO] [stderr]    Compiling semver v1.0.28
[INFO] [stderr]    Compiling rustc_version v0.4.1
[INFO] [stderr]     Checking futures-core v0.3.34
[INFO] [stderr]     Checking arrayvec v0.7.8
[INFO] [stderr]     Checking bytes v1.12.1
[INFO] [stderr]     Checking cpufeatures v0.3.0
[INFO] [stderr]     Checking pin-project-lite v0.2.17
[INFO] [stderr]     Checking constant_time_eq v0.4.2
[INFO] [stderr]    Compiling crc32c v0.6.8
[INFO] [stderr]    Compiling serde v1.0.229
[INFO] [stderr]     Checking litemap v0.8.2
[INFO] [stderr]     Checking smallvec v1.15.2
[INFO] [stderr]    Compiling syn v2.0.119
[INFO] [stderr]    Compiling syn v3.0.2
[INFO] [stderr]     Checking writeable v0.6.3
[INFO] [stderr]    Compiling icu_normalizer_data v2.2.0
[INFO] [stderr]     Checking utf8_iter v1.0.4
[INFO] [stderr]    Compiling icu_properties_data v2.2.0
[INFO] [stderr]     Checking http v1.5.0
[INFO] [stderr]     Checking zeroize v1.9.0
[INFO] [stderr]     Checking once_cell v1.21.4
[INFO] [stderr]     Checking bitflags v2.13.0
[INFO] [stderr]     Checking percent-encoding v2.3.2
[INFO] [stderr]     Checking rustls-pki-types v1.15.0
[INFO] [stderr]     Checking futures-channel v0.3.34
[INFO] [stderr]    Compiling blake3 v1.8.7
[INFO] [stderr]    Compiling ring v0.17.14
[INFO] [stderr]     Checking errno v0.3.14
[INFO] [stderr]     Checking socket2 v0.6.5
[INFO] [stderr]     Checking signal-hook-registry v1.4.8
[INFO] [stderr]     Checking mio v1.2.2
[INFO] [stderr]     Checking http-body v1.1.0
[INFO] [stderr]     Checking getrandom v0.2.17
[INFO] [stderr]     Checking slab v0.4.12
[INFO] [stderr]     Checking untrusted v0.9.0
[INFO] [stderr]    Compiling cfg_aliases v0.2.1
[INFO] [stderr]     Checking futures-task v0.3.34
[INFO] [stderr]    Compiling httparse v1.10.1
[INFO] [stderr]     Checking subtle v2.6.1
[INFO] [stderr]    Compiling nix v0.31.3
[INFO] [stderr]     Checking futures-util v0.3.34
[INFO] [stderr]    Compiling getrandom v0.4.3
[INFO] [stderr]    Compiling getrandom v0.3.4
[INFO] [stderr]    Compiling rustix v1.1.4
[INFO] [stderr]     Checking tinyvec_macros v0.1.1
[INFO] [stderr]     Checking try-lock v0.2.5
[INFO] [stderr]     Checking tower-service v0.3.3
[INFO] [stderr]    Compiling rustls v0.23.45
[INFO] [stderr]     Checking want v0.3.1
[INFO] [stderr]     Checking tinyvec v1.12.0
[INFO] [stderr]     Checking form_urlencoded v1.2.2
[INFO] [stderr]     Checking tracing-core v0.1.36
[INFO] [stderr]     Checking linux-raw-sys v0.12.1
[INFO] [stderr]     Checking atomic-waker v1.1.2
[INFO] [stderr]    Compiling ref-cast v1.0.25
[INFO] [stderr]     Checking unicode-normalization v0.1.25
[INFO] [stderr]     Checking tracing v0.1.44
[INFO] [stderr]     Checking hyphae-native-types v4.0.0
[INFO] [stderr]    Compiling serde_derive_internals v0.30.0
[INFO] [stderr]    Compiling thiserror-impl v2.0.20
[INFO] [stderr]    Compiling serde_derive v1.0.229
[INFO] [stderr]     Checking sync_wrapper v1.0.2
[INFO] [stderr]     Checking unicode-casefold v0.2.0
[INFO] [stderr]     Checking base64 v0.22.1
[INFO] [stderr]     Checking same-file v1.0.6
[INFO] [stderr]     Checking tower-layer v0.3.3
[INFO] [stderr]     Checking ipnet v2.12.0
[INFO] [stderr]    Compiling schemars_derive v1.2.2
[INFO] [stderr]     Checking uuid v1.26.0
[INFO] [stderr]     Checking webpki-roots v1.0.8
[INFO] [stderr]     Checking ryu v1.0.23
[INFO] [stderr]     Checking dyn-clone v1.0.20
[INFO] [stderr]     Checking hyphae-core v4.0.0
[INFO] [stderr]     Checking http-body-util v0.1.4
[INFO] [stderr]     Checking log v0.4.33
[INFO] [stderr]    Compiling doctest-file v1.1.1
[INFO] [stderr]     Checking hyphae-native-mvcc v4.0.0
[INFO] [stderr]     Checking hyphae-native-pages v4.0.0
[INFO] [stderr]     Checking hyphae-native-records v4.0.0
[INFO] [stderr]     Checking hyphae-native-wal v4.0.0
[INFO] [stderr]     Checking hyphae-native-manifest v4.0.0
[INFO] [stderr]     Checking hyphae-native-blobs v4.0.0
[INFO] [stderr]     Checking hyphae-native-btree v4.0.0
[INFO] [stderr]     Checking hyphae-native-catalog v4.0.0
[INFO] [stderr]     Checking hyphae-native-ann v4.0.0
[INFO] [stderr]     Checking hyphae-query v4.0.0
[INFO] [stderr]    Compiling synstructure v0.13.2
[INFO] [stderr]     Checking rustls-webpki v0.103.15
[INFO] [stderr]    Compiling zerofrom-derive v0.1.7
[INFO] [stderr]    Compiling yoke-derive v0.8.2
[INFO] [stderr]    Compiling zerovec-derive v0.11.3
[INFO] [stderr]    Compiling displaydoc v0.2.6
[INFO] [stderr]    Compiling tokio-macros v2.7.0
[INFO] [stderr]    Compiling ref-cast-impl v1.0.25
[INFO] [stderr]     Checking tokio v1.53.1
[INFO] [stderr]     Checking hyphae-native-runtime v4.0.0
[INFO] [stderr]     Checking schemars v1.2.2
[INFO] [stderr]     Checking serde_urlencoded v0.7.1
[INFO] [stderr]     Checking zerofrom v0.1.8
[INFO] [stderr]     Checking yoke v0.8.3
[INFO] [stderr]     Checking zerovec v0.11.6
[INFO] [stderr]     Checking zerotrie v0.2.4
[INFO] [stderr]     Checking hyphae-contracts v4.0.0
[INFO] [stderr]     Checking tinystr v0.8.3
[INFO] [stderr]     Checking potential_utf v0.1.5
[INFO] [stderr]     Checking icu_collections v2.2.0
[INFO] [stderr]     Checking icu_locale_core v2.2.0
[INFO] [stderr]     Checking icu_provider v2.2.0
[INFO] [stderr]     Checking icu_normalizer v2.2.0
[INFO] [stderr]     Checking icu_properties v2.2.0
[INFO] [stderr]     Checking idna_adapter v1.2.2
[INFO] [stderr]     Checking idna v1.1.0
[INFO] [stderr]     Checking url v2.5.8
[INFO] [stderr]     Checking hyper v1.10.1
[INFO] [stderr]     Checking tower v0.5.3
[INFO] [stderr]     Checking tokio-rustls v0.26.4
[INFO] [stderr]     Checking interprocess v2.4.4
[INFO] [stderr]     Checking tower-http v0.6.11
[INFO] [stderr]     Checking hyper-util v0.1.20
[INFO] [stderr]     Checking hyper-rustls v0.27.9
[INFO] [stderr]     Checking reqwest v0.12.28
[INFO] [stderr]     Checking hyphae-native-product v4.0.0
[INFO] [stderr]     Checking hyphae-native-protocol v4.0.0
[INFO] [stderr]     Checking hyphae-client v4.0.0 (/opt/rustwide/workdir)
[INFO] [stdout] error[E0432]: unresolved import `hyphae_native_daemon`
[INFO] [stdout]   --> tests/v2_local_auth.rs:10:5
[INFO] [stdout]    |
[INFO] [stdout] 10 | use hyphae_native_daemon::{NativeDaemon, NativeDaemonConfig};
[INFO] [stdout]    |     ^^^^^^^^^^^^^^^^^^^^ use of unresolved module or unlinked crate `hyphae_native_daemon`
[INFO] [stdout]    |
[INFO] [stdout]    = help: if you wanted to use a crate named `hyphae_native_daemon`, use `cargo add hyphae_native_daemon` to add it to your `Cargo.toml`
[INFO] [stdout] 
[INFO] [stdout] 
[INFO] [stdout] error[E0432]: unresolved import `hyphae_native_daemon`
[INFO] [stdout]   --> tests/v2_security_write_parity.rs:14:5
[INFO] [stdout]    |
[INFO] [stdout] 14 | use hyphae_native_daemon::{NativeDaemon, NativeDaemonConfig};
[INFO] [stdout]    |     ^^^^^^^^^^^^^^^^^^^^ use of unresolved module or unlinked crate `hyphae_native_daemon`
[INFO] [stdout]    |
[INFO] [stdout]    = help: if you wanted to use a crate named `hyphae_native_daemon`, use `cargo add hyphae_native_daemon` to add it to your `Cargo.toml`
[INFO] [stdout] 
[INFO] [stdout] 
[INFO] [stdout] error[E0432]: unresolved import `hyphae_server`
[INFO] [stdout]   --> tests/v2_security_write_parity.rs:19:5
[INFO] [stdout]    |
[INFO] [stdout] 19 | use hyphae_server::{NativeHttpV2Config, NativeHttpV2Server};
[INFO] [stdout]    |     ^^^^^^^^^^^^^ use of unresolved module or unlinked crate `hyphae_server`
[INFO] [stdout]    |
[INFO] [stdout]    = help: if you wanted to use a crate named `hyphae_server`, use `cargo add hyphae_server` to add it to your `Cargo.toml`
[INFO] [stdout] 
[INFO] [stdout] 
[INFO] [stdout] error[E0432]: unresolved import `hyphae_server`
[INFO] [stdout]   --> tests/v2_http_parity.rs:15:5
[INFO] [stdout]    |
[INFO] [stdout] 15 | use hyphae_server::{NativeHttpV2Config, NativeHttpV2Server};
[INFO] [stdout]    |     ^^^^^^^^^^^^^ use of unresolved module or unlinked crate `hyphae_server`
[INFO] [stdout]    |
[INFO] [stdout]    = help: if you wanted to use a crate named `hyphae_server`, use `cargo add hyphae_server` to add it to your `Cargo.toml`
[INFO] [stdout] 
[INFO] [stdout] 
[INFO] [stdout] error[E0432]: unresolved import `hyphae_native_daemon`
[INFO] [stdout]   --> tests/v2_security_read_parity.rs:14:5
[INFO] [stdout]    |
[INFO] [stdout] 14 | use hyphae_native_daemon::{NativeDaemon, NativeDaemonConfig};
[INFO] [stdout]    |     ^^^^^^^^^^^^^^^^^^^^ use of unresolved module or unlinked crate `hyphae_native_daemon`
[INFO] [stdout]    |
[INFO] [stdout]    = help: if you wanted to use a crate named `hyphae_native_daemon`, use `cargo add hyphae_native_daemon` to add it to your `Cargo.toml`
[INFO] [stdout] 
[INFO] [stdout] 
[INFO] [stdout] error[E0432]: unresolved import `hyphae_server`
[INFO] [stdout]   --> tests/v2_security_read_parity.rs:20:5
[INFO] [stdout]    |
[INFO] [stdout] 20 | use hyphae_server::{NativeHttpV2Config, NativeHttpV2Server};
[INFO] [stdout]    |     ^^^^^^^^^^^^^ use of unresolved module or unlinked crate `hyphae_server`
[INFO] [stdout]    |
[INFO] [stdout]    = help: if you wanted to use a crate named `hyphae_server`, use `cargo add hyphae_server` to add it to your `Cargo.toml`
[INFO] [stdout] 
[INFO] [stdout] 
[INFO] [stdout] For more information about this error, try `rustc --explain E0432`.
[INFO] [stdout] 
[INFO] [stderr] error: could not compile `hyphae-client` (test "v2_local_auth") due to 1 previous error
[INFO] [stderr] warning: build failed, waiting for other jobs to finish...
[INFO] [stdout] error[E0433]: cannot find module or crate `hyphae_native_daemon` in this scope
[INFO] [stdout]   --> tests/v2_http_parity.rs:68:18
[INFO] [stdout]    |
[INFO] [stdout] 68 |     let daemon = hyphae_native_daemon::NativeDaemon::start(
[INFO] [stdout]    |                  ^^^^^^^^^^^^^^^^^^^^ use of unresolved module or unlinked crate `hyphae_native_daemon`
[INFO] [stdout]    |
[INFO] [stdout]    = help: if you wanted to use a crate named `hyphae_native_daemon`, use `cargo add hyphae_native_daemon` to add it to your `Cargo.toml`
[INFO] [stdout] 
[INFO] [stdout] 
[INFO] [stdout] error[E0433]: cannot find module or crate `hyphae_native_daemon` in this scope
[INFO] [stdout]   --> tests/v2_http_parity.rs:71:9
[INFO] [stdout]    |
[INFO] [stdout] 71 |         hyphae_native_daemon::NativeDaemonConfig::default(),
[INFO] [stdout]    |         ^^^^^^^^^^^^^^^^^^^^ use of unresolved module or unlinked crate `hyphae_native_daemon`
[INFO] [stdout]    |
[INFO] [stdout]    = help: if you wanted to use a crate named `hyphae_native_daemon`, use `cargo add hyphae_native_daemon` to add it to your `Cargo.toml`
[INFO] [stdout] 
[INFO] [stdout] 
[INFO] [stdout] warning: method call on a diverging inference variable
[INFO] [stdout]   --> tests/v2_http_parity.rs:35:26
[INFO] [stdout]    |
[INFO] [stdout] 35 |     let address = server.local_addr();
[INFO] [stdout]    |                          ^^^^^^^^^^
[INFO] [stdout]    |
[INFO] [stdout]    = help: consider providing a type annotation
[INFO] [stdout]    = warning: this was previously accepted by the compiler but is being phased out; it will become a hard error in a future release!
[INFO] [stdout]    = note: for more information, see issue #156047 <https://github.com/rust-lang/rust/issues/156047>
[INFO] [stdout]    = note: `#[warn(method_call_on_diverging_infer_var)]` (part of `#[warn(future_incompatible)]`) on by default
[INFO] [stdout] 
[INFO] [stdout] 
[INFO] [stdout] warning: method call on a diverging inference variable
[INFO] [stdout]    --> tests/v2_security_read_parity.rs:127:26
[INFO] [stdout]     |
[INFO] [stdout] 127 |     let address = server.local_addr();
[INFO] [stdout]     |                          ^^^^^^^^^^
[INFO] [stdout]     |
[INFO] [stdout]     = help: consider providing a type annotation
[INFO] [stdout]     = warning: this was previously accepted by the compiler but is being phased out; it will become a hard error in a future release!
[INFO] [stdout]     = note: for more information, see issue #156047 <https://github.com/rust-lang/rust/issues/156047>
[INFO] [stdout]     = note: `#[warn(method_call_on_diverging_infer_var)]` (part of `#[warn(future_incompatible)]`) on by default
[INFO] [stdout] 
[INFO] [stdout] 
[INFO] [stdout] warning: method call on a diverging inference variable
[INFO] [stdout]   --> tests/v2_security_write_parity.rs:76:26
[INFO] [stdout]    |
[INFO] [stdout] 76 |     let address = server.local_addr();
[INFO] [stdout]    |                          ^^^^^^^^^^
[INFO] [stdout]    |
[INFO] [stdout]    = help: consider providing a type annotation
[INFO] [stdout]    = warning: this was previously accepted by the compiler but is being phased out; it will become a hard error in a future release!
[INFO] [stdout]    = note: for more information, see issue #156047 <https://github.com/rust-lang/rust/issues/156047>
[INFO] [stdout]    = note: `#[warn(method_call_on_diverging_infer_var)]` (part of `#[warn(future_incompatible)]`) on by default
[INFO] [stdout] 
[INFO] [stdout] 
[INFO] [stdout] error[E0599]: no method named `local_addr` found for type `!` in the current scope
[INFO] [stdout]    --> tests/v2_security_read_parity.rs:127:26
[INFO] [stdout]     |
[INFO] [stdout] 127 |     let address = server.local_addr();
[INFO] [stdout]     |                          ^^^^^^^^^^ method not found in `!`
[INFO] [stdout] 
[INFO] [stdout] 
[INFO] [stdout] error[E0599]: no method named `local_addr` found for type `!` in the current scope
[INFO] [stdout]   --> tests/v2_http_parity.rs:35:26
[INFO] [stdout]    |
[INFO] [stdout] 35 |     let address = server.local_addr();
[INFO] [stdout]    |                          ^^^^^^^^^^ method not found in `!`
[INFO] [stdout] 
[INFO] [stdout] 
[INFO] [stdout] error[E0599]: no method named `run_with_shutdown` found for type `!` in the current scope
[INFO] [stdout]    --> tests/v2_security_read_parity.rs:129:42
[INFO] [stdout]     |
[INFO] [stdout] 129 |     let serve_http = tokio::spawn(server.run_with_shutdown(async move {
[INFO] [stdout]     |                                          ^^^^^^^^^^^^^^^^^ method not found in `!`
[INFO] [stdout] 
[INFO] [stdout] 
[INFO] [stdout] warning: unreachable expression
[INFO] [stdout]    --> tests/v2_security_read_parity.rs:129:60
[INFO] [stdout]     |
[INFO] [stdout] 129 |       let serve_http = tokio::spawn(server.run_with_shutdown(async move {
[INFO] [stdout]     |  ___________________________________------___________________^
[INFO] [stdout]     | |                                   |
[INFO] [stdout]     | |                                   any code following this expression is unreachable
[INFO] [stdout] 130 | |         let _ignored = http_shutdown.await;
[INFO] [stdout] 131 | |     }));
[INFO] [stdout]     | |_____^ unreachable expression
[INFO] [stdout]     |
[INFO] [stdout]     = note: `#[warn(unreachable_code)]` (part of `#[warn(unused)]`) on by default
[INFO] [stdout] 
[INFO] [stdout] 
[INFO] [stdout] error[E0599]: no method named `run_with_shutdown` found for type `!` in the current scope
[INFO] [stdout]   --> tests/v2_http_parity.rs:37:37
[INFO] [stdout]    |
[INFO] [stdout] 37 |     let serve = tokio::spawn(server.run_with_shutdown(async move {
[INFO] [stdout]    |                                     ^^^^^^^^^^^^^^^^^ method not found in `!`
[INFO] [stdout] 
[INFO] [stdout] 
[INFO] [stdout] warning: unreachable expression
[INFO] [stdout]   --> tests/v2_http_parity.rs:37:55
[INFO] [stdout]    |
[INFO] [stdout] 37 |       let serve = tokio::spawn(server.run_with_shutdown(async move {
[INFO] [stdout]    |  ______________________________------___________________^
[INFO] [stdout]    | |                              |
[INFO] [stdout]    | |                              any code following this expression is unreachable
[INFO] [stdout] 38 | |         let _ignored = shutdown.1.await;
[INFO] [stdout] 39 | |     }));
[INFO] [stdout]    | |_____^ unreachable expression
[INFO] [stdout]    |
[INFO] [stdout]    = note: `#[warn(unreachable_code)]` (part of `#[warn(unused)]`) on by default
[INFO] [stdout] 
[INFO] [stdout] 
[INFO] [stdout] error[E0599]: no method named `local_addr` found for type `!` in the current scope
[INFO] [stdout]   --> tests/v2_security_write_parity.rs:76:26
[INFO] [stdout]    |
[INFO] [stdout] 76 |     let address = server.local_addr();
[INFO] [stdout]    |                          ^^^^^^^^^^ method not found in `!`
[INFO] [stdout] 
[INFO] [stdout] 
[INFO] [stdout] Some errors have detailed explanations: E0432, E0433, E0599.
[INFO] [stdout] 
[INFO] [stdout] For more information about an error, try `rustc --explain E0432`.
[INFO] [stdout] 
[INFO] [stderr] error: could not compile `hyphae-client` (test "v2_http_parity") due to 5 previous errors; 3 warnings emitted
[INFO] [stdout] error[E0599]: no method named `run_with_shutdown` found for type `!` in the current scope
[INFO] [stdout]   --> tests/v2_security_write_parity.rs:78:42
[INFO] [stdout]    |
[INFO] [stdout] 78 |     let serve_http = tokio::spawn(server.run_with_shutdown(async move {
[INFO] [stdout]    |                                          ^^^^^^^^^^^^^^^^^ method not found in `!`
[INFO] [stdout] 
[INFO] [stdout] 
[INFO] [stdout] warning: unreachable expression
[INFO] [stdout]   --> tests/v2_security_write_parity.rs:78:60
[INFO] [stdout]    |
[INFO] [stdout] 78 |       let serve_http = tokio::spawn(server.run_with_shutdown(async move {
[INFO] [stdout]    |  ___________________________________------___________________^
[INFO] [stdout]    | |                                   |
[INFO] [stdout]    | |                                   any code following this expression is unreachable
[INFO] [stdout] 79 | |         let _ignored = http_shutdown.await;
[INFO] [stdout] 80 | |     }));
[INFO] [stdout]    | |_____^ unreachable expression
[INFO] [stdout]    |
[INFO] [stdout]    = note: `#[warn(unreachable_code)]` (part of `#[warn(unused)]`) on by default
[INFO] [stdout] 
[INFO] [stdout] 
[INFO] [stdout] Some errors have detailed explanations: E0432, E0599.
[INFO] [stdout] 
[INFO] [stdout] For more information about an error, try `rustc --explain E0432`.
[INFO] [stdout] 
[INFO] [stderr] error: could not compile `hyphae-client` (test "v2_security_read_parity") due to 4 previous errors; 3 warnings emitted
[INFO] [stdout] Some errors have detailed explanations: E0432, E0599.
[INFO] [stdout] 
[INFO] [stdout] For more information about an error, try `rustc --explain E0432`.
[INFO] [stdout] 
[INFO] [stderr] error: could not compile `hyphae-client` (test "v2_security_write_parity") due to 4 previous errors; 3 warnings emitted
[INFO] running `Command { std: "docker" "inspect" "926780cc40267fbcbd62740e99f63a3f79106b8ad44cf61c39cc840f131e85b7", kill_on_drop: false }`
[INFO] running `Command { std: "docker" "rm" "-f" "926780cc40267fbcbd62740e99f63a3f79106b8ad44cf61c39cc840f131e85b7", kill_on_drop: false }`
[INFO] [stdout] 926780cc40267fbcbd62740e99f63a3f79106b8ad44cf61c39cc840f131e85b7
