[INFO] fetching crate himada-dispatch 0.1.1...
[INFO] checking himada-dispatch-0.1.1 against 3154cc1a3e6424e44f438a95007d043ed5ceaaf6 for pr-133502-30
[INFO] extracting crate himada-dispatch 0.1.1 into /workspace/builds/worker-1-tc2/source
[INFO] started tweaking crates.io crate himada-dispatch 0.1.1
[INFO] finished tweaking crates.io crate himada-dispatch 0.1.1
[INFO] tweaked toml for crates.io crate himada-dispatch 0.1.1 written to /workspace/builds/worker-1-tc2/source/Cargo.toml
[INFO] validating manifest of crates.io crate himada-dispatch 0.1.1 on toolchain 3154cc1a3e6424e44f438a95007d043ed5ceaaf6
[INFO] running `Command { std: CARGO_HOME="/workspace/cargo-home" RUSTUP_HOME="/workspace/rustup-home" "/workspace/cargo-home/bin/cargo" "+3154cc1a3e6424e44f438a95007d043ed5ceaaf6" "metadata" "--manifest-path" "Cargo.toml" "--no-deps", kill_on_drop: false }`
[INFO] crate crates.io crate himada-dispatch 0.1.1 already has a lockfile, it will not be regenerated
[INFO] running `Command { std: CARGO_HOME="/workspace/cargo-home" RUSTUP_HOME="/workspace/rustup-home" "/workspace/cargo-home/bin/cargo" "+3154cc1a3e6424e44f438a95007d043ed5ceaaf6" "fetch" "--manifest-path" "Cargo.toml", kill_on_drop: false }`
[INFO] running `Command { std: "docker" "create" "-v" "/var/lib/crater-agent-workspace/builds/worker-1-tc2/source:/opt/rustwide/workdir:ro,Z" "-v" "/var/lib/crater-agent-workspace/builds/worker-1-tc2/target:/opt/rustwide/target:rw,Z" "-v" "/var/lib/crater-agent-workspace/cargo-home:/opt/rustwide/cargo-home:ro,Z" "-v" "/var/lib/crater-agent-workspace/rustup-home:/opt/rustwide/rustup-home:ro,Z" "-m" "1610612736" "--network" "none" "ghcr.io/rust-lang/crates-build-env/linux@sha256:77db811e55d90add9212f6832c23229e3de5f1c1f9905e8cb07319ea15df73ac" "sleep" "infinity", kill_on_drop: false }`
[INFO] [stdout] 2b2fb7e7e285d7d990f41a59240184e8c7fd151022f4fbb7669d44958ee9dc44
[INFO] running `Command { std: "docker" "start" "2b2fb7e7e285d7d990f41a59240184e8c7fd151022f4fbb7669d44958ee9dc44", kill_on_drop: false }`
[INFO] running `Command { std: "docker" "inspect" "2b2fb7e7e285d7d990f41a59240184e8c7fd151022f4fbb7669d44958ee9dc44", kill_on_drop: false }`
[INFO] running `Command { std: "docker" "exec" "-e" "SOURCE_DIR=/opt/rustwide/workdir" "-e" "CARGO_HOME=/opt/rustwide/cargo-home" "-e" "RUSTUP_HOME=/opt/rustwide/rustup-home" "-e" "CARGO_TARGET_DIR=/opt/rustwide/target" "-w" "/opt/rustwide/workdir" "--user" "0:0" "2b2fb7e7e285d7d990f41a59240184e8c7fd151022f4fbb7669d44958ee9dc44" "/opt/rustwide/cargo-home/bin/cargo" "+3154cc1a3e6424e44f438a95007d043ed5ceaaf6" "metadata" "--no-deps" "--format-version=1", kill_on_drop: false }`
[INFO] running `Command { std: "docker" "inspect" "2b2fb7e7e285d7d990f41a59240184e8c7fd151022f4fbb7669d44958ee9dc44", kill_on_drop: false }`
[INFO] running `Command { std: "docker" "exec" "-e" "SOURCE_DIR=/opt/rustwide/workdir" "-e" "CARGO_HOME=/opt/rustwide/cargo-home" "-e" "RUSTUP_HOME=/opt/rustwide/rustup-home" "-e" "CARGO_TARGET_DIR=/opt/rustwide/target" "-e" "CARGO_INCREMENTAL=0" "-e" "RUST_BACKTRACE=full" "-e" "RUSTFLAGS=--cap-lints=forbid" "-e" "RUSTDOCFLAGS=--cap-lints=forbid" "-w" "/opt/rustwide/workdir" "--user" "0:0" "2b2fb7e7e285d7d990f41a59240184e8c7fd151022f4fbb7669d44958ee9dc44" "/opt/rustwide/cargo-home/bin/cargo" "+3154cc1a3e6424e44f438a95007d043ed5ceaaf6" "check" "--frozen" "--all" "--all-targets" "--message-format=json", kill_on_drop: false }`
[INFO] [stderr]    Compiling zerocopy v0.8.55
[INFO] [stderr]    Compiling getrandom v0.3.4
[INFO] [stderr]    Compiling syn v2.0.119
[INFO] [stderr]    Compiling syn v3.0.3
[INFO] [stderr]     Checking either v1.17.0
[INFO] [stderr]     Checking option-ext v0.2.0
[INFO] [stderr]     Checking rustix v1.1.4
[INFO] [stderr]     Checking getrandom v0.4.3
[INFO] [stderr]     Checking dirs-sys v0.4.1
[INFO] [stderr]     Checking clap_lex v1.1.0
[INFO] [stderr]     Checking anstyle v1.0.14
[INFO] [stderr]     Checking plotters-backend v0.3.7
[INFO] [stderr]     Checking dirs v5.0.1
[INFO] [stderr]     Checking itertools v0.10.5
[INFO] [stderr]     Checking rayon-core v1.13.0
[INFO] [stderr]     Checking plotters-svg v0.3.7
[INFO] [stderr]     Checking clap_builder v4.6.2
[INFO] [stderr]     Checking rand_core v0.9.5
[INFO] [stderr]     Checking regex-automata v0.4.16
[INFO] [stderr]     Checking wait-timeout v0.2.1
[INFO] [stderr]     Checking raw-cpuid v11.6.0
[INFO] [stderr]     Checking quick-error v1.2.3
[INFO] [stderr]    Compiling himada-dispatch v0.1.1 (/opt/rustwide/workdir)
[INFO] [stderr]     Checking rayon v1.12.0
[INFO] [stderr]     Checking criterion-plot v0.5.0
[INFO] [stderr]     Checking rand_xorshift v0.4.0
[INFO] [stderr]     Checking regex v1.13.1
[INFO] [stderr]     Checking rand v0.9.5
[INFO] [stderr]     Checking clap v4.6.4
[INFO] [stderr]     Checking plotters v0.3.7
[INFO] [stderr]     Checking is-terminal v0.4.17
[INFO] [stderr]     Checking oorandom v11.1.5
[INFO] [stderr]     Checking tempfile v3.27.0
[INFO] [stderr]     Checking unarray v0.1.4
[INFO] [stderr]     Checking rusty-fork v0.3.1
[INFO] [stderr]    Compiling serde_derive v1.0.229
[INFO] [stderr]    Compiling zerocopy-derive v0.8.55
[INFO] [stderr]    Compiling himada-macros v0.1.0
[INFO] [stderr]     Checking serde v1.0.229
[INFO] [stderr]     Checking tinytemplate v1.2.1
[INFO] [stderr]     Checking himada-core v0.1.0
[INFO] [stdout] error[E0599]: no method named `has_sse4_1` found for struct `FeatureInfo` in the current scope
[INFO] [stdout]   --> /opt/rustwide/cargo-home/registry/src/index.crates.io-1949cf8c6b5b557f/himada-core-0.1.0/src/cpuid.rs:29:17
[INFO] [stdout]    |
[INFO] [stdout] 29 |         if feat.has_sse4_1() { features.push("SSE4.1".into()); }
[INFO] [stdout]    |                 ^^^^^^^^^^
[INFO] [stdout]    |
[INFO] [stdout] help: there is a method `has_sse41` with a similar name
[INFO] [stdout]    |
[INFO] [stdout] 29 -         if feat.has_sse4_1() { features.push("SSE4.1".into()); }
[INFO] [stdout] 29 +         if feat.has_sse41() { features.push("SSE4.1".into()); }
[INFO] [stdout]    |
[INFO] [stdout] 
[INFO] [stdout] 
[INFO] [stdout] error[E0599]: no method named `has_sse4_2` found for struct `FeatureInfo` in the current scope
[INFO] [stdout]   --> /opt/rustwide/cargo-home/registry/src/index.crates.io-1949cf8c6b5b557f/himada-core-0.1.0/src/cpuid.rs:30:17
[INFO] [stdout]    |
[INFO] [stdout] 30 |         if feat.has_sse4_2() { features.push("SSE4.2".into()); }
[INFO] [stdout]    |                 ^^^^^^^^^^
[INFO] [stdout]    |
[INFO] [stdout] help: there is a method `has_sse42` with a similar name
[INFO] [stdout]    |
[INFO] [stdout] 30 -         if feat.has_sse4_2() { features.push("SSE4.2".into()); }
[INFO] [stdout] 30 +         if feat.has_sse42() { features.push("SSE4.2".into()); }
[INFO] [stdout]    |
[INFO] [stdout] 
[INFO] [stdout] 
[INFO] [stdout] error[E0599]: no method named `has_avx` found for struct `ExtendedFeatures` in the current scope
[INFO] [stdout]   --> /opt/rustwide/cargo-home/registry/src/index.crates.io-1949cf8c6b5b557f/himada-core-0.1.0/src/cpuid.rs:34:17
[INFO] [stdout]    |
[INFO] [stdout] 34 |         if feat.has_avx() { features.push("AVX".into()); }
[INFO] [stdout]    |                 ^^^^^^^
[INFO] [stdout]    |
[INFO] [stdout] help: there is a method `has_adx` with a similar name
[INFO] [stdout]    |
[INFO] [stdout] 34 -         if feat.has_avx() { features.push("AVX".into()); }
[INFO] [stdout] 34 +         if feat.has_adx() { features.push("AVX".into()); }
[INFO] [stdout]    |
[INFO] [stdout] 
[INFO] [stdout] 
[INFO] [stdout] error[E0599]: no method named `has_avx512_f` found for struct `ExtendedFeatures` in the current scope
[INFO] [stdout]   --> /opt/rustwide/cargo-home/registry/src/index.crates.io-1949cf8c6b5b557f/himada-core-0.1.0/src/cpuid.rs:36:17
[INFO] [stdout]    |
[INFO] [stdout] 36 |         if feat.has_avx512_f() { features.push("AVX-512".into()); }
[INFO] [stdout]    |                 ^^^^^^^^^^^^
[INFO] [stdout]    |
[INFO] [stdout] help: there is a method `has_avx512f` with a similar name
[INFO] [stdout]    |
[INFO] [stdout] 36 -         if feat.has_avx512_f() { features.push("AVX-512".into()); }
[INFO] [stdout] 36 +         if feat.has_avx512f() { features.push("AVX-512".into()); }
[INFO] [stdout]    |
[INFO] [stdout] 
[INFO] [stdout] 
[INFO] [stdout] error[E0599]: no method named `cache_type` found for reference `&raw_cpuid::CacheInfo` in the current scope
[INFO] [stdout]  --> /opt/rustwide/cargo-home/registry/src/index.crates.io-1949cf8c6b5b557f/himada-core-0.1.0/src/cache.rs:8:11
[INFO] [stdout]   |
[INFO] [stdout] 8 |         c.cache_type() == raw_cpuid::CacheType::Data && c.level() == 1
[INFO] [stdout]   |           ^^^^^^^^^^ method not found in `&raw_cpuid::CacheInfo`
[INFO] [stdout] 
[INFO] [stdout] 
[INFO] [stdout] error[E0599]: no method named `level` found for reference `&raw_cpuid::CacheInfo` in the current scope
[INFO] [stdout]  --> /opt/rustwide/cargo-home/registry/src/index.crates.io-1949cf8c6b5b557f/himada-core-0.1.0/src/cache.rs:8:59
[INFO] [stdout]   |
[INFO] [stdout] 8 |         c.cache_type() == raw_cpuid::CacheType::Data && c.level() == 1
[INFO] [stdout]   |                                                           ^^^^^ method not found in `&raw_cpuid::CacheInfo`
[INFO] [stdout] 
[INFO] [stdout] 
[INFO] [stdout] error[E0599]: no method named `cache_type` found for reference `&raw_cpuid::CacheInfo` in the current scope
[INFO] [stdout]   --> /opt/rustwide/cargo-home/registry/src/index.crates.io-1949cf8c6b5b557f/himada-core-0.1.0/src/cache.rs:11:11
[INFO] [stdout]    |
[INFO] [stdout] 11 |         c.cache_type() == raw_cpuid::CacheType::Unified && c.level() == 2
[INFO] [stdout]    |           ^^^^^^^^^^ method not found in `&raw_cpuid::CacheInfo`
[INFO] [stdout] 
[INFO] [stdout] 
[INFO] [stdout] error[E0599]: no method named `level` found for reference `&raw_cpuid::CacheInfo` in the current scope
[INFO] [stdout]   --> /opt/rustwide/cargo-home/registry/src/index.crates.io-1949cf8c6b5b557f/himada-core-0.1.0/src/cache.rs:11:62
[INFO] [stdout]    |
[INFO] [stdout] 11 |         c.cache_type() == raw_cpuid::CacheType::Unified && c.level() == 2
[INFO] [stdout]    |                                                              ^^^^^ method not found in `&raw_cpuid::CacheInfo`
[INFO] [stdout] 
[INFO] [stdout] 
[INFO] [stdout] error[E0599]: no method named `cache_type` found for reference `&raw_cpuid::CacheInfo` in the current scope
[INFO] [stdout]   --> /opt/rustwide/cargo-home/registry/src/index.crates.io-1949cf8c6b5b557f/himada-core-0.1.0/src/cache.rs:14:11
[INFO] [stdout]    |
[INFO] [stdout] 14 |         c.cache_type() == raw_cpuid::CacheType::Unified && c.level() == 3
[INFO] [stdout]    |           ^^^^^^^^^^ method not found in `&raw_cpuid::CacheInfo`
[INFO] [stdout] 
[INFO] [stdout] 
[INFO] [stdout] error[E0599]: no method named `level` found for reference `&raw_cpuid::CacheInfo` in the current scope
[INFO] [stdout]   --> /opt/rustwide/cargo-home/registry/src/index.crates.io-1949cf8c6b5b557f/himada-core-0.1.0/src/cache.rs:14:62
[INFO] [stdout]    |
[INFO] [stdout] 14 |         c.cache_type() == raw_cpuid::CacheType::Unified && c.level() == 3
[INFO] [stdout]    |                                                              ^^^^^ method not found in `&raw_cpuid::CacheInfo`
[INFO] [stdout] 
[INFO] [stdout] 
[INFO] [stdout] error[E0599]: no method named `associativity` found for reference `&raw_cpuid::CacheInfo` in the current scope
[INFO] [stdout]   --> /opt/rustwide/cargo-home/registry/src/index.crates.io-1949cf8c6b5b557f/himada-core-0.1.0/src/cache.rs:18:11
[INFO] [stdout]    |
[INFO] [stdout] 18 |         c.associativity() as u64 * c.coherency_line_size() as u64 * c.sets() as u64
[INFO] [stdout]    |           ^^^^^^^^^^^^^ method not found in `&raw_cpuid::CacheInfo`
[INFO] [stdout] 
[INFO] [stdout] 
[INFO] [stdout] error[E0599]: no method named `coherency_line_size` found for reference `&raw_cpuid::CacheInfo` in the current scope
[INFO] [stdout]   --> /opt/rustwide/cargo-home/registry/src/index.crates.io-1949cf8c6b5b557f/himada-core-0.1.0/src/cache.rs:18:38
[INFO] [stdout]    |
[INFO] [stdout] 18 |         c.associativity() as u64 * c.coherency_line_size() as u64 * c.sets() as u64
[INFO] [stdout]    |                                      ^^^^^^^^^^^^^^^^^^^ method not found in `&raw_cpuid::CacheInfo`
[INFO] [stdout] 
[INFO] [stdout] 
[INFO] [stdout] error[E0599]: no method named `sets` found for reference `&raw_cpuid::CacheInfo` in the current scope
[INFO] [stdout]   --> /opt/rustwide/cargo-home/registry/src/index.crates.io-1949cf8c6b5b557f/himada-core-0.1.0/src/cache.rs:18:71
[INFO] [stdout]    |
[INFO] [stdout] 18 |         c.associativity() as u64 * c.coherency_line_size() as u64 * c.sets() as u64
[INFO] [stdout]    |                                                                       ^^^^ method not found in `&raw_cpuid::CacheInfo`
[INFO] [stdout] 
[INFO] [stdout] 
[INFO] [stdout] error[E0599]: no method named `iter` found for struct `CacheInfoIter` in the current scope
[INFO] [stdout]   --> /opt/rustwide/cargo-home/registry/src/index.crates.io-1949cf8c6b5b557f/himada-core-0.1.0/src/cache.rs:24:25
[INFO] [stdout]    |
[INFO] [stdout] 24 |         .and_then(|c| c.iter().find(|&c| l1d(c)))
[INFO] [stdout]    |                         ^^^^
[INFO] [stdout]    |
[INFO] [stdout] help: there is a method `filter` with a similar name, but with different arguments
[INFO] [stdout]   --> /rustc/3154cc1a3e6424e44f438a95007d043ed5ceaaf6/library/core/src/iter/traits/iterator.rs:966:4
[INFO] [stdout] 
[INFO] [stdout] 
[INFO] [stdout] error[E0599]: no method named `iter` found for struct `CacheInfoIter` in the current scope
[INFO] [stdout]   --> /opt/rustwide/cargo-home/registry/src/index.crates.io-1949cf8c6b5b557f/himada-core-0.1.0/src/cache.rs:29:25
[INFO] [stdout]    |
[INFO] [stdout] 29 |         .and_then(|c| c.iter().find(|&c| unified_l2(c)))
[INFO] [stdout]    |                         ^^^^
[INFO] [stdout]    |
[INFO] [stdout] help: there is a method `filter` with a similar name, but with different arguments
[INFO] [stdout]   --> /rustc/3154cc1a3e6424e44f438a95007d043ed5ceaaf6/library/core/src/iter/traits/iterator.rs:966:4
[INFO] [stdout] 
[INFO] [stdout] 
[INFO] [stdout] error[E0599]: no method named `iter` found for struct `CacheInfoIter` in the current scope
[INFO] [stdout]   --> /opt/rustwide/cargo-home/registry/src/index.crates.io-1949cf8c6b5b557f/himada-core-0.1.0/src/cache.rs:34:25
[INFO] [stdout]    |
[INFO] [stdout] 34 |         .and_then(|c| c.iter().find(|&c| unified_l3(c)))
[INFO] [stdout]    |                         ^^^^
[INFO] [stdout]    |
[INFO] [stdout] help: there is a method `filter` with a similar name, but with different arguments
[INFO] [stdout]   --> /rustc/3154cc1a3e6424e44f438a95007d043ed5ceaaf6/library/core/src/iter/traits/iterator.rs:966:4
[INFO] [stdout] 
[INFO] [stdout] 
[INFO] [stdout] For more information about this error, try `rustc --explain E0599`.
[INFO] [stdout] 
[INFO] [stderr] error: could not compile `himada-core` (lib) due to 16 previous errors
[INFO] [stderr] warning: build failed, waiting for other jobs to finish...
[INFO] running `Command { std: "docker" "inspect" "2b2fb7e7e285d7d990f41a59240184e8c7fd151022f4fbb7669d44958ee9dc44", kill_on_drop: false }`
[INFO] running `Command { std: "docker" "rm" "-f" "2b2fb7e7e285d7d990f41a59240184e8c7fd151022f4fbb7669d44958ee9dc44", kill_on_drop: false }`
[INFO] [stdout] 2b2fb7e7e285d7d990f41a59240184e8c7fd151022f4fbb7669d44958ee9dc44
