[INFO] fetching crate hide-identity 0.9.1...
[INFO] checking hide-identity-0.9.1 against 3154cc1a3e6424e44f438a95007d043ed5ceaaf6+rustflags=-Znext-solver=coherence for pr-133502-30
[INFO] extracting crate hide-identity 0.9.1 into /workspace/builds/worker-5-tc1/source
[INFO] started tweaking crates.io crate hide-identity 0.9.1
[INFO] removed 0 missing examples
[INFO] removed 0 missing tests
[INFO] finished tweaking crates.io crate hide-identity 0.9.1
[INFO] tweaked toml for crates.io crate hide-identity 0.9.1 written to /workspace/builds/worker-5-tc1/source/Cargo.toml
[INFO] validating manifest of crates.io crate hide-identity 0.9.1 on toolchain 3154cc1a3e6424e44f438a95007d043ed5ceaaf6
[INFO] running `Command { std: CARGO_HOME="/workspace/cargo-home" RUSTUP_HOME="/workspace/rustup-home" "/workspace/cargo-home/bin/cargo" "+3154cc1a3e6424e44f438a95007d043ed5ceaaf6" "metadata" "--manifest-path" "Cargo.toml" "--no-deps", kill_on_drop: false }`
[INFO] crate crates.io crate hide-identity 0.9.1 already has a lockfile, it will not be regenerated
[INFO] running `Command { std: CARGO_HOME="/workspace/cargo-home" RUSTUP_HOME="/workspace/rustup-home" "/workspace/cargo-home/bin/cargo" "+3154cc1a3e6424e44f438a95007d043ed5ceaaf6" "fetch" "--manifest-path" "Cargo.toml", kill_on_drop: false }`
[INFO] [stderr] warning: `package.homepage` is redundant with `package.repository`
[INFO] [stderr]   --> Cargo.toml:59:12
[INFO] [stderr]    |
[INFO] [stderr] 59 | homepage = "https://github.com/hide-protocol/hide"
[INFO] [stderr]    |            ^^^^^^^^^^^^^^^^^^^^^^^^^^^^^^^^^^^^^^^
[INFO] [stderr] ...
[INFO] [stderr] 65 | repository = "https://github.com/hide-protocol/hide"
[INFO] [stderr]    |              ---------------------------------------
[INFO] [stderr]    |
[INFO] [stderr]    = note: `cargo::redundant_homepage` is set to `warn` by default
[INFO] [stderr] help: consider removing `package.homepage`
[INFO] [stderr] warning: `hide-identity` (manifest) generated 1 warning
[INFO] [stderr]     Updating crates.io index
[INFO] [stderr]     Blocking waiting for file lock on package cache
[INFO] [stderr]  Downloading crates ...
[INFO] [stderr]   Downloaded x-wing v0.1.0
[INFO] [stderr]   Downloaded hide-sign v0.9.1
[INFO] [stderr]   Downloaded hide-crypto v0.9.1
[INFO] [stderr]   Downloaded minicbor v2.3.0
[INFO] [stderr]   Downloaded kem v0.3.0
[INFO] [stderr]   Downloaded turboshake v0.7.1
[INFO] [stderr]   Downloaded ml-kem v0.3.2
[INFO] [stderr]   Downloaded hide-epoch v0.9.1
[INFO] [stderr]   Downloaded sha3 v0.11.0
[INFO] [stderr]   Downloaded hpke v0.14.1
[INFO] running `Command { std: "docker" "create" "-v" "/var/lib/crater-agent-workspace/builds/worker-5-tc1/source:/opt/rustwide/workdir:ro,Z" "-v" "/var/lib/crater-agent-workspace/builds/worker-5-tc1/target:/opt/rustwide/target:rw,Z" "-v" "/var/lib/crater-agent-workspace/cargo-home:/opt/rustwide/cargo-home:ro,Z" "-v" "/var/lib/crater-agent-workspace/rustup-home:/opt/rustwide/rustup-home:ro,Z" "-m" "1610612736" "--network" "none" "ghcr.io/rust-lang/crates-build-env/linux@sha256:77db811e55d90add9212f6832c23229e3de5f1c1f9905e8cb07319ea15df73ac" "sleep" "infinity", kill_on_drop: false }`
[INFO] [stdout] 1072daeae6bd67bae88dc9d22f0a237fca0f7b4e05aa7dc2fdf14975f620274d
[INFO] running `Command { std: "docker" "start" "1072daeae6bd67bae88dc9d22f0a237fca0f7b4e05aa7dc2fdf14975f620274d", kill_on_drop: false }`
[INFO] running `Command { std: "docker" "inspect" "1072daeae6bd67bae88dc9d22f0a237fca0f7b4e05aa7dc2fdf14975f620274d", kill_on_drop: false }`
[INFO] running `Command { std: "docker" "exec" "-e" "SOURCE_DIR=/opt/rustwide/workdir" "-e" "CARGO_HOME=/opt/rustwide/cargo-home" "-e" "RUSTUP_HOME=/opt/rustwide/rustup-home" "-e" "CARGO_TARGET_DIR=/opt/rustwide/target" "-w" "/opt/rustwide/workdir" "--user" "0:0" "1072daeae6bd67bae88dc9d22f0a237fca0f7b4e05aa7dc2fdf14975f620274d" "/opt/rustwide/cargo-home/bin/cargo" "+3154cc1a3e6424e44f438a95007d043ed5ceaaf6" "metadata" "--no-deps" "--format-version=1", kill_on_drop: false }`
[INFO] running `Command { std: "docker" "inspect" "1072daeae6bd67bae88dc9d22f0a237fca0f7b4e05aa7dc2fdf14975f620274d", kill_on_drop: false }`
[INFO] running `Command { std: "docker" "exec" "-e" "SOURCE_DIR=/opt/rustwide/workdir" "-e" "CARGO_HOME=/opt/rustwide/cargo-home" "-e" "RUSTUP_HOME=/opt/rustwide/rustup-home" "-e" "CARGO_TARGET_DIR=/opt/rustwide/target" "-e" "CARGO_INCREMENTAL=0" "-e" "RUST_BACKTRACE=full" "-e" "RUSTFLAGS=--cap-lints=forbid -Znext-solver=coherence" "-e" "RUSTDOCFLAGS=--cap-lints=forbid" "-w" "/opt/rustwide/workdir" "--user" "0:0" "1072daeae6bd67bae88dc9d22f0a237fca0f7b4e05aa7dc2fdf14975f620274d" "/opt/rustwide/cargo-home/bin/cargo" "+3154cc1a3e6424e44f438a95007d043ed5ceaaf6" "check" "--frozen" "--all" "--all-targets" "--message-format=json", kill_on_drop: false }`
[INFO] [stderr] warning: `package.homepage` is redundant with `package.repository`
[INFO] [stderr]   --> Cargo.toml:59:12
[INFO] [stderr]    |
[INFO] [stderr] 59 | homepage = "https://github.com/hide-protocol/hide"
[INFO] [stderr]    |            ^^^^^^^^^^^^^^^^^^^^^^^^^^^^^^^^^^^^^^^
[INFO] [stderr] ...
[INFO] [stderr] 65 | repository = "https://github.com/hide-protocol/hide"
[INFO] [stderr]    |              ---------------------------------------
[INFO] [stderr]    |
[INFO] [stderr]    = note: `cargo::redundant_homepage` is set to `warn` by default
[INFO] [stderr] help: consider removing `package.homepage`
[INFO] [stderr] warning: `hide-identity` (manifest) generated 1 warning
[INFO] [stderr]     Checking const-oid v0.10.2
[INFO] [stderr]     Checking subtle v2.6.1
[INFO] [stderr]     Checking ctutils v0.4.2
[INFO] [stderr]    Compiling curve25519-dalek v5.0.0
[INFO] [stderr]     Checking minicbor v2.3.0
[INFO] [stderr]    Compiling syn v2.0.119
[INFO] [stderr]    Compiling syn v3.0.5
[INFO] [stderr]     Checking ppv-lite86 v0.2.21
[INFO] [stderr]     Checking tempfile v3.27.0
[INFO] [stderr]     Checking rusty-fork v0.3.1
[INFO] [stderr]     Checking rand_chacha v0.9.0
[INFO] [stderr]     Checking proptest v1.11.0
[INFO] [stderr]    Compiling thiserror-impl v2.0.20
[INFO] [stderr]     Checking thiserror v2.0.20
[INFO] [stderr]    Compiling zeroize_derive v1.5.0
[INFO] [stderr]    Compiling curve25519-dalek-derive v0.1.1
[INFO] [stderr]     Checking zeroize v1.9.0
[INFO] [stderr]     Checking hybrid-array v0.4.14
[INFO] [stderr]     Checking sponge-cursor v0.1.0
[INFO] [stderr]     Checking crypto-common v0.2.2
[INFO] [stderr]     Checking block-buffer v0.12.1
[INFO] [stderr]     Checking inout v0.2.2
[INFO] [stderr]     Checking module-lattice v0.2.3
[INFO] [stderr]     Checking digest v0.11.3
[INFO] [stderr]     Checking cipher v0.5.2
[INFO] [stderr]     Checking universal-hash v0.6.1
[INFO] [stderr]     Checking kem v0.3.0
[INFO] [stderr]     Checking aead v0.6.1
[INFO] [stderr]     Checking poly1305 v0.9.1
[INFO] [stderr]     Checking sha3 v0.11.0
[INFO] [stderr]     Checking shake v0.1.0
[INFO] [stderr]     Checking sha3 v0.12.0
[INFO] [stderr]     Checking sha2 v0.11.0
[INFO] [stderr]     Checking hmac v0.13.0
[INFO] [stderr]     Checking turboshake v0.7.1
[INFO] [stderr]     Checking signature v3.0.0
[INFO] [stderr]     Checking chacha20 v0.10.2
[INFO] [stderr]     Checking ed25519 v3.0.0
[INFO] [stderr]     Checking ml-dsa v0.1.1
[INFO] [stderr]     Checking hkdf v0.13.0
[INFO] [stderr]     Checking chacha20poly1305 v0.11.0
[INFO] [stderr]     Checking rand v0.10.2
[INFO] [stderr]     Checking ml-kem v0.3.2
[INFO] [stderr]     Checking x25519-dalek v3.0.0
[INFO] [stderr]     Checking ed25519-dalek v3.0.0
[INFO] [stderr]     Checking x-wing v0.1.0
[INFO] [stderr]     Checking hpke v0.14.1
[INFO] [stderr]     Checking hide-crypto v0.9.1
[INFO] [stderr]     Checking hide-epoch v0.9.1
[INFO] [stderr]     Checking hide-sign v0.9.1
[INFO] [stderr]     Checking hide-identity v0.9.1 (/opt/rustwide/workdir)
[INFO] [stdout] error[E0432]: unresolved import `hide_transparency`
[INFO] [stdout]   --> examples/generate_subsystem_vectors.rs:27:5
[INFO] [stdout]    |
[INFO] [stdout] 27 | use hide_transparency::{
[INFO] [stdout]    |     ^^^^^^^^^^^^^^^^^ use of unresolved module or unlinked crate `hide_transparency`
[INFO] [stdout]    |
[INFO] [stdout]    = help: if you wanted to use a crate named `hide_transparency`, use `cargo add hide_transparency` to add it to your `Cargo.toml`
[INFO] [stdout] 
[INFO] [stdout] 
[INFO] [stdout] error[E0433]: cannot find module or crate `hide_transparency` in this scope
[INFO] [stdout]    --> examples/generate_subsystem_vectors.rs:260:9
[INFO] [stdout]     |
[INFO] [stdout] 260 |         hide_transparency::verify_inclusion(&inclusion, &leaf, &root).is_ok(),
[INFO] [stdout]     |         ^^^^^^^^^^^^^^^^^ use of unresolved module or unlinked crate `hide_transparency`
[INFO] [stdout]     |
[INFO] [stdout]     = help: if you wanted to use a crate named `hide_transparency`, use `cargo add hide_transparency` to add it to your `Cargo.toml`
[INFO] [stdout] 
[INFO] [stdout] 
[INFO] [stdout] error[E0433]: cannot find module or crate `hide_transparency` in this scope
[INFO] [stdout]    --> examples/generate_subsystem_vectors.rs:264:9
[INFO] [stdout]     |
[INFO] [stdout] 264 |         hide_transparency::verify_inclusion(&inclusion, &other, &root).is_err(),
[INFO] [stdout]     |         ^^^^^^^^^^^^^^^^^ use of unresolved module or unlinked crate `hide_transparency`
[INFO] [stdout]     |
[INFO] [stdout]     = help: if you wanted to use a crate named `hide_transparency`, use `cargo add hide_transparency` to add it to your `Cargo.toml`
[INFO] [stdout] 
[INFO] [stdout] 
[INFO] [stdout] error[E0433]: cannot find module or crate `hide_transparency` in this scope
[INFO] [stdout]    --> examples/generate_subsystem_vectors.rs:273:9
[INFO] [stdout]     |
[INFO] [stdout] 273 |         hide_transparency::verify_consistency(&consistency, &root5, &root).is_ok(),
[INFO] [stdout]     |         ^^^^^^^^^^^^^^^^^ use of unresolved module or unlinked crate `hide_transparency`
[INFO] [stdout]     |
[INFO] [stdout]     = help: if you wanted to use a crate named `hide_transparency`, use `cargo add hide_transparency` to add it to your `Cargo.toml`
[INFO] [stdout] 
[INFO] [stdout] 
[INFO] [stdout] error[E0433]: cannot find module or crate `hide_transparency` in this scope
[INFO] [stdout]    --> examples/generate_subsystem_vectors.rs:277:9
[INFO] [stdout]     |
[INFO] [stdout] 277 |         hide_transparency::verify_consistency(&consistency, &root5, &rewritten).is_err(),
[INFO] [stdout]     |         ^^^^^^^^^^^^^^^^^ use of unresolved module or unlinked crate `hide_transparency`
[INFO] [stdout]     |
[INFO] [stdout]     = help: if you wanted to use a crate named `hide_transparency`, use `cargo add hide_transparency` to add it to your `Cargo.toml`
[INFO] [stdout] 
[INFO] [stdout] 
[INFO] [stdout] error[E0433]: cannot find module or crate `hide_transparency` in this scope
[INFO] [stdout]    --> examples/generate_subsystem_vectors.rs:459:17
[INFO] [stdout]     |
[INFO] [stdout] 459 |                 hide_transparency::verify_inclusion(&p, &leaf_hash(&leaves[1]), &new.root).is_ok()
[INFO] [stdout]     |                 ^^^^^^^^^^^^^^^^^ use of unresolved module or unlinked crate `hide_transparency`
[INFO] [stdout]     |
[INFO] [stdout]     = help: if you wanted to use a crate named `hide_transparency`, use `cargo add hide_transparency` to add it to your `Cargo.toml`
[INFO] [stdout] 
[INFO] [stdout] 
[INFO] [stdout] error[E0433]: cannot find module or crate `hide_transparency` in this scope
[INFO] [stdout]    --> examples/generate_subsystem_vectors.rs:461:17
[INFO] [stdout]     |
[INFO] [stdout] 461 |                 hide_transparency::verify_consistency(&p, &old.root, &new.root).is_ok()
[INFO] [stdout]     |                 ^^^^^^^^^^^^^^^^^ use of unresolved module or unlinked crate `hide_transparency`
[INFO] [stdout]     |
[INFO] [stdout]     = help: if you wanted to use a crate named `hide_transparency`, use `cargo add hide_transparency` to add it to your `Cargo.toml`
[INFO] [stdout] 
[INFO] [stdout] 
[INFO] [stdout] Some errors have detailed explanations: E0432, E0433.
[INFO] [stdout] 
[INFO] [stdout] For more information about an error, try `rustc --explain E0432`.
[INFO] [stdout] 
[INFO] [stderr] error: could not compile `hide-identity` (example "generate_subsystem_vectors") due to 7 previous errors
[INFO] running `Command { std: "docker" "inspect" "1072daeae6bd67bae88dc9d22f0a237fca0f7b4e05aa7dc2fdf14975f620274d", kill_on_drop: false }`
[INFO] running `Command { std: "docker" "rm" "-f" "1072daeae6bd67bae88dc9d22f0a237fca0f7b4e05aa7dc2fdf14975f620274d", kill_on_drop: false }`
[INFO] [stdout] 1072daeae6bd67bae88dc9d22f0a237fca0f7b4e05aa7dc2fdf14975f620274d
