[INFO] fetching crate hephaestus-host 0.19.1...
[INFO] checking hephaestus-host-0.19.1 against 3154cc1a3e6424e44f438a95007d043ed5ceaaf6 for pr-133502-30
[INFO] extracting crate hephaestus-host 0.19.1 into /workspace/builds/worker-3-tc2/source
[INFO] started tweaking crates.io crate hephaestus-host 0.19.1
[INFO] removed 0 missing examples
[INFO] removed 0 missing tests
[INFO] finished tweaking crates.io crate hephaestus-host 0.19.1
[INFO] tweaked toml for crates.io crate hephaestus-host 0.19.1 written to /workspace/builds/worker-3-tc2/source/Cargo.toml
[INFO] validating manifest of crates.io crate hephaestus-host 0.19.1 on toolchain 3154cc1a3e6424e44f438a95007d043ed5ceaaf6
[INFO] running `Command { std: CARGO_HOME="/workspace/cargo-home" RUSTUP_HOME="/workspace/rustup-home" "/workspace/cargo-home/bin/cargo" "+3154cc1a3e6424e44f438a95007d043ed5ceaaf6" "metadata" "--manifest-path" "Cargo.toml" "--no-deps", kill_on_drop: false }`
[INFO] crate crates.io crate hephaestus-host 0.19.1 already has a lockfile, it will not be regenerated
[INFO] running `Command { std: CARGO_HOME="/workspace/cargo-home" RUSTUP_HOME="/workspace/rustup-home" "/workspace/cargo-home/bin/cargo" "+3154cc1a3e6424e44f438a95007d043ed5ceaaf6" "fetch" "--manifest-path" "Cargo.toml", kill_on_drop: false }`
[INFO] running `Command { std: "docker" "create" "-v" "/var/lib/crater-agent-workspace/builds/worker-3-tc2/source:/opt/rustwide/workdir:ro,Z" "-v" "/var/lib/crater-agent-workspace/builds/worker-3-tc2/target:/opt/rustwide/target:rw,Z" "-v" "/var/lib/crater-agent-workspace/cargo-home:/opt/rustwide/cargo-home:ro,Z" "-v" "/var/lib/crater-agent-workspace/rustup-home:/opt/rustwide/rustup-home:ro,Z" "-m" "1610612736" "--network" "none" "ghcr.io/rust-lang/crates-build-env/linux@sha256:77db811e55d90add9212f6832c23229e3de5f1c1f9905e8cb07319ea15df73ac" "sleep" "infinity", kill_on_drop: false }`
[INFO] [stdout] c2b7e121f0fdccea69fc5729cdf63069f181d3298786b76ab93077cbad5fc97a
[INFO] running `Command { std: "docker" "start" "c2b7e121f0fdccea69fc5729cdf63069f181d3298786b76ab93077cbad5fc97a", kill_on_drop: false }`
[INFO] running `Command { std: "docker" "inspect" "c2b7e121f0fdccea69fc5729cdf63069f181d3298786b76ab93077cbad5fc97a", kill_on_drop: false }`
[INFO] running `Command { std: "docker" "exec" "-e" "SOURCE_DIR=/opt/rustwide/workdir" "-e" "CARGO_HOME=/opt/rustwide/cargo-home" "-e" "RUSTUP_HOME=/opt/rustwide/rustup-home" "-e" "CARGO_TARGET_DIR=/opt/rustwide/target" "-w" "/opt/rustwide/workdir" "--user" "0:0" "c2b7e121f0fdccea69fc5729cdf63069f181d3298786b76ab93077cbad5fc97a" "/opt/rustwide/cargo-home/bin/cargo" "+3154cc1a3e6424e44f438a95007d043ed5ceaaf6" "metadata" "--no-deps" "--format-version=1", kill_on_drop: false }`
[INFO] running `Command { std: "docker" "inspect" "c2b7e121f0fdccea69fc5729cdf63069f181d3298786b76ab93077cbad5fc97a", kill_on_drop: false }`
[INFO] running `Command { std: "docker" "exec" "-e" "SOURCE_DIR=/opt/rustwide/workdir" "-e" "CARGO_HOME=/opt/rustwide/cargo-home" "-e" "RUSTUP_HOME=/opt/rustwide/rustup-home" "-e" "CARGO_TARGET_DIR=/opt/rustwide/target" "-e" "CARGO_INCREMENTAL=0" "-e" "RUST_BACKTRACE=full" "-e" "RUSTFLAGS=--cap-lints=forbid" "-e" "RUSTDOCFLAGS=--cap-lints=forbid" "-w" "/opt/rustwide/workdir" "--user" "0:0" "c2b7e121f0fdccea69fc5729cdf63069f181d3298786b76ab93077cbad5fc97a" "/opt/rustwide/cargo-home/bin/cargo" "+3154cc1a3e6424e44f438a95007d043ed5ceaaf6" "check" "--frozen" "--all" "--all-targets" "--message-format=json", kill_on_drop: false }`
[INFO] [stderr]    Compiling libm v0.2.16
[INFO] [stderr]    Compiling mnemosyne-build-util v0.2.1
[INFO] [stderr]    Compiling melinoe v0.10.0
[INFO] [stderr]    Compiling themis-topology v0.11.1
[INFO] [stderr]     Checking mnemosyne-memory-core v0.3.0
[INFO] [stderr]     Checking memchr v2.8.3
[INFO] [stderr]    Compiling libc v0.2.190
[INFO] [stderr]    Compiling thiserror v2.0.21
[INFO] [stderr]    Compiling syn v3.0.6
[INFO] [stderr]    Compiling syn v2.0.119
[INFO] [stderr]    Compiling mnemosyne-prof v0.2.1
[INFO] [stderr]    Compiling mnemosyne-local v0.6.0
[INFO] [stderr]     Checking mnemosyne-backend v0.6.0
[INFO] [stderr]     Checking object v0.37.3
[INFO] [stderr]    Compiling ptr_meta_derive v0.3.2
[INFO] [stderr]    Compiling bytecheck_derive v0.8.3
[INFO] [stderr]    Compiling rkyv_derive v0.8.18
[INFO] [stderr]    Compiling bytemuck_derive v1.12.1
[INFO] [stderr]    Compiling thiserror-impl v2.0.21
[INFO] [stderr]    Compiling serde_derive v1.0.229
[INFO] [stderr]     Checking ptr_meta v0.3.2
[INFO] [stderr]    Compiling munge_macro v0.4.7
[INFO] [stderr]    Compiling eunomia-derive v0.9.0
[INFO] [stderr]    Compiling hermes-simd-macros v0.8.0
[INFO] [stderr]     Checking rancor v0.1.3
[INFO] [stderr]     Checking munge v0.4.7
[INFO] [stderr]     Checking bytecheck v0.8.3
[INFO] [stderr]     Checking backtrace v0.3.76
[INFO] [stderr]     Checking rend v0.5.4
[INFO] [stderr]     Checking bytemuck v1.25.2
[INFO] [stderr]     Checking serde v1.0.229
[INFO] [stderr]     Checking rkyv v0.8.18
[INFO] [stderr]     Checking eunomia v0.9.0
[INFO] [stderr]     Checking mnemosyne-arena v0.6.0
[INFO] [stderr]     Checking aequitas v0.2.1
[INFO] [stderr]     Checking mnemosyne-decay v0.3.2
[INFO] [stderr]     Checking mnemosyne-heap v0.6.0
[INFO] [stderr]     Checking mnemosyne-memory v0.9.0
[INFO] [stderr]     Checking hermes-simd-core v0.8.0
[INFO] [stderr]     Checking leto v0.45.0
[INFO] [stderr]     Checking hephaestus-core v0.19.1
[INFO] [stderr]     Checking hermes-simd-intrinsics v0.8.0
[INFO] [stderr]     Checking hermes-simd-types v0.8.0
[INFO] [stderr]     Checking hermes-simd v0.8.0
[INFO] [stderr]     Checking leto-ops v0.45.0
[INFO] [stderr]     Checking hephaestus-host v0.19.1 (/opt/rustwide/workdir)
[INFO] [stdout] error[E0432]: unresolved import `hephaestus_conformance`
[INFO] [stdout]  --> tests/contracts/adaptive_pooling.rs:3:5
[INFO] [stdout]   |
[INFO] [stdout] 3 | use hephaestus_conformance::assert_adaptive_pooling_contract;
[INFO] [stdout]   |     ^^^^^^^^^^^^^^^^^^^^^^ use of unresolved module or unlinked crate `hephaestus_conformance`
[INFO] [stdout]   |
[INFO] [stdout] help: there is a crate or module with a similar name
[INFO] [stdout]   |
[INFO] [stdout] 3 - use hephaestus_conformance::assert_adaptive_pooling_contract;
[INFO] [stdout] 3 + use hephaestus_core::assert_adaptive_pooling_contract;
[INFO] [stdout]   |
[INFO] [stdout] 
[INFO] [stdout] 
[INFO] [stdout] error[E0432]: unresolved import `hephaestus_conformance`
[INFO] [stdout]  --> tests/contracts/arg_reduce.rs:3:5
[INFO] [stdout]   |
[INFO] [stdout] 3 | use hephaestus_conformance::{
[INFO] [stdout]   |     ^^^^^^^^^^^^^^^^^^^^^^ use of unresolved module or unlinked crate `hephaestus_conformance`
[INFO] [stdout]   |
[INFO] [stdout] help: there is a crate or module with a similar name
[INFO] [stdout]   |
[INFO] [stdout] 3 - use hephaestus_conformance::{
[INFO] [stdout] 3 + use hephaestus_core::{
[INFO] [stdout]   |
[INFO] [stdout] 
[INFO] [stdout] 
[INFO] [stdout] error[E0432]: unresolved import `hephaestus_conformance`
[INFO] [stdout]  --> tests/contracts/attention.rs:4:5
[INFO] [stdout]   |
[INFO] [stdout] 4 | use hephaestus_conformance::assert_attention_contract;
[INFO] [stdout]   |     ^^^^^^^^^^^^^^^^^^^^^^ use of unresolved module or unlinked crate `hephaestus_conformance`
[INFO] [stdout]   |
[INFO] [stdout] help: there is a crate or module with a similar name
[INFO] [stdout]   |
[INFO] [stdout] 4 - use hephaestus_conformance::assert_attention_contract;
[INFO] [stdout] 4 + use hephaestus_core::assert_attention_contract;
[INFO] [stdout]   |
[INFO] [stdout] 
[INFO] [stdout] 
[INFO] [stdout] error[E0432]: unresolved import `hephaestus_conformance`
[INFO] [stdout]  --> tests/contracts/backend.rs:9:5
[INFO] [stdout]   |
[INFO] [stdout] 9 | use hephaestus_conformance::{BackendUnderTest, assert_backend_contract};
[INFO] [stdout]   |     ^^^^^^^^^^^^^^^^^^^^^^ use of unresolved module or unlinked crate `hephaestus_conformance`
[INFO] [stdout]   |
[INFO] [stdout] help: there is a crate or module with a similar name
[INFO] [stdout]   |
[INFO] [stdout] 9 - use hephaestus_conformance::{BackendUnderTest, assert_backend_contract};
[INFO] [stdout] 9 + use hephaestus_core::{BackendUnderTest, assert_backend_contract};
[INFO] [stdout]   |
[INFO] [stdout] 
[INFO] [stdout] 
[INFO] [stdout] error[E0432]: unresolved import `hephaestus_conformance`
[INFO] [stdout]  --> tests/contracts/convolution.rs:5:5
[INFO] [stdout]   |
[INFO] [stdout] 5 | use hephaestus_conformance::{assert_convolution_contract, assert_convolution_f64_contract};
[INFO] [stdout]   |     ^^^^^^^^^^^^^^^^^^^^^^ use of unresolved module or unlinked crate `hephaestus_conformance`
[INFO] [stdout]   |
[INFO] [stdout] help: there is a crate or module with a similar name
[INFO] [stdout]   |
[INFO] [stdout] 5 - use hephaestus_conformance::{assert_convolution_contract, assert_convolution_f64_contract};
[INFO] [stdout] 5 + use hephaestus_core::{assert_convolution_contract, assert_convolution_f64_contract};
[INFO] [stdout]   |
[INFO] [stdout] 
[INFO] [stdout] 
[INFO] [stdout] error[E0432]: unresolved import `hephaestus_conformance`
[INFO] [stdout]  --> tests/contracts/cross_entropy.rs:4:5
[INFO] [stdout]   |
[INFO] [stdout] 4 | use hephaestus_conformance::assert_cross_entropy_contract;
[INFO] [stdout]   |     ^^^^^^^^^^^^^^^^^^^^^^ use of unresolved module or unlinked crate `hephaestus_conformance`
[INFO] [stdout]   |
[INFO] [stdout] help: there is a crate or module with a similar name
[INFO] [stdout]   |
[INFO] [stdout] 4 - use hephaestus_conformance::assert_cross_entropy_contract;
[INFO] [stdout] 4 + use hephaestus_core::assert_cross_entropy_contract;
[INFO] [stdout]   |
[INFO] [stdout] 
[INFO] [stdout] 
[INFO] [stdout] error[E0432]: unresolved import `hephaestus_conformance`
[INFO] [stdout]  --> tests/contracts/cross_product.rs:3:5
[INFO] [stdout]   |
[INFO] [stdout] 3 | use hephaestus_conformance::assert_cross_product_contract;
[INFO] [stdout]   |     ^^^^^^^^^^^^^^^^^^^^^^ use of unresolved module or unlinked crate `hephaestus_conformance`
[INFO] [stdout]   |
[INFO] [stdout] help: there is a crate or module with a similar name
[INFO] [stdout]   |
[INFO] [stdout] 3 - use hephaestus_conformance::assert_cross_product_contract;
[INFO] [stdout] 3 + use hephaestus_core::assert_cross_product_contract;
[INFO] [stdout]   |
[INFO] [stdout] 
[INFO] [stdout] 
[INFO] [stdout] error[E0432]: unresolved import `hephaestus_conformance`
[INFO] [stdout]  --> tests/contracts/decomposition.rs:6:5
[INFO] [stdout]   |
[INFO] [stdout] 6 | use hephaestus_conformance::assert_decomposition_contract;
[INFO] [stdout]   |     ^^^^^^^^^^^^^^^^^^^^^^ use of unresolved module or unlinked crate `hephaestus_conformance`
[INFO] [stdout]   |
[INFO] [stdout] help: there is a crate or module with a similar name
[INFO] [stdout]   |
[INFO] [stdout] 6 - use hephaestus_conformance::assert_decomposition_contract;
[INFO] [stdout] 6 + use hephaestus_core::assert_decomposition_contract;
[INFO] [stdout]   |
[INFO] [stdout] 
[INFO] [stdout] 
[INFO] [stdout] error[E0432]: unresolved import `hephaestus_conformance`
[INFO] [stdout]  --> tests/contracts/dense_product.rs:7:5
[INFO] [stdout]   |
[INFO] [stdout] 7 | use hephaestus_conformance::{
[INFO] [stdout]   |     ^^^^^^^^^^^^^^^^^^^^^^ use of unresolved module or unlinked crate `hephaestus_conformance`
[INFO] [stdout]   |
[INFO] [stdout] help: there is a crate or module with a similar name
[INFO] [stdout]   |
[INFO] [stdout] 7 - use hephaestus_conformance::{
[INFO] [stdout] 7 + use hephaestus_core::{
[INFO] [stdout]   |
[INFO] [stdout] 
[INFO] [stdout] 
[INFO] [stdout] error[E0432]: unresolved import `hephaestus_conformance`
[INFO] [stdout]  --> tests/contracts/dense_vector.rs:4:5
[INFO] [stdout]   |
[INFO] [stdout] 4 | use hephaestus_conformance::assert_dense_vector_contract;
[INFO] [stdout]   |     ^^^^^^^^^^^^^^^^^^^^^^ use of unresolved module or unlinked crate `hephaestus_conformance`
[INFO] [stdout]   |
[INFO] [stdout] help: there is a crate or module with a similar name
[INFO] [stdout]   |
[INFO] [stdout] 4 - use hephaestus_conformance::assert_dense_vector_contract;
[INFO] [stdout] 4 + use hephaestus_core::assert_dense_vector_contract;
[INFO] [stdout]   |
[INFO] [stdout] 
[INFO] [stdout] 
[INFO] [stdout] error[E0432]: unresolved import `hephaestus_conformance`
[INFO] [stdout]  --> tests/contracts/elementwise.rs:8:5
[INFO] [stdout]   |
[INFO] [stdout] 8 | use hephaestus_conformance::{assert_elementwise_contract, assert_typed_elementwise_contract};
[INFO] [stdout]   |     ^^^^^^^^^^^^^^^^^^^^^^ use of unresolved module or unlinked crate `hephaestus_conformance`
[INFO] [stdout]   |
[INFO] [stdout] help: there is a crate or module with a similar name
[INFO] [stdout]   |
[INFO] [stdout] 8 - use hephaestus_conformance::{assert_elementwise_contract, assert_typed_elementwise_contract};
[INFO] [stdout] 8 + use hephaestus_core::{assert_elementwise_contract, assert_typed_elementwise_contract};
[INFO] [stdout]   |
[INFO] [stdout] 
[INFO] [stdout] 
[INFO] [stdout] error[E0432]: unresolved import `hephaestus_conformance`
[INFO] [stdout]  --> tests/contracts/embedding.rs:3:5
[INFO] [stdout]   |
[INFO] [stdout] 3 | use hephaestus_conformance::{
[INFO] [stdout]   |     ^^^^^^^^^^^^^^^^^^^^^^ use of unresolved module or unlinked crate `hephaestus_conformance`
[INFO] [stdout]   |
[INFO] [stdout] help: there is a crate or module with a similar name
[INFO] [stdout]   |
[INFO] [stdout] 3 - use hephaestus_conformance::{
[INFO] [stdout] 3 + use hephaestus_core::{
[INFO] [stdout]   |
[INFO] [stdout] 
[INFO] [stdout] 
[INFO] [stdout] error[E0432]: unresolved import `hephaestus_conformance`
[INFO] [stdout]  --> tests/contracts/interpolation.rs:3:5
[INFO] [stdout]   |
[INFO] [stdout] 3 | use hephaestus_conformance::assert_interpolation_contract;
[INFO] [stdout]   |     ^^^^^^^^^^^^^^^^^^^^^^ use of unresolved module or unlinked crate `hephaestus_conformance`
[INFO] [stdout]   |
[INFO] [stdout] help: there is a crate or module with a similar name
[INFO] [stdout]   |
[INFO] [stdout] 3 - use hephaestus_conformance::assert_interpolation_contract;
[INFO] [stdout] 3 + use hephaestus_core::assert_interpolation_contract;
[INFO] [stdout]   |
[INFO] [stdout] 
[INFO] [stdout] 
[INFO] [stdout] error[E0432]: unresolved import `hephaestus_conformance`
[INFO] [stdout]  --> tests/contracts/pad.rs:7:5
[INFO] [stdout]   |
[INFO] [stdout] 7 | use hephaestus_conformance::assert_pad_contract;
[INFO] [stdout]   |     ^^^^^^^^^^^^^^^^^^^^^^ use of unresolved module or unlinked crate `hephaestus_conformance`
[INFO] [stdout]   |
[INFO] [stdout] help: there is a crate or module with a similar name
[INFO] [stdout]   |
[INFO] [stdout] 7 - use hephaestus_conformance::assert_pad_contract;
[INFO] [stdout] 7 + use hephaestus_core::assert_pad_contract;
[INFO] [stdout]   |
[INFO] [stdout] 
[INFO] [stdout] 
[INFO] [stdout] error[E0432]: unresolved import `hephaestus_conformance`
[INFO] [stdout]  --> tests/contracts/parameterized.rs:4:5
[INFO] [stdout]   |
[INFO] [stdout] 4 | use hephaestus_conformance::assert_parameterized_unary_contract;
[INFO] [stdout]   |     ^^^^^^^^^^^^^^^^^^^^^^ use of unresolved module or unlinked crate `hephaestus_conformance`
[INFO] [stdout]   |
[INFO] [stdout] help: there is a crate or module with a similar name
[INFO] [stdout]   |
[INFO] [stdout] 4 - use hephaestus_conformance::assert_parameterized_unary_contract;
[INFO] [stdout] 4 + use hephaestus_core::assert_parameterized_unary_contract;
[INFO] [stdout]   |
[INFO] [stdout] 
[INFO] [stdout] 
[INFO] [stdout] error[E0432]: unresolved import `hephaestus_conformance`
[INFO] [stdout]  --> tests/contracts/random.rs:3:5
[INFO] [stdout]   |
[INFO] [stdout] 3 | use hephaestus_conformance::assert_random_init_contract;
[INFO] [stdout]   |     ^^^^^^^^^^^^^^^^^^^^^^ use of unresolved module or unlinked crate `hephaestus_conformance`
[INFO] [stdout]   |
[INFO] [stdout] help: there is a crate or module with a similar name
[INFO] [stdout]   |
[INFO] [stdout] 3 - use hephaestus_conformance::assert_random_init_contract;
[INFO] [stdout] 3 + use hephaestus_core::assert_random_init_contract;
[INFO] [stdout]   |
[INFO] [stdout] 
[INFO] [stdout] 
[INFO] [stdout] error[E0432]: unresolved import `hephaestus_conformance`
[INFO] [stdout]  --> tests/contracts/reduction.rs:6:5
[INFO] [stdout]   |
[INFO] [stdout] 6 | use hephaestus_conformance::{assert_axis_reduction_contract, assert_full_reduction_contract};
[INFO] [stdout]   |     ^^^^^^^^^^^^^^^^^^^^^^ use of unresolved module or unlinked crate `hephaestus_conformance`
[INFO] [stdout]   |
[INFO] [stdout] help: there is a crate or module with a similar name
[INFO] [stdout]   |
[INFO] [stdout] 6 - use hephaestus_conformance::{assert_axis_reduction_contract, assert_full_reduction_contract};
[INFO] [stdout] 6 + use hephaestus_core::{assert_axis_reduction_contract, assert_full_reduction_contract};
[INFO] [stdout]   |
[INFO] [stdout] 
[INFO] [stdout] 
[INFO] [stdout] error[E0432]: unresolved import `hephaestus_conformance`
[INFO] [stdout]  --> tests/contracts/scan.rs:6:5
[INFO] [stdout]   |
[INFO] [stdout] 6 | use hephaestus_conformance::{assert_scan_contract, assert_scan_leto_contract};
[INFO] [stdout]   |     ^^^^^^^^^^^^^^^^^^^^^^ use of unresolved module or unlinked crate `hephaestus_conformance`
[INFO] [stdout]   |
[INFO] [stdout] help: there is a crate or module with a similar name
[INFO] [stdout]   |
[INFO] [stdout] 6 - use hephaestus_conformance::{assert_scan_contract, assert_scan_leto_contract};
[INFO] [stdout] 6 + use hephaestus_core::{assert_scan_contract, assert_scan_leto_contract};
[INFO] [stdout]   |
[INFO] [stdout] 
[INFO] [stdout] 
[INFO] [stdout] error[E0432]: unresolved import `hephaestus_conformance`
[INFO] [stdout]  --> tests/contracts/sparse.rs:4:5
[INFO] [stdout]   |
[INFO] [stdout] 4 | use hephaestus_conformance::{assert_batch_submit_contract, assert_sparse_operator_contract};
[INFO] [stdout]   |     ^^^^^^^^^^^^^^^^^^^^^^ use of unresolved module or unlinked crate `hephaestus_conformance`
[INFO] [stdout]   |
[INFO] [stdout] help: there is a crate or module with a similar name
[INFO] [stdout]   |
[INFO] [stdout] 4 - use hephaestus_conformance::{assert_batch_submit_contract, assert_sparse_operator_contract};
[INFO] [stdout] 4 + use hephaestus_core::{assert_batch_submit_contract, assert_sparse_operator_contract};
[INFO] [stdout]   |
[INFO] [stdout] 
[INFO] [stdout] 
[INFO] [stdout] error[E0432]: unresolved import `hephaestus_conformance`
[INFO] [stdout]  --> tests/contracts/stateful.rs:4:5
[INFO] [stdout]   |
[INFO] [stdout] 4 | use hephaestus_conformance::assert_stateful_update_contract;
[INFO] [stdout]   |     ^^^^^^^^^^^^^^^^^^^^^^ use of unresolved module or unlinked crate `hephaestus_conformance`
[INFO] [stdout]   |
[INFO] [stdout] help: there is a crate or module with a similar name
[INFO] [stdout]   |
[INFO] [stdout] 4 - use hephaestus_conformance::assert_stateful_update_contract;
[INFO] [stdout] 4 + use hephaestus_core::assert_stateful_update_contract;
[INFO] [stdout]   |
[INFO] [stdout] 
[INFO] [stdout] 
[INFO] [stdout] error[E0432]: unresolved import `hephaestus_conformance`
[INFO] [stdout]  --> tests/contracts/stencil.rs:3:5
[INFO] [stdout]   |
[INFO] [stdout] 3 | use hephaestus_conformance::{assert_staggered_3d_contract, assert_stencil_contract};
[INFO] [stdout]   |     ^^^^^^^^^^^^^^^^^^^^^^ use of unresolved module or unlinked crate `hephaestus_conformance`
[INFO] [stdout]   |
[INFO] [stdout] help: there is a crate or module with a similar name
[INFO] [stdout]   |
[INFO] [stdout] 3 - use hephaestus_conformance::{assert_staggered_3d_contract, assert_stencil_contract};
[INFO] [stdout] 3 + use hephaestus_core::{assert_staggered_3d_contract, assert_stencil_contract};
[INFO] [stdout]   |
[INFO] [stdout] 
[INFO] [stdout] 
[INFO] [stdout] error[E0432]: unresolved import `hephaestus_conformance`
[INFO] [stdout]  --> tests/contracts/topk.rs:3:5
[INFO] [stdout]   |
[INFO] [stdout] 3 | use hephaestus_conformance::assert_topk_contract;
[INFO] [stdout]   |     ^^^^^^^^^^^^^^^^^^^^^^ use of unresolved module or unlinked crate `hephaestus_conformance`
[INFO] [stdout]   |
[INFO] [stdout] help: there is a crate or module with a similar name
[INFO] [stdout]   |
[INFO] [stdout] 3 - use hephaestus_conformance::assert_topk_contract;
[INFO] [stdout] 3 + use hephaestus_core::assert_topk_contract;
[INFO] [stdout]   |
[INFO] [stdout] 
[INFO] [stdout] 
[INFO] [stdout] error[E0432]: unresolved import `hephaestus_conformance`
[INFO] [stdout]  --> tests/contracts/transfer.rs:3:5
[INFO] [stdout]   |
[INFO] [stdout] 3 | use hephaestus_conformance::assert_transfer_contract;
[INFO] [stdout]   |     ^^^^^^^^^^^^^^^^^^^^^^ use of unresolved module or unlinked crate `hephaestus_conformance`
[INFO] [stdout]   |
[INFO] [stdout] help: there is a crate or module with a similar name
[INFO] [stdout]   |
[INFO] [stdout] 3 - use hephaestus_conformance::assert_transfer_contract;
[INFO] [stdout] 3 + use hephaestus_core::assert_transfer_contract;
[INFO] [stdout]   |
[INFO] [stdout] 
[INFO] [stdout] 
[INFO] [stdout] error[E0432]: unresolved import `hephaestus_conformance`
[INFO] [stdout]  --> tests/contracts/triangular.rs:3:5
[INFO] [stdout]   |
[INFO] [stdout] 3 | use hephaestus_conformance::assert_triangular_contract;
[INFO] [stdout]   |     ^^^^^^^^^^^^^^^^^^^^^^ use of unresolved module or unlinked crate `hephaestus_conformance`
[INFO] [stdout]   |
[INFO] [stdout] help: there is a crate or module with a similar name
[INFO] [stdout]   |
[INFO] [stdout] 3 - use hephaestus_conformance::assert_triangular_contract;
[INFO] [stdout] 3 + use hephaestus_core::assert_triangular_contract;
[INFO] [stdout]   |
[INFO] [stdout] 
[INFO] [stdout] 
[INFO] [stdout] error[E0432]: unresolved import `hephaestus_conformance`
[INFO] [stdout]  --> tests/contracts/volume.rs:4:5
[INFO] [stdout]   |
[INFO] [stdout] 4 | use hephaestus_conformance::assert_ray_integral_contract;
[INFO] [stdout]   |     ^^^^^^^^^^^^^^^^^^^^^^ use of unresolved module or unlinked crate `hephaestus_conformance`
[INFO] [stdout]   |
[INFO] [stdout] help: there is a crate or module with a similar name
[INFO] [stdout]   |
[INFO] [stdout] 4 - use hephaestus_conformance::assert_ray_integral_contract;
[INFO] [stdout] 4 + use hephaestus_core::assert_ray_integral_contract;
[INFO] [stdout]   |
[INFO] [stdout] 
[INFO] [stdout] 
[INFO] [stdout] For more information about this error, try `rustc --explain E0432`.
[INFO] [stdout] 
[INFO] [stderr] error: could not compile `hephaestus-host` (test "contracts") due to 25 previous errors
[INFO] running `Command { std: "docker" "inspect" "c2b7e121f0fdccea69fc5729cdf63069f181d3298786b76ab93077cbad5fc97a", kill_on_drop: false }`
[INFO] running `Command { std: "docker" "rm" "-f" "c2b7e121f0fdccea69fc5729cdf63069f181d3298786b76ab93077cbad5fc97a", kill_on_drop: false }`
[INFO] [stdout] c2b7e121f0fdccea69fc5729cdf63069f181d3298786b76ab93077cbad5fc97a
