[INFO] fetching crate hemx 0.4.0...
[INFO] checking hemx-0.4.0 against 3154cc1a3e6424e44f438a95007d043ed5ceaaf6+rustflags=-Znext-solver=coherence for pr-133502-30
[INFO] extracting crate hemx 0.4.0 into /workspace/builds/worker-3-tc1/source
[INFO] started tweaking crates.io crate hemx 0.4.0
[INFO] finished tweaking crates.io crate hemx 0.4.0
[INFO] tweaked toml for crates.io crate hemx 0.4.0 written to /workspace/builds/worker-3-tc1/source/Cargo.toml
[INFO] validating manifest of crates.io crate hemx 0.4.0 on toolchain 3154cc1a3e6424e44f438a95007d043ed5ceaaf6
[INFO] running `Command { std: CARGO_HOME="/workspace/cargo-home" RUSTUP_HOME="/workspace/rustup-home" "/workspace/cargo-home/bin/cargo" "+3154cc1a3e6424e44f438a95007d043ed5ceaaf6" "metadata" "--manifest-path" "Cargo.toml" "--no-deps", kill_on_drop: false }`
[INFO] crate crates.io crate hemx 0.4.0 already has a lockfile, it will not be regenerated
[INFO] running `Command { std: CARGO_HOME="/workspace/cargo-home" RUSTUP_HOME="/workspace/rustup-home" "/workspace/cargo-home/bin/cargo" "+3154cc1a3e6424e44f438a95007d043ed5ceaaf6" "fetch" "--manifest-path" "Cargo.toml", kill_on_drop: false }`
[INFO] [stderr]     Updating crates.io index
[INFO] [stderr]  Downloading crates ...
[INFO] [stderr]   Downloaded hemplate-runtime v0.2.0
[INFO] [stderr]   Downloaded hemplate v0.3.0
[INFO] [stderr]   Downloaded hemx-derive v0.4.0
[INFO] [stderr]   Downloaded hemx-core v0.4.0
[INFO] running `Command { std: "docker" "create" "-v" "/var/lib/crater-agent-workspace/builds/worker-3-tc1/source:/opt/rustwide/workdir:ro,Z" "-v" "/var/lib/crater-agent-workspace/builds/worker-3-tc1/target:/opt/rustwide/target:rw,Z" "-v" "/var/lib/crater-agent-workspace/cargo-home:/opt/rustwide/cargo-home:ro,Z" "-v" "/var/lib/crater-agent-workspace/rustup-home:/opt/rustwide/rustup-home:ro,Z" "-m" "1610612736" "--network" "none" "ghcr.io/rust-lang/crates-build-env/linux@sha256:77db811e55d90add9212f6832c23229e3de5f1c1f9905e8cb07319ea15df73ac" "sleep" "infinity", kill_on_drop: false }`
[INFO] [stdout] 17a14f0cdc49e4dbe905b3d9047ecc0e64bb2a2b9f405211801f3efadeeda389
[INFO] running `Command { std: "docker" "start" "17a14f0cdc49e4dbe905b3d9047ecc0e64bb2a2b9f405211801f3efadeeda389", kill_on_drop: false }`
[INFO] running `Command { std: "docker" "inspect" "17a14f0cdc49e4dbe905b3d9047ecc0e64bb2a2b9f405211801f3efadeeda389", kill_on_drop: false }`
[INFO] running `Command { std: "docker" "exec" "-e" "SOURCE_DIR=/opt/rustwide/workdir" "-e" "CARGO_HOME=/opt/rustwide/cargo-home" "-e" "RUSTUP_HOME=/opt/rustwide/rustup-home" "-e" "CARGO_TARGET_DIR=/opt/rustwide/target" "-w" "/opt/rustwide/workdir" "--user" "0:0" "17a14f0cdc49e4dbe905b3d9047ecc0e64bb2a2b9f405211801f3efadeeda389" "/opt/rustwide/cargo-home/bin/cargo" "+3154cc1a3e6424e44f438a95007d043ed5ceaaf6" "metadata" "--no-deps" "--format-version=1", kill_on_drop: false }`
[INFO] running `Command { std: "docker" "inspect" "17a14f0cdc49e4dbe905b3d9047ecc0e64bb2a2b9f405211801f3efadeeda389", kill_on_drop: false }`
[INFO] running `Command { std: "docker" "exec" "-e" "SOURCE_DIR=/opt/rustwide/workdir" "-e" "CARGO_HOME=/opt/rustwide/cargo-home" "-e" "RUSTUP_HOME=/opt/rustwide/rustup-home" "-e" "CARGO_TARGET_DIR=/opt/rustwide/target" "-e" "CARGO_INCREMENTAL=0" "-e" "RUST_BACKTRACE=full" "-e" "RUSTFLAGS=--cap-lints=forbid -Znext-solver=coherence" "-e" "RUSTDOCFLAGS=--cap-lints=forbid" "-w" "/opt/rustwide/workdir" "--user" "0:0" "17a14f0cdc49e4dbe905b3d9047ecc0e64bb2a2b9f405211801f3efadeeda389" "/opt/rustwide/cargo-home/bin/cargo" "+3154cc1a3e6424e44f438a95007d043ed5ceaaf6" "check" "--frozen" "--all" "--all-targets" "--message-format=json", kill_on_drop: false }`
[INFO] [stderr]    Compiling serde v1.0.229
[INFO] [stderr]    Compiling hemx-derive v0.4.0
[INFO] [stderr]    Compiling syn v3.0.4
[INFO] [stderr]    Compiling syn v2.0.119
[INFO] [stderr]    Compiling thiserror-impl v2.0.20
[INFO] [stderr]    Compiling serde_derive v1.0.229
[INFO] [stderr]     Checking thiserror v2.0.20
[INFO] [stderr]     Checking cobs v0.3.0
[INFO] [stderr]     Checking hemplate-runtime v0.2.0
[INFO] [stderr]     Checking hemplate v0.3.0
[INFO] [stderr]     Checking postcard v1.1.3
[INFO] [stderr]     Checking hemx-core v0.4.0
[INFO] [stderr]     Checking hemx v0.4.0 (/opt/rustwide/workdir)
[INFO] [stdout] error: cannot find derive macro `Hemplate` in this scope
[INFO] [stdout]   --> benches/render.rs:10:10
[INFO] [stdout]    |
[INFO] [stdout] 10 | #[derive(Hemplate)]
[INFO] [stdout]    |          ^^^^^^^^
[INFO] [stdout]    |
[INFO] [stdout] note: `Hemplate` is a trait, not a derive macro
[INFO] [stdout]   --> /opt/rustwide/cargo-home/registry/src/index.crates.io-1949cf8c6b5b557f/hemplate-runtime-0.2.0/src/lib.rs:38:1
[INFO] [stdout]    |
[INFO] [stdout] 38 | pub trait Hemplate {
[INFO] [stdout]    | ^^^^^^^^^^^^^^^^^^
[INFO] [stdout]    = help: consider implementing `Hemplate` for your type manually
[INFO] [stdout] 
[INFO] [stdout] 
[INFO] [stdout] error[E0599]: no method named `render_into` found for struct `BenchPage` in the current scope
[INFO] [stdout]   --> benches/render.rs:45:14
[INFO] [stdout]    |
[INFO] [stdout] 11 | struct BenchPage {
[INFO] [stdout]    | ---------------- method `render_into` not found for this struct
[INFO] [stdout] ...
[INFO] [stdout] 45 |         view.render_into(&mut html).expect("generated view renders");
[INFO] [stdout]    |              ^^^^^^^^^^^ method not found in `BenchPage`
[INFO] [stdout]    |
[INFO] [stdout]    = help: items from traits can only be used if the trait is implemented and in scope
[INFO] [stdout]    = note: the following trait defines an item `render_into`, perhaps you need to implement it:
[INFO] [stdout]            candidate #1: `Hemplate`
[INFO] [stdout] 
[INFO] [stdout] 
[INFO] [stdout] error[E0599]: no method named `size_hint` found for struct `BenchPage` in the current scope
[INFO] [stdout]   --> benches/render.rs:49:51
[INFO] [stdout]    |
[INFO] [stdout] 11 | struct BenchPage {
[INFO] [stdout]    | ---------------- method `size_hint` not found for this struct
[INFO] [stdout] ...
[INFO] [stdout] 49 |         let mut html = String::with_capacity(view.size_hint());
[INFO] [stdout]    |                                                   ^^^^^^^^^ method not found in `BenchPage`
[INFO] [stdout]    |
[INFO] [stdout]    = help: items from traits can only be used if the trait is in scope
[INFO] [stdout] help: trait `SizeHint` which provides `size_hint` is implemented but not in scope; perhaps you want to import it
[INFO] [stdout]    |
[INFO] [stdout]  3 + use core::io::size_hint::SizeHint;
[INFO] [stdout]    |
[INFO] [stdout] 
[INFO] [stdout] 
[INFO] [stdout] error[E0599]: no method named `render_into` found for struct `BenchPage` in the current scope
[INFO] [stdout]   --> benches/render.rs:50:14
[INFO] [stdout]    |
[INFO] [stdout] 11 | struct BenchPage {
[INFO] [stdout]    | ---------------- method `render_into` not found for this struct
[INFO] [stdout] ...
[INFO] [stdout] 50 |         view.render_into(&mut html).expect("generated view renders");
[INFO] [stdout]    |              ^^^^^^^^^^^ method not found in `BenchPage`
[INFO] [stdout]    |
[INFO] [stdout]    = help: items from traits can only be used if the trait is implemented and in scope
[INFO] [stdout]    = note: the following trait defines an item `render_into`, perhaps you need to implement it:
[INFO] [stdout]            candidate #1: `Hemplate`
[INFO] [stdout] 
[INFO] [stdout] 
[INFO] [stdout] error[E0599]: no method named `size_hint` found for struct `BenchPage` in the current scope
[INFO] [stdout]   --> benches/render.rs:55:14
[INFO] [stdout]    |
[INFO] [stdout] 11 | struct BenchPage {
[INFO] [stdout]    | ---------------- method `size_hint` not found for this struct
[INFO] [stdout] ...
[INFO] [stdout] 55 |         view.size_hint(),
[INFO] [stdout]    |              ^^^^^^^^^ method not found in `BenchPage`
[INFO] [stdout]    |
[INFO] [stdout]   --> /rustc/3154cc1a3e6424e44f438a95007d043ed5ceaaf6/library/core/src/io/size_hint.rs:43:13
[INFO] [stdout]    |
[INFO] [stdout]    = note: the method is available for `BenchPage` here
[INFO] [stdout]    |
[INFO] [stdout]    = help: items from traits can only be used if the trait is in scope
[INFO] [stdout] help: trait `SizeHint` which provides `size_hint` is implemented but not in scope; perhaps you want to import it
[INFO] [stdout]    |
[INFO] [stdout]  3 + use core::io::size_hint::SizeHint;
[INFO] [stdout]    |
[INFO] [stdout] 
[INFO] [stdout] 
[INFO] [stdout] error[E0599]: no method named `render` found for struct `BenchPage` in the current scope
[INFO] [stdout]   --> benches/render.rs:56:14
[INFO] [stdout]    |
[INFO] [stdout] 11 | struct BenchPage {
[INFO] [stdout]    | ---------------- method `render` not found for this struct
[INFO] [stdout] ...
[INFO] [stdout] 56 |         view.render().expect("generated view renders").len(),
[INFO] [stdout]    |              ^^^^^^ method not found in `BenchPage`
[INFO] [stdout]    |
[INFO] [stdout]    = help: items from traits can only be used if the trait is implemented and in scope
[INFO] [stdout]    = note: the following traits define an item `render`, perhaps you need to implement one of them:
[INFO] [stdout]            candidate #1: `Hemplate`
[INFO] [stdout]            candidate #2: `hemx::RenderSlotExt`
[INFO] [stdout] 
[INFO] [stdout] 
[INFO] [stdout] For more information about this error, try `rustc --explain E0599`.
[INFO] [stdout] 
[INFO] [stderr] error: could not compile `hemx` (bench "render") due to 6 previous errors
[INFO] running `Command { std: "docker" "inspect" "17a14f0cdc49e4dbe905b3d9047ecc0e64bb2a2b9f405211801f3efadeeda389", kill_on_drop: false }`
[INFO] running `Command { std: "docker" "rm" "-f" "17a14f0cdc49e4dbe905b3d9047ecc0e64bb2a2b9f405211801f3efadeeda389", kill_on_drop: false }`
[INFO] [stdout] 17a14f0cdc49e4dbe905b3d9047ecc0e64bb2a2b9f405211801f3efadeeda389
