[INFO] fetching crate hekma 0.9.0...
[INFO] checking hekma-0.9.0 against 3154cc1a3e6424e44f438a95007d043ed5ceaaf6+rustflags=-Znext-solver=coherence for pr-133502-30
[INFO] extracting crate hekma 0.9.0 into /workspace/builds/worker-0-tc1/source
[INFO] started tweaking crates.io crate hekma 0.9.0
[INFO] removed 0 missing tests
[INFO] finished tweaking crates.io crate hekma 0.9.0
[INFO] tweaked toml for crates.io crate hekma 0.9.0 written to /workspace/builds/worker-0-tc1/source/Cargo.toml
[INFO] validating manifest of crates.io crate hekma 0.9.0 on toolchain 3154cc1a3e6424e44f438a95007d043ed5ceaaf6
[INFO] running `Command { std: CARGO_HOME="/workspace/cargo-home" RUSTUP_HOME="/workspace/rustup-home" "/workspace/cargo-home/bin/cargo" "+3154cc1a3e6424e44f438a95007d043ed5ceaaf6" "metadata" "--manifest-path" "Cargo.toml" "--no-deps", kill_on_drop: false }`
[INFO] crate crates.io crate hekma 0.9.0 already has a lockfile, it will not be regenerated
[INFO] running `Command { std: CARGO_HOME="/workspace/cargo-home" RUSTUP_HOME="/workspace/rustup-home" "/workspace/cargo-home/bin/cargo" "+3154cc1a3e6424e44f438a95007d043ed5ceaaf6" "fetch" "--manifest-path" "Cargo.toml", kill_on_drop: false }`
[INFO] [stderr] warning: `package.homepage` is redundant with `package.repository`
[INFO] [stderr]   --> Cargo.toml:80:12
[INFO] [stderr]    |
[INFO] [stderr] 80 | homepage = "https://github.com/Ktesio/hekma"
[INFO] [stderr]    |            ^^^^^^^^^^^^^^^^^^^^^^^^^^^^^^^^^
[INFO] [stderr] ...
[INFO] [stderr] 85 | repository = "https://github.com/Ktesio/hekma"
[INFO] [stderr]    |              ---------------------------------
[INFO] [stderr]    |
[INFO] [stderr]    = note: `cargo::redundant_homepage` is set to `warn` by default
[INFO] [stderr] help: consider removing `package.homepage`
[INFO] [stderr] warning: `hekma` (manifest) generated 1 warning
[INFO] [stderr]     Updating crates.io index
[INFO] [stderr]  Downloading crates ...
[INFO] [stderr]   Downloaded supports-unicode v3.0.0
[INFO] [stderr]   Downloaded hashlink v0.12.0
[INFO] [stderr]   Downloaded is_ci v1.2.0
[INFO] [stderr]   Downloaded hekma-adapters-hermes v0.2.0
[INFO] [stderr]   Downloaded supports-color v3.0.2
[INFO] [stderr]   Downloaded supports-hyperlinks v3.2.0
[INFO] [stderr]   Downloaded backtrace-ext v0.2.1
[INFO] [stderr]   Downloaded hekma-adapter-api v0.2.0
[INFO] [stderr]   Downloaded rusqlite v0.40.1
[INFO] [stderr]   Downloaded zlib-rs v0.6.5
[INFO] [stderr]   Downloaded hekma-engine v0.4.0
[INFO] [stderr]   Downloaded libsqlite3-sys v0.38.1
[INFO] running `Command { std: "docker" "create" "-v" "/var/lib/crater-agent-workspace/builds/worker-0-tc1/source:/opt/rustwide/workdir:ro,Z" "-v" "/var/lib/crater-agent-workspace/builds/worker-0-tc1/target:/opt/rustwide/target:rw,Z" "-v" "/var/lib/crater-agent-workspace/cargo-home:/opt/rustwide/cargo-home:ro,Z" "-v" "/var/lib/crater-agent-workspace/rustup-home:/opt/rustwide/rustup-home:ro,Z" "-m" "1610612736" "--network" "none" "ghcr.io/rust-lang/crates-build-env/linux@sha256:77db811e55d90add9212f6832c23229e3de5f1c1f9905e8cb07319ea15df73ac" "sleep" "infinity", kill_on_drop: false }`
[INFO] [stdout] e22153a7bef9329353fdec2192b64e614f96da10737dee47860fd5b6a3689089
[INFO] running `Command { std: "docker" "start" "e22153a7bef9329353fdec2192b64e614f96da10737dee47860fd5b6a3689089", kill_on_drop: false }`
[INFO] running `Command { std: "docker" "inspect" "e22153a7bef9329353fdec2192b64e614f96da10737dee47860fd5b6a3689089", kill_on_drop: false }`
[INFO] running `Command { std: "docker" "exec" "-e" "SOURCE_DIR=/opt/rustwide/workdir" "-e" "CARGO_HOME=/opt/rustwide/cargo-home" "-e" "RUSTUP_HOME=/opt/rustwide/rustup-home" "-e" "CARGO_TARGET_DIR=/opt/rustwide/target" "-w" "/opt/rustwide/workdir" "--user" "0:0" "e22153a7bef9329353fdec2192b64e614f96da10737dee47860fd5b6a3689089" "/opt/rustwide/cargo-home/bin/cargo" "+3154cc1a3e6424e44f438a95007d043ed5ceaaf6" "metadata" "--no-deps" "--format-version=1", kill_on_drop: false }`
[INFO] running `Command { std: "docker" "inspect" "e22153a7bef9329353fdec2192b64e614f96da10737dee47860fd5b6a3689089", kill_on_drop: false }`
[INFO] running `Command { std: "docker" "exec" "-e" "SOURCE_DIR=/opt/rustwide/workdir" "-e" "CARGO_HOME=/opt/rustwide/cargo-home" "-e" "RUSTUP_HOME=/opt/rustwide/rustup-home" "-e" "CARGO_TARGET_DIR=/opt/rustwide/target" "-e" "CARGO_INCREMENTAL=0" "-e" "RUST_BACKTRACE=full" "-e" "RUSTFLAGS=--cap-lints=forbid -Znext-solver=coherence" "-e" "RUSTDOCFLAGS=--cap-lints=forbid" "-w" "/opt/rustwide/workdir" "--user" "0:0" "e22153a7bef9329353fdec2192b64e614f96da10737dee47860fd5b6a3689089" "/opt/rustwide/cargo-home/bin/cargo" "+3154cc1a3e6424e44f438a95007d043ed5ceaaf6" "check" "--frozen" "--all" "--all-targets" "--message-format=json", kill_on_drop: false }`
[INFO] [stderr] warning: `package.homepage` is redundant with `package.repository`
[INFO] [stderr]   --> Cargo.toml:80:12
[INFO] [stderr]    |
[INFO] [stderr] 80 | homepage = "https://github.com/Ktesio/hekma"
[INFO] [stderr]    |            ^^^^^^^^^^^^^^^^^^^^^^^^^^^^^^^^^
[INFO] [stderr] ...
[INFO] [stderr] 85 | repository = "https://github.com/Ktesio/hekma"
[INFO] [stderr]    |              ---------------------------------
[INFO] [stderr]    |
[INFO] [stderr]    = note: `cargo::redundant_homepage` is set to `warn` by default
[INFO] [stderr] help: consider removing `package.homepage`
[INFO] [stderr] warning: `hekma` (manifest) generated 1 warning
[INFO] [stderr]    Compiling cc v1.2.65
[INFO] [stderr]     Checking bitflags v2.13.0
[INFO] [stderr]     Checking simd-adler32 v0.3.9
[INFO] [stderr]     Checking memchr v2.8.2
[INFO] [stderr]     Checking getrandom v0.2.17
[INFO] [stderr]     Checking rustls-pki-types v1.15.0
[INFO] [stderr]    Compiling rustix v1.1.4
[INFO] [stderr]    Compiling syn v2.0.118
[INFO] [stderr]    Compiling syn v3.0.3
[INFO] [stderr]    Compiling serde v1.0.228
[INFO] [stderr]     Checking http-body v1.0.1
[INFO] [stderr]     Checking winnow v1.0.3
[INFO] [stderr]    Compiling object v0.37.3
[INFO] [stderr]     Checking toml_datetime v1.1.1+spec-1.1.0
[INFO] [stderr]     Checking serde_spanned v1.1.1
[INFO] [stderr]     Checking futures-channel v0.3.32
[INFO] [stderr]     Checking toml_writer v1.1.2+spec-1.1.0
[INFO] [stderr]     Checking gimli v0.32.3
[INFO] [stderr]     Checking futures-task v0.3.32
[INFO] [stderr]    Compiling nix v0.31.3
[INFO] [stderr]     Checking futures-util v0.3.32
[INFO] [stderr]     Checking tracing v0.1.44
[INFO] [stderr]    Compiling owo-colors v4.3.0
[INFO] [stderr]     Checking option-ext v0.2.0
[INFO] [stderr]     Checking rustc-demangle v0.1.27
[INFO] [stderr]     Checking zlib-rs v0.6.5
[INFO] [stderr]     Checking semver v1.0.28
[INFO] [stderr]     Checking miniz_oxide v0.8.9
[INFO] [stderr]     Checking webpki-roots v1.0.8
[INFO] [stderr]     Checking serde_json v1.0.151
[INFO] [stderr]     Checking dirs-sys v0.5.0
[INFO] [stderr]     Checking toml_parser v1.1.3+spec-1.1.0
[INFO] [stderr]     Checking hashlink v0.12.0
[INFO] [stderr]     Checking unicode-linebreak v0.1.5
[INFO] [stderr]     Checking is_ci v1.2.0
[INFO] [stderr]     Checking ureq-proto v0.6.0
[INFO] [stderr]     Checking supports-color v3.0.2
[INFO] [stderr]     Checking zopfli v0.8.3
[INFO] [stderr]     Checking textwrap v0.16.2
[INFO] [stderr]     Checking directories v6.0.0
[INFO] [stderr]     Checking clap_builder v4.6.5
[INFO] [stderr]     Checking indexmap v2.14.0
[INFO] [stderr]     Checking toml v1.1.4+spec-1.1.0
[INFO] [stderr]     Checking http-body-util v0.1.4
[INFO] [stderr]     Checking filetime v0.2.29
[INFO] [stderr]     Checking supports-hyperlinks v3.2.0
[INFO] [stderr]     Checking supports-unicode v3.0.0
[INFO] [stderr]     Checking utf8-zero v0.8.1
[INFO] [stderr]     Checking console v0.16.4
[INFO] [stderr]     Checking getrandom v0.4.3
[INFO] [stderr]    Compiling ring v0.17.14
[INFO] [stderr]    Compiling libsqlite3-sys v0.38.1
[INFO] [stderr]     Checking flate2 v1.1.9
[INFO] [stderr]     Checking zip v8.6.0
[INFO] [stderr]     Checking terminal_size v0.4.4
[INFO] [stderr]     Checking xattr v1.6.1
[INFO] [stderr]     Checking tempfile v3.27.0
[INFO] [stderr]     Checking tar v0.4.46
[INFO] [stderr]    Compiling thiserror-impl v2.0.19
[INFO] [stderr]    Compiling clap_derive v4.6.4
[INFO] [stderr]     Checking addr2line v0.25.1
[INFO] [stderr]    Compiling tokio-macros v2.7.0
[INFO] [stderr]    Compiling serde_derive v1.0.228
[INFO] [stderr]    Compiling miette-derive v7.6.0
[INFO] [stderr]     Checking thiserror v2.0.19
[INFO] [stderr]     Checking backtrace v0.3.76
[INFO] [stderr]     Checking tokio v1.53.1
[INFO] [stderr]     Checking clap v4.6.5
[INFO] [stderr]     Checking backtrace-ext v0.2.1
[INFO] [stderr]    Compiling rustls v0.23.45
[INFO] [stderr]     Checking miette v7.6.0
[INFO] [stderr]     Checking rustls-webpki v0.103.15
[INFO] [stderr]     Checking hekma-adapter-api v0.2.0
[INFO] [stderr]     Checking hekma-adapters-hermes v0.2.0
[INFO] [stderr]     Checking hyper v1.11.0
[INFO] [stderr]     Checking tokio-rustls v0.26.5
[INFO] [stderr]     Checking ureq v3.3.0
[INFO] [stderr]     Checking hyper-util v0.1.20
[INFO] [stderr]     Checking hyper-rustls v0.27.9
[INFO] [stderr]     Checking rusqlite v0.40.1
[INFO] [stderr]     Checking hekma-engine v0.4.0
[INFO] [stderr]     Checking hekma v0.9.0 (/opt/rustwide/workdir)
[INFO] [stdout] error: couldn't read `/opt/rustwide/workdir/../../LICENSE`: No such file or directory (os error 2)
[INFO] [stdout]    --> src/lib.rs:767:23
[INFO] [stdout]     |
[INFO] [stdout] 767 |         let license = include_str!(concat!(env!("CARGO_MANIFEST_DIR"), "/../../LICENSE"));
[INFO] [stdout]     |                       ^^^^^^^^^^^^^^^^^^^^^^^^^^^^^^^^^^^^^^^^^^^^^^^^^^^^^^^^^^^^^^^^^^^
[INFO] [stdout] 
[INFO] [stdout] 
[INFO] [stdout] error[E0433]: cannot find module or crate `hekma_conformance` in this scope
[INFO] [stdout]   --> tests/agent_cli.rs:12:5
[INFO] [stdout]    |
[INFO] [stdout] 12 | use hekma_conformance::test_support::{current_os_key, ManifestFixture};
[INFO] [stdout]    |     ^^^^^^^^^^^^^^^^^ use of unresolved module or unlinked crate `hekma_conformance`
[INFO] [stdout]    |
[INFO] [stdout]    = help: if you wanted to use a crate named `hekma_conformance`, use `cargo add hekma_conformance` to add it to your `Cargo.toml`
[INFO] [stdout] 
[INFO] [stdout] 
[INFO] [stdout] error[E0432]: unresolved import `hekma_conformance`
[INFO] [stdout]   --> tests/agent_cli.rs:13:5
[INFO] [stdout]    |
[INFO] [stdout] 13 | use hekma_conformance::uj3;
[INFO] [stdout]    |     ^^^^^^^^^^^^^^^^^ use of unresolved module or unlinked crate `hekma_conformance`
[INFO] [stdout]    |
[INFO] [stdout]    = help: if you wanted to use a crate named `hekma_conformance`, use `cargo add hekma_conformance` to add it to your `Cargo.toml`
[INFO] [stdout] 
[INFO] [stdout] 
[INFO] [stdout] error[E0433]: cannot find module or crate `hekma_conformance` in this scope
[INFO] [stdout]     --> tests/agent_cli.rs:1079:15
[INFO] [stdout]      |
[INFO] [stdout] 1079 |     let bin = hekma_conformance::fake_agent_bin();
[INFO] [stdout]      |               ^^^^^^^^^^^^^^^^^ use of unresolved module or unlinked crate `hekma_conformance`
[INFO] [stdout]      |
[INFO] [stdout]      = help: if you wanted to use a crate named `hekma_conformance`, use `cargo add hekma_conformance` to add it to your `Cargo.toml`
[INFO] [stdout] 
[INFO] [stdout] 
[INFO] [stdout] error[E0433]: cannot find module or crate `hekma_conformance` in this scope
[INFO] [stdout]     --> tests/agent_cli.rs:2253:15
[INFO] [stdout]      |
[INFO] [stdout] 2253 |     let bin = hekma_conformance::fake_agent_bin();
[INFO] [stdout]      |               ^^^^^^^^^^^^^^^^^ use of unresolved module or unlinked crate `hekma_conformance`
[INFO] [stdout]      |
[INFO] [stdout]      = help: if you wanted to use a crate named `hekma_conformance`, use `cargo add hekma_conformance` to add it to your `Cargo.toml`
[INFO] [stdout] 
[INFO] [stdout] 
[INFO] [stderr] error: could not compile `hekma` (lib test) due to 1 previous error
[INFO] [stderr] warning: build failed, waiting for other jobs to finish...
[INFO] [stdout] Some errors have detailed explanations: E0432, E0433.
[INFO] [stdout] 
[INFO] [stdout] For more information about an error, try `rustc --explain E0432`.
[INFO] [stdout] 
[INFO] [stderr] error: could not compile `hekma` (test "agent_cli") due to 4 previous errors
[INFO] running `Command { std: "docker" "inspect" "e22153a7bef9329353fdec2192b64e614f96da10737dee47860fd5b6a3689089", kill_on_drop: false }`
[INFO] running `Command { std: "docker" "rm" "-f" "e22153a7bef9329353fdec2192b64e614f96da10737dee47860fd5b6a3689089", kill_on_drop: false }`
[INFO] [stdout] e22153a7bef9329353fdec2192b64e614f96da10737dee47860fd5b6a3689089
