[INFO] fetching crate hatchet-client 0.1.0...
[INFO] checking hatchet-client-0.1.0 against 3154cc1a3e6424e44f438a95007d043ed5ceaaf6 for pr-133502-30
[INFO] extracting crate hatchet-client 0.1.0 into /workspace/builds/worker-5-tc2/source
[INFO] started tweaking crates.io crate hatchet-client 0.1.0
[INFO] removed 0 missing examples
[INFO] finished tweaking crates.io crate hatchet-client 0.1.0
[INFO] tweaked toml for crates.io crate hatchet-client 0.1.0 written to /workspace/builds/worker-5-tc2/source/Cargo.toml
[INFO] validating manifest of crates.io crate hatchet-client 0.1.0 on toolchain 3154cc1a3e6424e44f438a95007d043ed5ceaaf6
[INFO] running `Command { std: CARGO_HOME="/workspace/cargo-home" RUSTUP_HOME="/workspace/rustup-home" "/workspace/cargo-home/bin/cargo" "+3154cc1a3e6424e44f438a95007d043ed5ceaaf6" "metadata" "--manifest-path" "Cargo.toml" "--no-deps", kill_on_drop: false }`
[INFO] crate crates.io crate hatchet-client 0.1.0 already has a lockfile, it will not be regenerated
[INFO] running `Command { std: CARGO_HOME="/workspace/cargo-home" RUSTUP_HOME="/workspace/rustup-home" "/workspace/cargo-home/bin/cargo" "+3154cc1a3e6424e44f438a95007d043ed5ceaaf6" "fetch" "--manifest-path" "Cargo.toml", kill_on_drop: false }`
[INFO] [stderr] warning: `package.homepage` is redundant with `package.repository`
[INFO] [stderr]    --> Cargo.toml:153:12
[INFO] [stderr]     |
[INFO] [stderr] 153 | homepage = "https://github.com/moreal/hatchet-rs"
[INFO] [stderr]     |            ^^^^^^^^^^^^^^^^^^^^^^^^^^^^^^^^^^^^^^
[INFO] [stderr] ...
[INFO] [stderr] 158 | repository = "https://github.com/moreal/hatchet-rs"
[INFO] [stderr]     |              --------------------------------------
[INFO] [stderr]     |
[INFO] [stderr]     = note: `cargo::redundant_homepage` is set to `warn` by default
[INFO] [stderr] help: consider removing `package.homepage`
[INFO] [stderr] warning: `hatchet-client` (manifest) generated 1 warning
[INFO] running `Command { std: "docker" "create" "-v" "/var/lib/crater-agent-workspace/builds/worker-5-tc2/source:/opt/rustwide/workdir:ro,Z" "-v" "/var/lib/crater-agent-workspace/builds/worker-5-tc2/target:/opt/rustwide/target:rw,Z" "-v" "/var/lib/crater-agent-workspace/cargo-home:/opt/rustwide/cargo-home:ro,Z" "-v" "/var/lib/crater-agent-workspace/rustup-home:/opt/rustwide/rustup-home:ro,Z" "-m" "1610612736" "--network" "none" "ghcr.io/rust-lang/crates-build-env/linux@sha256:77db811e55d90add9212f6832c23229e3de5f1c1f9905e8cb07319ea15df73ac" "sleep" "infinity", kill_on_drop: false }`
[INFO] [stdout] b57d76a3a2394c6096c06b4d05ffcf35f0813fd343019414ddfd835b67dca294
[INFO] running `Command { std: "docker" "start" "b57d76a3a2394c6096c06b4d05ffcf35f0813fd343019414ddfd835b67dca294", kill_on_drop: false }`
[INFO] running `Command { std: "docker" "inspect" "b57d76a3a2394c6096c06b4d05ffcf35f0813fd343019414ddfd835b67dca294", kill_on_drop: false }`
[INFO] running `Command { std: "docker" "exec" "-e" "SOURCE_DIR=/opt/rustwide/workdir" "-e" "CARGO_HOME=/opt/rustwide/cargo-home" "-e" "RUSTUP_HOME=/opt/rustwide/rustup-home" "-e" "CARGO_TARGET_DIR=/opt/rustwide/target" "-w" "/opt/rustwide/workdir" "--user" "0:0" "b57d76a3a2394c6096c06b4d05ffcf35f0813fd343019414ddfd835b67dca294" "/opt/rustwide/cargo-home/bin/cargo" "+3154cc1a3e6424e44f438a95007d043ed5ceaaf6" "metadata" "--no-deps" "--format-version=1", kill_on_drop: false }`
[INFO] running `Command { std: "docker" "inspect" "b57d76a3a2394c6096c06b4d05ffcf35f0813fd343019414ddfd835b67dca294", kill_on_drop: false }`
[INFO] running `Command { std: "docker" "exec" "-e" "SOURCE_DIR=/opt/rustwide/workdir" "-e" "CARGO_HOME=/opt/rustwide/cargo-home" "-e" "RUSTUP_HOME=/opt/rustwide/rustup-home" "-e" "CARGO_TARGET_DIR=/opt/rustwide/target" "-e" "CARGO_INCREMENTAL=0" "-e" "RUST_BACKTRACE=full" "-e" "RUSTFLAGS=--cap-lints=forbid" "-e" "RUSTDOCFLAGS=--cap-lints=forbid" "-w" "/opt/rustwide/workdir" "--user" "0:0" "b57d76a3a2394c6096c06b4d05ffcf35f0813fd343019414ddfd835b67dca294" "/opt/rustwide/cargo-home/bin/cargo" "+3154cc1a3e6424e44f438a95007d043ed5ceaaf6" "check" "--frozen" "--all" "--all-targets" "--message-format=json", kill_on_drop: false }`
[INFO] [stderr] warning: `package.homepage` is redundant with `package.repository`
[INFO] [stderr]    --> Cargo.toml:153:12
[INFO] [stderr]     |
[INFO] [stderr] 153 | homepage = "https://github.com/moreal/hatchet-rs"
[INFO] [stderr]     |            ^^^^^^^^^^^^^^^^^^^^^^^^^^^^^^^^^^^^^^
[INFO] [stderr] ...
[INFO] [stderr] 158 | repository = "https://github.com/moreal/hatchet-rs"
[INFO] [stderr]     |              --------------------------------------
[INFO] [stderr]     |
[INFO] [stderr]     = note: `cargo::redundant_homepage` is set to `warn` by default
[INFO] [stderr] help: consider removing `package.homepage`
[INFO] [stderr] warning: `hatchet-client` (manifest) generated 1 warning
[INFO] [stderr]    Compiling find-msvc-tools v0.1.13
[INFO] [stderr]     Checking smallvec v1.16.1
[INFO] [stderr]    Compiling anyhow v1.0.104
[INFO] [stderr]    Compiling rustls v0.23.45
[INFO] [stderr]    Compiling crc32fast v1.5.2
[INFO] [stderr]    Compiling zerocopy v0.8.57
[INFO] [stderr]    Compiling syn v3.0.6
[INFO] [stderr]    Compiling syn v2.0.119
[INFO] [stderr]     Checking getrandom v0.2.17
[INFO] [stderr]    Compiling either v1.18.0
[INFO] [stderr]     Checking simd-adler32 v0.3.10
[INFO] [stderr]     Checking getrandom v0.3.4
[INFO] [stderr]     Checking rustls-native-certs v0.8.4
[INFO] [stderr]     Checking sharded-slab v0.1.7
[INFO] [stderr]     Checking serde_json v1.0.151
[INFO] [stderr]    Compiling cc v1.4.7
[INFO] [stderr]     Checking miniz_oxide v0.9.1
[INFO] [stderr]     Checking rand_core v0.9.5
[INFO] [stderr]    Compiling itertools v0.14.0
[INFO] [stderr]     Checking tracing-subscriber v0.3.23
[INFO] [stderr]     Checking flate2 v1.1.10
[INFO] [stderr]    Compiling ring v0.17.14
[INFO] [stderr]    Compiling tokio-macros v2.7.2
[INFO] [stderr]    Compiling futures-macro v0.3.34
[INFO] [stderr]    Compiling thiserror-impl v2.0.20
[INFO] [stderr]    Compiling async-trait v0.1.92
[INFO] [stderr]    Compiling serde_derive v1.0.229
[INFO] [stderr]     Checking tokio v1.53.1
[INFO] [stderr]     Checking futures-util v0.3.34
[INFO] [stderr]    Compiling tracing-attributes v0.1.31
[INFO] [stderr]    Compiling pin-project-internal v1.1.13
[INFO] [stderr]    Compiling prost-derive v0.14.4
[INFO] [stderr]     Checking thiserror v2.0.20
[INFO] [stderr]     Checking opentelemetry v0.32.0
[INFO] [stderr]     Checking ppv-lite86 v0.2.21
[INFO] [stderr]     Checking tracing v0.1.44
[INFO] [stderr]     Checking rustls-webpki v0.103.15
[INFO] [stderr]     Checking pin-project v1.1.13
[INFO] [stderr]     Checking rand_chacha v0.9.0
[INFO] [stderr]     Checking tracing-opentelemetry v0.33.0
[INFO] [stderr]     Checking rand v0.9.5
[INFO] [stderr]     Checking prost v0.14.4
[INFO] [stderr]     Checking serde v1.0.229
[INFO] [stderr]     Checking prost-types v0.14.4
[INFO] [stderr]     Checking futures-executor v0.3.34
[INFO] [stderr]     Checking tokio-util v0.7.19
[INFO] [stderr]     Checking tokio-stream v0.1.19
[INFO] [stderr]     Checking opentelemetry_sdk v0.32.1
[INFO] [stderr]     Checking h2 v0.4.19
[INFO] [stderr]     Checking tower v0.5.3
[INFO] [stderr]     Checking tokio-rustls v0.26.5
[INFO] [stderr]     Checking hyper v1.11.1
[INFO] [stderr]     Checking hyper-util v0.1.20
[INFO] [stderr]     Checking hyper-timeout v0.5.2
[INFO] [stderr]     Checking tonic v0.14.6
[INFO] [stderr]     Checking tonic-prost v0.14.6
[INFO] [stderr]     Checking hatchet-proto v0.1.0
[INFO] [stderr]     Checking hatchet-client v0.1.0 (/opt/rustwide/workdir)
[INFO] [stdout] error[E0432]: unresolved import `hatchet_testkit`
[INFO] [stdout]     --> src/durable/stream.rs:1440:9
[INFO] [stdout]      |
[INFO] [stdout] 1440 |     use hatchet_testkit::MockEngine;
[INFO] [stdout]      |         ^^^^^^^^^^^^^^^ use of unresolved module or unlinked crate `hatchet_testkit`
[INFO] [stdout]      |
[INFO] [stdout]      = help: if you wanted to use a crate named `hatchet_testkit`, use `cargo add hatchet_testkit` to add it to your `Cargo.toml`
[INFO] [stdout] 
[INFO] [stdout] 
[INFO] [stdout] error[E0432]: unresolved import `hatchet_testkit`
[INFO] [stdout]     --> src/worker/mod.rs:1039:9
[INFO] [stdout]      |
[INFO] [stdout] 1039 |     use hatchet_testkit::MockEngine;
[INFO] [stdout]      |         ^^^^^^^^^^^^^^^ use of unresolved module or unlinked crate `hatchet_testkit`
[INFO] [stdout]      |
[INFO] [stdout]      = help: if you wanted to use a crate named `hatchet_testkit`, use `cargo add hatchet_testkit` to add it to your `Cargo.toml`
[INFO] [stdout] 
[INFO] [stdout] 
[INFO] [stdout] error[E0433]: cannot find module or crate `hatchet_testkit` in this scope
[INFO] [stdout]     --> src/durable/stream.rs:2253:22
[INFO] [stdout]      |
[INFO] [stdout] 2253 |         let _clock = hatchet_testkit::pin_paused_clock();
[INFO] [stdout]      |                      ^^^^^^^^^^^^^^^ use of unresolved module or unlinked crate `hatchet_testkit`
[INFO] [stdout]      |
[INFO] [stdout]      = help: if you wanted to use a crate named `hatchet_testkit`, use `cargo add hatchet_testkit` to add it to your `Cargo.toml`
[INFO] [stdout] 
[INFO] [stdout] 
[INFO] [stdout] Some errors have detailed explanations: E0432, E0433.
[INFO] [stdout] 
[INFO] [stdout] For more information about an error, try `rustc --explain E0432`.
[INFO] [stdout] 
[INFO] [stderr] error: could not compile `hatchet-client` (lib test) due to 3 previous errors
[INFO] running `Command { std: "docker" "inspect" "b57d76a3a2394c6096c06b4d05ffcf35f0813fd343019414ddfd835b67dca294", kill_on_drop: false }`
[INFO] running `Command { std: "docker" "rm" "-f" "b57d76a3a2394c6096c06b4d05ffcf35f0813fd343019414ddfd835b67dca294", kill_on_drop: false }`
[INFO] [stdout] b57d76a3a2394c6096c06b4d05ffcf35f0813fd343019414ddfd835b67dca294
