[INFO] fetching crate harness-rs-tools 0.0.65...
[INFO] checking harness-rs-tools-0.0.65 against 3154cc1a3e6424e44f438a95007d043ed5ceaaf6+rustflags=-Znext-solver=coherence for pr-133502-30
[INFO] extracting crate harness-rs-tools 0.0.65 into /workspace/builds/worker-0-tc1/source
[INFO] started tweaking crates.io crate harness-rs-tools 0.0.65
[INFO] removed 0 missing tests
[INFO] finished tweaking crates.io crate harness-rs-tools 0.0.65
[INFO] tweaked toml for crates.io crate harness-rs-tools 0.0.65 written to /workspace/builds/worker-0-tc1/source/Cargo.toml
[INFO] validating manifest of crates.io crate harness-rs-tools 0.0.65 on toolchain 3154cc1a3e6424e44f438a95007d043ed5ceaaf6
[INFO] running `Command { std: CARGO_HOME="/workspace/cargo-home" RUSTUP_HOME="/workspace/rustup-home" "/workspace/cargo-home/bin/cargo" "+3154cc1a3e6424e44f438a95007d043ed5ceaaf6" "metadata" "--manifest-path" "Cargo.toml" "--no-deps", kill_on_drop: false }`
[INFO] crate crates.io crate harness-rs-tools 0.0.65 already has a lockfile, it will not be regenerated
[INFO] running `Command { std: CARGO_HOME="/workspace/cargo-home" RUSTUP_HOME="/workspace/rustup-home" "/workspace/cargo-home/bin/cargo" "+3154cc1a3e6424e44f438a95007d043ed5ceaaf6" "fetch" "--manifest-path" "Cargo.toml", kill_on_drop: false }`
[INFO] [stderr]     Updating crates.io index
[INFO] [stderr]  Downloading crates ...
[INFO] [stderr]   Downloaded cap-std v3.4.5
[INFO] [stderr]   Downloaded io-extras v0.18.4
[INFO] [stderr]   Downloaded cap-primitives v3.4.5
[INFO] [stderr]   Downloaded harness-rs-core v0.0.65
[INFO] [stderr]   Downloaded harness-rs-context v0.0.65
[INFO] running `Command { std: "docker" "create" "-v" "/var/lib/crater-agent-workspace/builds/worker-0-tc1/source:/opt/rustwide/workdir:ro,Z" "-v" "/var/lib/crater-agent-workspace/builds/worker-0-tc1/target:/opt/rustwide/target:rw,Z" "-v" "/var/lib/crater-agent-workspace/cargo-home:/opt/rustwide/cargo-home:ro,Z" "-v" "/var/lib/crater-agent-workspace/rustup-home:/opt/rustwide/rustup-home:ro,Z" "-m" "1610612736" "--network" "none" "ghcr.io/rust-lang/crates-build-env/linux@sha256:77db811e55d90add9212f6832c23229e3de5f1c1f9905e8cb07319ea15df73ac" "sleep" "infinity", kill_on_drop: false }`
[INFO] [stdout] 31d1676c2fe00bcb11415bb3dbd81fab82342699a262959027a677fb06aae279
[INFO] running `Command { std: "docker" "start" "31d1676c2fe00bcb11415bb3dbd81fab82342699a262959027a677fb06aae279", kill_on_drop: false }`
[INFO] running `Command { std: "docker" "inspect" "31d1676c2fe00bcb11415bb3dbd81fab82342699a262959027a677fb06aae279", kill_on_drop: false }`
[INFO] running `Command { std: "docker" "exec" "-e" "SOURCE_DIR=/opt/rustwide/workdir" "-e" "CARGO_HOME=/opt/rustwide/cargo-home" "-e" "RUSTUP_HOME=/opt/rustwide/rustup-home" "-e" "CARGO_TARGET_DIR=/opt/rustwide/target" "-w" "/opt/rustwide/workdir" "--user" "0:0" "31d1676c2fe00bcb11415bb3dbd81fab82342699a262959027a677fb06aae279" "/opt/rustwide/cargo-home/bin/cargo" "+3154cc1a3e6424e44f438a95007d043ed5ceaaf6" "metadata" "--no-deps" "--format-version=1", kill_on_drop: false }`
[INFO] running `Command { std: "docker" "inspect" "31d1676c2fe00bcb11415bb3dbd81fab82342699a262959027a677fb06aae279", kill_on_drop: false }`
[INFO] running `Command { std: "docker" "exec" "-e" "SOURCE_DIR=/opt/rustwide/workdir" "-e" "CARGO_HOME=/opt/rustwide/cargo-home" "-e" "RUSTUP_HOME=/opt/rustwide/rustup-home" "-e" "CARGO_TARGET_DIR=/opt/rustwide/target" "-e" "CARGO_INCREMENTAL=0" "-e" "RUST_BACKTRACE=full" "-e" "RUSTFLAGS=--cap-lints=forbid -Znext-solver=coherence" "-e" "RUSTDOCFLAGS=--cap-lints=forbid" "-w" "/opt/rustwide/workdir" "--user" "0:0" "31d1676c2fe00bcb11415bb3dbd81fab82342699a262959027a677fb06aae279" "/opt/rustwide/cargo-home/bin/cargo" "+3154cc1a3e6424e44f438a95007d043ed5ceaaf6" "check" "--frozen" "--all" "--all-targets" "--message-format=json", kill_on_drop: false }`
[INFO] [stderr]    Compiling io-lifetimes v2.0.4
[INFO] [stderr]     Checking futures-sink v0.3.32
[INFO] [stderr]    Compiling rustix v1.1.4
[INFO] [stderr]     Checking futures-core v0.3.32
[INFO] [stderr]     Checking linux-raw-sys v0.12.1
[INFO] [stderr]    Compiling io-extras v0.18.4
[INFO] [stderr]    Compiling syn v2.0.117
[INFO] [stderr]    Compiling syn v3.0.4
[INFO] [stderr]     Checking regex-automata v0.4.14
[INFO] [stderr]    Compiling cap-primitives v3.4.5
[INFO] [stderr]     Checking serde_json v1.0.149
[INFO] [stderr]     Checking socket2 v0.6.3
[INFO] [stderr]     Checking mio v1.2.0
[INFO] [stderr]    Compiling num-traits v0.2.19
[INFO] [stderr]     Checking ambient-authority v0.0.2
[INFO] [stderr]     Checking maybe-owned v0.3.4
[INFO] [stderr]    Compiling cap-std v3.4.5
[INFO] [stderr]     Checking futures-channel v0.3.32
[INFO] [stderr]     Checking uuid v1.23.1
[INFO] [stderr]     Checking regex v1.12.3
[INFO] [stderr]    Compiling thiserror-impl v2.0.20
[INFO] [stderr]     Checking rustix-linux-procfs v0.1.1
[INFO] [stderr]     Checking fs-set-times v0.20.3
[INFO] [stderr]     Checking thiserror v2.0.20
[INFO] [stderr]    Compiling futures-macro v0.3.32
[INFO] [stderr]    Compiling serde_derive v1.0.228
[INFO] [stderr]    Compiling tracing-attributes v0.1.31
[INFO] [stderr]    Compiling tokio-macros v2.7.0
[INFO] [stderr]    Compiling async-trait v0.1.89
[INFO] [stderr]     Checking tokio v1.52.3
[INFO] [stderr]     Checking futures-util v0.3.32
[INFO] [stderr]     Checking tracing v0.1.44
[INFO] [stderr]     Checking serde v1.0.228
[INFO] [stderr]     Checking serde_yaml v0.9.34+deprecated
[INFO] [stderr]     Checking chrono v0.4.44
[INFO] [stderr]     Checking futures-executor v0.3.32
[INFO] [stderr]     Checking futures v0.3.32
[INFO] [stderr]     Checking harness-rs-core v0.0.65
[INFO] [stderr]     Checking harness-rs-context v0.0.65
[INFO] [stderr]     Checking harness-rs-tools v0.0.65 (/opt/rustwide/workdir)
[INFO] [stdout] error[E0433]: cannot find module or crate `harness_memory` in this scope
[INFO] [stdout]    --> src/recall/guide.rs:168:9
[INFO] [stdout]     |
[INFO] [stdout] 168 |     use harness_memory::sqlite::SqliteRecall;
[INFO] [stdout]     |         ^^^^^^^^^^^^^^ use of unresolved module or unlinked crate `harness_memory`
[INFO] [stdout]     |
[INFO] [stdout] help: there is a crate or module with a similar name
[INFO] [stdout]     |
[INFO] [stdout] 168 -     use harness_memory::sqlite::SqliteRecall;
[INFO] [stdout] 168 +     use harness_core::sqlite::SqliteRecall;
[INFO] [stdout]     |
[INFO] [stdout] 
[INFO] [stdout] 
[INFO] [stdout] error[E0433]: cannot find module or crate `harness_memory` in this scope
[INFO] [stdout]    --> src/recall/mod.rs:513:9
[INFO] [stdout]     |
[INFO] [stdout] 513 |     use harness_memory::sqlite::SqliteRecall;
[INFO] [stdout]     |         ^^^^^^^^^^^^^^ use of unresolved module or unlinked crate `harness_memory`
[INFO] [stdout]     |
[INFO] [stdout] help: there is a crate or module with a similar name
[INFO] [stdout]     |
[INFO] [stdout] 513 -     use harness_memory::sqlite::SqliteRecall;
[INFO] [stdout] 513 +     use harness_core::sqlite::SqliteRecall;
[INFO] [stdout]     |
[INFO] [stdout] 
[INFO] [stdout] 
[INFO] [stdout] error[E0432]: unresolved import `tempfile`
[INFO] [stdout]    --> src/tasks.rs:547:9
[INFO] [stdout]     |
[INFO] [stdout] 547 |     use tempfile::tempdir;
[INFO] [stdout]     |         ^^^^^^^^ use of unresolved module or unlinked crate `tempfile`
[INFO] [stdout]     |
[INFO] [stdout]     = help: if you wanted to use a crate named `tempfile`, use `cargo add tempfile` to add it to your `Cargo.toml`
[INFO] [stdout] 
[INFO] [stdout] 
[INFO] [stdout] Some errors have detailed explanations: E0432, E0433.
[INFO] [stdout] 
[INFO] [stdout] For more information about an error, try `rustc --explain E0432`.
[INFO] [stdout] 
[INFO] [stderr] error: could not compile `harness-rs-tools` (lib test) due to 3 previous errors
[INFO] running `Command { std: "docker" "inspect" "31d1676c2fe00bcb11415bb3dbd81fab82342699a262959027a677fb06aae279", kill_on_drop: false }`
[INFO] running `Command { std: "docker" "rm" "-f" "31d1676c2fe00bcb11415bb3dbd81fab82342699a262959027a677fb06aae279", kill_on_drop: false }`
[INFO] [stdout] 31d1676c2fe00bcb11415bb3dbd81fab82342699a262959027a677fb06aae279
