[INFO] fetching crate harness-rs-tools-recall 0.0.59...
[INFO] checking harness-rs-tools-recall-0.0.59 against 3154cc1a3e6424e44f438a95007d043ed5ceaaf6+rustflags=-Znext-solver=coherence for pr-133502-30
[INFO] extracting crate harness-rs-tools-recall 0.0.59 into /workspace/builds/worker-4-tc1/source
[INFO] started tweaking crates.io crate harness-rs-tools-recall 0.0.59
[INFO] finished tweaking crates.io crate harness-rs-tools-recall 0.0.59
[INFO] tweaked toml for crates.io crate harness-rs-tools-recall 0.0.59 written to /workspace/builds/worker-4-tc1/source/Cargo.toml
[INFO] validating manifest of crates.io crate harness-rs-tools-recall 0.0.59 on toolchain 3154cc1a3e6424e44f438a95007d043ed5ceaaf6
[INFO] running `Command { std: CARGO_HOME="/workspace/cargo-home" RUSTUP_HOME="/workspace/rustup-home" "/workspace/cargo-home/bin/cargo" "+3154cc1a3e6424e44f438a95007d043ed5ceaaf6" "metadata" "--manifest-path" "Cargo.toml" "--no-deps", kill_on_drop: false }`
[INFO] crate crates.io crate harness-rs-tools-recall 0.0.59 already has a lockfile, it will not be regenerated
[INFO] running `Command { std: CARGO_HOME="/workspace/cargo-home" RUSTUP_HOME="/workspace/rustup-home" "/workspace/cargo-home/bin/cargo" "+3154cc1a3e6424e44f438a95007d043ed5ceaaf6" "fetch" "--manifest-path" "Cargo.toml", kill_on_drop: false }`
[INFO] [stderr]     Updating crates.io index
[INFO] [stderr]  Downloading crates ...
[INFO] [stderr]   Downloaded harness-rs-core v0.0.59
[INFO] running `Command { std: "docker" "create" "-v" "/var/lib/crater-agent-workspace/builds/worker-4-tc1/source:/opt/rustwide/workdir:ro,Z" "-v" "/var/lib/crater-agent-workspace/builds/worker-4-tc1/target:/opt/rustwide/target:rw,Z" "-v" "/var/lib/crater-agent-workspace/cargo-home:/opt/rustwide/cargo-home:ro,Z" "-v" "/var/lib/crater-agent-workspace/rustup-home:/opt/rustwide/rustup-home:ro,Z" "-m" "1610612736" "--network" "none" "ghcr.io/rust-lang/crates-build-env/linux@sha256:77db811e55d90add9212f6832c23229e3de5f1c1f9905e8cb07319ea15df73ac" "sleep" "infinity", kill_on_drop: false }`
[INFO] [stdout] 25b25daf75aba6efa0e57944f533328af184fd6477ead542ed71ffde061a9ecb
[INFO] running `Command { std: "docker" "start" "25b25daf75aba6efa0e57944f533328af184fd6477ead542ed71ffde061a9ecb", kill_on_drop: false }`
[INFO] running `Command { std: "docker" "inspect" "25b25daf75aba6efa0e57944f533328af184fd6477ead542ed71ffde061a9ecb", kill_on_drop: false }`
[INFO] running `Command { std: "docker" "exec" "-e" "SOURCE_DIR=/opt/rustwide/workdir" "-e" "CARGO_HOME=/opt/rustwide/cargo-home" "-e" "RUSTUP_HOME=/opt/rustwide/rustup-home" "-e" "CARGO_TARGET_DIR=/opt/rustwide/target" "-w" "/opt/rustwide/workdir" "--user" "0:0" "25b25daf75aba6efa0e57944f533328af184fd6477ead542ed71ffde061a9ecb" "/opt/rustwide/cargo-home/bin/cargo" "+3154cc1a3e6424e44f438a95007d043ed5ceaaf6" "metadata" "--no-deps" "--format-version=1", kill_on_drop: false }`
[INFO] running `Command { std: "docker" "inspect" "25b25daf75aba6efa0e57944f533328af184fd6477ead542ed71ffde061a9ecb", kill_on_drop: false }`
[INFO] running `Command { std: "docker" "exec" "-e" "SOURCE_DIR=/opt/rustwide/workdir" "-e" "CARGO_HOME=/opt/rustwide/cargo-home" "-e" "RUSTUP_HOME=/opt/rustwide/rustup-home" "-e" "CARGO_TARGET_DIR=/opt/rustwide/target" "-e" "CARGO_INCREMENTAL=0" "-e" "RUST_BACKTRACE=full" "-e" "RUSTFLAGS=--cap-lints=forbid -Znext-solver=coherence" "-e" "RUSTDOCFLAGS=--cap-lints=forbid" "-w" "/opt/rustwide/workdir" "--user" "0:0" "25b25daf75aba6efa0e57944f533328af184fd6477ead542ed71ffde061a9ecb" "/opt/rustwide/cargo-home/bin/cargo" "+3154cc1a3e6424e44f438a95007d043ed5ceaaf6" "check" "--frozen" "--all" "--all-targets" "--message-format=json", kill_on_drop: false }`
[INFO] [stderr]     Checking futures-core v0.3.32
[INFO] [stderr]     Checking futures-sink v0.3.32
[INFO] [stderr]    Compiling serde_json v1.0.149
[INFO] [stderr]     Checking inventory v0.3.24
[INFO] [stderr]    Compiling syn v2.0.117
[INFO] [stderr]     Checking futures-channel v0.3.32
[INFO] [stderr]    Compiling futures-macro v0.3.32
[INFO] [stderr]    Compiling thiserror-impl v2.0.18
[INFO] [stderr]    Compiling serde_derive v1.0.228
[INFO] [stderr]    Compiling tracing-attributes v0.1.31
[INFO] [stderr]    Compiling async-trait v0.1.89
[INFO] [stderr]     Checking futures-util v0.3.32
[INFO] [stderr]     Checking tracing v0.1.44
[INFO] [stderr]     Checking thiserror v2.0.18
[INFO] [stderr]     Checking serde v1.0.228
[INFO] [stderr]     Checking futures-executor v0.3.32
[INFO] [stderr]     Checking futures v0.3.32
[INFO] [stderr]     Checking harness-rs-core v0.0.59
[INFO] [stderr]     Checking harness-rs-tools-recall v0.0.59 (/opt/rustwide/workdir)
[INFO] [stdout] error[E0432]: unresolved import `harness_context`
[INFO] [stdout]    --> src/guide.rs:166:9
[INFO] [stdout]     |
[INFO] [stdout] 166 |     use harness_context::default_world;
[INFO] [stdout]     |         ^^^^^^^^^^^^^^^ use of unresolved module or unlinked crate `harness_context`
[INFO] [stdout]     |
[INFO] [stdout] help: there is a crate or module with a similar name
[INFO] [stdout]     |
[INFO] [stdout] 166 -     use harness_context::default_world;
[INFO] [stdout] 166 +     use harness_core::default_world;
[INFO] [stdout]     |
[INFO] [stdout] 
[INFO] [stdout] 
[INFO] [stdout] error[E0432]: unresolved import `harness_recall_sqlite`
[INFO] [stdout]    --> src/guide.rs:168:9
[INFO] [stdout]     |
[INFO] [stdout] 168 |     use harness_recall_sqlite::SqliteRecall;
[INFO] [stdout]     |         ^^^^^^^^^^^^^^^^^^^^^ use of unresolved module or unlinked crate `harness_recall_sqlite`
[INFO] [stdout]     |
[INFO] [stdout]     = help: if you wanted to use a crate named `harness_recall_sqlite`, use `cargo add harness_recall_sqlite` to add it to your `Cargo.toml`
[INFO] [stdout] 
[INFO] [stdout] 
[INFO] [stdout] error[E0432]: unresolved import `harness_context`
[INFO] [stdout]    --> src/lib.rs:511:9
[INFO] [stdout]     |
[INFO] [stdout] 511 |     use harness_context::default_world;
[INFO] [stdout]     |         ^^^^^^^^^^^^^^^ use of unresolved module or unlinked crate `harness_context`
[INFO] [stdout]     |
[INFO] [stdout] help: there is a crate or module with a similar name
[INFO] [stdout]     |
[INFO] [stdout] 511 -     use harness_context::default_world;
[INFO] [stdout] 511 +     use harness_core::default_world;
[INFO] [stdout]     |
[INFO] [stdout] 
[INFO] [stdout] 
[INFO] [stdout] error[E0432]: unresolved import `harness_recall_sqlite`
[INFO] [stdout]    --> src/lib.rs:513:9
[INFO] [stdout]     |
[INFO] [stdout] 513 |     use harness_recall_sqlite::SqliteRecall;
[INFO] [stdout]     |         ^^^^^^^^^^^^^^^^^^^^^ use of unresolved module or unlinked crate `harness_recall_sqlite`
[INFO] [stdout]     |
[INFO] [stdout]     = help: if you wanted to use a crate named `harness_recall_sqlite`, use `cargo add harness_recall_sqlite` to add it to your `Cargo.toml`
[INFO] [stdout] 
[INFO] [stdout] 
[INFO] [stdout] error[E0433]: cannot find module or crate `tokio` in this scope
[INFO] [stdout]    --> src/guide.rs:202:7
[INFO] [stdout]     |
[INFO] [stdout] 202 |     #[tokio::test]
[INFO] [stdout]     |       ^^^^^ use of unresolved module or unlinked crate `tokio`
[INFO] [stdout] 
[INFO] [stdout] 
[INFO] [stdout] error[E0433]: cannot find module or crate `tokio` in this scope
[INFO] [stdout]    --> src/guide.rs:222:7
[INFO] [stdout]     |
[INFO] [stdout] 222 |     #[tokio::test]
[INFO] [stdout]     |       ^^^^^ use of unresolved module or unlinked crate `tokio`
[INFO] [stdout] 
[INFO] [stdout] 
[INFO] [stdout] error[E0433]: cannot find module or crate `tokio` in this scope
[INFO] [stdout]    --> src/guide.rs:230:7
[INFO] [stdout]     |
[INFO] [stdout] 230 |     #[tokio::test]
[INFO] [stdout]     |       ^^^^^ use of unresolved module or unlinked crate `tokio`
[INFO] [stdout] 
[INFO] [stdout] 
[INFO] [stdout] error[E0433]: cannot find module or crate `tokio` in this scope
[INFO] [stdout]    --> src/lib.rs:540:7
[INFO] [stdout]     |
[INFO] [stdout] 540 |     #[tokio::test]
[INFO] [stdout]     |       ^^^^^ use of unresolved module or unlinked crate `tokio`
[INFO] [stdout] 
[INFO] [stdout] 
[INFO] [stdout] error[E0433]: cannot find module or crate `tokio` in this scope
[INFO] [stdout]    --> src/lib.rs:569:7
[INFO] [stdout]     |
[INFO] [stdout] 569 |     #[tokio::test]
[INFO] [stdout]     |       ^^^^^ use of unresolved module or unlinked crate `tokio`
[INFO] [stdout] 
[INFO] [stdout] 
[INFO] [stdout] error[E0433]: cannot find module or crate `tokio` in this scope
[INFO] [stdout]    --> src/lib.rs:596:7
[INFO] [stdout]     |
[INFO] [stdout] 596 |     #[tokio::test]
[INFO] [stdout]     |       ^^^^^ use of unresolved module or unlinked crate `tokio`
[INFO] [stdout] 
[INFO] [stdout] 
[INFO] [stdout] error[E0433]: cannot find module or crate `tokio` in this scope
[INFO] [stdout]    --> src/lib.rs:609:7
[INFO] [stdout]     |
[INFO] [stdout] 609 |     #[tokio::test]
[INFO] [stdout]     |       ^^^^^ use of unresolved module or unlinked crate `tokio`
[INFO] [stdout] 
[INFO] [stdout] 
[INFO] [stdout] error[E0433]: cannot find module or crate `tokio` in this scope
[INFO] [stdout]    --> src/lib.rs:651:7
[INFO] [stdout]     |
[INFO] [stdout] 651 |     #[tokio::test]
[INFO] [stdout]     |       ^^^^^ use of unresolved module or unlinked crate `tokio`
[INFO] [stdout] 
[INFO] [stdout] 
[INFO] [stdout] error[E0433]: cannot find module or crate `tokio` in this scope
[INFO] [stdout]    --> src/lib.rs:671:7
[INFO] [stdout]     |
[INFO] [stdout] 671 |     #[tokio::test]
[INFO] [stdout]     |       ^^^^^ use of unresolved module or unlinked crate `tokio`
[INFO] [stdout] 
[INFO] [stdout] 
[INFO] [stdout] error[E0433]: cannot find module or crate `tokio` in this scope
[INFO] [stdout]    --> src/lib.rs:713:7
[INFO] [stdout]     |
[INFO] [stdout] 713 |     #[tokio::test]
[INFO] [stdout]     |       ^^^^^ use of unresolved module or unlinked crate `tokio`
[INFO] [stdout] 
[INFO] [stdout] 
[INFO] [stdout] error[E0433]: cannot find module or crate `tokio` in this scope
[INFO] [stdout]    --> src/lib.rs:747:7
[INFO] [stdout]     |
[INFO] [stdout] 747 |     #[tokio::test]
[INFO] [stdout]     |       ^^^^^ use of unresolved module or unlinked crate `tokio`
[INFO] [stdout] 
[INFO] [stdout] 
[INFO] [stdout] error[E0433]: cannot find module or crate `tokio` in this scope
[INFO] [stdout]    --> src/lib.rs:761:7
[INFO] [stdout]     |
[INFO] [stdout] 761 |     #[tokio::test]
[INFO] [stdout]     |       ^^^^^ use of unresolved module or unlinked crate `tokio`
[INFO] [stdout] 
[INFO] [stdout] 
[INFO] [stdout] error[E0433]: cannot find module or crate `tokio` in this scope
[INFO] [stdout]    --> src/lib.rs:773:7
[INFO] [stdout]     |
[INFO] [stdout] 773 |     #[tokio::test]
[INFO] [stdout]     |       ^^^^^ use of unresolved module or unlinked crate `tokio`
[INFO] [stdout] 
[INFO] [stdout] 
[INFO] [stdout] error[E0433]: cannot find module or crate `tokio` in this scope
[INFO] [stdout]    --> src/lib.rs:781:7
[INFO] [stdout]     |
[INFO] [stdout] 781 |     #[tokio::test]
[INFO] [stdout]     |       ^^^^^ use of unresolved module or unlinked crate `tokio`
[INFO] [stdout] 
[INFO] [stdout] 
[INFO] [stdout] error[E0433]: cannot find module or crate `tokio` in this scope
[INFO] [stdout]    --> src/lib.rs:792:7
[INFO] [stdout]     |
[INFO] [stdout] 792 |     #[tokio::test]
[INFO] [stdout]     |       ^^^^^ use of unresolved module or unlinked crate `tokio`
[INFO] [stdout] 
[INFO] [stdout] 
[INFO] [stdout] error[E0432]: unresolved import `harness_context`
[INFO] [stdout]   --> benches/recall_guide.rs:26:5
[INFO] [stdout]    |
[INFO] [stdout] 26 | use harness_context::default_world;
[INFO] [stdout]    |     ^^^^^^^^^^^^^^^ use of unresolved module or unlinked crate `harness_context`
[INFO] [stdout]    |
[INFO] [stdout] help: there is a crate or module with a similar name
[INFO] [stdout]    |
[INFO] [stdout] 26 - use harness_context::default_world;
[INFO] [stdout] 26 + use harness_core::default_world;
[INFO] [stdout]    |
[INFO] [stdout] 
[INFO] [stdout] 
[INFO] [stdout] error[E0432]: unresolved import `harness_recall_sqlite`
[INFO] [stdout]   --> benches/recall_guide.rs:31:5
[INFO] [stdout]    |
[INFO] [stdout] 31 | use harness_recall_sqlite::SqliteRecall;
[INFO] [stdout]    |     ^^^^^^^^^^^^^^^^^^^^^ use of unresolved module or unlinked crate `harness_recall_sqlite`
[INFO] [stdout]    |
[INFO] [stdout]    = help: if you wanted to use a crate named `harness_recall_sqlite`, use `cargo add harness_recall_sqlite` to add it to your `Cargo.toml`
[INFO] [stdout] 
[INFO] [stdout] 
[INFO] [stdout] error[E0433]: cannot find module or crate `tokio` in this scope
[INFO] [stdout]   --> benches/recall_guide.rs:71:29
[INFO] [stdout]    |
[INFO] [stdout] 71 | fn bench_async<F, Fut>(rt: &tokio::runtime::Runtime, warmup: usize, iters: usize, mut f: F) -> Stats
[INFO] [stdout]    |                             ^^^^^ use of unresolved module or unlinked crate `tokio`
[INFO] [stdout]    |
[INFO] [stdout]    = help: if you wanted to use a crate named `tokio`, use `cargo add tokio` to add it to your `Cargo.toml`
[INFO] [stdout] 
[INFO] [stdout] 
[INFO] [stdout] error[E0433]: cannot find module or crate `tokio` in this scope
[INFO] [stdout]    --> benches/recall_guide.rs:265:14
[INFO] [stdout]     |
[INFO] [stdout] 265 |     let rt = tokio::runtime::Builder::new_current_thread()
[INFO] [stdout]     |              ^^^^^ use of unresolved module or unlinked crate `tokio`
[INFO] [stdout]     |
[INFO] [stdout]     = help: if you wanted to use a crate named `tokio`, use `cargo add tokio` to add it to your `Cargo.toml`
[INFO] [stdout] help: consider importing this struct
[INFO] [stdout]     |
[INFO] [stdout]  25 + use std::thread::Builder;
[INFO] [stdout]     |
[INFO] [stdout] help: if you import `Builder`, refer to it directly
[INFO] [stdout]     |
[INFO] [stdout] 265 -     let rt = tokio::runtime::Builder::new_current_thread()
[INFO] [stdout] 265 +     let rt = Builder::new_current_thread()
[INFO] [stdout]     |
[INFO] [stdout] 
[INFO] [stdout] 
[INFO] [stdout] Some errors have detailed explanations: E0432, E0433.
[INFO] [stdout] 
[INFO] [stdout] For more information about an error, try `rustc --explain E0432`.
[INFO] [stdout] 
[INFO] [stderr] error: could not compile `harness-rs-tools-recall` (lib test) due to 19 previous errors
[INFO] [stderr] warning: build failed, waiting for other jobs to finish...
[INFO] [stdout] Some errors have detailed explanations: E0432, E0433.
[INFO] [stdout] 
[INFO] [stdout] For more information about an error, try `rustc --explain E0432`.
[INFO] [stdout] 
[INFO] [stderr] error: could not compile `harness-rs-tools-recall` (bench "recall_guide") due to 4 previous errors
[INFO] running `Command { std: "docker" "inspect" "25b25daf75aba6efa0e57944f533328af184fd6477ead542ed71ffde061a9ecb", kill_on_drop: false }`
[INFO] running `Command { std: "docker" "rm" "-f" "25b25daf75aba6efa0e57944f533328af184fd6477ead542ed71ffde061a9ecb", kill_on_drop: false }`
[INFO] [stdout] 25b25daf75aba6efa0e57944f533328af184fd6477ead542ed71ffde061a9ecb
