[INFO] fetching crate harness-rs-macros 0.0.65...
[INFO] checking harness-rs-macros-0.0.65 against 3154cc1a3e6424e44f438a95007d043ed5ceaaf6 for pr-133502-30
[INFO] extracting crate harness-rs-macros 0.0.65 into /workspace/builds/worker-5-tc2/source
[INFO] started tweaking crates.io crate harness-rs-macros 0.0.65
[INFO] removed 0 missing tests
[INFO] finished tweaking crates.io crate harness-rs-macros 0.0.65
[INFO] tweaked toml for crates.io crate harness-rs-macros 0.0.65 written to /workspace/builds/worker-5-tc2/source/Cargo.toml
[INFO] validating manifest of crates.io crate harness-rs-macros 0.0.65 on toolchain 3154cc1a3e6424e44f438a95007d043ed5ceaaf6
[INFO] running `Command { std: CARGO_HOME="/workspace/cargo-home" RUSTUP_HOME="/workspace/rustup-home" "/workspace/cargo-home/bin/cargo" "+3154cc1a3e6424e44f438a95007d043ed5ceaaf6" "metadata" "--manifest-path" "Cargo.toml" "--no-deps", kill_on_drop: false }`
[INFO] crate crates.io crate harness-rs-macros 0.0.65 already has a lockfile, it will not be regenerated
[INFO] running `Command { std: CARGO_HOME="/workspace/cargo-home" RUSTUP_HOME="/workspace/rustup-home" "/workspace/cargo-home/bin/cargo" "+3154cc1a3e6424e44f438a95007d043ed5ceaaf6" "fetch" "--manifest-path" "Cargo.toml", kill_on_drop: false }`
[INFO] running `Command { std: "docker" "create" "-v" "/var/lib/crater-agent-workspace/builds/worker-5-tc2/source:/opt/rustwide/workdir:ro,Z" "-v" "/var/lib/crater-agent-workspace/builds/worker-5-tc2/target:/opt/rustwide/target:rw,Z" "-v" "/var/lib/crater-agent-workspace/cargo-home:/opt/rustwide/cargo-home:ro,Z" "-v" "/var/lib/crater-agent-workspace/rustup-home:/opt/rustwide/rustup-home:ro,Z" "-m" "1610612736" "--network" "none" "ghcr.io/rust-lang/crates-build-env/linux@sha256:77db811e55d90add9212f6832c23229e3de5f1c1f9905e8cb07319ea15df73ac" "sleep" "infinity", kill_on_drop: false }`
[INFO] [stdout] e0090e7ee019fe0d6155286ac6f8190e6fa0c278135b07b5396c626a1adec7e4
[INFO] running `Command { std: "docker" "start" "e0090e7ee019fe0d6155286ac6f8190e6fa0c278135b07b5396c626a1adec7e4", kill_on_drop: false }`
[INFO] running `Command { std: "docker" "inspect" "e0090e7ee019fe0d6155286ac6f8190e6fa0c278135b07b5396c626a1adec7e4", kill_on_drop: false }`
[INFO] running `Command { std: "docker" "exec" "-e" "SOURCE_DIR=/opt/rustwide/workdir" "-e" "CARGO_HOME=/opt/rustwide/cargo-home" "-e" "RUSTUP_HOME=/opt/rustwide/rustup-home" "-e" "CARGO_TARGET_DIR=/opt/rustwide/target" "-w" "/opt/rustwide/workdir" "--user" "0:0" "e0090e7ee019fe0d6155286ac6f8190e6fa0c278135b07b5396c626a1adec7e4" "/opt/rustwide/cargo-home/bin/cargo" "+3154cc1a3e6424e44f438a95007d043ed5ceaaf6" "metadata" "--no-deps" "--format-version=1", kill_on_drop: false }`
[INFO] running `Command { std: "docker" "inspect" "e0090e7ee019fe0d6155286ac6f8190e6fa0c278135b07b5396c626a1adec7e4", kill_on_drop: false }`
[INFO] running `Command { std: "docker" "exec" "-e" "SOURCE_DIR=/opt/rustwide/workdir" "-e" "CARGO_HOME=/opt/rustwide/cargo-home" "-e" "RUSTUP_HOME=/opt/rustwide/rustup-home" "-e" "CARGO_TARGET_DIR=/opt/rustwide/target" "-e" "CARGO_INCREMENTAL=0" "-e" "RUST_BACKTRACE=full" "-e" "RUSTFLAGS=--cap-lints=forbid" "-e" "RUSTDOCFLAGS=--cap-lints=forbid" "-w" "/opt/rustwide/workdir" "--user" "0:0" "e0090e7ee019fe0d6155286ac6f8190e6fa0c278135b07b5396c626a1adec7e4" "/opt/rustwide/cargo-home/bin/cargo" "+3154cc1a3e6424e44f438a95007d043ed5ceaaf6" "check" "--frozen" "--all" "--all-targets" "--message-format=json", kill_on_drop: false }`
[INFO] [stderr]    Compiling serde v1.0.228
[INFO] [stderr]     Checking memchr v2.8.0
[INFO] [stderr]    Compiling proc-macro2 v1.0.106
[INFO] [stderr]    Compiling quote v1.0.45
[INFO] [stderr]    Compiling serde_core v1.0.228
[INFO] [stderr]    Compiling ryu v1.0.23
[INFO] [stderr]    Compiling unsafe-libyaml v0.2.11
[INFO] [stderr]     Checking serde_json v1.0.149
[INFO] [stderr]     Checking syn v2.0.117
[INFO] [stderr]     Checking serde_yaml v0.9.34+deprecated
[INFO] [stderr]     Checking harness-rs-macros v0.0.65 (/opt/rustwide/workdir)
[INFO] [stdout] error[E0432]: unresolved import `harness_core`
[INFO] [stdout]   --> tests/tool_macro.rs:10:5
[INFO] [stdout]    |
[INFO] [stdout] 10 | use harness_core::{ToolError, ToolResult, World, iter_macro_tools};
[INFO] [stdout]    |     ^^^^^^^^^^^^ use of unresolved module or unlinked crate `harness_core`
[INFO] [stdout]    |
[INFO] [stdout]    = help: if you wanted to use a crate named `harness_core`, use `cargo add harness_core` to add it to your `Cargo.toml`
[INFO] [stdout] 
[INFO] [stdout] 
[INFO] [stdout] error[E0433]: cannot find `harness_core` in the list of imported crates
[INFO] [stdout]   --> tests/tool_macro.rs:15:1
[INFO] [stdout]    |
[INFO] [stdout] 15 | #[tool(name = "add", risk = "read-only")]
[INFO] [stdout]    | ^^^^^^^^^^^^^^^^^^^^^^^^^^^^^^^^^^^^^^^^^ could not find `harness_core` in the list of imported crates
[INFO] [stdout]    |
[INFO] [stdout]    = note: this error originates in the attribute macro `tool` (in Nightly builds, run with -Z macro-backtrace for more info)
[INFO] [stdout] 
[INFO] [stdout] 
[INFO] [stdout] error[E0433]: cannot find `harness_core` in the list of imported crates
[INFO] [stdout]   --> tests/tool_macro.rs:27:1
[INFO] [stdout]    |
[INFO] [stdout] 27 | #[tool(name = "wipe", risk = "destructive")]
[INFO] [stdout]    | ^^^^^^^^^^^^^^^^^^^^^^^^^^^^^^^^^^^^^^^^^^^^ could not find `harness_core` in the list of imported crates
[INFO] [stdout]    |
[INFO] [stdout]    = note: this error originates in the attribute macro `tool` (in Nightly builds, run with -Z macro-backtrace for more info)
[INFO] [stdout] 
[INFO] [stdout] 
[INFO] [stdout] error[E0433]: cannot find module or crate `tokio` in this scope
[INFO] [stdout]   --> tests/tool_macro.rs:53:3
[INFO] [stdout]    |
[INFO] [stdout] 53 | #[tokio::test]
[INFO] [stdout]    |   ^^^^^ use of unresolved module or unlinked crate `tokio`
[INFO] [stdout] 
[INFO] [stdout] 
[INFO] [stdout] error[E0433]: cannot find module or crate `harness_core` in this scope
[INFO] [stdout]   --> tests/tool_macro.rs:48:28
[INFO] [stdout]    |
[INFO] [stdout] 48 |     assert_eq!(add.risk(), harness_core::ToolRisk::ReadOnly);
[INFO] [stdout]    |                            ^^^^^^^^^^^^ use of unresolved module or unlinked crate `harness_core`
[INFO] [stdout]    |
[INFO] [stdout]    = help: if you wanted to use a crate named `harness_core`, use `cargo add harness_core` to add it to your `Cargo.toml`
[INFO] [stdout] 
[INFO] [stdout] 
[INFO] [stdout] error[E0433]: cannot find module or crate `harness_core` in this scope
[INFO] [stdout]   --> tests/tool_macro.rs:50:37
[INFO] [stdout]    |
[INFO] [stdout] 50 |     assert_eq!(find("wipe").risk(), harness_core::ToolRisk::Destructive);
[INFO] [stdout]    |                                     ^^^^^^^^^^^^ use of unresolved module or unlinked crate `harness_core`
[INFO] [stdout]    |
[INFO] [stdout]    = help: if you wanted to use a crate named `harness_core`, use `cargo add harness_core` to add it to your `Cargo.toml`
[INFO] [stdout] 
[INFO] [stdout] 
[INFO] [stdout] error[E0433]: cannot find module or crate `harness_core` in this scope
[INFO] [stdout]   --> tests/tool_macro.rs:36:43
[INFO] [stdout]    |
[INFO] [stdout] 36 | fn find(name: &str) -> std::sync::Arc<dyn harness_core::Tool> {
[INFO] [stdout]    |                                           ^^^^^^^^^^^^ use of unresolved module or unlinked crate `harness_core`
[INFO] [stdout]    |
[INFO] [stdout]    = help: if you wanted to use a crate named `harness_core`, use `cargo add harness_core` to add it to your `Cargo.toml`
[INFO] [stdout] 
[INFO] [stdout] 
[INFO] [stdout] error[E0433]: cannot find module or crate `harness_context` in this scope
[INFO] [stdout]   --> tests/tool_macro.rs:57:21
[INFO] [stdout]    |
[INFO] [stdout] 57 |     let mut world = harness_context::default_world(&ws);
[INFO] [stdout]    |                     ^^^^^^^^^^^^^^^ use of unresolved module or unlinked crate `harness_context`
[INFO] [stdout]    |
[INFO] [stdout]    = help: if you wanted to use a crate named `harness_context`, use `cargo add harness_context` to add it to your `Cargo.toml`
[INFO] [stdout] 
[INFO] [stdout] 
[INFO] [stdout] Some errors have detailed explanations: E0432, E0433.
[INFO] [stdout] 
[INFO] [stdout] For more information about an error, try `rustc --explain E0432`.
[INFO] [stdout] 
[INFO] [stderr] error: could not compile `harness-rs-macros` (test "tool_macro") due to 8 previous errors
[INFO] running `Command { std: "docker" "inspect" "e0090e7ee019fe0d6155286ac6f8190e6fa0c278135b07b5396c626a1adec7e4", kill_on_drop: false }`
[INFO] running `Command { std: "docker" "rm" "-f" "e0090e7ee019fe0d6155286ac6f8190e6fa0c278135b07b5396c626a1adec7e4", kill_on_drop: false }`
[INFO] [stdout] e0090e7ee019fe0d6155286ac6f8190e6fa0c278135b07b5396c626a1adec7e4
