[INFO] fetching crate happenstance-sqlite 0.3.2...
[INFO] checking happenstance-sqlite-0.3.2 against 3154cc1a3e6424e44f438a95007d043ed5ceaaf6 for pr-133502-30
[INFO] extracting crate happenstance-sqlite 0.3.2 into /workspace/builds/worker-3-tc2/source
[INFO] started tweaking crates.io crate happenstance-sqlite 0.3.2
[INFO] removed 0 missing tests
[INFO] finished tweaking crates.io crate happenstance-sqlite 0.3.2
[INFO] tweaked toml for crates.io crate happenstance-sqlite 0.3.2 written to /workspace/builds/worker-3-tc2/source/Cargo.toml
[INFO] validating manifest of crates.io crate happenstance-sqlite 0.3.2 on toolchain 3154cc1a3e6424e44f438a95007d043ed5ceaaf6
[INFO] running `Command { std: CARGO_HOME="/workspace/cargo-home" RUSTUP_HOME="/workspace/rustup-home" "/workspace/cargo-home/bin/cargo" "+3154cc1a3e6424e44f438a95007d043ed5ceaaf6" "metadata" "--manifest-path" "Cargo.toml" "--no-deps", kill_on_drop: false }`
[INFO] crate crates.io crate happenstance-sqlite 0.3.2 already has a lockfile, it will not be regenerated
[INFO] running `Command { std: CARGO_HOME="/workspace/cargo-home" RUSTUP_HOME="/workspace/rustup-home" "/workspace/cargo-home/bin/cargo" "+3154cc1a3e6424e44f438a95007d043ed5ceaaf6" "fetch" "--manifest-path" "Cargo.toml", kill_on_drop: false }`
[INFO] [stderr] warning: `package.homepage` is redundant with `package.repository`
[INFO] [stderr]   --> Cargo.toml:75:12
[INFO] [stderr]    |
[INFO] [stderr] 75 | homepage = "https://github.com/Wet-Ink-Corporation/happenstance"
[INFO] [stderr]    |            ^^^^^^^^^^^^^^^^^^^^^^^^^^^^^^^^^^^^^^^^^^^^^^^^^^^^^
[INFO] [stderr] ...
[INFO] [stderr] 80 | repository = "https://github.com/Wet-Ink-Corporation/happenstance"
[INFO] [stderr]    |              -----------------------------------------------------
[INFO] [stderr]    |
[INFO] [stderr]    = note: `cargo::redundant_homepage` is set to `warn` by default
[INFO] [stderr] help: consider removing `package.homepage`
[INFO] [stderr] warning: `happenstance-sqlite` (manifest) generated 1 warning
[INFO] [stderr]     Blocking waiting for file lock on package cache
[INFO] running `Command { std: "docker" "create" "-v" "/var/lib/crater-agent-workspace/builds/worker-3-tc2/source:/opt/rustwide/workdir:ro,Z" "-v" "/var/lib/crater-agent-workspace/builds/worker-3-tc2/target:/opt/rustwide/target:rw,Z" "-v" "/var/lib/crater-agent-workspace/cargo-home:/opt/rustwide/cargo-home:ro,Z" "-v" "/var/lib/crater-agent-workspace/rustup-home:/opt/rustwide/rustup-home:ro,Z" "-m" "1610612736" "--network" "none" "ghcr.io/rust-lang/crates-build-env/linux@sha256:77db811e55d90add9212f6832c23229e3de5f1c1f9905e8cb07319ea15df73ac" "sleep" "infinity", kill_on_drop: false }`
[INFO] [stdout] a24f3d509d455610be603c1c2f2b96c28c7f6e2d9f242f2682215933e3e92b35
[INFO] running `Command { std: "docker" "start" "a24f3d509d455610be603c1c2f2b96c28c7f6e2d9f242f2682215933e3e92b35", kill_on_drop: false }`
[INFO] running `Command { std: "docker" "inspect" "a24f3d509d455610be603c1c2f2b96c28c7f6e2d9f242f2682215933e3e92b35", kill_on_drop: false }`
[INFO] running `Command { std: "docker" "exec" "-e" "SOURCE_DIR=/opt/rustwide/workdir" "-e" "CARGO_HOME=/opt/rustwide/cargo-home" "-e" "RUSTUP_HOME=/opt/rustwide/rustup-home" "-e" "CARGO_TARGET_DIR=/opt/rustwide/target" "-w" "/opt/rustwide/workdir" "--user" "0:0" "a24f3d509d455610be603c1c2f2b96c28c7f6e2d9f242f2682215933e3e92b35" "/opt/rustwide/cargo-home/bin/cargo" "+3154cc1a3e6424e44f438a95007d043ed5ceaaf6" "metadata" "--no-deps" "--format-version=1", kill_on_drop: false }`
[INFO] running `Command { std: "docker" "inspect" "a24f3d509d455610be603c1c2f2b96c28c7f6e2d9f242f2682215933e3e92b35", kill_on_drop: false }`
[INFO] running `Command { std: "docker" "exec" "-e" "SOURCE_DIR=/opt/rustwide/workdir" "-e" "CARGO_HOME=/opt/rustwide/cargo-home" "-e" "RUSTUP_HOME=/opt/rustwide/rustup-home" "-e" "CARGO_TARGET_DIR=/opt/rustwide/target" "-e" "CARGO_INCREMENTAL=0" "-e" "RUST_BACKTRACE=full" "-e" "RUSTFLAGS=--cap-lints=forbid" "-e" "RUSTDOCFLAGS=--cap-lints=forbid" "-w" "/opt/rustwide/workdir" "--user" "0:0" "a24f3d509d455610be603c1c2f2b96c28c7f6e2d9f242f2682215933e3e92b35" "/opt/rustwide/cargo-home/bin/cargo" "+3154cc1a3e6424e44f438a95007d043ed5ceaaf6" "check" "--frozen" "--all" "--all-targets" "--message-format=json", kill_on_drop: false }`
[INFO] [stderr] warning: `package.homepage` is redundant with `package.repository`
[INFO] [stderr]   --> Cargo.toml:75:12
[INFO] [stderr]    |
[INFO] [stderr] 75 | homepage = "https://github.com/Wet-Ink-Corporation/happenstance"
[INFO] [stderr]    |            ^^^^^^^^^^^^^^^^^^^^^^^^^^^^^^^^^^^^^^^^^^^^^^^^^^^^^
[INFO] [stderr] ...
[INFO] [stderr] 80 | repository = "https://github.com/Wet-Ink-Corporation/happenstance"
[INFO] [stderr]    |              -----------------------------------------------------
[INFO] [stderr]    |
[INFO] [stderr]    = note: `cargo::redundant_homepage` is set to `warn` by default
[INFO] [stderr] help: consider removing `package.homepage`
[INFO] [stderr] warning: `happenstance-sqlite` (manifest) generated 1 warning
[INFO] [stderr]    Compiling thiserror v2.0.19
[INFO] [stderr]     Checking bytes v1.12.1
[INFO] [stderr]    Compiling libsqlite3-sys v0.38.1
[INFO] [stderr]    Compiling syn v3.0.3
[INFO] [stderr]    Compiling syn v2.0.119
[INFO] [stderr]    Compiling trait-variant v0.1.3
[INFO] [stderr]    Compiling thiserror-impl v2.0.19
[INFO] [stderr]    Compiling tokio-macros v2.7.2
[INFO] [stderr]     Checking tokio v1.53.1
[INFO] [stderr]     Checking happenstance-core v0.3.2
[INFO] [stderr]     Checking rusqlite v0.40.1
[INFO] [stderr]     Checking happenstance-sqlite v0.3.2 (/opt/rustwide/workdir)
[INFO] [stdout] error[E0432]: unresolved import `happenstance_testkit`
[INFO] [stdout]   --> tests/support/mod.rs:64:5
[INFO] [stdout]    |
[INFO] [stdout] 64 | use happenstance_testkit::{Capability, Fixture};
[INFO] [stdout]    |     ^^^^^^^^^^^^^^^^^^^^ use of unresolved module or unlinked crate `happenstance_testkit`
[INFO] [stdout]    |
[INFO] [stdout] help: there is a crate or module with a similar name
[INFO] [stdout]    |
[INFO] [stdout] 64 - use happenstance_testkit::{Capability, Fixture};
[INFO] [stdout] 64 + use happenstance_sqlite::{Capability, Fixture};
[INFO] [stdout]    |
[INFO] [stdout] 
[INFO] [stdout] 
[INFO] [stdout] error[E0433]: cannot find module or crate `happenstance_testkit` in this scope
[INFO] [stdout]    --> tests/conformance.rs:100:1
[INFO] [stdout]     |
[INFO] [stdout] 100 | happenstance_testkit::event_store_conformance!(SqliteFixture::new());
[INFO] [stdout]     | ^^^^^^^^^^^^^^^^^^^^ use of unresolved module or unlinked crate `happenstance_testkit`
[INFO] [stdout] 
[INFO] [stdout] 
[INFO] [stdout] error[E0433]: cannot find module or crate `happenstance_testkit` in this scope
[INFO] [stdout]    --> tests/conformance.rs:102:1
[INFO] [stdout]     |
[INFO] [stdout] 102 | happenstance_testkit::event_store_model_conformance!(SqliteFixture::new());
[INFO] [stdout]     | ^^^^^^^^^^^^^^^^^^^^ use of unresolved module or unlinked crate `happenstance_testkit`
[INFO] [stdout] 
[INFO] [stdout] 
[INFO] [stdout] warning: unused import: `support::SqliteFixture`
[INFO] [stdout]   --> tests/conformance.rs:98:5
[INFO] [stdout]    |
[INFO] [stdout] 98 | use support::SqliteFixture;
[INFO] [stdout]    |     ^^^^^^^^^^^^^^^^^^^^^^
[INFO] [stdout]    |
[INFO] [stdout]    = note: `#[warn(unused_imports)]` (part of `#[warn(unused)]`) on by default
[INFO] [stdout] 
[INFO] [stdout] 
[INFO] [stdout] Some errors have detailed explanations: E0432, E0433.
[INFO] [stdout] 
[INFO] [stdout] For more information about an error, try `rustc --explain E0432`.
[INFO] [stdout] 
[INFO] [stdout] error[E0432]: unresolved import `happenstance_testkit`
[INFO] [stdout]   --> tests/support/mod.rs:64:5
[INFO] [stdout]    |
[INFO] [stdout] 64 | use happenstance_testkit::{Capability, Fixture};
[INFO] [stdout]    |     ^^^^^^^^^^^^^^^^^^^^ use of unresolved module or unlinked crate `happenstance_testkit`
[INFO] [stdout]    |
[INFO] [stdout] help: there is a crate or module with a similar name
[INFO] [stdout]    |
[INFO] [stdout] 64 - use happenstance_testkit::{Capability, Fixture};
[INFO] [stdout] 64 + use happenstance_sqlite::{Capability, Fixture};
[INFO] [stdout]    |
[INFO] [stdout] 
[INFO] [stdout] 
[INFO] [stdout] error[E0432]: unresolved import `happenstance_testkit`
[INFO] [stdout]   --> tests/concurrency.rs:59:5
[INFO] [stdout]    |
[INFO] [stdout] 59 | use happenstance_testkit::{Fixture, block_on};
[INFO] [stdout]    |     ^^^^^^^^^^^^^^^^^^^^ use of unresolved module or unlinked crate `happenstance_testkit`
[INFO] [stdout]    |
[INFO] [stdout] help: there is a crate or module with a similar name
[INFO] [stdout]    |
[INFO] [stdout] 59 - use happenstance_testkit::{Fixture, block_on};
[INFO] [stdout] 59 + use happenstance_sqlite::{Fixture, block_on};
[INFO] [stdout]    |
[INFO] [stdout] 
[INFO] [stdout] 
[INFO] [stdout] error[E0433]: cannot find module or crate `happenstance_testkit` in this scope
[INFO] [stdout]   --> tests/concurrency.rs:62:1
[INFO] [stdout]    |
[INFO] [stdout] 62 | happenstance_testkit::event_store_concurrency_conformance!(SqliteFixture::new());
[INFO] [stdout]    | ^^^^^^^^^^^^^^^^^^^^ use of unresolved module or unlinked crate `happenstance_testkit`
[INFO] [stdout] 
[INFO] [stdout] 
[INFO] [stderr] error: could not compile `happenstance-sqlite` (test "conformance") due to 3 previous errors; 1 warning emitted
[INFO] [stderr] warning: build failed, waiting for other jobs to finish...
[INFO] [stdout] error[E0432]: unresolved import `happenstance_testkit`
[INFO] [stdout]   --> tests/append.rs:31:5
[INFO] [stdout]    |
[INFO] [stdout] 31 | use happenstance_testkit::{Capability, Fixture};
[INFO] [stdout]    |     ^^^^^^^^^^^^^^^^^^^^ use of unresolved module or unlinked crate `happenstance_testkit`
[INFO] [stdout]    |
[INFO] [stdout] help: there is a crate or module with a similar name
[INFO] [stdout]    |
[INFO] [stdout] 31 - use happenstance_testkit::{Capability, Fixture};
[INFO] [stdout] 31 + use happenstance_sqlite::{Capability, Fixture};
[INFO] [stdout]    |
[INFO] [stdout] 
[INFO] [stdout] 
[INFO] [stdout] Some errors have detailed explanations: E0432, E0433.
[INFO] [stdout] 
[INFO] [stdout] For more information about an error, try `rustc --explain E0432`.
[INFO] [stdout] 
[INFO] [stderr] error: could not compile `happenstance-sqlite` (test "concurrency") due to 3 previous errors
[INFO] [stdout] error[E0433]: cannot find module or crate `happenstance_testkit` in this scope
[INFO] [stdout]    --> tests/append.rs:211:5
[INFO] [stdout]     |
[INFO] [stdout] 211 |     happenstance_testkit::rules::append_rejects_empty_batch(async || AppendOnlyFixture::new())
[INFO] [stdout]     |     ^^^^^^^^^^^^^^^^^^^^ use of unresolved module or unlinked crate `happenstance_testkit`
[INFO] [stdout]     |
[INFO] [stdout] help: there is a crate or module with a similar name
[INFO] [stdout]     |
[INFO] [stdout] 211 -     happenstance_testkit::rules::append_rejects_empty_batch(async || AppendOnlyFixture::new())
[INFO] [stdout] 211 +     happenstance_sqlite::rules::append_rejects_empty_batch(async || AppendOnlyFixture::new())
[INFO] [stdout]     |
[INFO] [stdout] 
[INFO] [stdout] 
[INFO] [stdout] error[E0433]: cannot find module or crate `happenstance_testkit` in this scope
[INFO] [stdout]    --> tests/append.rs:215:5
[INFO] [stdout]     |
[INFO] [stdout] 215 |     happenstance_testkit::rules::empty_batch_is_refused_before_the_condition_is_evaluated(
[INFO] [stdout]     |     ^^^^^^^^^^^^^^^^^^^^ use of unresolved module or unlinked crate `happenstance_testkit`
[INFO] [stdout]     |
[INFO] [stdout] help: there is a crate or module with a similar name
[INFO] [stdout]     |
[INFO] [stdout] 215 -     happenstance_testkit::rules::empty_batch_is_refused_before_the_condition_is_evaluated(
[INFO] [stdout] 215 +     happenstance_sqlite::rules::empty_batch_is_refused_before_the_condition_is_evaluated(
[INFO] [stdout]     |
[INFO] [stdout] 
[INFO] [stdout] 
[INFO] [stdout] Some errors have detailed explanations: E0432, E0433.
[INFO] [stdout] 
[INFO] [stdout] For more information about an error, try `rustc --explain E0432`.
[INFO] [stdout] 
[INFO] [stderr] error: could not compile `happenstance-sqlite` (test "append") due to 3 previous errors
[INFO] running `Command { std: "docker" "inspect" "a24f3d509d455610be603c1c2f2b96c28c7f6e2d9f242f2682215933e3e92b35", kill_on_drop: false }`
[INFO] running `Command { std: "docker" "rm" "-f" "a24f3d509d455610be603c1c2f2b96c28c7f6e2d9f242f2682215933e3e92b35", kill_on_drop: false }`
[INFO] [stdout] a24f3d509d455610be603c1c2f2b96c28c7f6e2d9f242f2682215933e3e92b35
