[INFO] fetching crate handlebars 6.4.4...
[INFO] checking handlebars-6.4.4 against 3154cc1a3e6424e44f438a95007d043ed5ceaaf6+rustflags=-Znext-solver=coherence for pr-133502-30
[INFO] extracting crate handlebars 6.4.4 into /workspace/builds/worker-0-tc1/source
[INFO] started tweaking crates.io crate handlebars 6.4.4
[INFO] removed 0 missing examples
[INFO] removed 0 missing tests
[INFO] finished tweaking crates.io crate handlebars 6.4.4
[INFO] tweaked toml for crates.io crate handlebars 6.4.4 written to /workspace/builds/worker-0-tc1/source/Cargo.toml
[INFO] validating manifest of crates.io crate handlebars 6.4.4 on toolchain 3154cc1a3e6424e44f438a95007d043ed5ceaaf6
[INFO] running `Command { std: CARGO_HOME="/workspace/cargo-home" RUSTUP_HOME="/workspace/rustup-home" "/workspace/cargo-home/bin/cargo" "+3154cc1a3e6424e44f438a95007d043ed5ceaaf6" "metadata" "--manifest-path" "Cargo.toml" "--no-deps", kill_on_drop: false }`
[INFO] crate crates.io crate handlebars 6.4.4 already has a lockfile, it will not be regenerated
[INFO] running `Command { std: CARGO_HOME="/workspace/cargo-home" RUSTUP_HOME="/workspace/rustup-home" "/workspace/cargo-home/bin/cargo" "+3154cc1a3e6424e44f438a95007d043ed5ceaaf6" "fetch" "--manifest-path" "Cargo.toml", kill_on_drop: false }`
[INFO] [stderr] warning: `package.homepage` is redundant with `package.repository`
[INFO] [stderr]    --> Cargo.toml:136:12
[INFO] [stderr]     |
[INFO] [stderr] 136 | homepage = "https://github.com/sunng87/handlebars-rust"
[INFO] [stderr]     |            ^^^^^^^^^^^^^^^^^^^^^^^^^^^^^^^^^^^^^^^^^^^^
[INFO] [stderr] ...
[INFO] [stderr] 141 | repository = "https://github.com/sunng87/handlebars-rust"
[INFO] [stderr]     |              --------------------------------------------
[INFO] [stderr]     |
[INFO] [stderr]     = note: `cargo::redundant_homepage` is set to `warn` by default
[INFO] [stderr] help: consider removing `package.homepage`
[INFO] [stderr] warning: `handlebars` (manifest) generated 1 warning
[INFO] [stderr]  Downloading crates ...
[INFO] [stderr]   Downloaded pest_meta v2.8.7
[INFO] [stderr]   Downloaded pest_derive v2.8.7
[INFO] [stderr]   Downloaded pest v2.8.7
[INFO] [stderr]   Downloaded pest_generator v2.8.7
[INFO] [stderr]   Downloaded num-modular v0.6.4
[INFO] [stderr]   Downloaded jiff-static v0.2.32
[INFO] [stderr]   Downloaded rhai v1.25.1
[INFO] [stderr]   Downloaded jiff v0.2.32
[INFO] running `Command { std: "docker" "create" "-v" "/var/lib/crater-agent-workspace/builds/worker-0-tc1/source:/opt/rustwide/workdir:ro,Z" "-v" "/var/lib/crater-agent-workspace/builds/worker-0-tc1/target:/opt/rustwide/target:rw,Z" "-v" "/var/lib/crater-agent-workspace/cargo-home:/opt/rustwide/cargo-home:ro,Z" "-v" "/var/lib/crater-agent-workspace/rustup-home:/opt/rustwide/rustup-home:ro,Z" "-m" "1610612736" "--network" "none" "ghcr.io/rust-lang/crates-build-env/linux@sha256:77db811e55d90add9212f6832c23229e3de5f1c1f9905e8cb07319ea15df73ac" "sleep" "infinity", kill_on_drop: false }`
[INFO] [stdout] 7e439d867e3c262064bbe9d8717a145d963b850a9dae2809f7e3b8dd9cd9d2ab
[INFO] running `Command { std: "docker" "start" "7e439d867e3c262064bbe9d8717a145d963b850a9dae2809f7e3b8dd9cd9d2ab", kill_on_drop: false }`
[INFO] running `Command { std: "docker" "inspect" "7e439d867e3c262064bbe9d8717a145d963b850a9dae2809f7e3b8dd9cd9d2ab", kill_on_drop: false }`
[INFO] running `Command { std: "docker" "exec" "-e" "SOURCE_DIR=/opt/rustwide/workdir" "-e" "CARGO_HOME=/opt/rustwide/cargo-home" "-e" "RUSTUP_HOME=/opt/rustwide/rustup-home" "-e" "CARGO_TARGET_DIR=/opt/rustwide/target" "-w" "/opt/rustwide/workdir" "--user" "0:0" "7e439d867e3c262064bbe9d8717a145d963b850a9dae2809f7e3b8dd9cd9d2ab" "/opt/rustwide/cargo-home/bin/cargo" "+3154cc1a3e6424e44f438a95007d043ed5ceaaf6" "metadata" "--no-deps" "--format-version=1", kill_on_drop: false }`
[INFO] running `Command { std: "docker" "inspect" "7e439d867e3c262064bbe9d8717a145d963b850a9dae2809f7e3b8dd9cd9d2ab", kill_on_drop: false }`
[INFO] running `Command { std: "docker" "exec" "-e" "SOURCE_DIR=/opt/rustwide/workdir" "-e" "CARGO_HOME=/opt/rustwide/cargo-home" "-e" "RUSTUP_HOME=/opt/rustwide/rustup-home" "-e" "CARGO_TARGET_DIR=/opt/rustwide/target" "-e" "CARGO_INCREMENTAL=0" "-e" "RUST_BACKTRACE=full" "-e" "RUSTFLAGS=--cap-lints=forbid -Znext-solver=coherence" "-e" "RUSTDOCFLAGS=--cap-lints=forbid" "-w" "/opt/rustwide/workdir" "--user" "0:0" "7e439d867e3c262064bbe9d8717a145d963b850a9dae2809f7e3b8dd9cd9d2ab" "/opt/rustwide/cargo-home/bin/cargo" "+3154cc1a3e6424e44f438a95007d043ed5ceaaf6" "check" "--frozen" "--all" "--all-targets" "--message-format=json", kill_on_drop: false }`
[INFO] [stderr] warning: `package.homepage` is redundant with `package.repository`
[INFO] [stderr]    --> Cargo.toml:136:12
[INFO] [stderr]     |
[INFO] [stderr] 136 | homepage = "https://github.com/sunng87/handlebars-rust"
[INFO] [stderr]     |            ^^^^^^^^^^^^^^^^^^^^^^^^^^^^^^^^^^^^^^^^^^^^
[INFO] [stderr] ...
[INFO] [stderr] 141 | repository = "https://github.com/sunng87/handlebars-rust"
[INFO] [stderr]     |              --------------------------------------------
[INFO] [stderr]     |
[INFO] [stderr]     = note: `cargo::redundant_homepage` is set to `warn` by default
[INFO] [stderr] help: consider removing `package.homepage`
[INFO] [stderr] warning: `handlebars` (manifest) generated 1 warning
[INFO] [stderr]    Compiling quote v1.0.46
[INFO] [stderr]    Compiling serde_core v1.0.228
[INFO] [stderr]    Compiling zerocopy v0.8.54
[INFO] [stderr]    Compiling serde v1.0.228
[INFO] [stderr]     Checking aho-corasick v1.1.4
[INFO] [stderr]    Compiling serde_json v1.0.150
[INFO] [stderr]    Compiling cc v1.2.67
[INFO] [stderr]    Compiling pest v2.8.7
[INFO] [stderr]     Checking either v1.16.0
[INFO] [stderr]     Checking clap_builder v4.6.0
[INFO] [stderr]     Checking itertools v0.13.0
[INFO] [stderr]    Compiling syn v2.0.118
[INFO] [stderr]     Checking bitflags v2.13.0
[INFO] [stderr]     Checking num-modular v0.6.4
[INFO] [stderr]     Checking regex-automata v0.4.15
[INFO] [stderr]    Compiling alloca v0.4.0
[INFO] [stderr]    Compiling pest_meta v2.8.7
[INFO] [stderr]     Checking rustix v1.1.4
[INFO] [stderr]     Checking criterion-plot v0.8.2
[INFO] [stderr]     Checking num-order v1.2.0
[INFO] [stderr]     Checking clap v4.6.1
[INFO] [stderr]     Checking rayon v1.12.0
[INFO] [stderr]     Checking plotters v0.3.7
[INFO] [stderr]     Checking getrandom v0.4.3
[INFO] [stderr]     Checking page_size v0.6.0
[INFO] [stderr]     Checking oorandom v11.1.5
[INFO] [stderr]     Checking jiff v0.2.32
[INFO] [stderr]     Checking chunked_transfer v1.5.0
[INFO] [stderr]     Checking deranged v0.5.8
[INFO] [stderr]     Checking anes v0.1.6
[INFO] [stderr]     Checking regex v1.13.0
[INFO] [stderr]     Checking once_cell v1.21.4
[INFO] [stderr]     Checking env_filter v2.0.0
[INFO] [stderr]     Checking ascii v1.1.0
[INFO] [stderr]     Checking tempfile v3.27.0
[INFO] [stderr]     Checking tiny_http v0.12.0
[INFO] [stderr]    Compiling darling_core v0.20.11
[INFO] [stderr]    Compiling pest_generator v2.8.7
[INFO] [stderr]     Checking time v0.3.53
[INFO] [stderr]    Compiling zerocopy-derive v0.8.54
[INFO] [stderr]    Compiling serde_derive v1.0.228
[INFO] [stderr]    Compiling thiserror-impl v2.0.18
[INFO] [stderr]    Compiling pest_derive v2.8.7
[INFO] [stderr]     Checking thiserror v2.0.18
[INFO] [stderr]    Compiling darling_macro v0.20.11
[INFO] [stderr]     Checking env_logger v0.11.11
[INFO] [stderr]    Compiling darling v0.20.11
[INFO] [stderr]    Compiling derive_builder_core v0.20.2
[INFO] [stderr]    Compiling derive_builder_macro v0.20.2
[INFO] [stderr]     Checking derive_builder v0.20.2
[INFO] [stderr]     Checking tinytemplate v1.2.1
[INFO] [stderr]     Checking handlebars v6.4.4 (/opt/rustwide/workdir)
[INFO] [stderr]     Checking half v2.7.1
[INFO] [stderr]     Checking ciborium-ll v0.2.2
[INFO] [stderr]     Checking ciborium v0.2.2
[INFO] [stderr]     Checking criterion v0.8.2
[INFO] [stdout] error[E0432]: unresolved import `handlebars::testing`
[INFO] [stdout]    --> tests/escape.rs:5:17
[INFO] [stdout]     |
[INFO] [stdout]   5 | use handlebars::testing::TestHandlebars;
[INFO] [stdout]     |                 ^^^^^^^ could not find `testing` in `handlebars`
[INFO] [stdout]     |
[INFO] [stdout] note: found an item that was configured out
[INFO] [stdout]    --> src/lib.rs:458:9
[INFO] [stdout]     |
[INFO] [stdout] 456 | #[cfg(any(test, feature = "testing"))]
[INFO] [stdout]     |          --------------------------- the item is gated here
[INFO] [stdout] 457 | #[doc(hidden)]
[INFO] [stdout] 458 | pub mod testing;
[INFO] [stdout]     |         ^^^^^^^
[INFO] [stdout] 
[INFO] [stdout] 
[INFO] [stdout] error[E0432]: unresolved import `handlebars::testing`
[INFO] [stdout]    --> tests/block_context.rs:2:17
[INFO] [stdout]     |
[INFO] [stdout]   2 | use handlebars::testing::TestHandlebars;
[INFO] [stdout]     |                 ^^^^^^^ could not find `testing` in `handlebars`
[INFO] [stdout]     |
[INFO] [stdout] note: found an item that was configured out
[INFO] [stdout]    --> src/lib.rs:458:9
[INFO] [stdout]     |
[INFO] [stdout] 456 | #[cfg(any(test, feature = "testing"))]
[INFO] [stdout]     |          --------------------------- the item is gated here
[INFO] [stdout] 457 | #[doc(hidden)]
[INFO] [stdout] 458 | pub mod testing;
[INFO] [stdout]     |         ^^^^^^^
[INFO] [stdout] 
[INFO] [stdout] 
[INFO] [stdout] error[E0432]: unresolved import `handlebars::testing`
[INFO] [stdout]    --> tests/scoped_inline.rs:2:17
[INFO] [stdout]     |
[INFO] [stdout]   2 | use handlebars::testing::TestHandlebars;
[INFO] [stdout]     |                 ^^^^^^^ could not find `testing` in `handlebars`
[INFO] [stdout]     |
[INFO] [stdout] note: found an item that was configured out
[INFO] [stdout]    --> src/lib.rs:458:9
[INFO] [stdout]     |
[INFO] [stdout] 456 | #[cfg(any(test, feature = "testing"))]
[INFO] [stdout]     |          --------------------------- the item is gated here
[INFO] [stdout] 457 | #[doc(hidden)]
[INFO] [stdout] 458 | pub mod testing;
[INFO] [stdout]     |         ^^^^^^^
[INFO] [stdout] 
[INFO] [stdout] 
[INFO] [stdout] error[E0432]: unresolved import `handlebars::testing`
[INFO] [stdout]    --> tests/whitespace.rs:2:17
[INFO] [stdout]     |
[INFO] [stdout]   2 | use handlebars::testing::TestHandlebars;
[INFO] [stdout]     |                 ^^^^^^^ could not find `testing` in `handlebars`
[INFO] [stdout]     |
[INFO] [stdout] note: found an item that was configured out
[INFO] [stdout]    --> src/lib.rs:458:9
[INFO] [stdout]     |
[INFO] [stdout] 456 | #[cfg(any(test, feature = "testing"))]
[INFO] [stdout]     |          --------------------------- the item is gated here
[INFO] [stdout] 457 | #[doc(hidden)]
[INFO] [stdout] 458 | pub mod testing;
[INFO] [stdout]     |         ^^^^^^^
[INFO] [stdout] 
[INFO] [stdout] 
[INFO] [stdout] error[E0432]: unresolved import `handlebars::testing`
[INFO] [stdout]    --> tests/helper_with_space.rs:1:17
[INFO] [stdout]     |
[INFO] [stdout]   1 | use handlebars::testing::TestHandlebars;
[INFO] [stdout]     |                 ^^^^^^^ could not find `testing` in `handlebars`
[INFO] [stdout]     |
[INFO] [stdout] note: found an item that was configured out
[INFO] [stdout]    --> src/lib.rs:458:9
[INFO] [stdout]     |
[INFO] [stdout] 456 | #[cfg(any(test, feature = "testing"))]
[INFO] [stdout]     |          --------------------------- the item is gated here
[INFO] [stdout] 457 | #[doc(hidden)]
[INFO] [stdout] 458 | pub mod testing;
[INFO] [stdout]     |         ^^^^^^^
[INFO] [stdout] 
[INFO] [stdout] 
[INFO] [stdout] error[E0599]: no method named `assert_render_template` found for struct `Handlebars<'reg>` in the current scope
[INFO] [stdout]    --> tests/escape.rs:17:9
[INFO] [stdout]     |
[INFO] [stdout]  17 |     hbs.assert_render_template(
[INFO] [stdout]     |         ^^^^^^^^^^^^^^^^^^^^^^
[INFO] [stdout]     |
[INFO] [stdout] help: there is a method `render_template` with a similar name, but with different arguments
[INFO] [stdout]    --> src/registry.rs:830:5
[INFO] [stdout]     |
[INFO] [stdout] 830 | /     pub fn render_template<T>(&self, template_string: &str, data: &T) -> Result<String, RenderError>
[INFO] [stdout] 831 | |     where
[INFO] [stdout] 832 | |         T: Serialize,
[INFO] [stdout]     | |_____________________^
[INFO] [stdout] 
[INFO] [stdout] 
[INFO] [stdout] error[E0599]: no method named `assert_render_template` found for struct `Handlebars<'reg>` in the current scope
[INFO] [stdout]    --> tests/escape.rs:37:9
[INFO] [stdout]     |
[INFO] [stdout]  37 |     hbs.assert_render_template(r#"{{replace "some/path" "/" "\\ " }}"#, &(), r"some\ path");
[INFO] [stdout]     |         ^^^^^^^^^^^^^^^^^^^^^^
[INFO] [stdout]     |
[INFO] [stdout] help: there is a method `render_template` with a similar name, but with different arguments
[INFO] [stdout]    --> src/registry.rs:830:5
[INFO] [stdout]     |
[INFO] [stdout] 830 | /     pub fn render_template<T>(&self, template_string: &str, data: &T) -> Result<String, RenderError>
[INFO] [stdout] 831 | |     where
[INFO] [stdout] 832 | |         T: Serialize,
[INFO] [stdout]     | |_____________________^
[INFO] [stdout] 
[INFO] [stdout] 
[INFO] [stdout] error[E0599]: no method named `assert_render_template` found for struct `Handlebars<'reg>` in the current scope
[INFO] [stdout]    --> tests/whitespace.rs:8:9
[INFO] [stdout]     |
[INFO] [stdout]   8 |     hbs.assert_render_template("  {{~ foo ~}}  ", &json!({"foo": "bar"}), "bar");
[INFO] [stdout]     |         ^^^^^^^^^^^^^^^^^^^^^^
[INFO] [stdout]     |
[INFO] [stdout] help: there is a method `render_template` with a similar name, but with different arguments
[INFO] [stdout]    --> src/registry.rs:830:5
[INFO] [stdout]     |
[INFO] [stdout] 830 | /     pub fn render_template<T>(&self, template_string: &str, data: &T) -> Result<String, RenderError>
[INFO] [stdout] 831 | |     where
[INFO] [stdout] 832 | |         T: Serialize,
[INFO] [stdout]     | |_____________________^
[INFO] [stdout] 
[INFO] [stdout] 
[INFO] [stdout] error[E0432]: unresolved import `handlebars::testing`
[INFO] [stdout]    --> tests/root_var.rs:6:17
[INFO] [stdout]     |
[INFO] [stdout]   6 | use handlebars::testing::TestHandlebars;
[INFO] [stdout]     |                 ^^^^^^^ could not find `testing` in `handlebars`
[INFO] [stdout]     |
[INFO] [stdout] note: found an item that was configured out
[INFO] [stdout]    --> src/lib.rs:458:9
[INFO] [stdout]     |
[INFO] [stdout] 456 | #[cfg(any(test, feature = "testing"))]
[INFO] [stdout]     |          --------------------------- the item is gated here
[INFO] [stdout] 457 | #[doc(hidden)]
[INFO] [stdout] 458 | pub mod testing;
[INFO] [stdout]     |         ^^^^^^^
[INFO] [stdout] 
[INFO] [stdout] 
[INFO] [stdout] error[E0599]: no method named `assert_render_template` found for struct `Handlebars<'reg>` in the current scope
[INFO] [stdout]    --> tests/root_var.rs:17:9
[INFO] [stdout]     |
[INFO] [stdout]  17 |     hbs.assert_render_template(
[INFO] [stdout]     |         ^^^^^^^^^^^^^^^^^^^^^^
[INFO] [stdout]     |
[INFO] [stdout] help: there is a method `render_template` with a similar name, but with different arguments
[INFO] [stdout]    --> src/registry.rs:830:5
[INFO] [stdout]     |
[INFO] [stdout] 830 | /     pub fn render_template<T>(&self, template_string: &str, data: &T) -> Result<String, RenderError>
[INFO] [stdout] 831 | |     where
[INFO] [stdout] 832 | |         T: Serialize,
[INFO] [stdout]     | |_____________________^
[INFO] [stdout] 
[INFO] [stdout] 
[INFO] [stdout] Some errors have detailed explanations: E0432, E0599.
[INFO] [stdout] 
[INFO] [stdout] For more information about an error, try `rustc --explain E0432`.
[INFO] [stdout] 
[INFO] [stdout] error[E0599]: no method named `assert_render_template` found for struct `Handlebars<'reg>` in the current scope
[INFO] [stdout]    --> tests/block_context.rs:17:9
[INFO] [stdout]     |
[INFO] [stdout]  17 |     hbs.assert_render_template(template, &data, "1;2;");
[INFO] [stdout]     |         ^^^^^^^^^^^^^^^^^^^^^^
[INFO] [stdout]     |
[INFO] [stdout] help: there is a method `render_template` with a similar name, but with different arguments
[INFO] [stdout]    --> src/registry.rs:830:5
[INFO] [stdout]     |
[INFO] [stdout] 830 | /     pub fn render_template<T>(&self, template_string: &str, data: &T) -> Result<String, RenderError>
[INFO] [stdout] 831 | |     where
[INFO] [stdout] 832 | |         T: Serialize,
[INFO] [stdout]     | |_____________________^
[INFO] [stdout] 
[INFO] [stdout] 
[INFO] [stderr] error: could not compile `handlebars` (test "root_var") due to 2 previous errors
[INFO] [stderr] warning: build failed, waiting for other jobs to finish...
[INFO] [stdout] error[E0599]: no method named `assert_render_template` found for struct `Handlebars<'reg>` in the current scope
[INFO] [stdout]    --> tests/scoped_inline.rs:12:9
[INFO] [stdout]     |
[INFO] [stdout]  12 |     hbs.assert_render_template(
[INFO] [stdout]     |         ^^^^^^^^^^^^^^^^^^^^^^
[INFO] [stdout]     |
[INFO] [stdout] help: there is a method `render_template` with a similar name, but with different arguments
[INFO] [stdout]    --> src/registry.rs:830:5
[INFO] [stdout]     |
[INFO] [stdout] 830 | /     pub fn render_template<T>(&self, template_string: &str, data: &T) -> Result<String, RenderError>
[INFO] [stdout] 831 | |     where
[INFO] [stdout] 832 | |         T: Serialize,
[INFO] [stdout]     | |_____________________^
[INFO] [stdout] 
[INFO] [stdout] 
[INFO] [stdout] Some errors have detailed explanations: E0432, E0599.
[INFO] [stdout] 
[INFO] [stdout] For more information about an error, try `rustc --explain E0432`.
[INFO] [stdout] 
[INFO] [stdout] error[E0432]: unresolved import `handlebars::testing`
[INFO] [stdout]    --> tests/template_names.rs:6:17
[INFO] [stdout]     |
[INFO] [stdout]   6 | use handlebars::testing::TestHandlebars;
[INFO] [stdout]     |                 ^^^^^^^ could not find `testing` in `handlebars`
[INFO] [stdout]     |
[INFO] [stdout] note: found an item that was configured out
[INFO] [stdout]    --> src/lib.rs:458:9
[INFO] [stdout]     |
[INFO] [stdout] 456 | #[cfg(any(test, feature = "testing"))]
[INFO] [stdout]     |          --------------------------- the item is gated here
[INFO] [stdout] 457 | #[doc(hidden)]
[INFO] [stdout] 458 | pub mod testing;
[INFO] [stdout]     |         ^^^^^^^
[INFO] [stdout] 
[INFO] [stdout] 
[INFO] [stdout] error[E0599]: no method named `assert_render_template` found for struct `Handlebars<'reg>` in the current scope
[INFO] [stdout]    --> tests/whitespace.rs:9:9
[INFO] [stdout]     |
[INFO] [stdout]   9 |     hbs.assert_render_template("  {{{~ foo ~}}}  ", &json!({"foo": "<bar/>"}), "<bar/>");
[INFO] [stdout]     |         ^^^^^^^^^^^^^^^^^^^^^^
[INFO] [stdout]     |
[INFO] [stdout] help: there is a method `render_template` with a similar name, but with different arguments
[INFO] [stdout]    --> src/registry.rs:830:5
[INFO] [stdout]     |
[INFO] [stdout] 830 | /     pub fn render_template<T>(&self, template_string: &str, data: &T) -> Result<String, RenderError>
[INFO] [stdout] 831 | |     where
[INFO] [stdout] 832 | |         T: Serialize,
[INFO] [stdout]     | |_____________________^
[INFO] [stdout] 
[INFO] [stdout] 
[INFO] [stdout] error[E0599]: no method named `assert_render_template` found for struct `Handlebars<'reg>` in the current scope
[INFO] [stdout]    --> tests/escape.rs:38:9
[INFO] [stdout]     |
[INFO] [stdout]  38 |     hbs.assert_render_template(r"{{replace 'some/path' '/' '\\ ' }}", &(), r"some\ path");
[INFO] [stdout]     |         ^^^^^^^^^^^^^^^^^^^^^^
[INFO] [stdout]     |
[INFO] [stdout] help: there is a method `render_template` with a similar name, but with different arguments
[INFO] [stdout]    --> src/registry.rs:830:5
[INFO] [stdout]     |
[INFO] [stdout] 830 | /     pub fn render_template<T>(&self, template_string: &str, data: &T) -> Result<String, RenderError>
[INFO] [stdout] 831 | |     where
[INFO] [stdout] 832 | |         T: Serialize,
[INFO] [stdout]     | |_____________________^
[INFO] [stdout] 
[INFO] [stdout] 
[INFO] [stdout] error[E0432]: unresolved import `handlebars::testing`
[INFO] [stdout]    --> tests/helper_macro.rs:7:17
[INFO] [stdout]     |
[INFO] [stdout]   7 | use handlebars::testing::TestHandlebars;
[INFO] [stdout]     |                 ^^^^^^^ could not find `testing` in `handlebars`
[INFO] [stdout]     |
[INFO] [stdout] note: found an item that was configured out
[INFO] [stdout]    --> src/lib.rs:458:9
[INFO] [stdout]     |
[INFO] [stdout] 456 | #[cfg(any(test, feature = "testing"))]
[INFO] [stdout]     |          --------------------------- the item is gated here
[INFO] [stdout] 457 | #[doc(hidden)]
[INFO] [stdout] 458 | pub mod testing;
[INFO] [stdout]     |         ^^^^^^^
[INFO] [stdout] 
[INFO] [stdout] 
[INFO] [stdout] error[E0599]: no method named `assert_render_template` found for struct `Handlebars<'reg>` in the current scope
[INFO] [stdout]    --> tests/block_context.rs:34:9
[INFO] [stdout]     |
[INFO] [stdout]  34 |     hbs.assert_render_template(template, &data, "1:3;2:3;");
[INFO] [stdout]     |         ^^^^^^^^^^^^^^^^^^^^^^
[INFO] [stdout]     |
[INFO] [stdout] help: there is a method `render_template` with a similar name, but with different arguments
[INFO] [stdout]    --> src/registry.rs:830:5
[INFO] [stdout]     |
[INFO] [stdout] 830 | /     pub fn render_template<T>(&self, template_string: &str, data: &T) -> Result<String, RenderError>
[INFO] [stdout] 831 | |     where
[INFO] [stdout] 832 | |         T: Serialize,
[INFO] [stdout]     | |_____________________^
[INFO] [stdout] 
[INFO] [stdout] 
[INFO] [stdout] error[E0599]: no method named `register` found for struct `Handlebars<'reg>` in the current scope
[INFO] [stdout]   --> tests/template_names.rs:17:9
[INFO] [stdout]    |
[INFO] [stdout] 17 |     hbs.register("foo/bar", "{{@root/b}}");
[INFO] [stdout]    |         ^^^^^^^^
[INFO] [stdout]    |
[INFO] [stdout] help: there is a method `register_helper` with a similar name
[INFO] [stdout]    |
[INFO] [stdout] 17 |     hbs.register_helper("foo/bar", "{{@root/b}}");
[INFO] [stdout]    |                 +++++++
[INFO] [stdout] 
[INFO] [stdout] 
[INFO] [stdout] error[E0599]: no method named `assert_render_template` found for struct `Handlebars<'reg>` in the current scope
[INFO] [stdout]    --> tests/template_names.rs:18:9
[INFO] [stdout]     |
[INFO] [stdout]  18 |     hbs.assert_render_template("{{> foo/bar }}", &data, "top");
[INFO] [stdout]     |         ^^^^^^^^^^^^^^^^^^^^^^
[INFO] [stdout]     |
[INFO] [stdout] help: there is a method `render_template` with a similar name, but with different arguments
[INFO] [stdout]    --> src/registry.rs:830:5
[INFO] [stdout]     |
[INFO] [stdout] 830 | /     pub fn render_template<T>(&self, template_string: &str, data: &T) -> Result<String, RenderError>
[INFO] [stdout] 831 | |     where
[INFO] [stdout] 832 | |         T: Serialize,
[INFO] [stdout]     | |_____________________^
[INFO] [stdout] 
[INFO] [stdout] 
[INFO] [stderr] error: could not compile `handlebars` (test "scoped_inline") due to 2 previous errors
[INFO] [stdout] error[E0599]: no method named `register` found for struct `Handlebars<'reg>` in the current scope
[INFO] [stdout]   --> tests/template_names.rs:30:9
[INFO] [stdout]    |
[INFO] [stdout] 30 |     hbs.register("foo/bar", "{{this}}");
[INFO] [stdout]    |         ^^^^^^^^
[INFO] [stdout]    |
[INFO] [stdout] help: there is a method `register_helper` with a similar name
[INFO] [stdout]    |
[INFO] [stdout] 30 |     hbs.register_helper("foo/bar", "{{this}}");
[INFO] [stdout]    |                 +++++++
[INFO] [stdout] 
[INFO] [stdout] 
[INFO] [stdout] error[E0599]: no method named `assert_render_template` found for struct `Handlebars<'reg>` in the current scope
[INFO] [stdout]    --> tests/template_names.rs:31:9
[INFO] [stdout]     |
[INFO] [stdout]  31 |     hbs.assert_render_template("{{> foo/bar b }}", &data, "top");
[INFO] [stdout]     |         ^^^^^^^^^^^^^^^^^^^^^^
[INFO] [stdout]     |
[INFO] [stdout] help: there is a method `render_template` with a similar name, but with different arguments
[INFO] [stdout]    --> src/registry.rs:830:5
[INFO] [stdout]     |
[INFO] [stdout] 830 | /     pub fn render_template<T>(&self, template_string: &str, data: &T) -> Result<String, RenderError>
[INFO] [stdout] 831 | |     where
[INFO] [stdout] 832 | |         T: Serialize,
[INFO] [stdout]     | |_____________________^
[INFO] [stdout] 
[INFO] [stdout] 
[INFO] [stdout] Some errors have detailed explanations: E0432, E0599.
[INFO] [stdout] 
[INFO] [stdout] For more information about an error, try `rustc --explain E0432`.
[INFO] [stdout] 
[INFO] [stdout] error[E0599]: no method named `assert_render_template` found for struct `Handlebars<'reg>` in the current scope
[INFO] [stdout]    --> tests/whitespace.rs:10:9
[INFO] [stdout]     |
[INFO] [stdout]  10 |     hbs.assert_render_template("  {{~ {foo} ~}}  ", &json!({"foo": "<bar/>"}), "<bar/>");
[INFO] [stdout]     |         ^^^^^^^^^^^^^^^^^^^^^^
[INFO] [stdout]     |
[INFO] [stdout] help: there is a method `render_template` with a similar name, but with different arguments
[INFO] [stdout]    --> src/registry.rs:830:5
[INFO] [stdout]     |
[INFO] [stdout] 830 | /     pub fn render_template<T>(&self, template_string: &str, data: &T) -> Result<String, RenderError>
[INFO] [stdout] 831 | |     where
[INFO] [stdout] 832 | |         T: Serialize,
[INFO] [stdout]     | |_____________________^
[INFO] [stdout] 
[INFO] [stdout] 
[INFO] [stderr] error: could not compile `handlebars` (test "template_names") due to 5 previous errors
[INFO] [stdout] error[E0599]: no method named `assert_render_template` found for struct `Handlebars<'reg>` in the current scope
[INFO] [stdout]    --> tests/escape.rs:39:9
[INFO] [stdout]     |
[INFO] [stdout]  39 |     hbs.assert_render_template(r#"{{replace "some/path" "/" "\\" }}"#, &(), r"some\path");
[INFO] [stdout]     |         ^^^^^^^^^^^^^^^^^^^^^^
[INFO] [stdout]     |
[INFO] [stdout] help: there is a method `render_template` with a similar name, but with different arguments
[INFO] [stdout]    --> src/registry.rs:830:5
[INFO] [stdout]     |
[INFO] [stdout] 830 | /     pub fn render_template<T>(&self, template_string: &str, data: &T) -> Result<String, RenderError>
[INFO] [stdout] 831 | |     where
[INFO] [stdout] 832 | |         T: Serialize,
[INFO] [stdout]     | |_____________________^
[INFO] [stdout] 
[INFO] [stdout] 
[INFO] [stdout] error[E0599]: no method named `assert_render_template` found for struct `Handlebars<'reg>` in the current scope
[INFO] [stdout]    --> tests/block_context.rs:47:9
[INFO] [stdout]     |
[INFO] [stdout]  47 |     hbs.assert_render_template(template, &data, "11:value,22:value,");
[INFO] [stdout]     |         ^^^^^^^^^^^^^^^^^^^^^^
[INFO] [stdout]     |
[INFO] [stdout] help: there is a method `render_template` with a similar name, but with different arguments
[INFO] [stdout]    --> src/registry.rs:830:5
[INFO] [stdout]     |
[INFO] [stdout] 830 | /     pub fn render_template<T>(&self, template_string: &str, data: &T) -> Result<String, RenderError>
[INFO] [stdout] 831 | |     where
[INFO] [stdout] 832 | |         T: Serialize,
[INFO] [stdout]     | |_____________________^
[INFO] [stdout] 
[INFO] [stdout] 
[INFO] [stdout] error[E0599]: no method named `assert_render_template` found for struct `Handlebars<'reg>` in the current scope
[INFO] [stdout]    --> tests/whitespace.rs:35:9
[INFO] [stdout]     |
[INFO] [stdout]  35 |     hbs.assert_render_template(input, &json!({"foo": true}), output);
[INFO] [stdout]     |         ^^^^^^^^^^^^^^^^^^^^^^
[INFO] [stdout]     |
[INFO] [stdout] help: there is a method `render_template` with a similar name, but with different arguments
[INFO] [stdout]    --> src/registry.rs:830:5
[INFO] [stdout]     |
[INFO] [stdout] 830 | /     pub fn render_template<T>(&self, template_string: &str, data: &T) -> Result<String, RenderError>
[INFO] [stdout] 831 | |     where
[INFO] [stdout] 832 | |         T: Serialize,
[INFO] [stdout]     | |_____________________^
[INFO] [stdout] 
[INFO] [stdout] 
[INFO] [stdout] error[E0599]: no method named `assert_render_template` found for struct `Handlebars<'reg>` in the current scope
[INFO] [stdout]    --> tests/block_context.rs:72:9
[INFO] [stdout]     |
[INFO] [stdout]  72 |     hbs.assert_render_template(template, &data, "1;2;3;4;");
[INFO] [stdout]     |         ^^^^^^^^^^^^^^^^^^^^^^
[INFO] [stdout]     |
[INFO] [stdout] help: there is a method `render_template` with a similar name, but with different arguments
[INFO] [stdout]    --> src/registry.rs:830:5
[INFO] [stdout]     |
[INFO] [stdout] 830 | /     pub fn render_template<T>(&self, template_string: &str, data: &T) -> Result<String, RenderError>
[INFO] [stdout] 831 | |     where
[INFO] [stdout] 832 | |         T: Serialize,
[INFO] [stdout]     | |_____________________^
[INFO] [stdout] 
[INFO] [stdout] 
[INFO] [stdout] error[E0599]: no method named `assert_render_template` found for struct `Handlebars<'reg>` in the current scope
[INFO] [stdout]    --> tests/escape.rs:40:9
[INFO] [stdout]     |
[INFO] [stdout]  40 |     hbs.assert_render_template(r"{{replace 'some/path' '/' '\\' }}", &(), r"some\path");
[INFO] [stdout]     |         ^^^^^^^^^^^^^^^^^^^^^^
[INFO] [stdout]     |
[INFO] [stdout] help: there is a method `render_template` with a similar name, but with different arguments
[INFO] [stdout]    --> src/registry.rs:830:5
[INFO] [stdout]     |
[INFO] [stdout] 830 | /     pub fn render_template<T>(&self, template_string: &str, data: &T) -> Result<String, RenderError>
[INFO] [stdout] 831 | |     where
[INFO] [stdout] 832 | |         T: Serialize,
[INFO] [stdout]     | |_____________________^
[INFO] [stdout] 
[INFO] [stdout] 
[INFO] [stdout] error[E0599]: no method named `assert_render_template` found for struct `Handlebars<'reg>` in the current scope
[INFO] [stdout]    --> tests/whitespace.rs:67:9
[INFO] [stdout]     |
[INFO] [stdout]  67 |     hbs.assert_render_template(input, &json!({"foo": true}), output);
[INFO] [stdout]     |         ^^^^^^^^^^^^^^^^^^^^^^
[INFO] [stdout]     |
[INFO] [stdout] help: there is a method `render_template` with a similar name, but with different arguments
[INFO] [stdout]    --> src/registry.rs:830:5
[INFO] [stdout]     |
[INFO] [stdout] 830 | /     pub fn render_template<T>(&self, template_string: &str, data: &T) -> Result<String, RenderError>
[INFO] [stdout] 831 | |     where
[INFO] [stdout] 832 | |         T: Serialize,
[INFO] [stdout]     | |_____________________^
[INFO] [stdout] 
[INFO] [stdout] 
[INFO] [stdout] error[E0599]: no method named `assert_render_template` found for struct `Handlebars<'reg>` in the current scope
[INFO] [stdout]    --> tests/block_context.rs:99:9
[INFO] [stdout]     |
[INFO] [stdout]  99 |     hbs.assert_render_template(template, &data, "false|1;false|2;true|3;true|4;");
[INFO] [stdout]     |         ^^^^^^^^^^^^^^^^^^^^^^
[INFO] [stdout]     |
[INFO] [stdout] help: there is a method `render_template` with a similar name, but with different arguments
[INFO] [stdout]    --> src/registry.rs:830:5
[INFO] [stdout]     |
[INFO] [stdout] 830 | /     pub fn render_template<T>(&self, template_string: &str, data: &T) -> Result<String, RenderError>
[INFO] [stdout] 831 | |     where
[INFO] [stdout] 832 | |         T: Serialize,
[INFO] [stdout]     | |_____________________^
[INFO] [stdout] 
[INFO] [stdout] 
[INFO] [stdout] error[E0599]: no method named `assert_render_template` found for struct `Handlebars<'reg>` in the current scope
[INFO] [stdout]    --> tests/whitespace.rs:101:9
[INFO] [stdout]     |
[INFO] [stdout] 101 |     hbs.assert_render_template(input, &json!({"foo": true}), output);
[INFO] [stdout]     |         ^^^^^^^^^^^^^^^^^^^^^^
[INFO] [stdout]     |
[INFO] [stdout] help: there is a method `render_template` with a similar name, but with different arguments
[INFO] [stdout]    --> src/registry.rs:830:5
[INFO] [stdout]     |
[INFO] [stdout] 830 | /     pub fn render_template<T>(&self, template_string: &str, data: &T) -> Result<String, RenderError>
[INFO] [stdout] 831 | |     where
[INFO] [stdout] 832 | |         T: Serialize,
[INFO] [stdout]     | |_____________________^
[INFO] [stdout] 
[INFO] [stdout] 
[INFO] [stdout] error[E0599]: no method named `assert_render_template` found for struct `handlebars::Handlebars<'reg>` in the current scope
[INFO] [stdout]    --> tests/helper_with_space.rs:30:7
[INFO] [stdout]     |
[INFO] [stdout]  30 |     r.assert_render_template(
[INFO] [stdout]     |       ^^^^^^^^^^^^^^^^^^^^^^
[INFO] [stdout]     |
[INFO] [stdout] help: there is a method `render_template` with a similar name, but with different arguments
[INFO] [stdout]    --> src/registry.rs:830:5
[INFO] [stdout]     |
[INFO] [stdout] 830 | /     pub fn render_template<T>(&self, template_string: &str, data: &T) -> Result<String, RenderError>
[INFO] [stdout] 831 | |     where
[INFO] [stdout] 832 | |         T: Serialize,
[INFO] [stdout]     | |_____________________^
[INFO] [stdout] 
[INFO] [stdout] 
[INFO] [stdout] error[E0599]: no method named `assert_render_template` found for struct `Handlebars<'reg>` in the current scope
[INFO] [stdout]    --> tests/block_context.rs:118:9
[INFO] [stdout]     |
[INFO] [stdout] 118 |     hbs.assert_render_template(input, &json!({"foo": [42], "bar": [1,2,3]}), output);
[INFO] [stdout]     |         ^^^^^^^^^^^^^^^^^^^^^^
[INFO] [stdout]     |
[INFO] [stdout] help: there is a method `render_template` with a similar name, but with different arguments
[INFO] [stdout]    --> src/registry.rs:830:5
[INFO] [stdout]     |
[INFO] [stdout] 830 | /     pub fn render_template<T>(&self, template_string: &str, data: &T) -> Result<String, RenderError>
[INFO] [stdout] 831 | |     where
[INFO] [stdout] 832 | |         T: Serialize,
[INFO] [stdout]     | |_____________________^
[INFO] [stdout] 
[INFO] [stdout] 
[INFO] [stdout] Some errors have detailed explanations: E0432, E0599.
[INFO] [stdout] 
[INFO] [stdout] For more information about an error, try `rustc --explain E0432`.
[INFO] [stdout] 
[INFO] [stderr] error: could not compile `handlebars` (test "block_context") due to 7 previous errors
[INFO] [stdout] error[E0599]: no method named `assert_render_template` found for struct `Handlebars<'reg>` in the current scope
[INFO] [stdout]    --> tests/escape.rs:41:9
[INFO] [stdout]     |
[INFO] [stdout]  41 |     hbs.assert_render_template(
[INFO] [stdout]     |         ^^^^^^^^^^^^^^^^^^^^^^
[INFO] [stdout]     |
[INFO] [stdout] help: there is a method `render_template` with a similar name, but with different arguments
[INFO] [stdout]    --> src/registry.rs:830:5
[INFO] [stdout]     |
[INFO] [stdout] 830 | /     pub fn render_template<T>(&self, template_string: &str, data: &T) -> Result<String, RenderError>
[INFO] [stdout] 831 | |     where
[INFO] [stdout] 832 | |         T: Serialize,
[INFO] [stdout]     | |_____________________^
[INFO] [stdout] 
[INFO] [stdout] 
[INFO] [stdout] error[E0599]: no method named `assert_render_template` found for struct `Handlebars<'reg>` in the current scope
[INFO] [stdout]    --> tests/whitespace.rs:118:9
[INFO] [stdout]     |
[INFO] [stdout] 118 |     hbs.assert_render_template(input, &(), output);
[INFO] [stdout]     |         ^^^^^^^^^^^^^^^^^^^^^^
[INFO] [stdout]     |
[INFO] [stdout] help: there is a method `render_template` with a similar name, but with different arguments
[INFO] [stdout]    --> src/registry.rs:830:5
[INFO] [stdout]     |
[INFO] [stdout] 830 | /     pub fn render_template<T>(&self, template_string: &str, data: &T) -> Result<String, RenderError>
[INFO] [stdout] 831 | |     where
[INFO] [stdout] 832 | |         T: Serialize,
[INFO] [stdout]     | |_____________________^
[INFO] [stdout] 
[INFO] [stdout] 
[INFO] [stdout] error[E0599]: no method named `assert_render_template` found for struct `Handlebars<'reg>` in the current scope
[INFO] [stdout]    --> tests/helper_macro.rs:64:13
[INFO] [stdout]     |
[INFO] [stdout]  64 |         hbs.assert_render_template(template, data, expected);
[INFO] [stdout]     |             ^^^^^^^^^^^^^^^^^^^^^^
[INFO] [stdout]     |
[INFO] [stdout] help: there is a method `render_template` with a similar name, but with different arguments
[INFO] [stdout]    --> src/registry.rs:830:5
[INFO] [stdout]     |
[INFO] [stdout] 830 | /     pub fn render_template<T>(&self, template_string: &str, data: &T) -> Result<String, RenderError>
[INFO] [stdout] 831 | |     where
[INFO] [stdout] 832 | |         T: Serialize,
[INFO] [stdout]     | |_____________________^
[INFO] [stdout] 
[INFO] [stdout] 
[INFO] [stdout] error[E0599]: no method named `assert_render_template` found for struct `Handlebars<'reg>` in the current scope
[INFO] [stdout]    --> tests/escape.rs:46:9
[INFO] [stdout]     |
[INFO] [stdout]  46 |     hbs.assert_render_template(
[INFO] [stdout]     |         ^^^^^^^^^^^^^^^^^^^^^^
[INFO] [stdout]     |
[INFO] [stdout] help: there is a method `render_template` with a similar name, but with different arguments
[INFO] [stdout]    --> src/registry.rs:830:5
[INFO] [stdout]     |
[INFO] [stdout] 830 | /     pub fn render_template<T>(&self, template_string: &str, data: &T) -> Result<String, RenderError>
[INFO] [stdout] 831 | |     where
[INFO] [stdout] 832 | |         T: Serialize,
[INFO] [stdout]     | |_____________________^
[INFO] [stdout] 
[INFO] [stdout] 
[INFO] [stdout] error[E0599]: no method named `register` found for struct `handlebars::Handlebars<'reg>` in the current scope
[INFO] [stdout]   --> tests/helper_with_space.rs:41:7
[INFO] [stdout]    |
[INFO] [stdout] 41 |     r.register(
[INFO] [stdout]    |       ^^^^^^^^
[INFO] [stdout]    |
[INFO] [stdout] help: there is a method `register_helper` with a similar name
[INFO] [stdout]    |
[INFO] [stdout] 41 |     r.register_helper(
[INFO] [stdout]    |               +++++++
[INFO] [stdout] 
[INFO] [stdout] 
[INFO] [stdout] error[E0599]: no method named `register` found for struct `handlebars::Handlebars<'reg>` in the current scope
[INFO] [stdout]   --> tests/helper_with_space.rs:52:7
[INFO] [stdout]    |
[INFO] [stdout] 52 |     r.register(
[INFO] [stdout]    |       ^^^^^^^^
[INFO] [stdout]    |
[INFO] [stdout] help: there is a method `register_helper` with a similar name
[INFO] [stdout]    |
[INFO] [stdout] 52 |     r.register_helper(
[INFO] [stdout]    |               +++++++
[INFO] [stdout] 
[INFO] [stdout] 
[INFO] [stdout] error[E0599]: no method named `assert_render_template` found for struct `Handlebars<'reg>` in the current scope
[INFO] [stdout]    --> tests/helper_macro.rs:69:9
[INFO] [stdout]     |
[INFO] [stdout]  69 |     hbs.assert_render_template("{{date this}}", &dt, "2015-02-18");
[INFO] [stdout]     |         ^^^^^^^^^^^^^^^^^^^^^^
[INFO] [stdout]     |
[INFO] [stdout] help: there is a method `render_template` with a similar name, but with different arguments
[INFO] [stdout]    --> src/registry.rs:830:5
[INFO] [stdout]     |
[INFO] [stdout] 830 | /     pub fn render_template<T>(&self, template_string: &str, data: &T) -> Result<String, RenderError>
[INFO] [stdout] 831 | |     where
[INFO] [stdout] 832 | |         T: Serialize,
[INFO] [stdout]     | |_____________________^
[INFO] [stdout] 
[INFO] [stdout] 
[INFO] [stdout] error[E0599]: no method named `assert_render_template` found for struct `Handlebars<'reg>` in the current scope
[INFO] [stdout]    --> tests/whitespace.rs:135:9
[INFO] [stdout]     |
[INFO] [stdout] 135 |     hbs.assert_render_template(input, &json!({"input": ""}), output);
[INFO] [stdout]     |         ^^^^^^^^^^^^^^^^^^^^^^
[INFO] [stdout]     |
[INFO] [stdout] help: there is a method `render_template` with a similar name, but with different arguments
[INFO] [stdout]    --> src/registry.rs:830:5
[INFO] [stdout]     |
[INFO] [stdout] 830 | /     pub fn render_template<T>(&self, template_string: &str, data: &T) -> Result<String, RenderError>
[INFO] [stdout] 831 | |     where
[INFO] [stdout] 832 | |         T: Serialize,
[INFO] [stdout]     | |_____________________^
[INFO] [stdout] 
[INFO] [stdout] 
[INFO] [stdout] error[E0599]: no method named `assert_render` found for struct `handlebars::Handlebars<'reg>` in the current scope
[INFO] [stdout]   --> tests/helper_with_space.rs:85:7
[INFO] [stdout]    |
[INFO] [stdout] 85 |     r.assert_render("t1", &data, exp1);
[INFO] [stdout]    |       ^^^^^^^^^^^^^ method not found in `handlebars::Handlebars<'_>`
[INFO] [stdout] 
[INFO] [stdout] 
[INFO] [stdout] error[E0599]: no method named `register` found for struct `Handlebars<'reg>` in the current scope
[INFO] [stdout]   --> tests/escape.rs:62:9
[INFO] [stdout]    |
[INFO] [stdout] 62 |     hbs.register("perl", TEMPLATE_UNQUOTED);
[INFO] [stdout]    |         ^^^^^^^^
[INFO] [stdout]    |
[INFO] [stdout] help: there is a method `register_helper` with a similar name
[INFO] [stdout]    |
[INFO] [stdout] 62 |     hbs.register_helper("perl", TEMPLATE_UNQUOTED);
[INFO] [stdout]    |                 +++++++
[INFO] [stdout] 
[INFO] [stdout] 
[INFO] [stdout] error[E0599]: no method named `assert_render` found for struct `handlebars::Handlebars<'reg>` in the current scope
[INFO] [stdout]   --> tests/helper_with_space.rs:86:7
[INFO] [stdout]    |
[INFO] [stdout] 86 |     r.assert_render("t2", &data, exp2);
[INFO] [stdout]    |       ^^^^^^^^^^^^^ method not found in `handlebars::Handlebars<'_>`
[INFO] [stdout] 
[INFO] [stdout] 
[INFO] [stdout] Some errors have detailed explanations: E0432, E0599.
[INFO] [stdout] 
[INFO] [stdout] For more information about an error, try `rustc --explain E0432`.
[INFO] [stdout] 
[INFO] [stdout] error[E0599]: no method named `assert_render` found for struct `Handlebars<'reg>` in the current scope
[INFO] [stdout]   --> tests/escape.rs:64:9
[INFO] [stdout]    |
[INFO] [stdout] 64 |     hbs.assert_render(
[INFO] [stdout]    |         ^^^^^^^^^^^^^ method not found in `Handlebars<'_>`
[INFO] [stdout] 
[INFO] [stdout] 
[INFO] [stdout] Some errors have detailed explanations: E0432, E0599.
[INFO] [stdout] 
[INFO] [stdout] For more information about an error, try `rustc --explain E0432`.
[INFO] [stdout] 
[INFO] [stderr] error: could not compile `handlebars` (test "helper_macro") due to 3 previous errors
[INFO] [stdout] error[E0599]: no method named `assert_render_template` found for struct `Handlebars<'reg>` in the current scope
[INFO] [stdout]    --> tests/whitespace.rs:154:9
[INFO] [stdout]     |
[INFO] [stdout] 154 |     hbs.assert_render_template(input, &json!({"input": "foo\nbar\nbaz"}), output);
[INFO] [stdout]     |         ^^^^^^^^^^^^^^^^^^^^^^
[INFO] [stdout]     |
[INFO] [stdout] help: there is a method `render_template` with a similar name, but with different arguments
[INFO] [stdout]    --> src/registry.rs:830:5
[INFO] [stdout]     |
[INFO] [stdout] 830 | /     pub fn render_template<T>(&self, template_string: &str, data: &T) -> Result<String, RenderError>
[INFO] [stdout] 831 | |     where
[INFO] [stdout] 832 | |         T: Serialize,
[INFO] [stdout]     | |_____________________^
[INFO] [stdout] 
[INFO] [stdout] 
[INFO] [stdout] error[E0599]: no method named `assert_render_template` found for struct `Handlebars<'reg>` in the current scope
[INFO] [stdout]    --> tests/escape.rs:80:9
[INFO] [stdout]     |
[INFO] [stdout]  80 |     hbs.assert_render_template(
[INFO] [stdout]     |         ^^^^^^^^^^^^^^^^^^^^^^
[INFO] [stdout]     |
[INFO] [stdout] help: there is a method `render_template` with a similar name, but with different arguments
[INFO] [stdout]    --> src/registry.rs:830:5
[INFO] [stdout]     |
[INFO] [stdout] 830 | /     pub fn render_template<T>(&self, template_string: &str, data: &T) -> Result<String, RenderError>
[INFO] [stdout] 831 | |     where
[INFO] [stdout] 832 | |         T: Serialize,
[INFO] [stdout]     | |_____________________^
[INFO] [stdout] 
[INFO] [stdout] 
[INFO] [stderr] error: could not compile `handlebars` (test "helper_with_space") due to 6 previous errors
[INFO] [stdout] error[E0599]: no method named `assert_render_template` found for struct `Handlebars<'reg>` in the current scope
[INFO] [stdout]    --> tests/whitespace.rs:173:9
[INFO] [stdout]     |
[INFO] [stdout] 173 |     hbs.assert_render_template(
[INFO] [stdout]     |         ^^^^^^^^^^^^^^^^^^^^^^
[INFO] [stdout]     |
[INFO] [stdout] help: there is a method `render_template` with a similar name, but with different arguments
[INFO] [stdout]    --> src/registry.rs:830:5
[INFO] [stdout]     |
[INFO] [stdout] 830 | /     pub fn render_template<T>(&self, template_string: &str, data: &T) -> Result<String, RenderError>
[INFO] [stdout] 831 | |     where
[INFO] [stdout] 832 | |         T: Serialize,
[INFO] [stdout]     | |_____________________^
[INFO] [stdout] 
[INFO] [stdout] 
[INFO] [stdout] error[E0599]: no method named `assert_render_template` found for struct `Handlebars<'reg>` in the current scope
[INFO] [stdout]    --> tests/escape.rs:85:9
[INFO] [stdout]     |
[INFO] [stdout]  85 |     hbs.assert_render_template(
[INFO] [stdout]     |         ^^^^^^^^^^^^^^^^^^^^^^
[INFO] [stdout]     |
[INFO] [stdout] help: there is a method `render_template` with a similar name, but with different arguments
[INFO] [stdout]    --> src/registry.rs:830:5
[INFO] [stdout]     |
[INFO] [stdout] 830 | /     pub fn render_template<T>(&self, template_string: &str, data: &T) -> Result<String, RenderError>
[INFO] [stdout] 831 | |     where
[INFO] [stdout] 832 | |         T: Serialize,
[INFO] [stdout]     | |_____________________^
[INFO] [stdout] 
[INFO] [stdout] 
[INFO] [stdout] error[E0599]: no method named `assert_render_template` found for struct `Handlebars<'reg>` in the current scope
[INFO] [stdout]    --> tests/whitespace.rs:202:9
[INFO] [stdout]     |
[INFO] [stdout] 202 |     hbs.assert_render_template(input, &json!({"content": "foo"}), output);
[INFO] [stdout]     |         ^^^^^^^^^^^^^^^^^^^^^^
[INFO] [stdout]     |
[INFO] [stdout] help: there is a method `render_template` with a similar name, but with different arguments
[INFO] [stdout]    --> src/registry.rs:830:5
[INFO] [stdout]     |
[INFO] [stdout] 830 | /     pub fn render_template<T>(&self, template_string: &str, data: &T) -> Result<String, RenderError>
[INFO] [stdout] 831 | |     where
[INFO] [stdout] 832 | |         T: Serialize,
[INFO] [stdout]     | |_____________________^
[INFO] [stdout] 
[INFO] [stdout] 
[INFO] [stdout] error[E0599]: no method named `assert_render_template` found for struct `Handlebars<'reg>` in the current scope
[INFO] [stdout]    --> tests/escape.rs:98:9
[INFO] [stdout]     |
[INFO] [stdout]  98 |     hbs.assert_render_template(
[INFO] [stdout]     |         ^^^^^^^^^^^^^^^^^^^^^^
[INFO] [stdout]     |
[INFO] [stdout] help: there is a method `render_template` with a similar name, but with different arguments
[INFO] [stdout]    --> src/registry.rs:830:5
[INFO] [stdout]     |
[INFO] [stdout] 830 | /     pub fn render_template<T>(&self, template_string: &str, data: &T) -> Result<String, RenderError>
[INFO] [stdout] 831 | |     where
[INFO] [stdout] 832 | |         T: Serialize,
[INFO] [stdout]     | |_____________________^
[INFO] [stdout] 
[INFO] [stdout] 
[INFO] [stdout] error[E0599]: no method named `assert_render_template` found for struct `Handlebars<'reg>` in the current scope
[INFO] [stdout]    --> tests/whitespace.rs:225:9
[INFO] [stdout]     |
[INFO] [stdout] 225 |     hbs.assert_render_template(input, &json!({"content": "foo"}), output);
[INFO] [stdout]     |         ^^^^^^^^^^^^^^^^^^^^^^
[INFO] [stdout]     |
[INFO] [stdout] help: there is a method `render_template` with a similar name, but with different arguments
[INFO] [stdout]    --> src/registry.rs:830:5
[INFO] [stdout]     |
[INFO] [stdout] 830 | /     pub fn render_template<T>(&self, template_string: &str, data: &T) -> Result<String, RenderError>
[INFO] [stdout] 831 | |     where
[INFO] [stdout] 832 | |         T: Serialize,
[INFO] [stdout]     | |_____________________^
[INFO] [stdout] 
[INFO] [stdout] 
[INFO] [stdout] Some errors have detailed explanations: E0432, E0599.
[INFO] [stdout] 
[INFO] [stdout] For more information about an error, try `rustc --explain E0432`.
[INFO] [stdout] 
[INFO] [stdout] error[E0599]: no method named `assert_render_template` found for struct `Handlebars<'reg>` in the current scope
[INFO] [stdout]    --> tests/whitespace.rs:240:9
[INFO] [stdout]     |
[INFO] [stdout] 240 |     hbs.assert_render_template(input, &(), output);
[INFO] [stdout]     |         ^^^^^^^^^^^^^^^^^^^^^^
[INFO] [stdout]     |
[INFO] [stdout] help: there is a method `render_template` with a similar name, but with different arguments
[INFO] [stdout]    --> src/registry.rs:830:5
[INFO] [stdout]     |
[INFO] [stdout] 830 | /     pub fn render_template<T>(&self, template_string: &str, data: &T) -> Result<String, RenderError>
[INFO] [stdout] 831 | |     where
[INFO] [stdout] 832 | |         T: Serialize,
[INFO] [stdout]     | |_____________________^
[INFO] [stdout] 
[INFO] [stdout] 
[INFO] [stderr] error: could not compile `handlebars` (test "escape") due to 13 previous errors
[INFO] [stdout] error[E0599]: no method named `assert_render_template` found for struct `Handlebars<'reg>` in the current scope
[INFO] [stdout]    --> tests/whitespace.rs:253:9
[INFO] [stdout]     |
[INFO] [stdout] 253 |     hbs.assert_render_template(input, &(), output);
[INFO] [stdout]     |         ^^^^^^^^^^^^^^^^^^^^^^
[INFO] [stdout]     |
[INFO] [stdout] help: there is a method `render_template` with a similar name, but with different arguments
[INFO] [stdout]    --> src/registry.rs:830:5
[INFO] [stdout]     |
[INFO] [stdout] 830 | /     pub fn render_template<T>(&self, template_string: &str, data: &T) -> Result<String, RenderError>
[INFO] [stdout] 831 | |     where
[INFO] [stdout] 832 | |         T: Serialize,
[INFO] [stdout]     | |_____________________^
[INFO] [stdout] 
[INFO] [stdout] 
[INFO] [stdout] error[E0599]: no method named `assert_render_template` found for struct `Handlebars<'reg>` in the current scope
[INFO] [stdout]    --> tests/whitespace.rs:271:9
[INFO] [stdout]     |
[INFO] [stdout] 271 |     hbs.assert_render_template(input, &json!({"a": [1, 2, 3]}), output);
[INFO] [stdout]     |         ^^^^^^^^^^^^^^^^^^^^^^
[INFO] [stdout]     |
[INFO] [stdout] help: there is a method `render_template` with a similar name, but with different arguments
[INFO] [stdout]    --> src/registry.rs:830:5
[INFO] [stdout]     |
[INFO] [stdout] 830 | /     pub fn render_template<T>(&self, template_string: &str, data: &T) -> Result<String, RenderError>
[INFO] [stdout] 831 | |     where
[INFO] [stdout] 832 | |         T: Serialize,
[INFO] [stdout]     | |_____________________^
[INFO] [stdout] 
[INFO] [stdout] 
[INFO] [stdout] error[E0599]: no method named `assert_render_template` found for struct `Handlebars<'reg>` in the current scope
[INFO] [stdout]    --> tests/whitespace.rs:283:9
[INFO] [stdout]     |
[INFO] [stdout] 283 |     hbs.assert_render_template(input, &json!({"a": [1, 2, 3]}), output);
[INFO] [stdout]     |         ^^^^^^^^^^^^^^^^^^^^^^
[INFO] [stdout]     |
[INFO] [stdout] help: there is a method `render_template` with a similar name, but with different arguments
[INFO] [stdout]    --> src/registry.rs:830:5
[INFO] [stdout]     |
[INFO] [stdout] 830 | /     pub fn render_template<T>(&self, template_string: &str, data: &T) -> Result<String, RenderError>
[INFO] [stdout] 831 | |     where
[INFO] [stdout] 832 | |         T: Serialize,
[INFO] [stdout]     | |_____________________^
[INFO] [stdout] 
[INFO] [stdout] 
[INFO] [stdout] error[E0599]: no method named `assert_render_template` found for struct `Handlebars<'reg>` in the current scope
[INFO] [stdout]    --> tests/whitespace.rs:302:9
[INFO] [stdout]     |
[INFO] [stdout] 302 |     hbs.assert_render_template(input, &json!({"a": [1, 2, 3]}), output);
[INFO] [stdout]     |         ^^^^^^^^^^^^^^^^^^^^^^
[INFO] [stdout]     |
[INFO] [stdout] help: there is a method `render_template` with a similar name, but with different arguments
[INFO] [stdout]    --> src/registry.rs:830:5
[INFO] [stdout]     |
[INFO] [stdout] 830 | /     pub fn render_template<T>(&self, template_string: &str, data: &T) -> Result<String, RenderError>
[INFO] [stdout] 831 | |     where
[INFO] [stdout] 832 | |         T: Serialize,
[INFO] [stdout]     | |_____________________^
[INFO] [stdout] 
[INFO] [stdout] 
[INFO] [stdout] error[E0599]: no method named `assert_render_template` found for struct `Handlebars<'reg>` in the current scope
[INFO] [stdout]    --> tests/whitespace.rs:313:9
[INFO] [stdout]     |
[INFO] [stdout] 313 |     hbs.assert_render_template(
[INFO] [stdout]     |         ^^^^^^^^^^^^^^^^^^^^^^
[INFO] [stdout]     |
[INFO] [stdout] help: there is a method `render_template` with a similar name, but with different arguments
[INFO] [stdout]    --> src/registry.rs:830:5
[INFO] [stdout]     |
[INFO] [stdout] 830 | /     pub fn render_template<T>(&self, template_string: &str, data: &T) -> Result<String, RenderError>
[INFO] [stdout] 831 | |     where
[INFO] [stdout] 832 | |         T: Serialize,
[INFO] [stdout]     | |_____________________^
[INFO] [stdout] 
[INFO] [stdout] 
[INFO] [stdout] error[E0599]: no method named `assert_render_template` found for struct `Handlebars<'reg>` in the current scope
[INFO] [stdout]    --> tests/whitespace.rs:320:9
[INFO] [stdout]     |
[INFO] [stdout] 320 |     hbs.assert_render_template(
[INFO] [stdout]     |         ^^^^^^^^^^^^^^^^^^^^^^
[INFO] [stdout]     |
[INFO] [stdout] help: there is a method `render_template` with a similar name, but with different arguments
[INFO] [stdout]    --> src/registry.rs:830:5
[INFO] [stdout]     |
[INFO] [stdout] 830 | /     pub fn render_template<T>(&self, template_string: &str, data: &T) -> Result<String, RenderError>
[INFO] [stdout] 831 | |     where
[INFO] [stdout] 832 | |         T: Serialize,
[INFO] [stdout]     | |_____________________^
[INFO] [stdout] 
[INFO] [stdout] 
[INFO] [stdout] error[E0599]: no method named `assert_render_template` found for struct `Handlebars<'reg>` in the current scope
[INFO] [stdout]    --> tests/whitespace.rs:327:9
[INFO] [stdout]     |
[INFO] [stdout] 327 |     hbs.assert_render_template(
[INFO] [stdout]     |         ^^^^^^^^^^^^^^^^^^^^^^
[INFO] [stdout]     |
[INFO] [stdout] help: there is a method `render_template` with a similar name, but with different arguments
[INFO] [stdout]    --> src/registry.rs:830:5
[INFO] [stdout]     |
[INFO] [stdout] 830 | /     pub fn render_template<T>(&self, template_string: &str, data: &T) -> Result<String, RenderError>
[INFO] [stdout] 831 | |     where
[INFO] [stdout] 832 | |         T: Serialize,
[INFO] [stdout]     | |_____________________^
[INFO] [stdout] 
[INFO] [stdout] 
[INFO] [stdout] error[E0599]: no method named `assert_render_template` found for struct `Handlebars<'reg>` in the current scope
[INFO] [stdout]    --> tests/whitespace.rs:334:9
[INFO] [stdout]     |
[INFO] [stdout] 334 |     hbs.assert_render_template(
[INFO] [stdout]     |         ^^^^^^^^^^^^^^^^^^^^^^
[INFO] [stdout]     |
[INFO] [stdout] help: there is a method `render_template` with a similar name, but with different arguments
[INFO] [stdout]    --> src/registry.rs:830:5
[INFO] [stdout]     |
[INFO] [stdout] 830 | /     pub fn render_template<T>(&self, template_string: &str, data: &T) -> Result<String, RenderError>
[INFO] [stdout] 831 | |     where
[INFO] [stdout] 832 | |         T: Serialize,
[INFO] [stdout]     | |_____________________^
[INFO] [stdout] 
[INFO] [stdout] 
[INFO] [stdout] Some errors have detailed explanations: E0432, E0599.
[INFO] [stdout] 
[INFO] [stdout] For more information about an error, try `rustc --explain E0432`.
[INFO] [stdout] 
[INFO] [stderr] error: could not compile `handlebars` (test "whitespace") due to 22 previous errors
[INFO] running `Command { std: "docker" "inspect" "7e439d867e3c262064bbe9d8717a145d963b850a9dae2809f7e3b8dd9cd9d2ab", kill_on_drop: false }`
[INFO] running `Command { std: "docker" "rm" "-f" "7e439d867e3c262064bbe9d8717a145d963b850a9dae2809f7e3b8dd9cd9d2ab", kill_on_drop: false }`
[INFO] [stdout] 7e439d867e3c262064bbe9d8717a145d963b850a9dae2809f7e3b8dd9cd9d2ab
