[INFO] fetching crate halyard_router_macro 0.1.0...
[INFO] checking halyard_router_macro-0.1.0 against 3154cc1a3e6424e44f438a95007d043ed5ceaaf6 for pr-133502-30
[INFO] extracting crate halyard_router_macro 0.1.0 into /workspace/builds/worker-7-tc2/source
[INFO] started tweaking crates.io crate halyard_router_macro 0.1.0
[INFO] removed 0 missing tests
[INFO] finished tweaking crates.io crate halyard_router_macro 0.1.0
[INFO] tweaked toml for crates.io crate halyard_router_macro 0.1.0 written to /workspace/builds/worker-7-tc2/source/Cargo.toml
[INFO] validating manifest of crates.io crate halyard_router_macro 0.1.0 on toolchain 3154cc1a3e6424e44f438a95007d043ed5ceaaf6
[INFO] running `Command { std: CARGO_HOME="/workspace/cargo-home" RUSTUP_HOME="/workspace/rustup-home" "/workspace/cargo-home/bin/cargo" "+3154cc1a3e6424e44f438a95007d043ed5ceaaf6" "metadata" "--manifest-path" "Cargo.toml" "--no-deps", kill_on_drop: false }`
[INFO] crate crates.io crate halyard_router_macro 0.1.0 already has a lockfile, it will not be regenerated
[INFO] running `Command { std: CARGO_HOME="/workspace/cargo-home" RUSTUP_HOME="/workspace/rustup-home" "/workspace/cargo-home/bin/cargo" "+3154cc1a3e6424e44f438a95007d043ed5ceaaf6" "fetch" "--manifest-path" "Cargo.toml", kill_on_drop: false }`
[INFO] running `Command { std: "docker" "create" "-v" "/var/lib/crater-agent-workspace/builds/worker-7-tc2/source:/opt/rustwide/workdir:ro,Z" "-v" "/var/lib/crater-agent-workspace/builds/worker-7-tc2/target:/opt/rustwide/target:rw,Z" "-v" "/var/lib/crater-agent-workspace/cargo-home:/opt/rustwide/cargo-home:ro,Z" "-v" "/var/lib/crater-agent-workspace/rustup-home:/opt/rustwide/rustup-home:ro,Z" "-m" "1610612736" "--network" "none" "ghcr.io/rust-lang/crates-build-env/linux@sha256:77db811e55d90add9212f6832c23229e3de5f1c1f9905e8cb07319ea15df73ac" "sleep" "infinity", kill_on_drop: false }`
[INFO] [stdout] 48cd75f22c515ed6f393ca609406a6c94f7bd418574a8fb93fd88ac8a9519ec2
[INFO] running `Command { std: "docker" "start" "48cd75f22c515ed6f393ca609406a6c94f7bd418574a8fb93fd88ac8a9519ec2", kill_on_drop: false }`
[INFO] running `Command { std: "docker" "inspect" "48cd75f22c515ed6f393ca609406a6c94f7bd418574a8fb93fd88ac8a9519ec2", kill_on_drop: false }`
[INFO] running `Command { std: "docker" "exec" "-e" "SOURCE_DIR=/opt/rustwide/workdir" "-e" "CARGO_HOME=/opt/rustwide/cargo-home" "-e" "RUSTUP_HOME=/opt/rustwide/rustup-home" "-e" "CARGO_TARGET_DIR=/opt/rustwide/target" "-w" "/opt/rustwide/workdir" "--user" "0:0" "48cd75f22c515ed6f393ca609406a6c94f7bd418574a8fb93fd88ac8a9519ec2" "/opt/rustwide/cargo-home/bin/cargo" "+3154cc1a3e6424e44f438a95007d043ed5ceaaf6" "metadata" "--no-deps" "--format-version=1", kill_on_drop: false }`
[INFO] running `Command { std: "docker" "inspect" "48cd75f22c515ed6f393ca609406a6c94f7bd418574a8fb93fd88ac8a9519ec2", kill_on_drop: false }`
[INFO] running `Command { std: "docker" "exec" "-e" "SOURCE_DIR=/opt/rustwide/workdir" "-e" "CARGO_HOME=/opt/rustwide/cargo-home" "-e" "RUSTUP_HOME=/opt/rustwide/rustup-home" "-e" "CARGO_TARGET_DIR=/opt/rustwide/target" "-e" "CARGO_INCREMENTAL=0" "-e" "RUST_BACKTRACE=full" "-e" "RUSTFLAGS=--cap-lints=forbid" "-e" "RUSTDOCFLAGS=--cap-lints=forbid" "-w" "/opt/rustwide/workdir" "--user" "0:0" "48cd75f22c515ed6f393ca609406a6c94f7bd418574a8fb93fd88ac8a9519ec2" "/opt/rustwide/cargo-home/bin/cargo" "+3154cc1a3e6424e44f438a95007d043ed5ceaaf6" "check" "--frozen" "--all" "--all-targets" "--message-format=json", kill_on_drop: false }`
[INFO] [stderr]    Compiling proc-macro2 v1.0.106
[INFO] [stderr]    Compiling quote v1.0.44
[INFO] [stderr]     Checking unicode-ident v1.0.22
[INFO] [stderr]     Checking syn v2.0.114
[INFO] [stderr]     Checking halyard_router_macro v0.1.0 (/opt/rustwide/workdir)
[INFO] [stdout] error[E0432]: unresolved import `halyard_router`
[INFO] [stdout]  --> tests/path.rs:1:5
[INFO] [stdout]   |
[INFO] [stdout] 1 | use halyard_router::{
[INFO] [stdout]   |     ^^^^^^^^^^^^^^ use of unresolved module or unlinked crate `halyard_router`
[INFO] [stdout]   |
[INFO] [stdout]   = help: if you wanted to use a crate named `halyard_router`, use `cargo add halyard_router` to add it to your `Cargo.toml`
[INFO] [stdout] 
[INFO] [stdout] 
[INFO] [stdout] error[E0433]: cannot find module or crate `halyard_router` in this scope
[INFO] [stdout]   --> tests/path.rs:32:18
[INFO] [stdout]    |
[INFO] [stdout] 32 |     let output = path!("/foo/:bar/*any");
[INFO] [stdout]    |                  ^^^^^^^^^^^^^^^^^^^^^^^ use of unresolved module or unlinked crate `halyard_router`
[INFO] [stdout]    |
[INFO] [stdout]    = help: if you wanted to use a crate named `halyard_router`, use `cargo add halyard_router` to add it to your `Cargo.toml`
[INFO] [stdout]    = note: this error originates in the macro `path` (in Nightly builds, run with -Z macro-backtrace for more info)
[INFO] [stdout] 
[INFO] [stdout] 
[INFO] [stdout] error[E0433]: cannot find module or crate `halyard_router` in this scope
[INFO] [stdout]   --> tests/path.rs:45:18
[INFO] [stdout]    |
[INFO] [stdout] 45 |     let output = path!("/foo/bar-baz");
[INFO] [stdout]    |                  ^^^^^^^^^^^^^^^^^^^^^ use of unresolved module or unlinked crate `halyard_router`
[INFO] [stdout]    |
[INFO] [stdout]    = help: if you wanted to use a crate named `halyard_router`, use `cargo add halyard_router` to add it to your `Cargo.toml`
[INFO] [stdout]    = note: this error originates in the macro `path` (in Nightly builds, run with -Z macro-backtrace for more info)
[INFO] [stdout] 
[INFO] [stdout] 
[INFO] [stdout] error[E0433]: cannot find module or crate `halyard_router` in this scope
[INFO] [stdout]   --> tests/path.rs:51:18
[INFO] [stdout]    |
[INFO] [stdout] 51 |     let output = path!("/-._~");
[INFO] [stdout]    |                  ^^^^^^^^^^^^^^ use of unresolved module or unlinked crate `halyard_router`
[INFO] [stdout]    |
[INFO] [stdout]    = help: if you wanted to use a crate named `halyard_router`, use `cargo add halyard_router` to add it to your `Cargo.toml`
[INFO] [stdout]    = note: this error originates in the macro `path` (in Nightly builds, run with -Z macro-backtrace for more info)
[INFO] [stdout] 
[INFO] [stdout] 
[INFO] [stdout] error[E0433]: cannot find module or crate `halyard_router` in this scope
[INFO] [stdout]   --> tests/path.rs:57:18
[INFO] [stdout]    |
[INFO] [stdout] 57 |     let output = path!("/@");
[INFO] [stdout]    |                  ^^^^^^^^^^^ use of unresolved module or unlinked crate `halyard_router`
[INFO] [stdout]    |
[INFO] [stdout]    = help: if you wanted to use a crate named `halyard_router`, use `cargo add halyard_router` to add it to your `Cargo.toml`
[INFO] [stdout]    = note: this error originates in the macro `path` (in Nightly builds, run with -Z macro-backtrace for more info)
[INFO] [stdout] 
[INFO] [stdout] 
[INFO] [stdout] error[E0433]: cannot find module or crate `halyard_router` in this scope
[INFO] [stdout]   --> tests/path.rs:63:18
[INFO] [stdout]    |
[INFO] [stdout] 63 |     let output = path!("home");
[INFO] [stdout]    |                  ^^^^^^^^^^^^^ use of unresolved module or unlinked crate `halyard_router`
[INFO] [stdout]    |
[INFO] [stdout]    = help: if you wanted to use a crate named `halyard_router`, use `cargo add halyard_router` to add it to your `Cargo.toml`
[INFO] [stdout]    = note: this error originates in the macro `path` (in Nightly builds, run with -Z macro-backtrace for more info)
[INFO] [stdout] 
[INFO] [stdout] 
[INFO] [stdout] error[E0433]: cannot find module or crate `halyard_router` in this scope
[INFO] [stdout]   --> tests/path.rs:69:18
[INFO] [stdout]    |
[INFO] [stdout] 69 |     let output = path!("home");
[INFO] [stdout]    |                  ^^^^^^^^^^^^^ use of unresolved module or unlinked crate `halyard_router`
[INFO] [stdout]    |
[INFO] [stdout]    = help: if you wanted to use a crate named `halyard_router`, use `cargo add halyard_router` to add it to your `Cargo.toml`
[INFO] [stdout]    = note: this error originates in the macro `path` (in Nightly builds, run with -Z macro-backtrace for more info)
[INFO] [stdout] 
[INFO] [stdout] 
[INFO] [stdout] error[E0433]: cannot find module or crate `halyard_router` in this scope
[INFO] [stdout]   --> tests/path.rs:75:18
[INFO] [stdout]    |
[INFO] [stdout] 75 |     let output = path!("/home/");
[INFO] [stdout]    |                  ^^^^^^^^^^^^^^^ use of unresolved module or unlinked crate `halyard_router`
[INFO] [stdout]    |
[INFO] [stdout]    = help: if you wanted to use a crate named `halyard_router`, use `cargo add halyard_router` to add it to your `Cargo.toml`
[INFO] [stdout]    = note: this error originates in the macro `path` (in Nightly builds, run with -Z macro-backtrace for more info)
[INFO] [stdout] 
[INFO] [stdout] 
[INFO] [stdout] error[E0433]: cannot find module or crate `halyard_router` in this scope
[INFO] [stdout]   --> tests/path.rs:81:18
[INFO] [stdout]    |
[INFO] [stdout] 81 |     let output = path!("/home");
[INFO] [stdout]    |                  ^^^^^^^^^^^^^^ use of unresolved module or unlinked crate `halyard_router`
[INFO] [stdout]    |
[INFO] [stdout]    = help: if you wanted to use a crate named `halyard_router`, use `cargo add halyard_router` to add it to your `Cargo.toml`
[INFO] [stdout]    = note: this error originates in the macro `path` (in Nightly builds, run with -Z macro-backtrace for more info)
[INFO] [stdout] 
[INFO] [stdout] 
[INFO] [stdout] error[E0433]: cannot find module or crate `halyard_router` in this scope
[INFO] [stdout]   --> tests/path.rs:87:18
[INFO] [stdout]    |
[INFO] [stdout] 87 |     let output = path!("/:id");
[INFO] [stdout]    |                  ^^^^^^^^^^^^^ use of unresolved module or unlinked crate `halyard_router`
[INFO] [stdout]    |
[INFO] [stdout]    = help: if you wanted to use a crate named `halyard_router`, use `cargo add halyard_router` to add it to your `Cargo.toml`
[INFO] [stdout]    = note: this error originates in the macro `path` (in Nightly builds, run with -Z macro-backtrace for more info)
[INFO] [stdout] 
[INFO] [stdout] 
[INFO] [stdout] error[E0433]: cannot find module or crate `halyard_router` in this scope
[INFO] [stdout]   --> tests/path.rs:93:18
[INFO] [stdout]    |
[INFO] [stdout] 93 |     let output = path!("/:id?");
[INFO] [stdout]    |                  ^^^^^^^^^^^^^^ use of unresolved module or unlinked crate `halyard_router`
[INFO] [stdout]    |
[INFO] [stdout]    = help: if you wanted to use a crate named `halyard_router`, use `cargo add halyard_router` to add it to your `Cargo.toml`
[INFO] [stdout]    = note: this error originates in the macro `path` (in Nightly builds, run with -Z macro-backtrace for more info)
[INFO] [stdout] 
[INFO] [stdout] 
[INFO] [stdout] error[E0433]: cannot find module or crate `halyard_router` in this scope
[INFO] [stdout]   --> tests/path.rs:99:18
[INFO] [stdout]    |
[INFO] [stdout] 99 |     let output = path!("/home/:id");
[INFO] [stdout]    |                  ^^^^^^^^^^^^^^^^^^ use of unresolved module or unlinked crate `halyard_router`
[INFO] [stdout]    |
[INFO] [stdout]    = help: if you wanted to use a crate named `halyard_router`, use `cargo add halyard_router` to add it to your `Cargo.toml`
[INFO] [stdout]    = note: this error originates in the macro `path` (in Nightly builds, run with -Z macro-backtrace for more info)
[INFO] [stdout] 
[INFO] [stdout] 
[INFO] [stdout] error[E0433]: cannot find module or crate `halyard_router` in this scope
[INFO] [stdout]    --> tests/path.rs:105:18
[INFO] [stdout]     |
[INFO] [stdout] 105 |     let output = path!("/foo/:bar/*baz");
[INFO] [stdout]     |                  ^^^^^^^^^^^^^^^^^^^^^^^ use of unresolved module or unlinked crate `halyard_router`
[INFO] [stdout]     |
[INFO] [stdout]     = help: if you wanted to use a crate named `halyard_router`, use `cargo add halyard_router` to add it to your `Cargo.toml`
[INFO] [stdout]     = note: this error originates in the macro `path` (in Nightly builds, run with -Z macro-backtrace for more info)
[INFO] [stdout] 
[INFO] [stdout] 
[INFO] [stdout] error[E0433]: cannot find module or crate `halyard_router` in this scope
[INFO] [stdout]    --> tests/path.rs:118:18
[INFO] [stdout]     |
[INFO] [stdout] 118 |     let output = path!("/foo/:bar/");
[INFO] [stdout]     |                  ^^^^^^^^^^^^^^^^^^^ use of unresolved module or unlinked crate `halyard_router`
[INFO] [stdout]     |
[INFO] [stdout]     = help: if you wanted to use a crate named `halyard_router`, use `cargo add halyard_router` to add it to your `Cargo.toml`
[INFO] [stdout]     = note: this error originates in the macro `path` (in Nightly builds, run with -Z macro-backtrace for more info)
[INFO] [stdout] 
[INFO] [stdout] 
[INFO] [stdout] error[E0433]: cannot find module or crate `halyard_router` in this scope
[INFO] [stdout]    --> tests/path.rs:131:18
[INFO] [stdout]     |
[INFO] [stdout] 131 |     let output = path!("/foo/bar/baz");
[INFO] [stdout]     |                  ^^^^^^^^^^^^^^^^^^^^^ use of unresolved module or unlinked crate `halyard_router`
[INFO] [stdout]     |
[INFO] [stdout]     = help: if you wanted to use a crate named `halyard_router`, use `cargo add halyard_router` to add it to your `Cargo.toml`
[INFO] [stdout]     = note: this error originates in the macro `path` (in Nightly builds, run with -Z macro-backtrace for more info)
[INFO] [stdout] 
[INFO] [stdout] 
[INFO] [stdout] error[E0433]: cannot find module or crate `halyard_router` in this scope
[INFO] [stdout]    --> tests/path.rs:144:18
[INFO] [stdout]     |
[INFO] [stdout] 144 |     let output = path!("/:foo/:bar/:baz");
[INFO] [stdout]     |                  ^^^^^^^^^^^^^^^^^^^^^^^^ use of unresolved module or unlinked crate `halyard_router`
[INFO] [stdout]     |
[INFO] [stdout]     = help: if you wanted to use a crate named `halyard_router`, use `cargo add halyard_router` to add it to your `Cargo.toml`
[INFO] [stdout]     = note: this error originates in the macro `path` (in Nightly builds, run with -Z macro-backtrace for more info)
[INFO] [stdout] 
[INFO] [stdout] 
[INFO] [stdout] error[E0433]: cannot find module or crate `halyard_router` in this scope
[INFO] [stdout]    --> tests/path.rs:157:18
[INFO] [stdout]     |
[INFO] [stdout] 157 |     let output = path!("/:foo?/:bar?/:baz?");
[INFO] [stdout]     |                  ^^^^^^^^^^^^^^^^^^^^^^^^^^^ use of unresolved module or unlinked crate `halyard_router`
[INFO] [stdout]     |
[INFO] [stdout]     = help: if you wanted to use a crate named `halyard_router`, use `cargo add halyard_router` to add it to your `Cargo.toml`
[INFO] [stdout]     = note: this error originates in the macro `path` (in Nightly builds, run with -Z macro-backtrace for more info)
[INFO] [stdout] 
[INFO] [stdout] 
[INFO] [stdout] error[E0433]: cannot find module or crate `halyard_router` in this scope
[INFO] [stdout]    --> tests/path.rs:170:18
[INFO] [stdout]     |
[INFO] [stdout] 170 |     let output = path!("/home/:id/foo/:bar/:baz?/*any");
[INFO] [stdout]     |                  ^^^^^^^^^^^^^^^^^^^^^^^^^^^^^^^^^^^^^^ use of unresolved module or unlinked crate `halyard_router`
[INFO] [stdout]     |
[INFO] [stdout]     = help: if you wanted to use a crate named `halyard_router`, use `cargo add halyard_router` to add it to your `Cargo.toml`
[INFO] [stdout]     = note: this error originates in the macro `path` (in Nightly builds, run with -Z macro-backtrace for more info)
[INFO] [stdout] 
[INFO] [stdout] 
[INFO] [stdout] Some errors have detailed explanations: E0432, E0433.
[INFO] [stdout] 
[INFO] [stdout] For more information about an error, try `rustc --explain E0432`.
[INFO] [stdout] 
[INFO] [stderr] error: could not compile `halyard_router_macro` (test "path") due to 18 previous errors
[INFO] running `Command { std: "docker" "inspect" "48cd75f22c515ed6f393ca609406a6c94f7bd418574a8fb93fd88ac8a9519ec2", kill_on_drop: false }`
[INFO] running `Command { std: "docker" "rm" "-f" "48cd75f22c515ed6f393ca609406a6c94f7bd418574a8fb93fd88ac8a9519ec2", kill_on_drop: false }`
[INFO] [stdout] 48cd75f22c515ed6f393ca609406a6c94f7bd418574a8fb93fd88ac8a9519ec2
