[INFO] fetching crate halyard_macro 0.1.0...
[INFO] checking halyard_macro-0.1.0 against 3154cc1a3e6424e44f438a95007d043ed5ceaaf6 for pr-133502-30
[INFO] extracting crate halyard_macro 0.1.0 into /workspace/builds/worker-1-tc2/source
[INFO] started tweaking crates.io crate halyard_macro 0.1.0
[INFO] removed 0 missing tests
[INFO] finished tweaking crates.io crate halyard_macro 0.1.0
[INFO] tweaked toml for crates.io crate halyard_macro 0.1.0 written to /workspace/builds/worker-1-tc2/source/Cargo.toml
[INFO] validating manifest of crates.io crate halyard_macro 0.1.0 on toolchain 3154cc1a3e6424e44f438a95007d043ed5ceaaf6
[INFO] running `Command { std: CARGO_HOME="/workspace/cargo-home" RUSTUP_HOME="/workspace/rustup-home" "/workspace/cargo-home/bin/cargo" "+3154cc1a3e6424e44f438a95007d043ed5ceaaf6" "metadata" "--manifest-path" "Cargo.toml" "--no-deps", kill_on_drop: false }`
[INFO] crate crates.io crate halyard_macro 0.1.0 already has a lockfile, it will not be regenerated
[INFO] running `Command { std: CARGO_HOME="/workspace/cargo-home" RUSTUP_HOME="/workspace/rustup-home" "/workspace/cargo-home/bin/cargo" "+3154cc1a3e6424e44f438a95007d043ed5ceaaf6" "fetch" "--manifest-path" "Cargo.toml", kill_on_drop: false }`
[INFO] running `Command { std: "docker" "create" "-v" "/var/lib/crater-agent-workspace/builds/worker-1-tc2/source:/opt/rustwide/workdir:ro,Z" "-v" "/var/lib/crater-agent-workspace/builds/worker-1-tc2/target:/opt/rustwide/target:rw,Z" "-v" "/var/lib/crater-agent-workspace/cargo-home:/opt/rustwide/cargo-home:ro,Z" "-v" "/var/lib/crater-agent-workspace/rustup-home:/opt/rustwide/rustup-home:ro,Z" "-m" "1610612736" "--network" "none" "ghcr.io/rust-lang/crates-build-env/linux@sha256:77db811e55d90add9212f6832c23229e3de5f1c1f9905e8cb07319ea15df73ac" "sleep" "infinity", kill_on_drop: false }`
[INFO] [stdout] 89607b565acc1aacd9d9aaa8f738d267f21e097a0c1b055e2a53ecf0935ee04f
[INFO] running `Command { std: "docker" "start" "89607b565acc1aacd9d9aaa8f738d267f21e097a0c1b055e2a53ecf0935ee04f", kill_on_drop: false }`
[INFO] running `Command { std: "docker" "inspect" "89607b565acc1aacd9d9aaa8f738d267f21e097a0c1b055e2a53ecf0935ee04f", kill_on_drop: false }`
[INFO] running `Command { std: "docker" "exec" "-e" "SOURCE_DIR=/opt/rustwide/workdir" "-e" "CARGO_HOME=/opt/rustwide/cargo-home" "-e" "RUSTUP_HOME=/opt/rustwide/rustup-home" "-e" "CARGO_TARGET_DIR=/opt/rustwide/target" "-w" "/opt/rustwide/workdir" "--user" "0:0" "89607b565acc1aacd9d9aaa8f738d267f21e097a0c1b055e2a53ecf0935ee04f" "/opt/rustwide/cargo-home/bin/cargo" "+3154cc1a3e6424e44f438a95007d043ed5ceaaf6" "metadata" "--no-deps" "--format-version=1", kill_on_drop: false }`
[INFO] running `Command { std: "docker" "inspect" "89607b565acc1aacd9d9aaa8f738d267f21e097a0c1b055e2a53ecf0935ee04f", kill_on_drop: false }`
[INFO] running `Command { std: "docker" "exec" "-e" "SOURCE_DIR=/opt/rustwide/workdir" "-e" "CARGO_HOME=/opt/rustwide/cargo-home" "-e" "RUSTUP_HOME=/opt/rustwide/rustup-home" "-e" "CARGO_TARGET_DIR=/opt/rustwide/target" "-e" "CARGO_INCREMENTAL=0" "-e" "RUST_BACKTRACE=full" "-e" "RUSTFLAGS=--cap-lints=forbid" "-e" "RUSTDOCFLAGS=--cap-lints=forbid" "-w" "/opt/rustwide/workdir" "--user" "0:0" "89607b565acc1aacd9d9aaa8f738d267f21e097a0c1b055e2a53ecf0935ee04f" "/opt/rustwide/cargo-home/bin/cargo" "+3154cc1a3e6424e44f438a95007d043ed5ceaaf6" "check" "--frozen" "--all" "--all-targets" "--message-format=json", kill_on_drop: false }`
[INFO] [stderr]    Compiling proc-macro2 v1.0.106
[INFO] [stderr]    Compiling quote v1.0.44
[INFO] [stderr]    Compiling unicode-ident v1.0.22
[INFO] [stderr]    Compiling libc v0.2.180
[INFO] [stderr]    Compiling smallvec v1.15.1
[INFO] [stderr]    Compiling serde_core v1.0.228
[INFO] [stderr]    Compiling semver v1.0.27
[INFO] [stderr]    Compiling proc-macro2-diagnostics v0.10.1
[INFO] [stderr]    Compiling getrandom v0.3.4
[INFO] [stderr]    Compiling thiserror v2.0.17
[INFO] [stderr]    Compiling rustc_version v0.4.1
[INFO] [stderr]    Compiling serde v1.0.228
[INFO] [stderr]    Compiling prettyplease v0.2.37
[INFO] [stderr]    Compiling anyhow v1.0.100
[INFO] [stderr]    Compiling camino v1.2.2
[INFO] [stderr]    Compiling collection_literals v1.0.3
[INFO] [stderr]    Compiling interpolator v0.5.0
[INFO] [stderr]    Compiling halyard_server_fn_macro v0.1.0
[INFO] [stderr]    Compiling halyard_macro v0.1.0 (/opt/rustwide/workdir)
[INFO] [stderr]     Checking unicode-segmentation v1.12.0
[INFO] [stderr]    Compiling zmij v1.0.7
[INFO] [stderr]    Compiling rustix v1.1.3
[INFO] [stderr]    Compiling syn v2.0.114
[INFO] [stderr]    Compiling proc-macro-utils v0.10.0
[INFO] [stderr]    Compiling const_format_proc_macros v0.2.34
[INFO] [stderr]     Checking convert_case v0.11.0
[INFO] [stderr]     Checking once_cell v1.21.3
[INFO] [stderr]    Compiling target-triple v1.0.0
[INFO] [stderr]     Checking linux-raw-sys v0.11.0
[INFO] [stderr]    Compiling yansi v1.0.1
[INFO] [stderr]    Compiling manyhow-macros v0.11.4
[INFO] [stderr]     Checking bitflags v2.10.0
[INFO] [stderr]    Compiling serde_json v1.0.148
[INFO] [stderr]     Checking hashbrown v0.16.1
[INFO] [stderr]     Checking winnow v0.7.14
[INFO] [stderr]     Checking const_format v0.2.35
[INFO] [stderr]     Checking indexmap v2.13.0
[INFO] [stderr]     Checking serde_spanned v1.0.4
[INFO] [stderr]     Checking toml_datetime v0.7.5+spec-1.1.0
[INFO] [stderr]     Checking memchr v2.7.6
[INFO] [stderr]     Checking either v1.15.0
[INFO] [stderr]     Checking halyard_or_poisoned v0.1.0
[INFO] [stderr]     Checking fastrand v2.3.0
[INFO] [stderr]     Checking utf8-width v0.1.8
[INFO] [stderr]     Checking xxhash-rust v0.8.15
[INFO] [stderr]     Checking itoa v1.0.17
[INFO] [stderr]     Checking toml_writer v1.0.6+spec-1.1.0
[INFO] [stderr]     Checking tempfile v3.24.0
[INFO] [stderr]     Checking toml_parser v1.0.6+spec-1.1.0
[INFO] [stderr]     Checking html-escape v0.2.13
[INFO] [stderr]     Checking itertools v0.14.0
[INFO] [stderr]     Checking toml v0.9.10+spec-1.1.0
[INFO] [stderr]     Checking manyhow v0.11.4
[INFO] [stderr]     Checking halyard_macro_diagnostics v0.1.0
[INFO] [stderr]     Checking uuid v1.20.0
[INFO] [stderr]     Checking console v0.15.11
[INFO] [stderr]     Checking convert_case_extras v0.2.0
[INFO] [stderr]     Checking termcolor v1.4.1
[INFO] [stderr]     Checking similar v2.7.0
[INFO] [stderr]     Checking glob v0.3.3
[INFO] [stderr]     Checking insta v1.46.3
[INFO] [stderr]     Checking log v0.4.29
[INFO] [stderr]    Compiling derive-where v1.6.0
[INFO] [stderr]    Compiling thiserror-impl v2.0.17
[INFO] [stderr]    Compiling serde_derive v1.0.228
[INFO] [stderr]    Compiling halyard_syn_derive v0.1.0
[INFO] [stderr]    Compiling quote-use-macros v0.8.4
[INFO] [stderr]    Compiling typed-builder-macro v0.23.2
[INFO] [stderr]    Compiling quote-use v0.8.4
[INFO] [stderr]    Compiling attribute-derive-macro v0.10.5
[INFO] [stderr]     Checking typed-builder v0.23.2
[INFO] [stderr]     Checking halyard_rstml v0.1.0
[INFO] [stderr]     Checking attribute-derive v0.10.5
[INFO] [stderr]     Checking halyard_hot_reload v0.1.0
[INFO] [stderr]     Checking trybuild v1.0.114
[INFO] [stdout] error[E0433]: cannot find module or crate `halyard` in this scope
[INFO] [stdout]  --> tests/params.rs:1:5
[INFO] [stdout]   |
[INFO] [stdout] 1 | use halyard::prelude::*;
[INFO] [stdout]   |     ^^^^^^^ use of unresolved module or unlinked crate `halyard`
[INFO] [stdout]   |
[INFO] [stdout]   = help: if you wanted to use a crate named `halyard`, use `cargo add halyard` to add it to your `Cargo.toml`
[INFO] [stdout] 
[INFO] [stdout] 
[INFO] [stdout] error[E0433]: cannot find module or crate `halyard_router` in this scope
[INFO] [stdout]  --> tests/params.rs:2:5
[INFO] [stdout]   |
[INFO] [stdout] 2 | use halyard_router::params::Params;
[INFO] [stdout]   |     ^^^^^^^^^^^^^^ use of unresolved module or unlinked crate `halyard_router`
[INFO] [stdout]   |
[INFO] [stdout]   = help: if you wanted to use a crate named `halyard_router`, use `cargo add halyard_router` to add it to your `Cargo.toml`
[INFO] [stdout] 
[INFO] [stdout] 
[INFO] [stdout] error[E0432]: unresolved import `halyard_router::params::Params`
[INFO] [stdout]  --> tests/params.rs:2:5
[INFO] [stdout]   |
[INFO] [stdout] 2 | use halyard_router::params::Params;
[INFO] [stdout]   |     ^^^^^^^^^^^^^^^^^^^^^^^^^^^^^^
[INFO] [stdout] 
[INFO] [stdout] 
[INFO] [stdout] error[E0433]: cannot find module or crate `halyard` in this scope
[INFO] [stdout]  --> tests/component.rs:2:5
[INFO] [stdout]   |
[INFO] [stdout] 2 | use halyard::prelude::*;
[INFO] [stdout]   |     ^^^^^^^ use of unresolved module or unlinked crate `halyard`
[INFO] [stdout]   |
[INFO] [stdout]   = help: if you wanted to use a crate named `halyard`, use `cargo add halyard` to add it to your `Cargo.toml`
[INFO] [stdout] 
[INFO] [stdout] 
[INFO] [stdout] error[E0433]: cannot find `halyard` in the list of imported crates
[INFO] [stdout]    --> tests/component.rs:265:15
[INFO] [stdout]     |
[INFO] [stdout] 265 |         use ::halyard::{
[INFO] [stdout]     |               ^^^^^^^ could not find `halyard` in the list of imported crates
[INFO] [stdout] 
[INFO] [stdout] 
[INFO] [stdout] error[E0432]: unresolved import `halyard`
[INFO] [stdout]    --> tests/component.rs:250:15
[INFO] [stdout]     |
[INFO] [stdout] 250 |         use ::halyard::IntoView;
[INFO] [stdout]     |               ^^^^^^^
[INFO] [stdout]     |
[INFO] [stdout] help: a similar path exists
[INFO] [stdout]     |
[INFO] [stdout] 250 |         use ::self::halyard::IntoView;
[INFO] [stdout]     |               ++++++
[INFO] [stdout] 
[INFO] [stdout] 
[INFO] [stdout] error[E0432]: unresolved import `halyard`
[INFO] [stdout]    --> tests/component.rs:265:15
[INFO] [stdout]     |
[INFO] [stdout] 265 |         use ::halyard::{
[INFO] [stdout]     |               ^^^^^^^
[INFO] [stdout]     |
[INFO] [stdout] help: a similar path exists
[INFO] [stdout]     |
[INFO] [stdout] 265 |         use ::self::halyard::{
[INFO] [stdout]     |               ++++++
[INFO] [stdout] 
[INFO] [stdout] 
[INFO] [stdout] error[E0433]: cannot find `halyard` in the list of imported crates
[INFO] [stdout]    --> tests/component.rs:271:9
[INFO] [stdout]     |
[INFO] [stdout] 271 |         #[component]
[INFO] [stdout]     |         ^^^^^^^^^^^^ could not find `halyard` in the list of imported crates
[INFO] [stdout]     |
[INFO] [stdout]     = note: this error originates in the attribute macro `component` (in Nightly builds, run with -Z macro-backtrace for more info)
[INFO] [stdout] 
[INFO] [stdout] 
[INFO] [stdout] error[E0433]: cannot find `halyard` in the list of imported crates
[INFO] [stdout]    --> tests/component.rs:253:9
[INFO] [stdout]     |
[INFO] [stdout] 253 |         #[component]
[INFO] [stdout]     |         ^^^^^^^^^^^^ could not find `halyard` in the list of imported crates
[INFO] [stdout]     |
[INFO] [stdout]     = note: this error originates in the attribute macro `component` (in Nightly builds, run with -Z macro-backtrace for more info)
[INFO] [stdout] 
[INFO] [stdout] 
[INFO] [stdout] error[E0433]: cannot find module or crate `halyard` in this scope
[INFO] [stdout]  --> tests/memo.rs:1:5
[INFO] [stdout]   |
[INFO] [stdout] 1 | use halyard::prelude::RwSignal;
[INFO] [stdout]   |     ^^^^^^^ use of unresolved module or unlinked crate `halyard`
[INFO] [stdout]   |
[INFO] [stdout]   = help: if you wanted to use a crate named `halyard`, use `cargo add halyard` to add it to your `Cargo.toml`
[INFO] [stdout] 
[INFO] [stdout] 
[INFO] [stdout] error[E0433]: cannot find `halyard` in the list of imported crates
[INFO] [stdout]   --> tests/memo.rs:23:13
[INFO] [stdout]    |
[INFO] [stdout] 23 |     let _ = memo!(outer_signal.count);
[INFO] [stdout]    |             ^^^^^^^^^^^^^^^^^^^^^^^^^ could not find `halyard` in the list of imported crates
[INFO] [stdout]    |
[INFO] [stdout]    = note: this error originates in the macro `memo` (in Nightly builds, run with -Z macro-backtrace for more info)
[INFO] [stdout] 
[INFO] [stdout] 
[INFO] [stdout] error[E0433]: cannot find `halyard` in the list of imported crates
[INFO] [stdout]   --> tests/memo.rs:25:13
[INFO] [stdout]    |
[INFO] [stdout] 25 |     let _ = memo!(outer_signal.inner.inner_count);
[INFO] [stdout]    |             ^^^^^^^^^^^^^^^^^^^^^^^^^^^^^^^^^^^^^ could not find `halyard` in the list of imported crates
[INFO] [stdout]    |
[INFO] [stdout]    = note: this error originates in the macro `memo` (in Nightly builds, run with -Z macro-backtrace for more info)
[INFO] [stdout] 
[INFO] [stdout] 
[INFO] [stdout] error[E0433]: cannot find `halyard` in the list of imported crates
[INFO] [stdout]   --> tests/memo.rs:26:13
[INFO] [stdout]    |
[INFO] [stdout] 26 |     let _ = memo!(outer_signal.inner.inner_tuple.0);
[INFO] [stdout]    |             ^^^^^^^^^^^^^^^^^^^^^^^^^^^^^^^^^^^^^^^ could not find `halyard` in the list of imported crates
[INFO] [stdout]    |
[INFO] [stdout]    = note: this error originates in the macro `memo` (in Nightly builds, run with -Z macro-backtrace for more info)
[INFO] [stdout] 
[INFO] [stdout] 
[INFO] [stdout] error: cannot find attribute `builder` in this scope
[INFO] [stdout]    --> tests/component.rs:271:9
[INFO] [stdout]     |
[INFO] [stdout] 271 |         #[component]
[INFO] [stdout]     |         ^^^^^^^^^^^^
[INFO] [stdout]     |
[INFO] [stdout]     = note: this error originates in the attribute macro `component` (in Nightly builds, run with -Z macro-backtrace for more info)
[INFO] [stdout] 
[INFO] [stdout] 
[INFO] [stdout] error[E0433]: cannot find module or crate `halyard_router` in this scope
[INFO] [stdout]   --> tests/params.rs:14:19
[INFO] [stdout]    |
[INFO] [stdout] 14 |     let mut map = halyard_router::params::ParamsMap::new();
[INFO] [stdout]    |                   ^^^^^^^^^^^^^^ use of unresolved module or unlinked crate `halyard_router`
[INFO] [stdout]    |
[INFO] [stdout]    = help: if you wanted to use a crate named `halyard_router`, use `cargo add halyard_router` to add it to your `Cargo.toml`
[INFO] [stdout] 
[INFO] [stdout] 
[INFO] [stdout] error: cannot find attribute `builder` in this scope
[INFO] [stdout]    --> tests/component.rs:253:9
[INFO] [stdout]     |
[INFO] [stdout] 253 |         #[component]
[INFO] [stdout]     |         ^^^^^^^^^^^^
[INFO] [stdout]     |
[INFO] [stdout]     = note: this error originates in the attribute macro `component` (in Nightly builds, run with -Z macro-backtrace for more info)
[INFO] [stdout] 
[INFO] [stdout] 
[INFO] [stdout] error[E0433]: cannot find module or crate `halyard` in this scope
[INFO] [stdout]  --> tests/server.rs:3:9
[INFO] [stdout]   |
[INFO] [stdout] 3 |     use halyard::{
[INFO] [stdout]   |         ^^^^^^^ use of unresolved module or unlinked crate `halyard`
[INFO] [stdout]   |
[INFO] [stdout]   = help: if you wanted to use a crate named `halyard`, use `cargo add halyard` to add it to your `Cargo.toml`
[INFO] [stdout] 
[INFO] [stdout] 
[INFO] [stdout] error[E0432]: unresolved import `halyard`
[INFO] [stdout]  --> tests/server.rs:3:9
[INFO] [stdout]   |
[INFO] [stdout] 3 |     use halyard::{
[INFO] [stdout]   |         ^^^^^^^ use of unresolved module or unlinked crate `halyard`
[INFO] [stdout]   |
[INFO] [stdout]   = help: if you wanted to use a crate named `halyard`, use `cargo add halyard` to add it to your `Cargo.toml`
[INFO] [stdout] 
[INFO] [stdout] 
[INFO] [stdout] error: cannot find macro `view` in this scope
[INFO] [stdout]    --> tests/component.rs:227:13
[INFO] [stdout]     |
[INFO] [stdout] 227 |     let _ = view! {
[INFO] [stdout]     |             ^^^^
[INFO] [stdout]     |
[INFO] [stdout] help: consider importing this macro
[INFO] [stdout]     |
[INFO] [stdout]   1 + use halyard_macro::view;
[INFO] [stdout]     |
[INFO] [stdout] 
[INFO] [stdout] 
[INFO] [stdout] error: cannot find macro `view` in this scope
[INFO] [stdout]    --> tests/component.rs:202:13
[INFO] [stdout]     |
[INFO] [stdout] 202 |     let _ = view! {
[INFO] [stdout]     |             ^^^^
[INFO] [stdout]     |
[INFO] [stdout] help: consider importing this macro
[INFO] [stdout]     |
[INFO] [stdout]   1 + use halyard_macro::view;
[INFO] [stdout]     |
[INFO] [stdout] 
[INFO] [stdout] 
[INFO] [stdout] error[E0599]: no associated function or constant named `from_map` found for struct `UserInfo` in the current scope
[INFO] [stdout]   --> tests/params.rs:18:31
[INFO] [stdout]    |
[INFO] [stdout]  5 | struct UserInfo {
[INFO] [stdout]    | --------------- associated function or constant `from_map` not found for this struct
[INFO] [stdout] ...
[INFO] [stdout] 18 |     let user_info = UserInfo::from_map(&map).unwrap();
[INFO] [stdout]    |                               ^^^^^^^^ associated function or constant not found in `UserInfo`
[INFO] [stdout] 
[INFO] [stdout] 
[INFO] [stdout] Some errors have detailed explanations: E0432, E0433, E0599.
[INFO] [stdout] 
[INFO] [stdout] For more information about an error, try `rustc --explain E0432`.
[INFO] [stdout] 
[INFO] [stdout] error: cannot find attribute `component` in this scope
[INFO] [stdout]    --> tests/component.rs:172:3
[INFO] [stdout]     |
[INFO] [stdout] 172 | #[component]
[INFO] [stdout]     |   ^^^^^^^^^
[INFO] [stdout]     |
[INFO] [stdout]     = note: `component` is in scope, but it is a function, not an attribute
[INFO] [stdout] help: consider importing this attribute macro
[INFO] [stdout]     |
[INFO] [stdout]   1 + use halyard_macro::component;
[INFO] [stdout]     |
[INFO] [stdout] 
[INFO] [stdout] 
[INFO] [stderr] error: could not compile `halyard_macro` (test "params") due to 5 previous errors
[INFO] [stderr] warning: build failed, waiting for other jobs to finish...
[INFO] [stdout] error: cannot find attribute `prop` in this scope
[INFO] [stdout]    --> tests/component.rs:174:7
[INFO] [stdout]     |
[INFO] [stdout] 174 |     #[prop(into)] arg1: Callback<(), String>,
[INFO] [stdout]     |       ^^^^
[INFO] [stdout] 
[INFO] [stdout] 
[INFO] [stdout] error: cannot find attribute `prop` in this scope
[INFO] [stdout]    --> tests/component.rs:175:7
[INFO] [stdout]     |
[INFO] [stdout] 175 |     #[prop(into)] arg2: Callback<usize, String>,
[INFO] [stdout]     |       ^^^^
[INFO] [stdout] 
[INFO] [stdout] 
[INFO] [stdout] error[E0433]: cannot find module or crate `halyard` in this scope
[INFO] [stdout]  --> tests/slice.rs:1:5
[INFO] [stdout]   |
[INFO] [stdout] 1 | use halyard::prelude::RwSignal;
[INFO] [stdout]   |     ^^^^^^^ use of unresolved module or unlinked crate `halyard`
[INFO] [stdout]   |
[INFO] [stdout]   = help: if you wanted to use a crate named `halyard`, use `cargo add halyard` to add it to your `Cargo.toml`
[INFO] [stdout] 
[INFO] [stdout] 
[INFO] [stdout] error: cannot find attribute `prop` in this scope
[INFO] [stdout]    --> tests/component.rs:176:7
[INFO] [stdout]     |
[INFO] [stdout] 176 |     #[prop(into)] arg3: Callback<(usize,), String>,
[INFO] [stdout]     |       ^^^^
[INFO] [stdout] 
[INFO] [stdout] 
[INFO] [stdout] error: cannot find attribute `prop` in this scope
[INFO] [stdout]    --> tests/component.rs:177:7
[INFO] [stdout]     |
[INFO] [stdout] 177 |     #[prop(into)] arg4: Callback<(usize, String), String>,
[INFO] [stdout]     |       ^^^^
[INFO] [stdout] 
[INFO] [stdout] 
[INFO] [stdout] error: cannot find attribute `prop` in this scope
[INFO] [stdout]    --> tests/component.rs:178:7
[INFO] [stdout]     |
[INFO] [stdout] 178 |     #[prop(into)] arg5: UnsyncCallback<(), String>,
[INFO] [stdout]     |       ^^^^
[INFO] [stdout] 
[INFO] [stdout] 
[INFO] [stdout] error: cannot find attribute `prop` in this scope
[INFO] [stdout]    --> tests/component.rs:179:7
[INFO] [stdout]     |
[INFO] [stdout] 179 |     #[prop(into)] arg6: UnsyncCallback<usize, String>,
[INFO] [stdout]     |       ^^^^
[INFO] [stdout] 
[INFO] [stdout] 
[INFO] [stdout] error: cannot find attribute `prop` in this scope
[INFO] [stdout]    --> tests/component.rs:180:7
[INFO] [stdout]     |
[INFO] [stdout] 180 |     #[prop(into)] arg7: UnsyncCallback<(usize,), String>,
[INFO] [stdout]     |       ^^^^
[INFO] [stdout] 
[INFO] [stdout] 
[INFO] [stdout] error: cannot find attribute `prop` in this scope
[INFO] [stdout]    --> tests/component.rs:181:7
[INFO] [stdout]     |
[INFO] [stdout] 181 |     #[prop(into)] arg8: UnsyncCallback<(usize, String), String>,
[INFO] [stdout]     |       ^^^^
[INFO] [stdout] 
[INFO] [stdout] 
[INFO] [stdout] error: cannot find macro `view` in this scope
[INFO] [stdout]    --> tests/component.rs:184:9
[INFO] [stdout]     |
[INFO] [stdout] 184 |         view! {
[INFO] [stdout]     |         ^^^^
[INFO] [stdout]     |
[INFO] [stdout] help: consider importing this macro
[INFO] [stdout]     |
[INFO] [stdout]   1 + use halyard_macro::view;
[INFO] [stdout]     |
[INFO] [stdout] 
[INFO] [stdout] 
[INFO] [stdout] error: cannot find attribute `component` in this scope
[INFO] [stdout]    --> tests/component.rs:124:3
[INFO] [stdout]     |
[INFO] [stdout] 124 | #[component]
[INFO] [stdout]     |   ^^^^^^^^^
[INFO] [stdout]     |
[INFO] [stdout]     = note: `component` is in scope, but it is a function, not an attribute
[INFO] [stdout] help: consider importing this attribute macro
[INFO] [stdout]     |
[INFO] [stdout]   1 + use halyard_macro::component;
[INFO] [stdout]     |
[INFO] [stdout] 
[INFO] [stdout] 
[INFO] [stdout] error: cannot find attribute `prop` in this scope
[INFO] [stdout]    --> tests/component.rs:126:7
[INFO] [stdout]     |
[INFO] [stdout] 126 |     #[prop(into)] arg1: Signal<String>,
[INFO] [stdout]     |       ^^^^
[INFO] [stdout] 
[INFO] [stdout] 
[INFO] [stdout] error: cannot find attribute `prop` in this scope
[INFO] [stdout]    --> tests/component.rs:127:7
[INFO] [stdout]     |
[INFO] [stdout] 127 |     #[prop(into)] arg2: Signal<String>,
[INFO] [stdout]     |       ^^^^
[INFO] [stdout] 
[INFO] [stdout] 
[INFO] [stdout] error: cannot find attribute `prop` in this scope
[INFO] [stdout]    --> tests/component.rs:128:7
[INFO] [stdout]     |
[INFO] [stdout] 128 |     #[prop(into)] arg3: Signal<String>,
[INFO] [stdout]     |       ^^^^
[INFO] [stdout] 
[INFO] [stdout] 
[INFO] [stdout] For more information about this error, try `rustc --explain E0433`.
[INFO] [stdout] 
[INFO] [stdout] error: cannot find attribute `prop` in this scope
[INFO] [stdout]    --> tests/component.rs:129:7
[INFO] [stdout]     |
[INFO] [stdout] 129 |     #[prop(into)] arg4: Signal<usize>,
[INFO] [stdout]     |       ^^^^
[INFO] [stdout] 
[INFO] [stdout] 
[INFO] [stderr] error: could not compile `halyard_macro` (test "memo") due to 4 previous errors
[INFO] [stdout] error: cannot find attribute `prop` in this scope
[INFO] [stdout]    --> tests/component.rs:130:7
[INFO] [stdout]     |
[INFO] [stdout] 130 |     #[prop(into)] arg5: Signal<usize>,
[INFO] [stdout]     |       ^^^^
[INFO] [stdout] 
[INFO] [stdout] 
[INFO] [stdout] error: cannot find attribute `prop` in this scope
[INFO] [stdout]    --> tests/component.rs:131:7
[INFO] [stdout]     |
[INFO] [stdout] 131 |     #[prop(into)] arg6: Signal<usize>,
[INFO] [stdout]     |       ^^^^
[INFO] [stdout] 
[INFO] [stdout] 
[INFO] [stdout] error: cannot find attribute `prop` in this scope
[INFO] [stdout]    --> tests/component.rs:132:7
[INFO] [stdout]     |
[INFO] [stdout] 132 |     #[prop(into)] arg7: Signal<Option<usize>>,
[INFO] [stdout]     |       ^^^^
[INFO] [stdout] 
[INFO] [stdout] 
[INFO] [stdout] error: cannot find attribute `prop` in this scope
[INFO] [stdout]    --> tests/component.rs:133:7
[INFO] [stdout]     |
[INFO] [stdout] 133 |     #[prop(into)] arg8: ArcSignal<String>,
[INFO] [stdout]     |       ^^^^
[INFO] [stdout] 
[INFO] [stdout] 
[INFO] [stdout] error: cannot find attribute `prop` in this scope
[INFO] [stdout]    --> tests/component.rs:134:7
[INFO] [stdout]     |
[INFO] [stdout] 134 |     #[prop(into)] arg9: ArcSignal<String>,
[INFO] [stdout]     |       ^^^^
[INFO] [stdout] 
[INFO] [stdout] 
[INFO] [stdout] error: cannot find attribute `prop` in this scope
[INFO] [stdout]    --> tests/component.rs:135:7
[INFO] [stdout]     |
[INFO] [stdout] 135 |     #[prop(into)] arg10: ArcSignal<String>,
[INFO] [stdout]     |       ^^^^
[INFO] [stdout] 
[INFO] [stdout] 
[INFO] [stdout] error: cannot find attribute `prop` in this scope
[INFO] [stdout]    --> tests/component.rs:136:7
[INFO] [stdout]     |
[INFO] [stdout] 136 |     #[prop(into)] arg11: ArcSignal<usize>,
[INFO] [stdout]     |       ^^^^
[INFO] [stdout] 
[INFO] [stdout] 
[INFO] [stdout] error[E0433]: cannot find `halyard` in the list of imported crates
[INFO] [stdout]   --> tests/slice.rs:23:18
[INFO] [stdout]    |
[INFO] [stdout] 23 |     let (_, _) = slice!(outer_signal.count);
[INFO] [stdout]    |                  ^^^^^^^^^^^^^^^^^^^^^^^^^^ could not find `halyard` in the list of imported crates
[INFO] [stdout]    |
[INFO] [stdout]    = note: this error originates in the macro `slice` (in Nightly builds, run with -Z macro-backtrace for more info)
[INFO] [stdout] 
[INFO] [stdout] 
[INFO] [stdout] error: cannot find attribute `prop` in this scope
[INFO] [stdout]    --> tests/component.rs:137:7
[INFO] [stdout]     |
[INFO] [stdout] 137 |     #[prop(into)] arg12: ArcSignal<usize>,
[INFO] [stdout]     |       ^^^^
[INFO] [stdout] 
[INFO] [stdout] 
[INFO] [stdout] error: cannot find attribute `prop` in this scope
[INFO] [stdout]    --> tests/component.rs:138:7
[INFO] [stdout]     |
[INFO] [stdout] 138 |     #[prop(into)] arg13: ArcSignal<usize>,
[INFO] [stdout]     |       ^^^^
[INFO] [stdout] 
[INFO] [stdout] 
[INFO] [stdout] error: cannot find attribute `prop` in this scope
[INFO] [stdout]    --> tests/component.rs:139:7
[INFO] [stdout]     |
[INFO] [stdout] 139 |     #[prop(into)] arg14: ArcSignal<Option<usize>>,
[INFO] [stdout]     |       ^^^^
[INFO] [stdout] 
[INFO] [stdout] 
[INFO] [stdout] error: cannot find attribute `prop` in this scope
[INFO] [stdout]    --> tests/component.rs:141:7
[INFO] [stdout]     |
[INFO] [stdout] 141 |     #[prop(into, optional)] arg15: Option<Signal<usize>>,
[INFO] [stdout]     |       ^^^^
[INFO] [stdout] 
[INFO] [stdout] 
[INFO] [stdout] error: cannot find attribute `prop` in this scope
[INFO] [stdout]    --> tests/component.rs:142:7
[INFO] [stdout]     |
[INFO] [stdout] 142 |     #[prop(into, optional)] arg16_purposely_omitted: Option<Signal<usize>>,
[INFO] [stdout]     |       ^^^^
[INFO] [stdout] 
[INFO] [stdout] 
[INFO] [stdout] error[E0433]: cannot find `halyard` in the list of imported crates
[INFO] [stdout]   --> tests/slice.rs:25:18
[INFO] [stdout]    |
[INFO] [stdout] 25 |     let (_, _) = slice!(outer_signal.inner.inner_count);
[INFO] [stdout]    |                  ^^^^^^^^^^^^^^^^^^^^^^^^^^^^^^^^^^^^^^ could not find `halyard` in the list of imported crates
[INFO] [stdout]    |
[INFO] [stdout]    = note: this error originates in the macro `slice` (in Nightly builds, run with -Z macro-backtrace for more info)
[INFO] [stdout] 
[INFO] [stdout] 
[INFO] [stdout] error: cannot find attribute `prop` in this scope
[INFO] [stdout]    --> tests/component.rs:143:7
[INFO] [stdout]     |
[INFO] [stdout] 143 |     #[prop(into, optional)] arg17: Option<Signal<usize>>,
[INFO] [stdout]     |       ^^^^
[INFO] [stdout] 
[INFO] [stdout] 
[INFO] [stdout] error: cannot find attribute `prop` in this scope
[INFO] [stdout]    --> tests/component.rs:144:7
[INFO] [stdout]     |
[INFO] [stdout] 144 |     #[prop(into, strip_option)] arg18: Option<Signal<usize>>,
[INFO] [stdout]     |       ^^^^
[INFO] [stdout] 
[INFO] [stdout] 
[INFO] [stdout] error: cannot find macro `view` in this scope
[INFO] [stdout]    --> tests/component.rs:147:9
[INFO] [stdout]     |
[INFO] [stdout] 147 |         view! {
[INFO] [stdout]     |         ^^^^
[INFO] [stdout]     |
[INFO] [stdout] help: consider importing this macro
[INFO] [stdout]     |
[INFO] [stdout]   1 + use halyard_macro::view;
[INFO] [stdout]     |
[INFO] [stdout] 
[INFO] [stdout] 
[INFO] [stdout] error[E0433]: cannot find `halyard` in the list of imported crates
[INFO] [stdout]   --> tests/slice.rs:26:18
[INFO] [stdout]    |
[INFO] [stdout] 26 |     let (_, _) = slice!(outer_signal.inner.inner_tuple.0);
[INFO] [stdout]    |                  ^^^^^^^^^^^^^^^^^^^^^^^^^^^^^^^^^^^^^^^^ could not find `halyard` in the list of imported crates
[INFO] [stdout]    |
[INFO] [stdout]    = note: this error originates in the macro `slice` (in Nightly builds, run with -Z macro-backtrace for more info)
[INFO] [stdout] 
[INFO] [stdout] 
[INFO] [stdout] error: cannot find attribute `component` in this scope
[INFO] [stdout]    --> tests/component.rs:108:3
[INFO] [stdout]     |
[INFO] [stdout] 108 | #[component]
[INFO] [stdout]     |   ^^^^^^^^^
[INFO] [stdout]     |
[INFO] [stdout]     = note: `component` is in scope, but it is a function, not an attribute
[INFO] [stdout] help: consider importing this attribute macro
[INFO] [stdout]     |
[INFO] [stdout]   1 + use halyard_macro::component;
[INFO] [stdout]     |
[INFO] [stdout] 
[INFO] [stdout] 
[INFO] [stdout] error: cannot find macro `view` in this scope
[INFO] [stdout]   --> tests/component.rs:78:5
[INFO] [stdout]    |
[INFO] [stdout] 78 |     view! {
[INFO] [stdout]    |     ^^^^
[INFO] [stdout]    |
[INFO] [stdout] help: consider importing this macro
[INFO] [stdout]    |
[INFO] [stdout]  1 + use halyard_macro::view;
[INFO] [stdout]    |
[INFO] [stdout] 
[INFO] [stdout] 
[INFO] [stdout] error: cannot find attribute `component` in this scope
[INFO] [stdout]   --> tests/component.rs:13:3
[INFO] [stdout]    |
[INFO] [stdout] 13 | #[component]
[INFO] [stdout]    |   ^^^^^^^^^
[INFO] [stdout]    |
[INFO] [stdout]    = note: `component` is in scope, but it is a function, not an attribute
[INFO] [stdout] help: consider importing this attribute macro
[INFO] [stdout]    |
[INFO] [stdout]  1 + use halyard_macro::component;
[INFO] [stdout]    |
[INFO] [stdout] 
[INFO] [stdout] 
[INFO] [stdout] error: cannot find attribute `prop` in this scope
[INFO] [stdout]   --> tests/component.rs:15:7
[INFO] [stdout]    |
[INFO] [stdout] 15 |     #[prop(optional)] optional: bool,
[INFO] [stdout]    |       ^^^^
[INFO] [stdout] 
[INFO] [stdout] 
[INFO] [stderr] error: could not compile `halyard_macro` (test "slice") due to 4 previous errors
[INFO] [stdout] error: cannot find attribute `prop` in this scope
[INFO] [stdout]   --> tests/component.rs:16:7
[INFO] [stdout]    |
[INFO] [stdout] 16 |     #[prop(optional, into)] optional_into: Option<String>,
[INFO] [stdout]    |       ^^^^
[INFO] [stdout] 
[INFO] [stdout] 
[INFO] [stdout] For more information about this error, try `rustc --explain E0433`.
[INFO] [stdout] 
[INFO] [stdout] error: cannot find attribute `prop` in this scope
[INFO] [stdout]   --> tests/component.rs:17:7
[INFO] [stdout]    |
[INFO] [stdout] 17 |     #[prop(optional_no_strip)] optional_no_strip: Option<String>,
[INFO] [stdout]    |       ^^^^
[INFO] [stdout] 
[INFO] [stdout] 
[INFO] [stdout] error: cannot find attribute `prop` in this scope
[INFO] [stdout]   --> tests/component.rs:18:7
[INFO] [stdout]    |
[INFO] [stdout] 18 |     #[prop(strip_option)] strip_option: Option<u8>,
[INFO] [stdout]    |       ^^^^
[INFO] [stdout] 
[INFO] [stdout] 
[INFO] [stdout] error: cannot find attribute `prop` in this scope
[INFO] [stdout]   --> tests/component.rs:19:7
[INFO] [stdout]    |
[INFO] [stdout] 19 |     #[prop(default = NonZeroUsize::new(10).unwrap())] default: NonZeroUsize,
[INFO] [stdout]    |       ^^^^
[INFO] [stdout] 
[INFO] [stdout] 
[INFO] [stdout] error: cannot find attribute `prop` in this scope
[INFO] [stdout]   --> tests/component.rs:20:7
[INFO] [stdout]    |
[INFO] [stdout] 20 |     #[prop(into)] into: String,
[INFO] [stdout]    |       ^^^^
[INFO] [stdout] 
[INFO] [stdout] 
[INFO] [stdout] error: cannot find attribute `prop` in this scope
[INFO] [stdout]   --> tests/component.rs:22:7
[INFO] [stdout]    |
[INFO] [stdout] 22 |     #[prop(name = "data")] UserInfo { email, user_id }: UserInfo,
[INFO] [stdout]    |       ^^^^
[INFO] [stdout] 
[INFO] [stdout] 
[INFO] [stdout] error: cannot find attribute `prop` in this scope
[INFO] [stdout]   --> tests/component.rs:23:7
[INFO] [stdout]    |
[INFO] [stdout] 23 |     #[prop(name = "tuple")] (name, id): (String, i32),
[INFO] [stdout]    |       ^^^^
[INFO] [stdout] 
[INFO] [stdout] 
[INFO] [stdout] error: cannot find attribute `prop` in this scope
[INFO] [stdout]   --> tests/component.rs:24:7
[INFO] [stdout]    |
[INFO] [stdout] 24 |     #[prop(name = "tuple_struct")] Admin(is_admin): Admin,
[INFO] [stdout]    |       ^^^^
[INFO] [stdout] 
[INFO] [stdout] 
[INFO] [stdout] error: cannot find attribute `prop` in this scope
[INFO] [stdout]   --> tests/component.rs:25:7
[INFO] [stdout]    |
[INFO] [stdout] 25 |     #[prop(name = "outside_name")] inside_name: i32,
[INFO] [stdout]    |       ^^^^
[INFO] [stdout] 
[INFO] [stdout] 
[INFO] [stdout] error[E0425]: cannot find type `MyServerAction` in this scope
[INFO] [stdout]   --> tests/server.rs:16:14
[INFO] [stdout]    |
[INFO] [stdout] 16 |             <MyServerAction as ServerFn>::PATH
[INFO] [stdout]    |              ^^^^^^^^^^^^^^ not found in this scope
[INFO] [stdout] 
[INFO] [stdout] 
[INFO] [stdout] error[E0425]: cannot find type `MyServerAction` in this scope
[INFO] [stdout]   --> tests/server.rs:21:27
[INFO] [stdout]    |
[INFO] [stdout] 21 |             TypeId::of::<<MyServerAction as ServerFn>::Protocol>(),
[INFO] [stdout]    |                           ^^^^^^^^^^^^^^ not found in this scope
[INFO] [stdout]    |
[INFO] [stdout] help: you might be missing a type parameter
[INFO] [stdout]    |
[INFO] [stdout] 10 |     fn server_default<MyServerAction>() {
[INFO] [stdout]    |                      ++++++++++++++++
[INFO] [stdout] 
[INFO] [stdout] 
[INFO] [stdout] error[E0425]: cannot find type `FooBar` in this scope
[INFO] [stdout]   --> tests/server.rs:32:21
[INFO] [stdout]    |
[INFO] [stdout] 32 |         assert_eq!(<FooBar as ServerFn>::PATH, "/foo/bar/my_path");
[INFO] [stdout]    |                     ^^^^^^ not found in this scope
[INFO] [stdout] 
[INFO] [stdout] 
[INFO] [stdout] error[E0425]: cannot find type `FooBar` in this scope
[INFO] [stdout]   --> tests/server.rs:34:27
[INFO] [stdout]    |
[INFO] [stdout] 34 |             TypeId::of::<<FooBar as ServerFn>::Protocol>(),
[INFO] [stdout]    |                           ^^^^^^ not found in this scope
[INFO] [stdout]    |
[INFO] [stdout] help: you might be missing a type parameter
[INFO] [stdout]    |
[INFO] [stdout] 27 |     fn server_full_legacy<FooBar>() {
[INFO] [stdout]    |                          ++++++++
[INFO] [stdout] 
[INFO] [stdout] 
[INFO] [stdout] error[E0425]: cannot find type `FooBar` in this scope
[INFO] [stdout]   --> tests/server.rs:45:21
[INFO] [stdout]    |
[INFO] [stdout] 45 |         assert_eq!(<FooBar as ServerFn>::PATH, "/foo/bar/my_path");
[INFO] [stdout]    |                     ^^^^^^ not found in this scope
[INFO] [stdout] 
[INFO] [stdout] 
[INFO] [stdout] error[E0425]: cannot find type `FooBar` in this scope
[INFO] [stdout]   --> tests/server.rs:47:27
[INFO] [stdout]    |
[INFO] [stdout] 47 |             TypeId::of::<<FooBar as ServerFn>::Protocol>(),
[INFO] [stdout]    |                           ^^^^^^ not found in this scope
[INFO] [stdout]    |
[INFO] [stdout] help: you might be missing a type parameter
[INFO] [stdout]    |
[INFO] [stdout] 40 |     fn server_all_keywords<FooBar>() {
[INFO] [stdout]    |                           ++++++++
[INFO] [stdout] 
[INFO] [stdout] 
[INFO] [stdout] error[E0425]: cannot find type `FooBar` in this scope
[INFO] [stdout]   --> tests/server.rs:58:21
[INFO] [stdout]    |
[INFO] [stdout] 58 |         assert_eq!(<FooBar as ServerFn>::PATH, "/api/my_path");
[INFO] [stdout]    |                     ^^^^^^ not found in this scope
[INFO] [stdout] 
[INFO] [stdout] 
[INFO] [stdout] error[E0425]: cannot find type `FooBar` in this scope
[INFO] [stdout]   --> tests/server.rs:60:27
[INFO] [stdout]    |
[INFO] [stdout] 60 |             TypeId::of::<<FooBar as ServerFn>::Protocol>(),
[INFO] [stdout]    |                           ^^^^^^ not found in this scope
[INFO] [stdout]    |
[INFO] [stdout] help: you might be missing a type parameter
[INFO] [stdout]    |
[INFO] [stdout] 53 |     fn server_mix<FooBar>() {
[INFO] [stdout]    |                  ++++++++
[INFO] [stdout] 
[INFO] [stdout] 
[INFO] [stdout] error[E0425]: cannot find type `FooBar` in this scope
[INFO] [stdout]   --> tests/server.rs:72:14
[INFO] [stdout]    |
[INFO] [stdout] 72 |             <FooBar as ServerFn>::PATH.trim_end_matches(char::is_numeric),
[INFO] [stdout]    |              ^^^^^^ not found in this scope
[INFO] [stdout] 
[INFO] [stdout] 
[INFO] [stdout] error[E0425]: cannot find type `FooBar` in this scope
[INFO] [stdout]   --> tests/server.rs:76:27
[INFO] [stdout]    |
[INFO] [stdout] 76 |             TypeId::of::<<FooBar as ServerFn>::Protocol>(),
[INFO] [stdout]    |                           ^^^^^^ not found in this scope
[INFO] [stdout]    |
[INFO] [stdout] help: you might be missing a type parameter
[INFO] [stdout]    |
[INFO] [stdout] 66 |     fn server_name<FooBar>() {
[INFO] [stdout]    |                   ++++++++
[INFO] [stdout] 
[INFO] [stdout] 
[INFO] [stdout] error[E0425]: cannot find type `MyServerAction` in this scope
[INFO] [stdout]   --> tests/server.rs:88:14
[INFO] [stdout]    |
[INFO] [stdout] 88 |             <MyServerAction as ServerFn>::PATH
[INFO] [stdout]    |              ^^^^^^^^^^^^^^ not found in this scope
[INFO] [stdout] 
[INFO] [stdout] 
[INFO] [stdout] error[E0425]: cannot find type `MyServerAction` in this scope
[INFO] [stdout]   --> tests/server.rs:93:27
[INFO] [stdout]    |
[INFO] [stdout] 93 |             TypeId::of::<<MyServerAction as ServerFn>::Protocol>(),
[INFO] [stdout]    |                           ^^^^^^^^^^^^^^ not found in this scope
[INFO] [stdout]    |
[INFO] [stdout] help: you might be missing a type parameter
[INFO] [stdout]    |
[INFO] [stdout] 82 |     fn server_prefix<MyServerAction>() {
[INFO] [stdout]    |                     ++++++++++++++++
[INFO] [stdout] 
[INFO] [stdout] 
[INFO] [stdout] error[E0425]: cannot find type `MyServerAction` in this scope
[INFO] [stdout]    --> tests/server.rs:105:14
[INFO] [stdout]     |
[INFO] [stdout] 105 |             <MyServerAction as ServerFn>::PATH
[INFO] [stdout]     |              ^^^^^^^^^^^^^^ not found in this scope
[INFO] [stdout] 
[INFO] [stdout] 
[INFO] [stdout] error[E0425]: cannot find type `MyServerAction` in this scope
[INFO] [stdout]    --> tests/server.rs:110:27
[INFO] [stdout]     |
[INFO] [stdout] 110 |             TypeId::of::<<MyServerAction as ServerFn>::Protocol>(),
[INFO] [stdout]     |                           ^^^^^^^^^^^^^^ not found in this scope
[INFO] [stdout]     |
[INFO] [stdout] help: you might be missing a type parameter
[INFO] [stdout]     |
[INFO] [stdout]  99 |     fn server_encoding<MyServerAction>() {
[INFO] [stdout]     |                       ++++++++++++++++
[INFO] [stdout] 
[INFO] [stdout] 
[INFO] [stdout] error[E0425]: cannot find type `MyServerAction` in this scope
[INFO] [stdout]    --> tests/server.rs:122:14
[INFO] [stdout]     |
[INFO] [stdout] 122 |             <MyServerAction as ServerFn>::PATH,
[INFO] [stdout]     |              ^^^^^^^^^^^^^^ not found in this scope
[INFO] [stdout] 
[INFO] [stdout] 
[INFO] [stdout] error[E0425]: cannot find type `MyServerAction` in this scope
[INFO] [stdout]    --> tests/server.rs:126:27
[INFO] [stdout]     |
[INFO] [stdout] 126 |             TypeId::of::<<MyServerAction as ServerFn>::Protocol>(),
[INFO] [stdout]     |                           ^^^^^^^^^^^^^^ not found in this scope
[INFO] [stdout]     |
[INFO] [stdout] help: you might be missing a type parameter
[INFO] [stdout]     |
[INFO] [stdout] 116 |     fn server_endpoint<MyServerAction>() {
[INFO] [stdout]     |                       ++++++++++++++++
[INFO] [stdout] 
[INFO] [stdout] 
[INFO] [stdout] Some errors have detailed explanations: E0425, E0432, E0433.
[INFO] [stdout] 
[INFO] [stdout] For more information about an error, try `rustc --explain E0425`.
[INFO] [stdout] 
[INFO] [stderr] error: could not compile `halyard_macro` (test "server") due to 18 previous errors
[INFO] [stdout] error[E0433]: cannot find `halyard` in the list of imported crates
[INFO] [stdout]    --> tests/component.rs:255:13
[INFO] [stdout]     |
[INFO] [stdout] 255 | /             view! {
[INFO] [stdout] 256 | |                 {()}
[INFO] [stdout] 257 | |                 {()}
[INFO] [stdout] 258 | |             }
[INFO] [stdout]     | |_____________^ could not find `halyard` in the list of imported crates
[INFO] [stdout]     |
[INFO] [stdout]     = note: this error originates in the macro `view` (in Nightly builds, run with -Z macro-backtrace for more info)
[INFO] [stdout] 
[INFO] [stdout] 
[INFO] [stdout] error[E0433]: cannot find `halyard` in the list of imported crates
[INFO] [stdout]    --> tests/component.rs:273:13
[INFO] [stdout]     |
[INFO] [stdout] 273 |             view! { <div>{().into_any()} {()}</div> }
[INFO] [stdout]     |             ^^^^^^^^^^^^^^^^^^^^^^^^^^^^^^^^^^^^^^^^^ could not find `halyard` in the list of imported crates
[INFO] [stdout]     |
[INFO] [stdout]     = note: this error originates in the macro `view` (in Nightly builds, run with -Z macro-backtrace for more info)
[INFO] [stdout] 
[INFO] [stdout] 
[INFO] [stdout] error[E0433]: cannot find `halyard` in the list of imported crates
[INFO] [stdout]    --> tests/component.rs:273:22
[INFO] [stdout]     |
[INFO] [stdout] 273 |             view! { <div>{().into_any()} {()}</div> }
[INFO] [stdout]     |                      ^^^ could not find `halyard` in the list of imported crates
[INFO] [stdout] 
[INFO] [stdout] 
[INFO] [stdout] error[E0405]: cannot find trait `IntoView` in this scope
[INFO] [stdout]   --> tests/component.rs:26:11
[INFO] [stdout]    |
[INFO] [stdout] 26 | ) -> impl IntoView {
[INFO] [stdout]    |           ^^^^^^^^ not found in this scope
[INFO] [stdout] 
[INFO] [stdout] 
[INFO] [stdout] error[E0405]: cannot find trait `IntoView` in this scope
[INFO] [stdout]    --> tests/component.rs:109:44
[INFO] [stdout]     |
[INFO] [stdout] 109 | fn WithLifetime<'a>(data: &'a str) -> impl IntoView {
[INFO] [stdout]     |                                            ^^^^^^^^ not found in this scope
[INFO] [stdout] 
[INFO] [stdout] 
[INFO] [stdout] error[E0405]: cannot find trait `IntoView` in this scope
[INFO] [stdout]    --> tests/component.rs:117:53
[INFO] [stdout]     |
[INFO] [stdout] 117 |     fn can_return_impl_intoview_from_body() -> impl IntoView {
[INFO] [stdout]     |                                                     ^^^^^^^^ not found in this scope
[INFO] [stdout] 
[INFO] [stdout] 
[INFO] [stdout] error[E0425]: cannot find type `Signal` in this scope
[INFO] [stdout]    --> tests/component.rs:126:25
[INFO] [stdout]     |
[INFO] [stdout] 126 |     #[prop(into)] arg1: Signal<String>,
[INFO] [stdout]     |                         ^^^^^^ not found in this scope
[INFO] [stdout] 
[INFO] [stdout] 
[INFO] [stdout] error[E0425]: cannot find type `Signal` in this scope
[INFO] [stdout]    --> tests/component.rs:127:25
[INFO] [stdout]     |
[INFO] [stdout] 127 |     #[prop(into)] arg2: Signal<String>,
[INFO] [stdout]     |                         ^^^^^^ not found in this scope
[INFO] [stdout] 
[INFO] [stdout] 
[INFO] [stdout] error[E0425]: cannot find type `Signal` in this scope
[INFO] [stdout]    --> tests/component.rs:128:25
[INFO] [stdout]     |
[INFO] [stdout] 128 |     #[prop(into)] arg3: Signal<String>,
[INFO] [stdout]     |                         ^^^^^^ not found in this scope
[INFO] [stdout] 
[INFO] [stdout] 
[INFO] [stdout] error[E0425]: cannot find type `Signal` in this scope
[INFO] [stdout]    --> tests/component.rs:129:25
[INFO] [stdout]     |
[INFO] [stdout] 129 |     #[prop(into)] arg4: Signal<usize>,
[INFO] [stdout]     |                         ^^^^^^ not found in this scope
[INFO] [stdout] 
[INFO] [stdout] 
[INFO] [stdout] error[E0425]: cannot find type `Signal` in this scope
[INFO] [stdout]    --> tests/component.rs:130:25
[INFO] [stdout]     |
[INFO] [stdout] 130 |     #[prop(into)] arg5: Signal<usize>,
[INFO] [stdout]     |                         ^^^^^^ not found in this scope
[INFO] [stdout] 
[INFO] [stdout] 
[INFO] [stdout] error[E0425]: cannot find type `Signal` in this scope
[INFO] [stdout]    --> tests/component.rs:131:25
[INFO] [stdout]     |
[INFO] [stdout] 131 |     #[prop(into)] arg6: Signal<usize>,
[INFO] [stdout]     |                         ^^^^^^ not found in this scope
[INFO] [stdout] 
[INFO] [stdout] 
[INFO] [stdout] error[E0425]: cannot find type `Signal` in this scope
[INFO] [stdout]    --> tests/component.rs:132:25
[INFO] [stdout]     |
[INFO] [stdout] 132 |     #[prop(into)] arg7: Signal<Option<usize>>,
[INFO] [stdout]     |                         ^^^^^^ not found in this scope
[INFO] [stdout] 
[INFO] [stdout] 
[INFO] [stdout] error[E0425]: cannot find type `ArcSignal` in this scope
[INFO] [stdout]    --> tests/component.rs:133:25
[INFO] [stdout]     |
[INFO] [stdout] 133 |     #[prop(into)] arg8: ArcSignal<String>,
[INFO] [stdout]     |                         ^^^^^^^^^ not found in this scope
[INFO] [stdout] 
[INFO] [stdout] 
[INFO] [stdout] error[E0425]: cannot find type `ArcSignal` in this scope
[INFO] [stdout]    --> tests/component.rs:134:25
[INFO] [stdout]     |
[INFO] [stdout] 134 |     #[prop(into)] arg9: ArcSignal<String>,
[INFO] [stdout]     |                         ^^^^^^^^^ not found in this scope
[INFO] [stdout] 
[INFO] [stdout] 
[INFO] [stdout] error[E0425]: cannot find type `ArcSignal` in this scope
[INFO] [stdout]    --> tests/component.rs:135:26
[INFO] [stdout]     |
[INFO] [stdout] 135 |     #[prop(into)] arg10: ArcSignal<String>,
[INFO] [stdout]     |                          ^^^^^^^^^ not found in this scope
[INFO] [stdout] 
[INFO] [stdout] 
[INFO] [stdout] error[E0425]: cannot find type `ArcSignal` in this scope
[INFO] [stdout]    --> tests/component.rs:136:26
[INFO] [stdout]     |
[INFO] [stdout] 136 |     #[prop(into)] arg11: ArcSignal<usize>,
[INFO] [stdout]     |                          ^^^^^^^^^ not found in this scope
[INFO] [stdout] 
[INFO] [stdout] 
[INFO] [stdout] error[E0425]: cannot find type `ArcSignal` in this scope
[INFO] [stdout]    --> tests/component.rs:137:26
[INFO] [stdout]     |
[INFO] [stdout] 137 |     #[prop(into)] arg12: ArcSignal<usize>,
[INFO] [stdout]     |                          ^^^^^^^^^ not found in this scope
[INFO] [stdout] 
[INFO] [stdout] 
[INFO] [stdout] error[E0425]: cannot find type `ArcSignal` in this scope
[INFO] [stdout]    --> tests/component.rs:138:26
[INFO] [stdout]     |
[INFO] [stdout] 138 |     #[prop(into)] arg13: ArcSignal<usize>,
[INFO] [stdout]     |                          ^^^^^^^^^ not found in this scope
[INFO] [stdout] 
[INFO] [stdout] 
[INFO] [stdout] error[E0425]: cannot find type `ArcSignal` in this scope
[INFO] [stdout]    --> tests/component.rs:139:26
[INFO] [stdout]     |
[INFO] [stdout] 139 |     #[prop(into)] arg14: ArcSignal<Option<usize>>,
[INFO] [stdout]     |                          ^^^^^^^^^ not found in this scope
[INFO] [stdout] 
[INFO] [stdout] 
[INFO] [stdout] error[E0425]: cannot find type `Signal` in this scope
[INFO] [stdout]    --> tests/component.rs:141:43
[INFO] [stdout]     |
[INFO] [stdout] 141 |     #[prop(into, optional)] arg15: Option<Signal<usize>>,
[INFO] [stdout]     |                                           ^^^^^^ not found in this scope
[INFO] [stdout] 
[INFO] [stdout] 
[INFO] [stdout] error[E0425]: cannot find type `Signal` in this scope
[INFO] [stdout]    --> tests/component.rs:142:61
[INFO] [stdout]     |
[INFO] [stdout] 142 |     #[prop(into, optional)] arg16_purposely_omitted: Option<Signal<usize>>,
[INFO] [stdout]     |                                                             ^^^^^^ not found in this scope
[INFO] [stdout] 
[INFO] [stdout] 
[INFO] [stdout] error[E0425]: cannot find type `Signal` in this scope
[INFO] [stdout]    --> tests/component.rs:143:43
[INFO] [stdout]     |
[INFO] [stdout] 143 |     #[prop(into, optional)] arg17: Option<Signal<usize>>,
[INFO] [stdout]     |                                           ^^^^^^ not found in this scope
[INFO] [stdout] 
[INFO] [stdout] 
[INFO] [stdout] error[E0425]: cannot find type `Signal` in this scope
[INFO] [stdout]    --> tests/component.rs:144:47
[INFO] [stdout]     |
[INFO] [stdout] 144 |     #[prop(into, strip_option)] arg18: Option<Signal<usize>>,
[INFO] [stdout]     |                                               ^^^^^^ not found in this scope
[INFO] [stdout] 
[INFO] [stdout] 
[INFO] [stdout] error[E0405]: cannot find trait `IntoView` in this scope
[INFO] [stdout]    --> tests/component.rs:145:11
[INFO] [stdout]     |
[INFO] [stdout] 145 | ) -> impl IntoView {
[INFO] [stdout]     |           ^^^^^^^^ not found in this scope
[INFO] [stdout] 
[INFO] [stdout] 
[INFO] [stdout] error[E0425]: cannot find type `Callback` in this scope
[INFO] [stdout]    --> tests/component.rs:174:25
[INFO] [stdout]     |
[INFO] [stdout] 174 |     #[prop(into)] arg1: Callback<(), String>,
[INFO] [stdout]     |                         ^^^^^^^^ not found in this scope
[INFO] [stdout] 
[INFO] [stdout] 
[INFO] [stdout] error[E0425]: cannot find type `Callback` in this scope
[INFO] [stdout]    --> tests/component.rs:175:25
[INFO] [stdout]     |
[INFO] [stdout] 175 |     #[prop(into)] arg2: Callback<usize, String>,
[INFO] [stdout]     |                         ^^^^^^^^ not found in this scope
[INFO] [stdout] 
[INFO] [stdout] 
[INFO] [stdout] error[E0425]: cannot find type `Callback` in this scope
[INFO] [stdout]    --> tests/component.rs:176:25
[INFO] [stdout]     |
[INFO] [stdout] 176 |     #[prop(into)] arg3: Callback<(usize,), String>,
[INFO] [stdout]     |                         ^^^^^^^^ not found in this scope
[INFO] [stdout] 
[INFO] [stdout] 
[INFO] [stdout] error[E0425]: cannot find type `Callback` in this scope
[INFO] [stdout]    --> tests/component.rs:177:25
[INFO] [stdout]     |
[INFO] [stdout] 177 |     #[prop(into)] arg4: Callback<(usize, String), String>,
[INFO] [stdout]     |                         ^^^^^^^^ not found in this scope
[INFO] [stdout] 
[INFO] [stdout] 
[INFO] [stdout] error[E0425]: cannot find type `UnsyncCallback` in this scope
[INFO] [stdout]    --> tests/component.rs:178:25
[INFO] [stdout]     |
[INFO] [stdout] 178 |     #[prop(into)] arg5: UnsyncCallback<(), String>,
[INFO] [stdout]     |                         ^^^^^^^^^^^^^^ not found in this scope
[INFO] [stdout] 
[INFO] [stdout] 
[INFO] [stdout] error[E0425]: cannot find type `UnsyncCallback` in this scope
[INFO] [stdout]    --> tests/component.rs:179:25
[INFO] [stdout]     |
[INFO] [stdout] 179 |     #[prop(into)] arg6: UnsyncCallback<usize, String>,
[INFO] [stdout]     |                         ^^^^^^^^^^^^^^ not found in this scope
[INFO] [stdout] 
[INFO] [stdout] 
[INFO] [stdout] error[E0425]: cannot find type `UnsyncCallback` in this scope
[INFO] [stdout]    --> tests/component.rs:180:25
[INFO] [stdout]     |
[INFO] [stdout] 180 |     #[prop(into)] arg7: UnsyncCallback<(usize,), String>,
[INFO] [stdout]     |                         ^^^^^^^^^^^^^^ not found in this scope
[INFO] [stdout] 
[INFO] [stdout] 
[INFO] [stdout] error[E0425]: cannot find type `UnsyncCallback` in this scope
[INFO] [stdout]    --> tests/component.rs:181:25
[INFO] [stdout]     |
[INFO] [stdout] 181 |     #[prop(into)] arg8: UnsyncCallback<(usize, String), String>,
[INFO] [stdout]     |                         ^^^^^^^^^^^^^^ not found in this scope
[INFO] [stdout] 
[INFO] [stdout] 
[INFO] [stdout] error[E0405]: cannot find trait `IntoView` in this scope
[INFO] [stdout]    --> tests/component.rs:182:11
[INFO] [stdout]     |
[INFO] [stdout] 182 | ) -> impl IntoView {
[INFO] [stdout]     |           ^^^^^^^^ not found in this scope
[INFO] [stdout] 
[INFO] [stdout] 
[INFO] [stdout] error[E0425]: cannot find type `ComponentPropsBuilder` in this scope
[INFO] [stdout]    --> tests/component.rs:253:9
[INFO] [stdout]     |
[INFO] [stdout] 253 |         #[component]
[INFO] [stdout]     |         ^^^^^^^^^^^^ not found in this scope
[INFO] [stdout]     |
[INFO] [stdout]     = note: this error originates in the attribute macro `component` (in Nightly builds, run with -Z macro-backtrace for more info)
[INFO] [stdout] 
[INFO] [stdout] 
[INFO] [stdout] error[E0425]: cannot find type `ComponentPropsBuilder` in this scope
[INFO] [stdout]    --> tests/component.rs:271:9
[INFO] [stdout]     |
[INFO] [stdout] 271 |         #[component]
[INFO] [stdout]     |         ^^^^^^^^^^^^ not found in this scope
[INFO] [stdout]     |
[INFO] [stdout]     = note: this error originates in the attribute macro `component` (in Nightly builds, run with -Z macro-backtrace for more info)
[INFO] [stdout] 
[INFO] [stdout] 
[INFO] [stdout] error[E0433]: cannot find type `ComponentProps` in this scope
[INFO] [stdout]   --> tests/component.rs:44:14
[INFO] [stdout]    |
[INFO] [stdout] 44 |     let cp = ComponentProps::builder()
[INFO] [stdout]    |              ^^^^^^^^^^^^^^ use of undeclared type `ComponentProps`
[INFO] [stdout] 
[INFO] [stdout] 
[INFO] [stdout] error[E0433]: cannot find type `WithLifetimeProps` in this scope
[INFO] [stdout]    --> tests/component.rs:119:22
[INFO] [stdout]     |
[INFO] [stdout] 119 |         WithLifetime(WithLifetimeProps::builder().data(&val).build())
[INFO] [stdout]     |                      ^^^^^^^^^^^^^^^^^ use of undeclared type `WithLifetimeProps`
[INFO] [stdout] 
[INFO] [stdout] 
[INFO] [stdout] Some errors have detailed explanations: E0405, E0425, E0432, E0433.
[INFO] [stdout] 
[INFO] [stdout] For more information about an error, try `rustc --explain E0405`.
[INFO] [stdout] 
[INFO] [stderr] error: could not compile `halyard_macro` (test "component") due to 91 previous errors
[INFO] running `Command { std: "docker" "inspect" "89607b565acc1aacd9d9aaa8f738d267f21e097a0c1b055e2a53ecf0935ee04f", kill_on_drop: false }`
[INFO] running `Command { std: "docker" "rm" "-f" "89607b565acc1aacd9d9aaa8f738d267f21e097a0c1b055e2a53ecf0935ee04f", kill_on_drop: false }`
[INFO] [stdout] 89607b565acc1aacd9d9aaa8f738d267f21e097a0c1b055e2a53ecf0935ee04f
