[INFO] fetching crate gruggers 0.9.2...
[INFO] checking gruggers-0.9.2 against 3154cc1a3e6424e44f438a95007d043ed5ceaaf6+rustflags=-Znext-solver=coherence for pr-133502-30
[INFO] extracting crate gruggers 0.9.2 into /workspace/builds/worker-3-tc1/source
[INFO] started tweaking crates.io crate gruggers 0.9.2
[INFO] removed 0 missing examples
[INFO] removed 0 missing tests
[INFO] finished tweaking crates.io crate gruggers 0.9.2
[INFO] tweaked toml for crates.io crate gruggers 0.9.2 written to /workspace/builds/worker-3-tc1/source/Cargo.toml
[INFO] validating manifest of crates.io crate gruggers 0.9.2 on toolchain 3154cc1a3e6424e44f438a95007d043ed5ceaaf6
[INFO] running `Command { std: CARGO_HOME="/workspace/cargo-home" RUSTUP_HOME="/workspace/rustup-home" "/workspace/cargo-home/bin/cargo" "+3154cc1a3e6424e44f438a95007d043ed5ceaaf6" "metadata" "--manifest-path" "Cargo.toml" "--no-deps", kill_on_drop: false }`
[INFO] crate crates.io crate gruggers 0.9.2 already has a lockfile, it will not be regenerated
[INFO] running `Command { std: CARGO_HOME="/workspace/cargo-home" RUSTUP_HOME="/workspace/rustup-home" "/workspace/cargo-home/bin/cargo" "+3154cc1a3e6424e44f438a95007d043ed5ceaaf6" "fetch" "--manifest-path" "Cargo.toml", kill_on_drop: false }`
[INFO] [stderr]     Updating crates.io index
[INFO] [stderr]  Downloading crates ...
[INFO] [stderr]   Downloaded json v0.12.4
[INFO] [stderr]   Downloaded gruggers-core v0.9.1
[INFO] [stderr]   Downloaded allocator-api2 v0.4.0
[INFO] running `Command { std: "docker" "create" "-v" "/var/lib/crater-agent-workspace/builds/worker-3-tc1/source:/opt/rustwide/workdir:ro,Z" "-v" "/var/lib/crater-agent-workspace/builds/worker-3-tc1/target:/opt/rustwide/target:rw,Z" "-v" "/var/lib/crater-agent-workspace/cargo-home:/opt/rustwide/cargo-home:ro,Z" "-v" "/var/lib/crater-agent-workspace/rustup-home:/opt/rustwide/rustup-home:ro,Z" "-m" "1610612736" "--network" "none" "ghcr.io/rust-lang/crates-build-env/linux@sha256:77db811e55d90add9212f6832c23229e3de5f1c1f9905e8cb07319ea15df73ac" "sleep" "infinity", kill_on_drop: false }`
[INFO] [stdout] 07af2627046588f3c133e04cf6a5a31b21c353d427e380b2d48440a8d7e96137
[INFO] running `Command { std: "docker" "start" "07af2627046588f3c133e04cf6a5a31b21c353d427e380b2d48440a8d7e96137", kill_on_drop: false }`
[INFO] running `Command { std: "docker" "inspect" "07af2627046588f3c133e04cf6a5a31b21c353d427e380b2d48440a8d7e96137", kill_on_drop: false }`
[INFO] running `Command { std: "docker" "exec" "-e" "SOURCE_DIR=/opt/rustwide/workdir" "-e" "CARGO_HOME=/opt/rustwide/cargo-home" "-e" "RUSTUP_HOME=/opt/rustwide/rustup-home" "-e" "CARGO_TARGET_DIR=/opt/rustwide/target" "-w" "/opt/rustwide/workdir" "--user" "0:0" "07af2627046588f3c133e04cf6a5a31b21c353d427e380b2d48440a8d7e96137" "/opt/rustwide/cargo-home/bin/cargo" "+3154cc1a3e6424e44f438a95007d043ed5ceaaf6" "metadata" "--no-deps" "--format-version=1", kill_on_drop: false }`
[INFO] running `Command { std: "docker" "inspect" "07af2627046588f3c133e04cf6a5a31b21c353d427e380b2d48440a8d7e96137", kill_on_drop: false }`
[INFO] running `Command { std: "docker" "exec" "-e" "SOURCE_DIR=/opt/rustwide/workdir" "-e" "CARGO_HOME=/opt/rustwide/cargo-home" "-e" "RUSTUP_HOME=/opt/rustwide/rustup-home" "-e" "CARGO_TARGET_DIR=/opt/rustwide/target" "-e" "CARGO_INCREMENTAL=0" "-e" "RUST_BACKTRACE=full" "-e" "RUSTFLAGS=--cap-lints=forbid -Znext-solver=coherence" "-e" "RUSTDOCFLAGS=--cap-lints=forbid" "-w" "/opt/rustwide/workdir" "--user" "0:0" "07af2627046588f3c133e04cf6a5a31b21c353d427e380b2d48440a8d7e96137" "/opt/rustwide/cargo-home/bin/cargo" "+3154cc1a3e6424e44f438a95007d043ed5ceaaf6" "check" "--frozen" "--all" "--all-targets" "--message-format=json", kill_on_drop: false }`
[INFO] [stderr]     Checking allocator-api2 v0.4.0
[INFO] [stderr]    Compiling gruggers v0.9.2 (/opt/rustwide/workdir)
[INFO] [stderr]     Checking json v0.12.4
[INFO] [stderr]     Checking gruggers-core v0.9.1
[INFO] [stdout] error[E0425]: cannot find value `cap` in this scope
[INFO] [stdout]    --> src/async_fs.rs:238:79
[INFO] [stdout]     |
[INFO] [stdout] 238 |             let buf = unsafe{std::slice::from_raw_parts_mut(buf.cast::<u8>().as_ptr(), cap)};
[INFO] [stdout]     |                                                                                        ^^^ not found in this scope
[INFO] [stdout] 
[INFO] [stdout] 
[INFO] [stdout] error[E0271]: expected `{closure@mod.rs:83:62}` to return `&File`, but it returns `(&File, &OsStr)`
[INFO] [stdout]    --> src/frontend/mod.rs:83:77
[INFO] [stdout]     |
[INFO] [stdout]  83 |                 let ok_files_data = read_files_async(ok_files.iter().map(|(file, path)| (file, *path)), &arena);
[INFO] [stdout]     |                                     ----------------                     -------------- ^^^^^^^^^^^^^ expected `&File`, found `(&File, &OsStr)`
[INFO] [stdout]     |                                     |                                    |
[INFO] [stdout]     |                                     |                                    this closure
[INFO] [stdout]     |                                     required by a bound introduced by this call
[INFO] [stdout]     |
[INFO] [stdout]     = note: expected reference `&File`
[INFO] [stdout]                    found tuple `(&File, &OsStr)`
[INFO] [stdout]     = note: required for `Map<std::slice::Iter<'_, (File, &OsStr)>, {closure@src/frontend/mod.rs:83:62: 83:76}>` to implement `Iterator`
[INFO] [stdout] note: required by a bound in `async_fs::fallback::read_files_async`
[INFO] [stdout]    --> src/async_fs.rs:224:59
[INFO] [stdout]     |
[INFO] [stdout] 224 |     pub fn read_files_async<'a, 'b>(files: impl IntoIterator<Item=&'b File>, arena: &'a Arena) -> Vec<Result<&'a NTStr, Error>, &'a...
[INFO] [stdout]     |                                                              ^^^^^^^^^^^^^ required by this bound in `read_files_async`
[INFO] [stdout] 
[INFO] [stdout] 
[INFO] [stdout] error[E0425]: cannot find value `cap` in this scope
[INFO] [stdout]    --> src/async_fs.rs:238:79
[INFO] [stdout]     |
[INFO] [stdout] 238 |             let buf = unsafe{std::slice::from_raw_parts_mut(buf.cast::<u8>().as_ptr(), cap)};
[INFO] [stdout]     |                                                                                        ^^^ not found in this scope
[INFO] [stdout] 
[INFO] [stdout] 
[INFO] [stdout] error[E0271]: expected `{closure@mod.rs:83:62}` to return `&File`, but it returns `(&File, &OsStr)`
[INFO] [stdout]    --> src/frontend/mod.rs:83:77
[INFO] [stdout]     |
[INFO] [stdout]  83 |                 let ok_files_data = read_files_async(ok_files.iter().map(|(file, path)| (file, *path)), &arena);
[INFO] [stdout]     |                                     ----------------                     -------------- ^^^^^^^^^^^^^ expected `&File`, found `(&File, &OsStr)`
[INFO] [stdout]     |                                     |                                    |
[INFO] [stdout]     |                                     |                                    this closure
[INFO] [stdout]     |                                     required by a bound introduced by this call
[INFO] [stdout]     |
[INFO] [stdout]     = note: expected reference `&File`
[INFO] [stdout]                    found tuple `(&File, &OsStr)`
[INFO] [stdout]     = note: required for `Map<std::slice::Iter<'_, (File, &OsStr)>, {closure@src/frontend/mod.rs:83:62: 83:76}>` to implement `Iterator`
[INFO] [stdout] note: required by a bound in `async_fs::fallback::read_files_async`
[INFO] [stdout]    --> src/async_fs.rs:224:59
[INFO] [stdout]     |
[INFO] [stdout] 224 |     pub fn read_files_async<'a, 'b>(files: impl IntoIterator<Item=&'b File>, arena: &'a Arena) -> Vec<Result<&'a NTStr, Error>, &'a...
[INFO] [stdout]     |                                                              ^^^^^^^^^^^^^ required by this bound in `read_files_async`
[INFO] [stdout] 
[INFO] [stdout] 
[INFO] [stdout] error[E0061]: this function takes 2 arguments but 1 argument was supplied
[INFO] [stdout]    --> src/async_fs.rs:241:33
[INFO] [stdout]     |
[INFO] [stdout] 241 |                 Ok(size) => files_data.push(super::verify_file_data(&buf[..size + 1])),
[INFO] [stdout]     |                                             ^^^^^^^^^^^^^^^^^^^^^^^------------------ argument #2 of type `&OsStr` is missing
[INFO] [stdout]     |
[INFO] [stdout] note: function defined here
[INFO] [stdout]    --> src/async_fs.rs:19:8
[INFO] [stdout]     |
[INFO] [stdout]  19 | pub fn verify_file_data<'a>(data: &'a [u8], file_path: &OsStr) -> Result<&'a NTStr, Error> {
[INFO] [stdout]     |        ^^^^^^^^^^^^^^^^                     -----------------
[INFO] [stdout] help: provide the argument
[INFO] [stdout]     |
[INFO] [stdout] 241 |                 Ok(size) => files_data.push(super::verify_file_data(&buf[..size + 1], /* &OsStr */)),
[INFO] [stdout]     |                                                                                     ++++++++++++++
[INFO] [stdout] 
[INFO] [stdout] 
[INFO] [stdout] error[E0061]: this function takes 2 arguments but 1 argument was supplied
[INFO] [stdout]    --> src/async_fs.rs:241:33
[INFO] [stdout]     |
[INFO] [stdout] 241 |                 Ok(size) => files_data.push(super::verify_file_data(&buf[..size + 1])),
[INFO] [stdout]     |                                             ^^^^^^^^^^^^^^^^^^^^^^^------------------ argument #2 of type `&OsStr` is missing
[INFO] [stdout]     |
[INFO] [stdout] note: function defined here
[INFO] [stdout]    --> src/async_fs.rs:19:8
[INFO] [stdout]     |
[INFO] [stdout]  19 | pub fn verify_file_data<'a>(data: &'a [u8], file_path: &OsStr) -> Result<&'a NTStr, Error> {
[INFO] [stdout]     |        ^^^^^^^^^^^^^^^^                     -----------------
[INFO] [stdout] help: provide the argument
[INFO] [stdout]     |
[INFO] [stdout] 241 |                 Ok(size) => files_data.push(super::verify_file_data(&buf[..size + 1], /* &OsStr */)),
[INFO] [stdout]     |                                                                                     ++++++++++++++
[INFO] [stdout] 
[INFO] [stdout] 
[INFO] [stdout] Some errors have detailed explanations: E0061, E0271, E0425.
[INFO] [stdout] 
[INFO] [stdout] For more information about an error, try `rustc --explain E0061`.
[INFO] [stdout] 
[INFO] [stderr] error: could not compile `gruggers` (lib) due to 3 previous errors
[INFO] [stderr] warning: build failed, waiting for other jobs to finish...
[INFO] [stdout] Some errors have detailed explanations: E0061, E0271, E0425.
[INFO] [stdout] 
[INFO] [stdout] For more information about an error, try `rustc --explain E0061`.
[INFO] [stdout] 
[INFO] [stderr] error: could not compile `gruggers` (lib test) due to 3 previous errors
[INFO] running `Command { std: "docker" "inspect" "07af2627046588f3c133e04cf6a5a31b21c353d427e380b2d48440a8d7e96137", kill_on_drop: false }`
[INFO] running `Command { std: "docker" "rm" "-f" "07af2627046588f3c133e04cf6a5a31b21c353d427e380b2d48440a8d7e96137", kill_on_drop: false }`
[INFO] [stdout] 07af2627046588f3c133e04cf6a5a31b21c353d427e380b2d48440a8d7e96137
