[INFO] fetching crate grper 0.2.0...
[INFO] checking grper-0.2.0 against 3154cc1a3e6424e44f438a95007d043ed5ceaaf6 for pr-133502-30
[INFO] extracting crate grper 0.2.0 into /workspace/builds/worker-0-tc2/source
[INFO] started tweaking crates.io crate grper 0.2.0
[INFO] removed 0 missing tests
[INFO] finished tweaking crates.io crate grper 0.2.0
[INFO] tweaked toml for crates.io crate grper 0.2.0 written to /workspace/builds/worker-0-tc2/source/Cargo.toml
[INFO] validating manifest of crates.io crate grper 0.2.0 on toolchain 3154cc1a3e6424e44f438a95007d043ed5ceaaf6
[INFO] running `Command { std: CARGO_HOME="/workspace/cargo-home" RUSTUP_HOME="/workspace/rustup-home" "/workspace/cargo-home/bin/cargo" "+3154cc1a3e6424e44f438a95007d043ed5ceaaf6" "metadata" "--manifest-path" "Cargo.toml" "--no-deps", kill_on_drop: false }`
[INFO] crate crates.io crate grper 0.2.0 already has a lockfile, it will not be regenerated
[INFO] running `Command { std: CARGO_HOME="/workspace/cargo-home" RUSTUP_HOME="/workspace/rustup-home" "/workspace/cargo-home/bin/cargo" "+3154cc1a3e6424e44f438a95007d043ed5ceaaf6" "fetch" "--manifest-path" "Cargo.toml", kill_on_drop: false }`
[INFO] running `Command { std: "docker" "create" "-v" "/var/lib/crater-agent-workspace/builds/worker-0-tc2/source:/opt/rustwide/workdir:ro,Z" "-v" "/var/lib/crater-agent-workspace/builds/worker-0-tc2/target:/opt/rustwide/target:rw,Z" "-v" "/var/lib/crater-agent-workspace/cargo-home:/opt/rustwide/cargo-home:ro,Z" "-v" "/var/lib/crater-agent-workspace/rustup-home:/opt/rustwide/rustup-home:ro,Z" "-m" "1610612736" "--network" "none" "ghcr.io/rust-lang/crates-build-env/linux@sha256:77db811e55d90add9212f6832c23229e3de5f1c1f9905e8cb07319ea15df73ac" "sleep" "infinity", kill_on_drop: false }`
[INFO] [stdout] e47ab13016f305ed59fec74ce8f7341553f4496a3bdfc33958e701ce0ccc741c
[INFO] running `Command { std: "docker" "start" "e47ab13016f305ed59fec74ce8f7341553f4496a3bdfc33958e701ce0ccc741c", kill_on_drop: false }`
[INFO] running `Command { std: "docker" "inspect" "e47ab13016f305ed59fec74ce8f7341553f4496a3bdfc33958e701ce0ccc741c", kill_on_drop: false }`
[INFO] running `Command { std: "docker" "exec" "-e" "SOURCE_DIR=/opt/rustwide/workdir" "-e" "CARGO_HOME=/opt/rustwide/cargo-home" "-e" "RUSTUP_HOME=/opt/rustwide/rustup-home" "-e" "CARGO_TARGET_DIR=/opt/rustwide/target" "-w" "/opt/rustwide/workdir" "--user" "0:0" "e47ab13016f305ed59fec74ce8f7341553f4496a3bdfc33958e701ce0ccc741c" "/opt/rustwide/cargo-home/bin/cargo" "+3154cc1a3e6424e44f438a95007d043ed5ceaaf6" "metadata" "--no-deps" "--format-version=1", kill_on_drop: false }`
[INFO] running `Command { std: "docker" "inspect" "e47ab13016f305ed59fec74ce8f7341553f4496a3bdfc33958e701ce0ccc741c", kill_on_drop: false }`
[INFO] running `Command { std: "docker" "exec" "-e" "SOURCE_DIR=/opt/rustwide/workdir" "-e" "CARGO_HOME=/opt/rustwide/cargo-home" "-e" "RUSTUP_HOME=/opt/rustwide/rustup-home" "-e" "CARGO_TARGET_DIR=/opt/rustwide/target" "-e" "CARGO_INCREMENTAL=0" "-e" "RUST_BACKTRACE=full" "-e" "RUSTFLAGS=--cap-lints=forbid" "-e" "RUSTDOCFLAGS=--cap-lints=forbid" "-w" "/opt/rustwide/workdir" "--user" "0:0" "e47ab13016f305ed59fec74ce8f7341553f4496a3bdfc33958e701ce0ccc741c" "/opt/rustwide/cargo-home/bin/cargo" "+3154cc1a3e6424e44f438a95007d043ed5ceaaf6" "check" "--frozen" "--all" "--all-targets" "--message-format=json", kill_on_drop: false }`
[INFO] [stderr]     Checking anstyle v1.0.14
[INFO] [stderr]     Checking utf8parse v0.2.2
[INFO] [stderr]     Checking memchr v2.8.3
[INFO] [stderr]     Checking anstyle-query v1.1.5
[INFO] [stderr]     Checking is_terminal_polyfill v1.70.2
[INFO] [stderr]     Checking colorchoice v1.0.5
[INFO] [stderr]     Checking regex-syntax v0.8.11
[INFO] [stderr]     Checking clap_lex v1.1.0
[INFO] [stderr]    Compiling anyhow v1.0.104
[INFO] [stderr]     Checking strsim v0.11.1
[INFO] [stderr]    Compiling heck v0.5.0
[INFO] [stderr]    Compiling num-traits v0.2.19
[INFO] [stderr]    Compiling getrandom v0.4.3
[INFO] [stderr]     Checking predicates-core v1.0.10
[INFO] [stderr]    Compiling syn v3.0.4
[INFO] [stderr]    Compiling rustix v1.1.4
[INFO] [stderr]     Checking difflib v0.4.0
[INFO] [stderr]     Checking bitflags v2.13.1
[INFO] [stderr]    Compiling assert_cmd v2.2.2
[INFO] [stderr]     Checking anstyle-parse v1.0.0
[INFO] [stderr]     Checking linux-raw-sys v0.12.1
[INFO] [stderr]     Checking termtree v0.5.1
[INFO] [stderr]     Checking normalize-line-endings v0.3.0
[INFO] [stderr]     Checking wait-timeout v0.2.1
[INFO] [stderr]     Checking fastrand v2.5.0
[INFO] [stderr]     Checking once_cell v1.21.4
[INFO] [stderr]     Checking predicates-tree v1.0.13
[INFO] [stderr]     Checking anstream v1.0.0
[INFO] [stderr]     Checking clap_builder v4.6.6
[INFO] [stderr]     Checking aho-corasick v1.1.5
[INFO] [stderr]     Checking float-cmp v0.10.0
[INFO] [stderr]     Checking regex-automata v0.4.18
[INFO] [stderr]     Checking tempfile v3.27.0
[INFO] [stderr]    Compiling thiserror-impl v2.0.20
[INFO] [stderr]    Compiling clap_derive v4.6.4
[INFO] [stderr]     Checking thiserror v2.0.20
[INFO] [stderr]     Checking regex v1.13.1
[INFO] [stderr]     Checking bstr v1.13.1
[INFO] [stderr]     Checking clap v4.6.6
[INFO] [stderr]     Checking grper v0.2.0 (/opt/rustwide/workdir)
[INFO] [stderr]     Checking predicates v3.1.4
[INFO] [stdout] error[E0432]: unresolved import `grper::build_grp`
[INFO] [stdout]   --> tests/cli.rs:11:5
[INFO] [stdout]    |
[INFO] [stdout] 11 | use grper::build_grp;
[INFO] [stdout]    |     ^^^^^^^---------
[INFO] [stdout]    |            |
[INFO] [stdout]    |            no `build_grp` in the root
[INFO] [stdout]    |
[INFO] [stdout] note: found an item that was configured out
[INFO] [stdout]   --> src/lib.rs:64:46
[INFO] [stdout]    |
[INFO] [stdout] 63 | #[cfg(feature = "testutil")]
[INFO] [stdout]    |       -------------------- the item is gated behind the `testutil` feature
[INFO] [stdout] 64 | pub use testutil::{FlakyReader, FlakyWriter, build_grp};
[INFO] [stdout]    |                                              ^^^^^^^^^
[INFO] [stdout] 
[INFO] [stdout] 
[INFO] [stdout] error[E0432]: unresolved imports `crate::FlakyReader`, `crate::FlakyWriter`, `crate::build_grp`
[INFO] [stdout]   --> src/archive/tests.rs:2:13
[INFO] [stdout]    |
[INFO] [stdout]  2 | use crate::{FlakyReader, FlakyWriter, build_grp};
[INFO] [stdout]    |             ^^^^^^^^^^^  ^^^^^^^^^^^  ^^^^^^^^^ no `build_grp` in the root
[INFO] [stdout]    |             |            |
[INFO] [stdout]    |             |            no `FlakyWriter` in the root
[INFO] [stdout]    |             no `FlakyReader` in the root
[INFO] [stdout]    |
[INFO] [stdout] note: found an item that was configured out
[INFO] [stdout]   --> src/lib.rs:64:20
[INFO] [stdout]    |
[INFO] [stdout] 63 | #[cfg(feature = "testutil")]
[INFO] [stdout]    |       -------------------- the item is gated behind the `testutil` feature
[INFO] [stdout] 64 | pub use testutil::{FlakyReader, FlakyWriter, build_grp};
[INFO] [stdout]    |                    ^^^^^^^^^^^
[INFO] [stdout] note: found an item that was configured out
[INFO] [stdout]   --> src/lib.rs:64:33
[INFO] [stdout]    |
[INFO] [stdout] 63 | #[cfg(feature = "testutil")]
[INFO] [stdout]    |       -------------------- the item is gated behind the `testutil` feature
[INFO] [stdout] 64 | pub use testutil::{FlakyReader, FlakyWriter, build_grp};
[INFO] [stdout]    |                                 ^^^^^^^^^^^
[INFO] [stdout] note: found an item that was configured out
[INFO] [stdout]   --> src/lib.rs:64:46
[INFO] [stdout]    |
[INFO] [stdout] 63 | #[cfg(feature = "testutil")]
[INFO] [stdout]    |       -------------------- the item is gated behind the `testutil` feature
[INFO] [stdout] 64 | pub use testutil::{FlakyReader, FlakyWriter, build_grp};
[INFO] [stdout]    |                                              ^^^^^^^^^
[INFO] [stdout] 
[INFO] [stdout] 
[INFO] [stdout] error[E0432]: unresolved imports `crate::FlakyReader`, `crate::build_grp`
[INFO] [stdout]   --> src/file/tests.rs:2:29
[INFO] [stdout]    |
[INFO] [stdout]  2 | use crate::{Archive, Error, FlakyReader, build_grp};
[INFO] [stdout]    |                             ^^^^^^^^^^^  ^^^^^^^^^ no `build_grp` in the root
[INFO] [stdout]    |                             |
[INFO] [stdout]    |                             no `FlakyReader` in the root
[INFO] [stdout]    |
[INFO] [stdout] note: found an item that was configured out
[INFO] [stdout]   --> src/lib.rs:64:20
[INFO] [stdout]    |
[INFO] [stdout] 63 | #[cfg(feature = "testutil")]
[INFO] [stdout]    |       -------------------- the item is gated behind the `testutil` feature
[INFO] [stdout] 64 | pub use testutil::{FlakyReader, FlakyWriter, build_grp};
[INFO] [stdout]    |                    ^^^^^^^^^^^
[INFO] [stdout] note: found an item that was configured out
[INFO] [stdout]   --> src/lib.rs:64:46
[INFO] [stdout]    |
[INFO] [stdout] 63 | #[cfg(feature = "testutil")]
[INFO] [stdout]    |       -------------------- the item is gated behind the `testutil` feature
[INFO] [stdout] 64 | pub use testutil::{FlakyReader, FlakyWriter, build_grp};
[INFO] [stdout]    |                                              ^^^^^^^^^
[INFO] [stdout] 
[INFO] [stdout] 
[INFO] [stdout] For more information about this error, try `rustc --explain E0432`.
[INFO] [stdout] 
[INFO] [stderr] error: could not compile `grper` (test "cli") due to 1 previous error
[INFO] [stdout] error[E0432]: unresolved imports `grper::FlakyReader`, `grper::FlakyWriter`, `grper::build_grp`
[INFO] [stdout]   --> src/bin/grper/tests.rs:2:13
[INFO] [stdout]    |
[INFO] [stdout]  2 | use grper::{FlakyReader, FlakyWriter, build_grp};
[INFO] [stdout]    |             ^^^^^^^^^^^  ^^^^^^^^^^^  ^^^^^^^^^ no `build_grp` in the root
[INFO] [stdout]    |             |            |
[INFO] [stdout]    |             |            no `FlakyWriter` in the root
[INFO] [stdout]    |             no `FlakyReader` in the root
[INFO] [stdout]    |
[INFO] [stdout] note: found an item that was configured out
[INFO] [stdout]   --> src/lib.rs:64:20
[INFO] [stdout]    |
[INFO] [stdout] 63 | #[cfg(feature = "testutil")]
[INFO] [stdout]    |       -------------------- the item is gated behind the `testutil` feature
[INFO] [stdout] 64 | pub use testutil::{FlakyReader, FlakyWriter, build_grp};
[INFO] [stdout]    |                    ^^^^^^^^^^^
[INFO] [stdout] note: found an item that was configured out
[INFO] [stdout]   --> src/lib.rs:64:33
[INFO] [stdout]    |
[INFO] [stdout] 63 | #[cfg(feature = "testutil")]
[INFO] [stdout]    |       -------------------- the item is gated behind the `testutil` feature
[INFO] [stdout] 64 | pub use testutil::{FlakyReader, FlakyWriter, build_grp};
[INFO] [stdout]    |                                 ^^^^^^^^^^^
[INFO] [stdout] note: found an item that was configured out
[INFO] [stdout]   --> src/lib.rs:64:46
[INFO] [stdout]    |
[INFO] [stdout] 63 | #[cfg(feature = "testutil")]
[INFO] [stdout]    |       -------------------- the item is gated behind the `testutil` feature
[INFO] [stdout] 64 | pub use testutil::{FlakyReader, FlakyWriter, build_grp};
[INFO] [stdout]    |                                              ^^^^^^^^^
[INFO] [stdout] 
[INFO] [stdout] 
[INFO] [stderr] warning: build failed, waiting for other jobs to finish...
[INFO] [stdout] error[E0308]: mismatched types
[INFO] [stdout]   --> src/archive/tests.rs:38:19
[INFO] [stdout]    |
[INFO] [stdout] 38 |         ("B.CON", b"4567"),
[INFO] [stdout]    |                   ^^^^^^^ expected an array with a size of 3, found one with a size of 4
[INFO] [stdout] 
[INFO] [stdout] 
[INFO] [stdout] error[E0308]: mismatched types
[INFO] [stdout]   --> src/bin/grper/tests.rs:36:50
[INFO] [stdout]    |
[INFO] [stdout] 36 |         build_grp(&[("A.TXT", b"123"), ("B.CON", b"45")]),
[INFO] [stdout]    |                                                  ^^^^^ expected an array with a size of 3, found one with a size of 2
[INFO] [stdout] 
[INFO] [stdout] 
[INFO] [stdout] error[E0308]: mismatched types
[INFO] [stdout]   --> src/bin/grper/tests.rs:56:55
[INFO] [stdout]    |
[INFO] [stdout] 56 |         build_grp(&[("DEFS.CON", b"abc"), ("DUB.MAP", b"")]),
[INFO] [stdout]    |                                                       ^^^ expected an array with a size of 3, found one with a size of 0
[INFO] [stdout] 
[INFO] [stdout] 
[INFO] [stdout] error[E0308]: mismatched types
[INFO] [stdout]    --> src/archive/tests.rs:120:19
[INFO] [stdout]     |
[INFO] [stdout] 120 |         ("B.CON", b"abcd"),
[INFO] [stdout]     |                   ^^^^^^^ expected an array with a size of 3, found one with a size of 4
[INFO] [stdout] 
[INFO] [stdout] 
[INFO] [stdout] error[E0308]: mismatched types
[INFO] [stdout]    --> src/bin/grper/tests.rs:416:52
[INFO] [stdout]     |
[INFO] [stdout] 416 |         build_grp(&[("A.TXT", b"old-a"), ("B.CON", b"keep-b")]),
[INFO] [stdout]     |                                                    ^^^^^^^^^ expected an array with a size of 5, found one with a size of 6
[INFO] [stdout] 
[INFO] [stdout] 
[INFO] [stdout] error[E0308]: mismatched types
[INFO] [stdout]    --> src/bin/grper/tests.rs:488:52
[INFO] [stdout]     |
[INFO] [stdout] 488 |         build_grp(&[("A.TXT", b"old-a"), ("B.CON", b"keep-b")]),
[INFO] [stdout]     |                                                    ^^^^^^^^^ expected an array with a size of 5, found one with a size of 6
[INFO] [stdout] 
[INFO] [stdout] 
[INFO] [stdout] error[E0308]: mismatched types
[INFO] [stdout]    --> src/archive/tests.rs:174:57
[INFO] [stdout]     |
[INFO] [stdout] 174 |     let data = build_grp(&[("A.TXT", b"123"), ("B.CON", b"45")]);
[INFO] [stdout]     |                                                         ^^^^^ expected an array with a size of 3, found one with a size of 2
[INFO] [stdout] 
[INFO] [stdout] 
[INFO] [stdout] error[E0308]: mismatched types
[INFO] [stdout]    --> src/archive/tests.rs:183:57
[INFO] [stdout]     |
[INFO] [stdout] 183 |     let data = build_grp(&[("A.TXT", b"123"), ("B.CON", b"45")]);
[INFO] [stdout]     |                                                         ^^^^^ expected an array with a size of 3, found one with a size of 2
[INFO] [stdout] 
[INFO] [stdout] 
[INFO] [stdout] error[E0308]: mismatched types
[INFO] [stdout]    --> src/bin/grper/tests.rs:677:19
[INFO] [stdout]     |
[INFO] [stdout] 677 |         ("B.CON", b"45"),
[INFO] [stdout]     |                   ^^^^^ expected an array with a size of 3, found one with a size of 2
[INFO] [stdout] 
[INFO] [stdout] 
[INFO] [stdout] error[E0308]: mismatched types
[INFO] [stdout]    --> src/archive/tests.rs:278:19
[INFO] [stdout]     |
[INFO] [stdout] 278 |         ("B.CON", b""),
[INFO] [stdout]     |                   ^^^ expected an array with a size of 5, found one with a size of 0
[INFO] [stdout] 
[INFO] [stdout] 
[INFO] [stdout] error[E0308]: mismatched types
[INFO] [stdout]    --> src/archive/tests.rs:318:66
[INFO] [stdout]     |
[INFO] [stdout] 318 |     assert_eq!(bytes, build_grp(&[("A.TXT", b"12345"), ("B.CON", b"45")]));
[INFO] [stdout]     |                                                                  ^^^^^ expected an array with a size of 5, found one with a size of 2
[INFO] [stdout] 
[INFO] [stdout] 
[INFO] [stdout] error[E0308]: mismatched types
[INFO] [stdout]    --> src/archive/tests.rs:427:61
[INFO] [stdout]     |
[INFO] [stdout] 427 |     let existing = build_grp(&[("A.TXT", b"123"), ("B.CON", b"45")]);
[INFO] [stdout]     |                                                             ^^^^^ expected an array with a size of 3, found one with a size of 2
[INFO] [stdout] 
[INFO] [stdout] 
[INFO] [stdout] error[E0308]: mismatched types
[INFO] [stdout]    --> src/archive/tests.rs:456:61
[INFO] [stdout]     |
[INFO] [stdout] 456 |     let existing = build_grp(&[("A.TXT", b"123"), ("B.CON", b"45")]);
[INFO] [stdout]     |                                                             ^^^^^ expected an array with a size of 3, found one with a size of 2
[INFO] [stdout] 
[INFO] [stdout] 
[INFO] [stdout] error[E0308]: mismatched types
[INFO] [stdout]    --> src/archive/tests.rs:462:61
[INFO] [stdout]     |
[INFO] [stdout] 462 |     let existing = build_grp(&[("A.TXT", b"123"), ("B.CON", b"45")]);
[INFO] [stdout]     |                                                             ^^^^^ expected an array with a size of 3, found one with a size of 2
[INFO] [stdout] 
[INFO] [stdout] 
[INFO] [stdout] Some errors have detailed explanations: E0308, E0432.
[INFO] [stdout] 
[INFO] [stdout] For more information about an error, try `rustc --explain E0308`.
[INFO] [stdout] 
[INFO] [stderr] error: could not compile `grper` (bin "grper" test) due to 6 previous errors
[INFO] [stdout] Some errors have detailed explanations: E0308, E0432.
[INFO] [stdout] 
[INFO] [stdout] For more information about an error, try `rustc --explain E0308`.
[INFO] [stdout] 
[INFO] [stderr] error: could not compile `grper` (lib test) due to 11 previous errors
[INFO] running `Command { std: "docker" "inspect" "e47ab13016f305ed59fec74ce8f7341553f4496a3bdfc33958e701ce0ccc741c", kill_on_drop: false }`
[INFO] running `Command { std: "docker" "rm" "-f" "e47ab13016f305ed59fec74ce8f7341553f4496a3bdfc33958e701ce0ccc741c", kill_on_drop: false }`
[INFO] [stdout] e47ab13016f305ed59fec74ce8f7341553f4496a3bdfc33958e701ce0ccc741c
