[INFO] fetching crate greeners-spatial 2.0.1...
[INFO] checking greeners-spatial-2.0.1 against 3154cc1a3e6424e44f438a95007d043ed5ceaaf6 for pr-133502-30
[INFO] extracting crate greeners-spatial 2.0.1 into /workspace/builds/worker-2-tc2/source
[INFO] started tweaking crates.io crate greeners-spatial 2.0.1
[INFO] removed 0 missing tests
[INFO] finished tweaking crates.io crate greeners-spatial 2.0.1
[INFO] tweaked toml for crates.io crate greeners-spatial 2.0.1 written to /workspace/builds/worker-2-tc2/source/Cargo.toml
[INFO] validating manifest of crates.io crate greeners-spatial 2.0.1 on toolchain 3154cc1a3e6424e44f438a95007d043ed5ceaaf6
[INFO] running `Command { std: CARGO_HOME="/workspace/cargo-home" RUSTUP_HOME="/workspace/rustup-home" "/workspace/cargo-home/bin/cargo" "+3154cc1a3e6424e44f438a95007d043ed5ceaaf6" "metadata" "--manifest-path" "Cargo.toml" "--no-deps", kill_on_drop: false }`
[INFO] crate crates.io crate greeners-spatial 2.0.1 already has a lockfile, it will not be regenerated
[INFO] running `Command { std: CARGO_HOME="/workspace/cargo-home" RUSTUP_HOME="/workspace/rustup-home" "/workspace/cargo-home/bin/cargo" "+3154cc1a3e6424e44f438a95007d043ed5ceaaf6" "fetch" "--manifest-path" "Cargo.toml", kill_on_drop: false }`
[INFO] running `Command { std: "docker" "create" "-v" "/var/lib/crater-agent-workspace/builds/worker-2-tc2/source:/opt/rustwide/workdir:ro,Z" "-v" "/var/lib/crater-agent-workspace/builds/worker-2-tc2/target:/opt/rustwide/target:rw,Z" "-v" "/var/lib/crater-agent-workspace/cargo-home:/opt/rustwide/cargo-home:ro,Z" "-v" "/var/lib/crater-agent-workspace/rustup-home:/opt/rustwide/rustup-home:ro,Z" "-m" "1610612736" "--network" "none" "ghcr.io/rust-lang/crates-build-env/linux@sha256:77db811e55d90add9212f6832c23229e3de5f1c1f9905e8cb07319ea15df73ac" "sleep" "infinity", kill_on_drop: false }`
[INFO] [stdout] d1aaa701e4809d723f1dc59fdad26a779bfebe87c567cda0bc9993a038ac0210
[INFO] running `Command { std: "docker" "start" "d1aaa701e4809d723f1dc59fdad26a779bfebe87c567cda0bc9993a038ac0210", kill_on_drop: false }`
[INFO] running `Command { std: "docker" "inspect" "d1aaa701e4809d723f1dc59fdad26a779bfebe87c567cda0bc9993a038ac0210", kill_on_drop: false }`
[INFO] running `Command { std: "docker" "exec" "-e" "SOURCE_DIR=/opt/rustwide/workdir" "-e" "CARGO_HOME=/opt/rustwide/cargo-home" "-e" "RUSTUP_HOME=/opt/rustwide/rustup-home" "-e" "CARGO_TARGET_DIR=/opt/rustwide/target" "-w" "/opt/rustwide/workdir" "--user" "0:0" "d1aaa701e4809d723f1dc59fdad26a779bfebe87c567cda0bc9993a038ac0210" "/opt/rustwide/cargo-home/bin/cargo" "+3154cc1a3e6424e44f438a95007d043ed5ceaaf6" "metadata" "--no-deps" "--format-version=1", kill_on_drop: false }`
[INFO] running `Command { std: "docker" "inspect" "d1aaa701e4809d723f1dc59fdad26a779bfebe87c567cda0bc9993a038ac0210", kill_on_drop: false }`
[INFO] running `Command { std: "docker" "exec" "-e" "SOURCE_DIR=/opt/rustwide/workdir" "-e" "CARGO_HOME=/opt/rustwide/cargo-home" "-e" "RUSTUP_HOME=/opt/rustwide/rustup-home" "-e" "CARGO_TARGET_DIR=/opt/rustwide/target" "-e" "CARGO_INCREMENTAL=0" "-e" "RUST_BACKTRACE=full" "-e" "RUSTFLAGS=--cap-lints=forbid" "-e" "RUSTDOCFLAGS=--cap-lints=forbid" "-w" "/opt/rustwide/workdir" "--user" "0:0" "d1aaa701e4809d723f1dc59fdad26a779bfebe87c567cda0bc9993a038ac0210" "/opt/rustwide/cargo-home/bin/cargo" "+3154cc1a3e6424e44f438a95007d043ed5ceaaf6" "check" "--frozen" "--all" "--all-targets" "--message-format=json", kill_on_drop: false }`
[INFO] [stderr]    Compiling syn v2.0.119
[INFO] [stderr]     Checking bytemuck v1.25.2
[INFO] [stderr]    Compiling nano-gemm-codegen v0.1.0
[INFO] [stderr]    Compiling pulp v0.21.5
[INFO] [stderr]    Compiling dyn-stack-macros v0.1.3
[INFO] [stderr]    Compiling syn v1.0.109
[INFO] [stderr]     Checking raw-cpuid v11.6.0
[INFO] [stderr]    Compiling pest v2.8.8
[INFO] [stderr]     Checking nano-gemm-core v0.1.0
[INFO] [stderr]     Checking crossbeam-queue v0.3.13
[INFO] [stderr]     Checking crossbeam-channel v0.5.16
[INFO] [stderr]     Checking ucd-trie v0.1.7
[INFO] [stderr]    Compiling defer v0.2.1
[INFO] [stderr]     Checking num-bigint v0.4.8
[INFO] [stderr]     Checking atomic-wait v1.1.0
[INFO] [stderr]     Checking serde_json v1.0.151
[INFO] [stderr]     Checking num-rational v0.4.2
[INFO] [stderr]     Checking generativity v1.2.1
[INFO] [stderr]     Checking rand_xoshiro v0.6.0
[INFO] [stderr]     Checking clap_builder v4.6.6
[INFO] [stderr]     Checking indexmap v2.14.0
[INFO] [stderr]     Checking csv v1.4.0
[INFO] [stderr]     Checking criterion-plot v0.5.0
[INFO] [stderr]     Checking dyn-stack v0.13.2
[INFO] [stderr]     Checking safe_arch v0.7.4
[INFO] [stderr]     Checking is-terminal v0.4.17
[INFO] [stderr]     Checking crossbeam v0.8.4
[INFO] [stderr]     Checking wide v0.7.33
[INFO] [stderr]    Compiling nano-gemm-c32 v0.1.0
[INFO] [stderr]    Compiling nano-gemm-f64 v0.1.0
[INFO] [stderr]    Compiling nano-gemm-c64 v0.1.0
[INFO] [stderr]    Compiling nano-gemm-f32 v0.1.0
[INFO] [stderr]    Compiling pest_meta v2.8.8
[INFO] [stderr]     Checking clap v4.6.6
[INFO] [stderr]    Compiling interpol v0.2.1
[INFO] [stderr]    Compiling private-gemm-x86 v0.1.20
[INFO] [stderr]    Compiling pest_generator v2.8.8
[INFO] [stderr]    Compiling zerocopy-derive v0.8.56
[INFO] [stderr]    Compiling serde_derive v1.0.228
[INFO] [stderr]    Compiling equator-macro v0.4.2
[INFO] [stderr]    Compiling equator-macro v0.2.1
[INFO] [stderr]    Compiling thiserror-impl v1.0.69
[INFO] [stderr]    Compiling faer-macros v0.21.0
[INFO] [stderr]    Compiling pest_derive v2.8.8
[INFO] [stderr]     Checking equator v0.2.2
[INFO] [stderr]     Checking equator v0.4.2
[INFO] [stderr]     Checking spindle v0.2.6
[INFO] [stderr]     Checking thiserror v1.0.69
[INFO] [stderr]     Checking zerocopy v0.8.56
[INFO] [stderr]     Checking serde v1.0.228
[INFO] [stderr]     Checking chrono v0.4.45
[INFO] [stderr]     Checking tinytemplate v1.2.1
[INFO] [stderr]     Checking ppv-lite86 v0.2.21
[INFO] [stderr]     Checking half v2.7.1
[INFO] [stderr]     Checking ciborium-ll v0.2.2
[INFO] [stderr]     Checking rand_chacha v0.3.1
[INFO] [stderr]     Checking ciborium v0.2.2
[INFO] [stderr]     Checking rand v0.8.7
[INFO] [stderr]     Checking criterion v0.5.1
[INFO] [stderr]     Checking num-complex v0.4.6
[INFO] [stderr]     Checking rand_distr v0.4.3
[INFO] [stderr]     Checking simba v0.9.1
[INFO] [stderr]     Checking py_literal v0.4.0
[INFO] [stderr]     Checking argmin-math v0.4.0
[INFO] [stderr]     Checking ndarray v0.17.2
[INFO] [stderr]     Checking npyz v0.8.4
[INFO] [stderr]     Checking gemm-common v0.18.2
[INFO] [stderr]     Checking qd v0.7.7
[INFO] [stderr]     Checking faer-traits v0.22.1
[INFO] [stderr]     Checking gemm-c32 v0.18.2
[INFO] [stderr]     Checking gemm-f32 v0.18.2
[INFO] [stderr]     Checking gemm-c64 v0.18.2
[INFO] [stderr]     Checking gemm-f64 v0.18.2
[INFO] [stderr]     Checking gemm v0.18.2
[INFO] [stderr]     Checking argmin v0.10.0
[INFO] [stderr]     Checking nalgebra v0.33.3
[INFO] [stderr]     Checking nano-gemm v0.1.3
[INFO] [stderr]     Checking faer v0.22.6
[INFO] [stderr]     Checking statrs v0.18.0
[INFO] [stderr]     Checking greeners-core v2.0.1
[INFO] [stderr]     Checking greeners-spatial v2.0.1 (/opt/rustwide/workdir)
[INFO] [stdout] error[E0432]: unresolved import `greeners_spatial::spatial_durbin_error`
[INFO] [stdout]   --> tests/spatial_durbin_error_invariants.rs:1:23
[INFO] [stdout]    |
[INFO] [stdout]  1 | use greeners_spatial::spatial_durbin_error::SpatialDurbinError;
[INFO] [stdout]    |                       ^^^^^^^^^^^^^^^^^^^^ could not find `spatial_durbin_error` in `greeners_spatial`
[INFO] [stdout]    |
[INFO] [stdout] note: found an item that was configured out
[INFO] [stdout]   --> src/lib.rs:20:9
[INFO] [stdout]    |
[INFO] [stdout] 19 | #[cfg(feature = "experimental")]
[INFO] [stdout]    |       ------------------------ the item is gated behind the `experimental` feature
[INFO] [stdout] 20 | pub mod spatial_durbin_error;
[INFO] [stdout]    |         ^^^^^^^^^^^^^^^^^^^^
[INFO] [stdout] 
[INFO] [stdout] 
[INFO] [stdout] error[E0432]: unresolved import `greeners_spatial::spatial`
[INFO] [stdout]   --> tests/spatial_invariants.rs:1:23
[INFO] [stdout]    |
[INFO] [stdout]  1 | use greeners_spatial::spatial::Spatial;
[INFO] [stdout]    |                       ^^^^^^^ could not find `spatial` in `greeners_spatial`
[INFO] [stdout]    |
[INFO] [stdout] note: found an item that was configured out
[INFO] [stdout]   --> src/lib.rs:16:9
[INFO] [stdout]    |
[INFO] [stdout] 15 | #[cfg(feature = "experimental")]
[INFO] [stdout]    |       ------------------------ the item is gated behind the `experimental` feature
[INFO] [stdout] 16 | pub mod spatial;
[INFO] [stdout]    |         ^^^^^^^
[INFO] [stdout] 
[INFO] [stdout] 
[INFO] [stdout] error[E0432]: unresolved import `greeners_spatial::spatial_durbin`
[INFO] [stdout]   --> tests/spatial_durbin_invariants.rs:1:23
[INFO] [stdout]    |
[INFO] [stdout]  1 | use greeners_spatial::spatial_durbin::SpatialDurbin;
[INFO] [stdout]    |                       ^^^^^^^^^^^^^^ could not find `spatial_durbin` in `greeners_spatial`
[INFO] [stdout]    |
[INFO] [stdout] note: found an item that was configured out
[INFO] [stdout]   --> src/lib.rs:18:9
[INFO] [stdout]    |
[INFO] [stdout] 17 | #[cfg(feature = "experimental")]
[INFO] [stdout]    |       ------------------------ the item is gated behind the `experimental` feature
[INFO] [stdout] 18 | pub mod spatial_durbin;
[INFO] [stdout]    |         ^^^^^^^^^^^^^^
[INFO] [stdout] 
[INFO] [stdout] 
[INFO] [stdout] error[E0432]: unresolved import `greeners_spatial::spatial_panel`
[INFO] [stdout]   --> tests/spatial_panel_invariants.rs:1:23
[INFO] [stdout]    |
[INFO] [stdout]  1 | use greeners_spatial::spatial_panel::SpatialPanel;
[INFO] [stdout]    |                       ^^^^^^^^^^^^^ could not find `spatial_panel` in `greeners_spatial`
[INFO] [stdout]    |
[INFO] [stdout] note: found an item that was configured out
[INFO] [stdout]   --> src/lib.rs:22:9
[INFO] [stdout]    |
[INFO] [stdout] 21 | #[cfg(feature = "experimental")]
[INFO] [stdout]    |       ------------------------ the item is gated behind the `experimental` feature
[INFO] [stdout] 22 | pub mod spatial_panel;
[INFO] [stdout]    |         ^^^^^^^^^^^^^
[INFO] [stdout] 
[INFO] [stdout] 
[INFO] [stdout] For more information about this error, try `rustc --explain E0432`.
[INFO] [stdout] 
[INFO] [stdout] For more information about this error, try `rustc --explain E0432`.
[INFO] [stdout] 
[INFO] [stderr] error: could not compile `greeners-spatial` (test "spatial_invariants") due to 1 previous error
[INFO] [stderr] warning: build failed, waiting for other jobs to finish...
[INFO] [stderr] error: could not compile `greeners-spatial` (test "spatial_durbin_error_invariants") due to 1 previous error
[INFO] [stdout] For more information about this error, try `rustc --explain E0432`.
[INFO] [stdout] 
[INFO] [stdout] For more information about this error, try `rustc --explain E0432`.
[INFO] [stdout] 
[INFO] [stderr] error: could not compile `greeners-spatial` (test "spatial_panel_invariants") due to 1 previous error
[INFO] [stderr] error: could not compile `greeners-spatial` (test "spatial_durbin_invariants") due to 1 previous error
[INFO] [stderr] warning: unused dependency `greeners-core`
[INFO] [stderr]   --> Cargo.toml:19:15
[INFO] [stderr]    |
[INFO] [stderr] 19 | [dependencies.greeners-core]
[INFO] [stderr]    |               ^^^^^^^^^^^^^^
[INFO] [stderr]    |
[INFO] [stderr]    = note: `cargo::unused_dependencies` is set to `warn` by default
[INFO] [stderr] help: consider removing the dependency on `greeners-core`
[INFO] [stderr] warning: `greeners-spatial` (manifest) generated 1 warning
[INFO] running `Command { std: "docker" "inspect" "d1aaa701e4809d723f1dc59fdad26a779bfebe87c567cda0bc9993a038ac0210", kill_on_drop: false }`
[INFO] running `Command { std: "docker" "rm" "-f" "d1aaa701e4809d723f1dc59fdad26a779bfebe87c567cda0bc9993a038ac0210", kill_on_drop: false }`
[INFO] [stdout] d1aaa701e4809d723f1dc59fdad26a779bfebe87c567cda0bc9993a038ac0210
