[INFO] fetching crate graphshell-client 0.0.2...
[INFO] checking graphshell-client-0.0.2 against 3154cc1a3e6424e44f438a95007d043ed5ceaaf6+rustflags=-Znext-solver=coherence for pr-133502-30
[INFO] extracting crate graphshell-client 0.0.2 into /workspace/builds/worker-7-tc1/source
[INFO] started tweaking crates.io crate graphshell-client 0.0.2
[INFO] finished tweaking crates.io crate graphshell-client 0.0.2
[INFO] tweaked toml for crates.io crate graphshell-client 0.0.2 written to /workspace/builds/worker-7-tc1/source/Cargo.toml
[INFO] validating manifest of crates.io crate graphshell-client 0.0.2 on toolchain 3154cc1a3e6424e44f438a95007d043ed5ceaaf6
[INFO] running `Command { std: CARGO_HOME="/workspace/cargo-home" RUSTUP_HOME="/workspace/rustup-home" "/workspace/cargo-home/bin/cargo" "+3154cc1a3e6424e44f438a95007d043ed5ceaaf6" "metadata" "--manifest-path" "Cargo.toml" "--no-deps", kill_on_drop: false }`
[INFO] crate crates.io crate graphshell-client 0.0.2 already has a lockfile, it will not be regenerated
[INFO] running `Command { std: CARGO_HOME="/workspace/cargo-home" RUSTUP_HOME="/workspace/rustup-home" "/workspace/cargo-home/bin/cargo" "+3154cc1a3e6424e44f438a95007d043ed5ceaaf6" "fetch" "--manifest-path" "Cargo.toml", kill_on_drop: false }`
[INFO] [stderr]     Updating crates.io index
[INFO] [stderr]  Downloading crates ...
[INFO] [stderr]   Downloaded scenotime v0.0.4
[INFO] [stderr]   Downloaded sceno v0.0.4
[INFO] [stderr]   Downloaded uxtree v0.0.2
[INFO] [stderr]   Downloaded titulus v0.0.2
[INFO] [stderr]   Downloaded inker v0.1.1
[INFO] [stderr]   Downloaded chirograph v0.0.2
[INFO] [stderr]   Downloaded blake3 v1.8.7
[INFO] running `Command { std: "docker" "create" "-v" "/var/lib/crater-agent-workspace/builds/worker-7-tc1/source:/opt/rustwide/workdir:ro,Z" "-v" "/var/lib/crater-agent-workspace/builds/worker-7-tc1/target:/opt/rustwide/target:rw,Z" "-v" "/var/lib/crater-agent-workspace/cargo-home:/opt/rustwide/cargo-home:ro,Z" "-v" "/var/lib/crater-agent-workspace/rustup-home:/opt/rustwide/rustup-home:ro,Z" "-m" "1610612736" "--network" "none" "ghcr.io/rust-lang/crates-build-env/linux@sha256:77db811e55d90add9212f6832c23229e3de5f1c1f9905e8cb07319ea15df73ac" "sleep" "infinity", kill_on_drop: false }`
[INFO] [stdout] 8a94eac43cdfe5d0694dd806872cd2268c46e293c356c2937b396284e8fb2085
[INFO] running `Command { std: "docker" "start" "8a94eac43cdfe5d0694dd806872cd2268c46e293c356c2937b396284e8fb2085", kill_on_drop: false }`
[INFO] running `Command { std: "docker" "inspect" "8a94eac43cdfe5d0694dd806872cd2268c46e293c356c2937b396284e8fb2085", kill_on_drop: false }`
[INFO] running `Command { std: "docker" "exec" "-e" "SOURCE_DIR=/opt/rustwide/workdir" "-e" "CARGO_HOME=/opt/rustwide/cargo-home" "-e" "RUSTUP_HOME=/opt/rustwide/rustup-home" "-e" "CARGO_TARGET_DIR=/opt/rustwide/target" "-w" "/opt/rustwide/workdir" "--user" "0:0" "8a94eac43cdfe5d0694dd806872cd2268c46e293c356c2937b396284e8fb2085" "/opt/rustwide/cargo-home/bin/cargo" "+3154cc1a3e6424e44f438a95007d043ed5ceaaf6" "metadata" "--no-deps" "--format-version=1", kill_on_drop: false }`
[INFO] running `Command { std: "docker" "inspect" "8a94eac43cdfe5d0694dd806872cd2268c46e293c356c2937b396284e8fb2085", kill_on_drop: false }`
[INFO] running `Command { std: "docker" "exec" "-e" "SOURCE_DIR=/opt/rustwide/workdir" "-e" "CARGO_HOME=/opt/rustwide/cargo-home" "-e" "RUSTUP_HOME=/opt/rustwide/rustup-home" "-e" "CARGO_TARGET_DIR=/opt/rustwide/target" "-e" "CARGO_INCREMENTAL=0" "-e" "RUST_BACKTRACE=full" "-e" "RUSTFLAGS=--cap-lints=forbid -Znext-solver=coherence" "-e" "RUSTDOCFLAGS=--cap-lints=forbid" "-w" "/opt/rustwide/workdir" "--user" "0:0" "8a94eac43cdfe5d0694dd806872cd2268c46e293c356c2937b396284e8fb2085" "/opt/rustwide/cargo-home/bin/cargo" "+3154cc1a3e6424e44f438a95007d043ed5ceaaf6" "check" "--frozen" "--all" "--all-targets" "--message-format=json", kill_on_drop: false }`
[INFO] [stderr]    Compiling proc-macro2 v1.0.107
[INFO] [stderr]    Compiling quote v1.0.47
[INFO] [stderr]     Checking typenum v1.20.1
[INFO] [stderr]    Compiling find-msvc-tools v0.1.11
[INFO] [stderr]     Checking memchr v2.8.3
[INFO] [stderr]     Checking cpufeatures v0.3.0
[INFO] [stderr]     Checking const-oid v0.10.2
[INFO] [stderr]     Checking constant_time_eq v0.4.2
[INFO] [stderr]    Compiling cc v1.4.4
[INFO] [stderr]     Checking serde_json v1.0.151
[INFO] [stderr]     Checking hybrid-array v0.4.14
[INFO] [stderr]    Compiling syn v3.0.4
[INFO] [stderr]     Checking block-buffer v0.12.1
[INFO] [stderr]     Checking crypto-common v0.2.2
[INFO] [stderr]    Compiling blake3 v1.8.7
[INFO] [stderr]     Checking digest v0.11.3
[INFO] [stderr]     Checking sha2 v0.11.0
[INFO] [stderr]    Compiling serde_derive v1.0.229
[INFO] [stderr]     Checking serde v1.0.229
[INFO] [stderr]     Checking sceno v0.0.4
[INFO] [stderr]     Checking titulus v0.0.2
[INFO] [stderr]     Checking scenotime v0.0.4
[INFO] [stderr]     Checking chirograph v0.0.2
[INFO] [stderr]     Checking graphshell-client v0.0.2 (/opt/rustwide/workdir)
[INFO] [stdout] error: couldn't read `src/../../../scenograph/scenomise/fixtures/coastal_map.json`: No such file or directory (os error 2)
[INFO] [stdout]    --> src/frozen.rs:515:49
[INFO] [stdout]     |
[INFO] [stdout] 515 |           let score: Score = serde_json::from_str(include_str!(
[INFO] [stdout]     |  _________________________________________________^
[INFO] [stdout] 516 | |             "../../../scenograph/scenomise/fixtures/coastal_map.json"
[INFO] [stdout] 517 | |         ))
[INFO] [stdout]     | |_________^
[INFO] [stdout] 
[INFO] [stdout] 
[INFO] [stdout] error[E0432]: unresolved import `genet_scripted_dom`
[INFO] [stdout]    --> src/frozen.rs:644:13
[INFO] [stdout]     |
[INFO] [stdout] 644 |         use genet_scripted_dom::ScriptedDom;
[INFO] [stdout]     |             ^^^^^^^^^^^^^^^^^^ use of unresolved module or unlinked crate `genet_scripted_dom`
[INFO] [stdout]     |
[INFO] [stdout]     = help: if you wanted to use a crate named `genet_scripted_dom`, use `cargo add genet_scripted_dom` to add it to your `Cargo.toml`
[INFO] [stdout] 
[INFO] [stdout] 
[INFO] [stdout] error[E0432]: unresolved import `layout_dom_api`
[INFO] [stdout]    --> src/frozen.rs:645:13
[INFO] [stdout]     |
[INFO] [stdout] 645 |         use layout_dom_api::LayoutDom;
[INFO] [stdout]     |             ^^^^^^^^^^^^^^ use of unresolved module or unlinked crate `layout_dom_api`
[INFO] [stdout]     |
[INFO] [stdout]     = help: if you wanted to use a crate named `layout_dom_api`, use `cargo add layout_dom_api` to add it to your `Cargo.toml`
[INFO] [stdout] 
[INFO] [stdout] 
[INFO] [stdout] error[E0432]: unresolved import `genet_scripted_dom`
[INFO] [stdout]    --> src/frozen.rs:702:13
[INFO] [stdout]     |
[INFO] [stdout] 702 |         use genet_scripted_dom::ScriptedDom;
[INFO] [stdout]     |             ^^^^^^^^^^^^^^^^^^ use of unresolved module or unlinked crate `genet_scripted_dom`
[INFO] [stdout]     |
[INFO] [stdout]     = help: if you wanted to use a crate named `genet_scripted_dom`, use `cargo add genet_scripted_dom` to add it to your `Cargo.toml`
[INFO] [stdout] 
[INFO] [stdout] 
[INFO] [stdout] error[E0432]: unresolved import `layout_dom_api`
[INFO] [stdout]    --> src/frozen.rs:703:13
[INFO] [stdout]     |
[INFO] [stdout] 703 |         use layout_dom_api::LayoutDom;
[INFO] [stdout]     |             ^^^^^^^^^^^^^^ use of unresolved module or unlinked crate `layout_dom_api`
[INFO] [stdout]     |
[INFO] [stdout]     = help: if you wanted to use a crate named `layout_dom_api`, use `cargo add layout_dom_api` to add it to your `Cargo.toml`
[INFO] [stdout] 
[INFO] [stdout] 
[INFO] [stdout] error[E0432]: unresolved import `genet_probe`
[INFO] [stdout]    --> src/frozen.rs:864:13
[INFO] [stdout]     |
[INFO] [stdout] 864 |         use genet_probe::{ProbeSurface, Selector, resolve};
[INFO] [stdout]     |             ^^^^^^^^^^^ use of unresolved module or unlinked crate `genet_probe`
[INFO] [stdout]     |
[INFO] [stdout]     = help: if you wanted to use a crate named `genet_probe`, use `cargo add genet_probe` to add it to your `Cargo.toml`
[INFO] [stdout] 
[INFO] [stdout] 
[INFO] [stdout] error[E0432]: unresolved import `genet_probe`
[INFO] [stdout]    --> src/frozen.rs:900:13
[INFO] [stdout]     |
[INFO] [stdout] 900 |         use genet_probe::{ProbeSurface, Selector, resolve, text_present};
[INFO] [stdout]     |             ^^^^^^^^^^^ use of unresolved module or unlinked crate `genet_probe`
[INFO] [stdout]     |
[INFO] [stdout]     = help: if you wanted to use a crate named `genet_probe`, use `cargo add genet_probe` to add it to your `Cargo.toml`
[INFO] [stdout] 
[INFO] [stdout] 
[INFO] [stdout] error[E0432]: unresolved import `genet_probe`
[INFO] [stdout]    --> src/frozen.rs:936:13
[INFO] [stdout]     |
[INFO] [stdout] 936 |         use genet_probe::{ProbeSurface, Selector, resolve};
[INFO] [stdout]     |             ^^^^^^^^^^^ use of unresolved module or unlinked crate `genet_probe`
[INFO] [stdout]     |
[INFO] [stdout]     = help: if you wanted to use a crate named `genet_probe`, use `cargo add genet_probe` to add it to your `Cargo.toml`
[INFO] [stdout] 
[INFO] [stdout] 
[INFO] [stdout] error[E0433]: cannot find module or crate `genet_scripted_dom` in this scope
[INFO] [stdout]    --> src/frozen.rs:856:9
[INFO] [stdout]     |
[INFO] [stdout] 856 |         genet_scripted_dom::ScriptedDom::from_serialized_document(&format!(
[INFO] [stdout]     |         ^^^^^^^^^^^^^^^^^^ use of unresolved module or unlinked crate `genet_scripted_dom`
[INFO] [stdout]     |
[INFO] [stdout]     = help: if you wanted to use a crate named `genet_scripted_dom`, use `cargo add genet_scripted_dom` to add it to your `Cargo.toml`
[INFO] [stdout] 
[INFO] [stdout] 
[INFO] [stdout] error[E0433]: cannot find module or crate `scenomise` in this scope
[INFO] [stdout]    --> src/frozen.rs:519:9
[INFO] [stdout]     |
[INFO] [stdout] 519 |         scenomise::solve(&score)
[INFO] [stdout]     |         ^^^^^^^^^ use of unresolved module or unlinked crate `scenomise`
[INFO] [stdout]     |
[INFO] [stdout] help: there is a crate or module with a similar name
[INFO] [stdout]     |
[INFO] [stdout] 519 -         scenomise::solve(&score)
[INFO] [stdout] 519 +         scenotime::solve(&score)
[INFO] [stdout]     |
[INFO] [stdout] 
[INFO] [stdout] 
[INFO] [stdout] error[E0433]: cannot find module or crate `genet_scripted_dom` in this scope
[INFO] [stdout]    --> src/frozen.rs:855:43
[INFO] [stdout]     |
[INFO] [stdout] 855 |     fn probe_dom(frozen: &FrozenScene) -> genet_scripted_dom::ScriptedDom {
[INFO] [stdout]     |                                           ^^^^^^^^^^^^^^^^^^ use of unresolved module or unlinked crate `genet_scripted_dom`
[INFO] [stdout]     |
[INFO] [stdout]     = help: if you wanted to use a crate named `genet_scripted_dom`, use `cargo add genet_scripted_dom` to add it to your `Cargo.toml`
[INFO] [stdout] 
[INFO] [stdout] 
[INFO] [stdout] Some errors have detailed explanations: E0432, E0433.
[INFO] [stdout] 
[INFO] [stdout] For more information about an error, try `rustc --explain E0432`.
[INFO] [stdout] 
[INFO] [stderr] error: could not compile `graphshell-client` (lib test) due to 11 previous errors
[INFO] running `Command { std: "docker" "inspect" "8a94eac43cdfe5d0694dd806872cd2268c46e293c356c2937b396284e8fb2085", kill_on_drop: false }`
[INFO] running `Command { std: "docker" "rm" "-f" "8a94eac43cdfe5d0694dd806872cd2268c46e293c356c2937b396284e8fb2085", kill_on_drop: false }`
[INFO] [stdout] 8a94eac43cdfe5d0694dd806872cd2268c46e293c356c2937b396284e8fb2085
