[INFO] fetching crate gpui-pre 0.3.8...
[INFO] checking gpui-pre-0.3.8 against 3154cc1a3e6424e44f438a95007d043ed5ceaaf6+rustflags=-Znext-solver=coherence for pr-133502-30
[INFO] extracting crate gpui-pre 0.3.8 into /workspace/builds/worker-4-tc1/source
[INFO] started tweaking crates.io crate gpui-pre 0.3.8
[INFO] removed 0 missing examples
[INFO] removed 0 missing tests
[INFO] finished tweaking crates.io crate gpui-pre 0.3.8
[INFO] tweaked toml for crates.io crate gpui-pre 0.3.8 written to /workspace/builds/worker-4-tc1/source/Cargo.toml
[INFO] validating manifest of crates.io crate gpui-pre 0.3.8 on toolchain 3154cc1a3e6424e44f438a95007d043ed5ceaaf6
[INFO] running `Command { std: CARGO_HOME="/workspace/cargo-home" RUSTUP_HOME="/workspace/rustup-home" "/workspace/cargo-home/bin/cargo" "+3154cc1a3e6424e44f438a95007d043ed5ceaaf6" "metadata" "--manifest-path" "Cargo.toml" "--no-deps", kill_on_drop: false }`
[INFO] crate crates.io crate gpui-pre 0.3.8 already has a lockfile, it will not be regenerated
[INFO] running `Command { std: CARGO_HOME="/workspace/cargo-home" RUSTUP_HOME="/workspace/rustup-home" "/workspace/cargo-home/bin/cargo" "+3154cc1a3e6424e44f438a95007d043ed5ceaaf6" "fetch" "--manifest-path" "Cargo.toml", kill_on_drop: false }`
[INFO] [stderr]     Updating crates.io index
[INFO] [stderr]  Downloading crates ...
[INFO] [stderr]   Downloaded sval_serde v2.15.0
[INFO] [stderr]   Downloaded sval_ref v2.15.0
[INFO] [stderr]   Downloaded sval_nested v2.15.0
[INFO] [stderr]   Downloaded value-bag-sval2 v1.12.0
[INFO] [stderr]   Downloaded sval_fmt v2.15.0
[INFO] [stderr]   Downloaded sval_json v2.15.0
[INFO] [stderr]   Downloaded sval_dynamic v2.15.0
[INFO] [stderr]   Downloaded value-bag-serde1 v1.12.0
[INFO] [stderr]   Downloaded serde_fmt v1.0.3
[INFO] [stderr]   Downloaded yeslogic-fontconfig-sys v6.0.0
[INFO] [stderr]   Downloaded sval_buffer v2.15.0
[INFO] [stderr]   Downloaded sval v2.15.0
[INFO] [stderr]   Downloaded xcb v1.6.0
[INFO] [stderr]   Downloaded lyon_geom v1.0.17
[INFO] [stderr]   Downloaded inventory v0.3.21
[INFO] [stderr]   Downloaded av1-grain v0.2.4
[INFO] [stderr]   Downloaded async-compression v0.4.32
[INFO] [stderr]   Downloaded compression-codecs v0.4.31
[INFO] [stderr]   Downloaded c-enum v0.2.3
[INFO] [stderr]   Downloaded compression-core v0.4.29
[INFO] [stderr]   Downloaded perf-event-open-sys2 v5.0.6
[INFO] [stderr]   Downloaded perf-event2 v0.7.4
[INFO] [stderr]   Downloaded gpui-pre-bench-metrics v0.3.8
[INFO] [stderr]   Downloaded perf-event-data v0.1.8
[INFO] [stderr]   Downloaded embed-resource v3.0.6
[INFO] [stderr]   Downloaded clap v4.5.49
[INFO] [stderr]   Downloaded clap_builder v4.5.49
[INFO] running `Command { std: "docker" "create" "-v" "/var/lib/crater-agent-workspace/builds/worker-4-tc1/source:/opt/rustwide/workdir:ro,Z" "-v" "/var/lib/crater-agent-workspace/builds/worker-4-tc1/target:/opt/rustwide/target:rw,Z" "-v" "/var/lib/crater-agent-workspace/cargo-home:/opt/rustwide/cargo-home:ro,Z" "-v" "/var/lib/crater-agent-workspace/rustup-home:/opt/rustwide/rustup-home:ro,Z" "-m" "1610612736" "--network" "none" "ghcr.io/rust-lang/crates-build-env/linux@sha256:77db811e55d90add9212f6832c23229e3de5f1c1f9905e8cb07319ea15df73ac" "sleep" "infinity", kill_on_drop: false }`
[INFO] [stdout] 5dd93bbc01656a3f6a4d8db67d8cadfddf5d7b8b5fa5ecd6cdf630f844fe99fd
[INFO] running `Command { std: "docker" "start" "5dd93bbc01656a3f6a4d8db67d8cadfddf5d7b8b5fa5ecd6cdf630f844fe99fd", kill_on_drop: false }`
[INFO] running `Command { std: "docker" "inspect" "5dd93bbc01656a3f6a4d8db67d8cadfddf5d7b8b5fa5ecd6cdf630f844fe99fd", kill_on_drop: false }`
[INFO] running `Command { std: "docker" "exec" "-e" "SOURCE_DIR=/opt/rustwide/workdir" "-e" "CARGO_HOME=/opt/rustwide/cargo-home" "-e" "RUSTUP_HOME=/opt/rustwide/rustup-home" "-e" "CARGO_TARGET_DIR=/opt/rustwide/target" "-w" "/opt/rustwide/workdir" "--user" "0:0" "5dd93bbc01656a3f6a4d8db67d8cadfddf5d7b8b5fa5ecd6cdf630f844fe99fd" "/opt/rustwide/cargo-home/bin/cargo" "+3154cc1a3e6424e44f438a95007d043ed5ceaaf6" "metadata" "--no-deps" "--format-version=1", kill_on_drop: false }`
[INFO] running `Command { std: "docker" "inspect" "5dd93bbc01656a3f6a4d8db67d8cadfddf5d7b8b5fa5ecd6cdf630f844fe99fd", kill_on_drop: false }`
[INFO] running `Command { std: "docker" "exec" "-e" "SOURCE_DIR=/opt/rustwide/workdir" "-e" "CARGO_HOME=/opt/rustwide/cargo-home" "-e" "RUSTUP_HOME=/opt/rustwide/rustup-home" "-e" "CARGO_TARGET_DIR=/opt/rustwide/target" "-e" "CARGO_INCREMENTAL=0" "-e" "RUST_BACKTRACE=full" "-e" "RUSTFLAGS=--cap-lints=forbid -Znext-solver=coherence" "-e" "RUSTDOCFLAGS=--cap-lints=forbid" "-w" "/opt/rustwide/workdir" "--user" "0:0" "5dd93bbc01656a3f6a4d8db67d8cadfddf5d7b8b5fa5ecd6cdf630f844fe99fd" "/opt/rustwide/cargo-home/bin/cargo" "+3154cc1a3e6424e44f438a95007d043ed5ceaaf6" "check" "--frozen" "--all" "--all-targets" "--message-format=json", kill_on_drop: false }`
[INFO] [stderr]    Compiling erased-serde v0.4.9
[INFO] [stderr]     Checking smallvec v1.16.1
[INFO] [stderr]     Checking simd-adler32 v0.3.7
[INFO] [stderr]    Compiling num-traits v0.2.19
[INFO] [stderr]     Checking arrayvec v0.7.6
[INFO] [stderr]    Compiling serde_core v1.0.229
[INFO] [stderr]     Checking futures-core v0.3.34
[INFO] [stderr]    Compiling zerocopy v0.8.27
[INFO] [stderr]    Compiling syn v2.0.117
[INFO] [stderr]    Compiling serde v1.0.229
[INFO] [stderr]     Checking indexmap v2.14.0
[INFO] [stderr]     Checking litemap v0.8.0
[INFO] [stderr]     Checking bytemuck v1.24.0
[INFO] [stderr]     Checking futures-sink v0.3.34
[INFO] [stderr]    Compiling winnow v0.7.13
[INFO] [stderr]     Checking miniz_oxide v0.8.9
[INFO] [stderr]    Compiling slotmap v1.0.7
[INFO] [stderr]    Compiling futures-macro v0.3.34
[INFO] [stderr]     Checking futures-channel v0.3.34
[INFO] [stderr]     Checking slab v0.4.11
[INFO] [stderr]     Checking tracing-core v0.1.35
[INFO] [stderr]     Checking fdeflate v0.3.7
[INFO] [stderr]     Checking iana-time-zone v0.1.64
[INFO] [stderr]     Checking float-cmp v0.9.0
[INFO] [stderr]     Checking strict-num v0.1.1
[INFO] [stderr]     Checking serde_fmt v1.0.3
[INFO] [stderr]     Checking ttf-parser v0.25.1
[INFO] [stderr]     Checking polycool v0.4.0
[INFO] [stderr]     Checking parking_lot_core v0.9.12
[INFO] [stderr]     Checking libbz2-rs-sys v0.2.2
[INFO] [stderr]     Checking weezl v0.1.10
[INFO] [stderr]     Checking flate2 v1.1.8
[INFO] [stderr]     Checking percent-encoding v2.3.2
[INFO] [stderr]    Compiling toml_writer v1.0.4
[INFO] [stderr]     Checking roxmltree v0.20.0
[INFO] [stderr]     Checking fastrand v2.3.0
[INFO] [stderr]    Compiling serde_json v1.0.151
[INFO] [stderr]     Checking form_urlencoded v1.2.2
[INFO] [stderr]     Checking value-bag-serde1 v1.12.0
[INFO] [stderr]     Checking parking_lot v0.12.5
[INFO] [stderr]     Checking kurbo v0.13.1
[INFO] [stderr]     Checking value-bag v1.12.0
[INFO] [stderr]     Checking tiny-skia-path v0.11.4
[INFO] [stderr]     Checking rand_core v0.9.3
[INFO] [stderr]     Checking memmap2 v0.9.8
[INFO] [stderr]    Compiling rustc-hash v2.1.1
[INFO] [stderr]     Checking siphasher v1.0.1
[INFO] [stderr]     Checking futures-util v0.3.34
[INFO] [stderr]     Checking unicode-properties v0.1.3
[INFO] [stderr]    Compiling heapless v0.9.2
[INFO] [stderr]     Checking fontconfig-parser v0.5.8
[INFO] [stderr]    Compiling gpui-pre-ztracing v0.3.8
[INFO] [stderr]     Checking bzip2 v0.6.1
[INFO] [stderr]     Checking compression-core v0.4.29
[INFO] [stderr]     Checking http v1.3.1
[INFO] [stderr]     Checking log v0.4.29
[INFO] [stderr]     Checking gif v0.14.2
[INFO] [stderr]     Checking png v0.17.16
[INFO] [stderr]     Checking euclid v0.22.14
[INFO] [stderr]     Checking chrono v0.4.42
[INFO] [stderr]     Checking compression-codecs v0.4.31
[INFO] [stderr]     Checking pxfm v0.1.25
[INFO] [stderr]     Checking hash32 v0.3.1
[INFO] [stderr]     Checking object v0.37.3
[INFO] [stderr]     Checking zune-inflate v0.2.54
[INFO] [stderr]     Checking gpui-pre-util v0.3.8
[INFO] [stderr]     Checking tracing-log v0.2.0
[INFO] [stderr]     Checking gpui-pre-collections v0.3.8
[INFO] [stderr]     Checking svgtypes v0.16.1
[INFO] [stderr]     Checking tracing-subscriber v0.3.22
[INFO] [stderr]     Checking simplecss v0.2.2
[INFO] [stderr]     Checking aho-corasick v1.1.3
[INFO] [stderr]     Checking roxmltree v0.21.1
[INFO] [stderr]     Checking data-url v0.3.2
[INFO] [stderr]     Checking lyon_geom v1.0.17
[INFO] [stderr]    Compiling thiserror v2.0.17
[INFO] [stderr]     Checking imagesize v0.14.0
[INFO] [stderr]     Checking rustc-demangle v0.1.26
[INFO] [stderr]     Checking unicode-vo v0.1.0
[INFO] [stderr]    Compiling toml_parser v1.0.4
[INFO] [stderr]     Checking xmlwriter v0.1.0
[INFO] [stderr]     Checking pico-args v0.5.0
[INFO] [stderr]     Checking float_next_after v1.0.0
[INFO] [stderr]    Compiling gpui-pre-ztracing-macro v0.3.8
[INFO] [stderr]     Checking lyon_path v1.0.16
[INFO] [stderr]     Checking serde_urlencoded v0.7.1
[INFO] [stderr]     Checking uuid v1.18.1
[INFO] [stderr]     Checking tiny-skia v0.11.4
[INFO] [stderr]     Checking http-body v1.0.1
[INFO] [stderr]     Checking flume v0.12.0
[INFO] [stderr]     Checking async-compression v0.4.32
[INFO] [stderr]     Checking lyon_algorithms v1.0.16
[INFO] [stderr]     Checking lyon_tessellation v1.0.16
[INFO] [stderr]     Checking png v0.18.0
[INFO] [stderr]     Checking futures-lite v2.6.1
[INFO] [stderr]     Checking qoi v0.4.1
[INFO] [stderr]     Checking rgb v0.8.52
[INFO] [stderr]     Checking gpui-pre-zlog v0.3.8
[INFO] [stderr]     Checking crossbeam-queue v0.3.12
[INFO] [stderr]     Checking regex-automata v0.4.18
[INFO] [stderr]     Checking smol_str v0.3.6
[INFO] [stderr]     Checking atomic v0.5.3
[INFO] [stderr]     Checking link-section v0.19.2
[INFO] [stderr]     Checking pollster v0.2.5
[INFO] [stderr]    Compiling linktime-proc-macro v0.2.2
[INFO] [stderr]     Checking etagere v0.2.15
[INFO] [stderr]     Checking rustybuzz v0.20.1
[INFO] [stderr]     Checking fontdb v0.23.0
[INFO] [stderr]     Checking async-channel v2.5.0
[INFO] [stderr]     Checking taffy v0.13.0
[INFO] [stderr]     Checking lyon v1.0.16
[INFO] [stderr]     Checking spin v0.10.0
[INFO] [stderr]     Checking num_cpus v1.17.0
[INFO] [stderr]     Checking raw-window-handle v0.6.2
[INFO] [stderr]     Checking seahash v4.1.0
[INFO] [stderr]     Checking inventory v0.3.21
[INFO] [stderr]     Checking waker-fn v1.2.0
[INFO] [stderr]     Checking ctor v1.0.12
[INFO] [stderr]    Compiling toml_datetime v0.7.3
[INFO] [stderr]    Compiling serde_spanned v1.0.3
[INFO] [stderr]    Compiling toml v0.9.8
[INFO] [stderr]     Checking moxcms v0.8.1
[INFO] [stderr]     Checking futures-executor v0.3.34
[INFO] [stderr]     Checking futures v0.3.34
[INFO] [stderr]    Compiling toml_edit v0.23.7
[INFO] [stderr]    Compiling embed-resource v3.0.6
[INFO] [stderr]     Checking usvg v0.46.0
[INFO] [stderr]    Compiling gpui-pre v0.3.8 (/opt/rustwide/workdir)
[INFO] [stderr]     Checking regex v1.12.3
[INFO] [stderr]     Checking backtrace v0.3.76
[INFO] [stderr]    Compiling synstructure v0.13.2
[INFO] [stderr]    Compiling serde_derive_internals v0.29.1
[INFO] [stderr]    Compiling proc-macro-crate v3.4.0
[INFO] [stderr]    Compiling gpui-pre-perf v0.3.8
[INFO] [stderr]    Compiling zerofrom-derive v0.1.6
[INFO] [stderr]    Compiling yoke-derive v0.8.2
[INFO] [stderr]    Compiling displaydoc v0.2.5
[INFO] [stderr]    Compiling zerocopy-derive v0.8.27
[INFO] [stderr]    Compiling fax_derive v0.2.0
[INFO] [stderr]    Compiling ref-cast-impl v1.0.25
[INFO] [stderr]    Compiling pin-project-internal v1.1.10
[INFO] [stderr]    Compiling tracing-attributes v0.1.31
[INFO] [stderr]    Compiling thiserror-impl v1.0.69
[INFO] [stderr]    Compiling derive_more-impl v2.1.1
[INFO] [stderr]    Compiling enumn v0.1.14
[INFO] [stderr]    Compiling strum_macros v0.28.0
[INFO] [stderr]    Compiling gpui-pre-derive-refineable v0.3.8
[INFO] [stderr]     Checking ref-cast v1.0.25
[INFO] [stderr]    Compiling thiserror-impl v2.0.17
[INFO] [stderr]    Compiling profiling-procmacros v1.0.17
[INFO] [stderr]     Checking resvg v0.46.0
[INFO] [stderr]     Checking fax v0.2.6
[INFO] [stderr]     Checking profiling v1.0.17
[INFO] [stderr]     Checking accesskit v0.24.1
[INFO] [stderr]    Compiling gpui-pre-util-macros v0.3.8
[INFO] [stderr]    Compiling gpui-pre-macros v0.3.8
[INFO] [stderr]     Checking gpui-pre-refineable v0.3.8
[INFO] [stderr]    Compiling schemars_derive v1.0.4
[INFO] [stderr]     Checking zerofrom v0.1.6
[INFO] [stderr]     Checking pin-project v1.1.10
[INFO] [stderr]     Checking futures-concurrency v7.7.1
[INFO] [stderr]     Checking yoke v0.8.3
[INFO] [stderr]     Checking thiserror v1.0.69
[INFO] [stderr]     Checking postage v0.5.0
[INFO] [stderr]     Checking zerovec v0.11.8
[INFO] [stderr]     Checking zerotrie v0.2.5
[INFO] [stderr]     Checking tracing v0.1.43
[INFO] [stderr]     Checking gpui-pre-sum-tree v0.3.8
[INFO] [stderr]     Checking strum v0.28.0
[INFO] [stderr]     Checking tinystr v0.8.4
[INFO] [stderr]     Checking potential_utf v0.1.3
[INFO] [stderr]     Checking icu_collections v2.3.0
[INFO] [stderr]     Checking icu_locale_core v2.3.0
[INFO] [stderr]     Checking schemars v1.0.4
[INFO] [stderr]     Checking derive_more v2.1.1
[INFO] [stderr]     Checking icu_provider v2.3.0
[INFO] [stderr]     Checking gpui-pre-shared-string v0.3.8
[INFO] [stderr]     Checking icu_normalizer v2.3.0
[INFO] [stderr]     Checking icu_properties v2.3.0
[INFO] [stderr]     Checking half v2.7.1
[INFO] [stderr]     Checking ppv-lite86 v0.2.21
[INFO] [stderr]     Checking rand_chacha v0.9.0
[INFO] [stderr]     Checking exr v1.74.0
[INFO] [stderr]     Checking tiff v0.11.3
[INFO] [stderr]     Checking rand v0.9.4
[INFO] [stderr]     Checking idna_adapter v1.2.1
[INFO] [stderr]     Checking idna v1.1.0
[INFO] [stderr]     Checking gpui-pre-scheduler v0.3.8
[INFO] [stderr]     Checking url v2.5.7
[INFO] [stderr]     Checking gpui-pre-http-client v0.3.8
[INFO] [stderr]     Checking image v0.25.10
[INFO] [stdout] error: couldn't read `src/../../../assets/fonts/ibm-plex-sans/IBMPlexSans-Regular.ttf`: No such file or directory (os error 2)
[INFO] [stdout]    --> src/svg_renderer.rs:362:9
[INFO] [stdout]     |
[INFO] [stdout] 362 |         include_bytes!("../../../assets/fonts/ibm-plex-sans/IBMPlexSans-Regular.ttf");
[INFO] [stdout]     |         ^^^^^^^^^^^^^^^^^^^^^^^^^^^^^^^^^^^^^^^^^^^^^^^^^^^^^^^^^^^^^^^^^^^^^^^^^^^^^
[INFO] [stdout] 
[INFO] [stdout] 
[INFO] [stdout] error: couldn't read `src/../../../assets/fonts/lilex/Lilex-Regular.ttf`: No such file or directory (os error 2)
[INFO] [stdout]    --> src/svg_renderer.rs:363:34
[INFO] [stdout]     |
[INFO] [stdout] 363 |     const LILEX_REGULAR: &[u8] = include_bytes!("../../../assets/fonts/lilex/Lilex-Regular.ttf");
[INFO] [stdout]     |                                  ^^^^^^^^^^^^^^^^^^^^^^^^^^^^^^^^^^^^^^^^^^^^^^^^^^^^^^^^^^^^^^^
[INFO] [stdout] 
[INFO] [stdout] 
[INFO] [stdout] error: attribute value must be a literal
[INFO] [stdout]     --> src/randomized_element_tree.rs:1648:5
[INFO] [stdout]      |
[INFO] [stdout] 1648 | /     #[gpui::property_test(config = ProptestConfig {
[INFO] [stdout] 1649 | |         cases: 4,
[INFO] [stdout] 1650 | |         ..Default::default()
[INFO] [stdout] 1651 | |     })]
[INFO] [stdout]      | |_______^
[INFO] [stdout]      |
[INFO] [stdout]      = note: this error originates in the attribute macro `gpui::property_test` (in Nightly builds, run with -Z macro-backtrace for more info)
[INFO] [stdout] 
[INFO] [stdout] 
[INFO] [stdout] error[E0433]: cannot find module or crate `proptest` in this scope
[INFO] [stdout]   --> src/test.rs:30:5
[INFO] [stdout]    |
[INFO] [stdout] 30 | use proptest::prelude::{Just, Strategy, any};
[INFO] [stdout]    |     ^^^^^^^^ use of unresolved module or unlinked crate `proptest`
[INFO] [stdout]    |
[INFO] [stdout]    = help: if you wanted to use a crate named `proptest`, use `cargo add proptest` to add it to your `Cargo.toml`
[INFO] [stdout] 
[INFO] [stdout] 
[INFO] [stdout] error[E0433]: cannot find module or crate `proptest` in this scope
[INFO] [stdout]     --> src/randomized_element_tree.rs:1421:9
[INFO] [stdout]      |
[INFO] [stdout] 1421 |     use proptest::prelude::*;
[INFO] [stdout]      |         ^^^^^^^^ use of unresolved module or unlinked crate `proptest`
[INFO] [stdout]      |
[INFO] [stdout]      = help: if you wanted to use a crate named `proptest`, use `cargo add proptest` to add it to your `Cargo.toml`
[INFO] [stdout] 
[INFO] [stdout] 
[INFO] [stdout] error[E0432]: unresolved import `proptest`
[INFO] [stdout]   --> src/gpui.rs:71:9
[INFO] [stdout]    |
[INFO] [stdout] 71 | pub use proptest;
[INFO] [stdout]    |         ^^^^^^^^ no external crate `proptest`
[INFO] [stdout] 
[INFO] [stdout] 
[INFO] [stdout] error: cannot find attribute `strategy` in this scope
[INFO] [stdout]     --> src/randomized_element_tree.rs:1648:5
[INFO] [stdout]      |
[INFO] [stdout] 1648 | /     #[gpui::property_test(config = ProptestConfig {
[INFO] [stdout] 1649 | |         cases: 4,
[INFO] [stdout] 1650 | |         ..Default::default()
[INFO] [stdout] 1651 | |     })]
[INFO] [stdout]      | |_______^
[INFO] [stdout]      |
[INFO] [stdout]      = note: this error originates in the attribute macro `gpui::property_test` (in Nightly builds, run with -Z macro-backtrace for more info)
[INFO] [stdout] 
[INFO] [stdout] 
[INFO] [stdout] error[E0433]: cannot find `FakeHttpClient` in `http_client`
[INFO] [stdout]    --> src/app/headless_app_context.rs:90:40
[INFO] [stdout]     |
[INFO] [stdout]  90 |         let http_client = http_client::FakeHttpClient::with_404_response();
[INFO] [stdout]     |                                        ^^^^^^^^^^^^^^ could not find `FakeHttpClient` in `http_client`
[INFO] [stdout]     |
[INFO] [stdout] note: found an item that was configured out
[INFO] [stdout]    --> /opt/rustwide/cargo-home/registry/src/index.crates.io-1949cf8c6b5b557f/gpui-pre-http-client-0.3.8/src/http_client.rs:424:12
[INFO] [stdout]     |
[INFO] [stdout] 423 | #[cfg(feature = "test-support")]
[INFO] [stdout]     |       ------------------------ the item is gated behind the `test-support` feature
[INFO] [stdout] 424 | pub struct FakeHttpClient {
[INFO] [stdout]     |            ^^^^^^^^^^^^^^
[INFO] [stdout] help: a trait with a similar name exists
[INFO] [stdout]     |
[INFO] [stdout]  90 -         let http_client = http_client::FakeHttpClient::with_404_response();
[INFO] [stdout]  90 +         let http_client = http_client::HttpClient::with_404_response();
[INFO] [stdout]     |
[INFO] [stdout] 
[INFO] [stdout] 
[INFO] [stdout] error[E0433]: cannot find `FakeHttpClient` in `http_client`
[INFO] [stdout]    --> src/app/test_app.rs:91:40
[INFO] [stdout]     |
[INFO] [stdout]  91 |         let http_client = http_client::FakeHttpClient::with_404_response();
[INFO] [stdout]     |                                        ^^^^^^^^^^^^^^ could not find `FakeHttpClient` in `http_client`
[INFO] [stdout]     |
[INFO] [stdout] note: found an item that was configured out
[INFO] [stdout]    --> /opt/rustwide/cargo-home/registry/src/index.crates.io-1949cf8c6b5b557f/gpui-pre-http-client-0.3.8/src/http_client.rs:424:12
[INFO] [stdout]     |
[INFO] [stdout] 423 | #[cfg(feature = "test-support")]
[INFO] [stdout]     |       ------------------------ the item is gated behind the `test-support` feature
[INFO] [stdout] 424 | pub struct FakeHttpClient {
[INFO] [stdout]     |            ^^^^^^^^^^^^^^
[INFO] [stdout] help: a trait with a similar name exists
[INFO] [stdout]     |
[INFO] [stdout]  91 -         let http_client = http_client::FakeHttpClient::with_404_response();
[INFO] [stdout]  91 +         let http_client = http_client::HttpClient::with_404_response();
[INFO] [stdout]     |
[INFO] [stdout] 
[INFO] [stdout] 
[INFO] [stdout] error[E0433]: cannot find `FakeHttpClient` in `http_client`
[INFO] [stdout]    --> src/app/test_context.rs:172:40
[INFO] [stdout]     |
[INFO] [stdout] 172 |         let http_client = http_client::FakeHttpClient::with_404_response();
[INFO] [stdout]     |                                        ^^^^^^^^^^^^^^ could not find `FakeHttpClient` in `http_client`
[INFO] [stdout]     |
[INFO] [stdout] note: found an item that was configured out
[INFO] [stdout]    --> /opt/rustwide/cargo-home/registry/src/index.crates.io-1949cf8c6b5b557f/gpui-pre-http-client-0.3.8/src/http_client.rs:424:12
[INFO] [stdout]     |
[INFO] [stdout] 423 | #[cfg(feature = "test-support")]
[INFO] [stdout]     |       ------------------------ the item is gated behind the `test-support` feature
[INFO] [stdout] 424 | pub struct FakeHttpClient {
[INFO] [stdout]     |            ^^^^^^^^^^^^^^
[INFO] [stdout] help: a trait with a similar name exists
[INFO] [stdout]     |
[INFO] [stdout] 172 -         let http_client = http_client::FakeHttpClient::with_404_response();
[INFO] [stdout] 172 +         let http_client = http_client::HttpClient::with_404_response();
[INFO] [stdout]     |
[INFO] [stdout] 
[INFO] [stdout] 
[INFO] [stdout] error[E0433]: cannot find `FakeHttpClient` in `http_client`
[INFO] [stdout]    --> src/executor.rs:552:40
[INFO] [stdout]     |
[INFO] [stdout] 552 |         let http_client = http_client::FakeHttpClient::with_404_response();
[INFO] [stdout]     |                                        ^^^^^^^^^^^^^^ could not find `FakeHttpClient` in `http_client`
[INFO] [stdout]     |
[INFO] [stdout] note: found an item that was configured out
[INFO] [stdout]    --> /opt/rustwide/cargo-home/registry/src/index.crates.io-1949cf8c6b5b557f/gpui-pre-http-client-0.3.8/src/http_client.rs:424:12
[INFO] [stdout]     |
[INFO] [stdout] 423 | #[cfg(feature = "test-support")]
[INFO] [stdout]     |       ------------------------ the item is gated behind the `test-support` feature
[INFO] [stdout] 424 | pub struct FakeHttpClient {
[INFO] [stdout]     |            ^^^^^^^^^^^^^^
[INFO] [stdout] help: a trait with a similar name exists
[INFO] [stdout]     |
[INFO] [stdout] 552 -         let http_client = http_client::FakeHttpClient::with_404_response();
[INFO] [stdout] 552 +         let http_client = http_client::HttpClient::with_404_response();
[INFO] [stdout]     |
[INFO] [stdout] 
[INFO] [stdout] 
[INFO] [stdout] error[E0433]: cannot find module or crate `proptest` in this scope
[INFO] [stdout]   --> src/test.rs:58:17
[INFO] [stdout]    |
[INFO] [stdout] 58 |     mut config: proptest::test_runner::Config,
[INFO] [stdout]    |                 ^^^^^^^^ use of unresolved module or unlinked crate `proptest`
[INFO] [stdout]    |
[INFO] [stdout]    = help: if you wanted to use a crate named `proptest`, use `cargo add proptest` to add it to your `Cargo.toml`
[INFO] [stdout] 
[INFO] [stdout] 
[INFO] [stdout] error[E0433]: cannot find module or crate `proptest` in this scope
[INFO] [stdout]   --> src/test.rs:59:6
[INFO] [stdout]    |
[INFO] [stdout] 59 | ) -> proptest::test_runner::Config {
[INFO] [stdout]    |      ^^^^^^^^ use of unresolved module or unlinked crate `proptest`
[INFO] [stdout]    |
[INFO] [stdout]    = help: if you wanted to use a crate named `proptest`, use `cargo add proptest` to add it to your `Cargo.toml`
[INFO] [stdout] 
[INFO] [stdout] 
[INFO] [stdout] error[E0433]: cannot find module or crate `proptest` in this scope
[INFO] [stdout]   --> src/test.rs:64:23
[INFO] [stdout]    |
[INFO] [stdout] 64 |     config.rng_seed = proptest::test_runner::RngSeed::Fixed(seed);
[INFO] [stdout]    |                       ^^^^^^^^ use of unresolved module or unlinked crate `proptest`
[INFO] [stdout]    |
[INFO] [stdout]    = help: if you wanted to use a crate named `proptest`, use `cargo add proptest` to add it to your `Cargo.toml`
[INFO] [stdout] 
[INFO] [stdout] 
[INFO] [stdout] Some errors have detailed explanations: E0432, E0433.
[INFO] [stdout] 
[INFO] [stdout] For more information about an error, try `rustc --explain E0432`.
[INFO] [stdout] 
[INFO] [stderr] error: could not compile `gpui-pre` (lib test) due to 14 previous errors
[INFO] [stderr] warning: build failed, waiting for other jobs to finish...
[INFO] running `Command { std: "docker" "inspect" "5dd93bbc01656a3f6a4d8db67d8cadfddf5d7b8b5fa5ecd6cdf630f844fe99fd", kill_on_drop: false }`
[INFO] running `Command { std: "docker" "rm" "-f" "5dd93bbc01656a3f6a4d8db67d8cadfddf5d7b8b5fa5ecd6cdf630f844fe99fd", kill_on_drop: false }`
[INFO] [stdout] 5dd93bbc01656a3f6a4d8db67d8cadfddf5d7b8b5fa5ecd6cdf630f844fe99fd
