[INFO] fetching crate gpui-pre-wgpu 0.3.8...
[INFO] checking gpui-pre-wgpu-0.3.8 against 3154cc1a3e6424e44f438a95007d043ed5ceaaf6 for pr-133502-30
[INFO] extracting crate gpui-pre-wgpu 0.3.8 into /workspace/builds/worker-2-tc2/source
[INFO] started tweaking crates.io crate gpui-pre-wgpu 0.3.8
[INFO] finished tweaking crates.io crate gpui-pre-wgpu 0.3.8
[INFO] tweaked toml for crates.io crate gpui-pre-wgpu 0.3.8 written to /workspace/builds/worker-2-tc2/source/Cargo.toml
[INFO] validating manifest of crates.io crate gpui-pre-wgpu 0.3.8 on toolchain 3154cc1a3e6424e44f438a95007d043ed5ceaaf6
[INFO] running `Command { std: CARGO_HOME="/workspace/cargo-home" RUSTUP_HOME="/workspace/rustup-home" "/workspace/cargo-home/bin/cargo" "+3154cc1a3e6424e44f438a95007d043ed5ceaaf6" "metadata" "--manifest-path" "Cargo.toml" "--no-deps", kill_on_drop: false }`
[INFO] crate crates.io crate gpui-pre-wgpu 0.3.8 already has a lockfile, it will not be regenerated
[INFO] running `Command { std: CARGO_HOME="/workspace/cargo-home" RUSTUP_HOME="/workspace/rustup-home" "/workspace/cargo-home/bin/cargo" "+3154cc1a3e6424e44f438a95007d043ed5ceaaf6" "fetch" "--manifest-path" "Cargo.toml", kill_on_drop: false }`
[INFO] running `Command { std: "docker" "create" "-v" "/var/lib/crater-agent-workspace/builds/worker-2-tc2/source:/opt/rustwide/workdir:ro,Z" "-v" "/var/lib/crater-agent-workspace/builds/worker-2-tc2/target:/opt/rustwide/target:rw,Z" "-v" "/var/lib/crater-agent-workspace/cargo-home:/opt/rustwide/cargo-home:ro,Z" "-v" "/var/lib/crater-agent-workspace/rustup-home:/opt/rustwide/rustup-home:ro,Z" "-m" "1610612736" "--network" "none" "ghcr.io/rust-lang/crates-build-env/linux@sha256:77db811e55d90add9212f6832c23229e3de5f1c1f9905e8cb07319ea15df73ac" "sleep" "infinity", kill_on_drop: false }`
[INFO] [stdout] 41f30612f52746628c17991be443a6ffd518ae129d62a12d4db7556d32fe1c41
[INFO] running `Command { std: "docker" "start" "41f30612f52746628c17991be443a6ffd518ae129d62a12d4db7556d32fe1c41", kill_on_drop: false }`
[INFO] running `Command { std: "docker" "inspect" "41f30612f52746628c17991be443a6ffd518ae129d62a12d4db7556d32fe1c41", kill_on_drop: false }`
[INFO] running `Command { std: "docker" "exec" "-e" "SOURCE_DIR=/opt/rustwide/workdir" "-e" "CARGO_HOME=/opt/rustwide/cargo-home" "-e" "RUSTUP_HOME=/opt/rustwide/rustup-home" "-e" "CARGO_TARGET_DIR=/opt/rustwide/target" "-w" "/opt/rustwide/workdir" "--user" "0:0" "41f30612f52746628c17991be443a6ffd518ae129d62a12d4db7556d32fe1c41" "/opt/rustwide/cargo-home/bin/cargo" "+3154cc1a3e6424e44f438a95007d043ed5ceaaf6" "metadata" "--no-deps" "--format-version=1", kill_on_drop: false }`
[INFO] running `Command { std: "docker" "inspect" "41f30612f52746628c17991be443a6ffd518ae129d62a12d4db7556d32fe1c41", kill_on_drop: false }`
[INFO] running `Command { std: "docker" "exec" "-e" "SOURCE_DIR=/opt/rustwide/workdir" "-e" "CARGO_HOME=/opt/rustwide/cargo-home" "-e" "RUSTUP_HOME=/opt/rustwide/rustup-home" "-e" "CARGO_TARGET_DIR=/opt/rustwide/target" "-e" "CARGO_INCREMENTAL=0" "-e" "RUST_BACKTRACE=full" "-e" "RUSTFLAGS=--cap-lints=forbid" "-e" "RUSTDOCFLAGS=--cap-lints=forbid" "-w" "/opt/rustwide/workdir" "--user" "0:0" "41f30612f52746628c17991be443a6ffd518ae129d62a12d4db7556d32fe1c41" "/opt/rustwide/cargo-home/bin/cargo" "+3154cc1a3e6424e44f438a95007d043ed5ceaaf6" "check" "--frozen" "--all" "--all-targets" "--message-format=json", kill_on_drop: false }`
[INFO] [stderr]    Compiling erased-serde v0.4.9
[INFO] [stderr]     Checking smallvec v1.16.1
[INFO] [stderr]     Checking arrayvec v0.7.6
[INFO] [stderr]    Compiling num-traits v0.2.19
[INFO] [stderr]    Compiling libc v0.2.186
[INFO] [stderr]    Compiling zerocopy v0.8.27
[INFO] [stderr]    Compiling serde_core v1.0.229
[INFO] [stderr]    Compiling syn v2.0.117
[INFO] [stderr]    Compiling syn v3.0.3
[INFO] [stderr]     Checking indexmap v2.14.0
[INFO] [stderr]    Compiling serde v1.0.229
[INFO] [stderr]     Checking flate2 v1.1.8
[INFO] [stderr]     Checking litemap v0.8.0
[INFO] [stderr]    Compiling naga v29.0.4
[INFO] [stderr]     Checking slab v0.4.11
[INFO] [stderr]    Compiling wayland-sys v0.31.11
[INFO] [stderr]     Checking codespan-reporting v0.13.0
[INFO] [stderr]     Checking ttf-parser v0.25.1
[INFO] [stderr]     Checking tracing-core v0.1.35
[INFO] [stderr]     Checking spirv v0.4.0+sdk-1.4.341.0
[INFO] [stderr]     Checking iana-time-zone v0.1.64
[INFO] [stderr]     Checking polycool v0.4.0
[INFO] [stderr]    Compiling wgpu-hal v29.0.4
[INFO] [stderr]     Checking gpu-descriptor-types v0.2.0
[INFO] [stderr]     Checking libbz2-rs-sys v0.2.2
[INFO] [stderr]     Checking weezl v0.1.10
[INFO] [stderr]    Compiling winnow v0.7.13
[INFO] [stderr]    Compiling serde_json v1.0.151
[INFO] [stderr]     Checking fastrand v2.3.0
[INFO] [stderr]     Checking gpu-descriptor v0.3.2
[INFO] [stderr]     Checking zune-jpeg v0.5.15
[INFO] [stderr]     Checking kurbo v0.13.1
[INFO] [stderr]     Checking form_urlencoded v1.2.2
[INFO] [stderr]     Checking concurrent-queue v2.5.0
[INFO] [stderr]    Compiling toml_datetime v0.7.3
[INFO] [stderr]     Checking unicode-properties v0.1.3
[INFO] [stderr]     Checking siphasher v1.0.1
[INFO] [stderr]     Checking bzip2 v0.6.1
[INFO] [stderr]     Checking glow v0.17.0
[INFO] [stderr]    Compiling gpui-pre-ztracing v0.3.8
[INFO] [stderr]     Checking compression-core v0.4.29
[INFO] [stderr]     Checking unicode-bidi-mirroring v0.4.0
[INFO] [stderr]     Checking euclid v0.22.14
[INFO] [stderr]     Checking ordered-float v5.5.0
[INFO] [stderr]     Checking unicode-ccc v0.4.0
[INFO] [stderr]    Compiling heapless v0.9.2
[INFO] [stderr]     Checking parking_lot_core v0.9.12
[INFO] [stderr]     Checking getrandom v0.3.4
[INFO] [stderr]     Checking memmap2 v0.9.8
[INFO] [stderr]     Checking rand_core v0.9.3
[INFO] [stderr]     Checking khronos-egl v6.0.0
[INFO] [stderr]     Checking parking_lot v0.12.5
[INFO] [stderr]     Checking http v1.3.1
[INFO] [stderr]     Checking compression-codecs v0.4.31
[INFO] [stderr]     Checking pxfm v0.1.25
[INFO] [stderr]     Checking png v0.17.16
[INFO] [stderr]     Checking event-listener v5.4.1
[INFO] [stderr]     Checking addr2line v0.25.1
[INFO] [stderr]     Checking svgtypes v0.16.1
[INFO] [stderr]     Checking gif v0.14.2
[INFO] [stderr]     Checking spin v0.9.8
[INFO] [stderr]    Compiling wgpu-core v29.0.4
[INFO] [stderr]     Checking smol_str v0.3.6
[INFO] [stderr]     Checking lyon_geom v1.0.17
[INFO] [stderr]     Checking aho-corasick v1.1.3
[INFO] [stderr]     Checking zune-inflate v0.2.54
[INFO] [stderr]    Compiling gpui-pre-ztracing-macro v0.3.8
[INFO] [stderr]     Checking imagesize v0.14.0
[INFO] [stderr]     Checking backtrace v0.3.76
[INFO] [stderr]     Checking flume v0.12.0
[INFO] [stderr]     Checking http-body v1.0.1
[INFO] [stderr]     Checking event-listener-strategy v0.5.4
[INFO] [stderr]     Checking async-compression v0.4.32
[INFO] [stderr]     Checking futures-lite v2.6.1
[INFO] [stderr]     Checking png v0.18.0
[INFO] [stderr]     Checking lyon_path v1.0.16
[INFO] [stderr]    Compiling wgpu v29.0.4
[INFO] [stderr]     Checking link-section v0.19.2
[INFO] [stderr]    Compiling gpui-pre v0.3.8
[INFO] [stderr]    Compiling linktime-proc-macro v0.2.2
[INFO] [stderr]     Checking etagere v0.2.15
[INFO] [stderr]     Checking async-channel v2.5.0
[INFO] [stderr]     Checking num_cpus v1.17.0
[INFO] [stderr]     Checking taffy v0.13.0
[INFO] [stderr]     Checking spin v0.10.0
[INFO] [stderr]     Checking seahash v4.1.0
[INFO] [stderr]     Checking waker-fn v1.2.0
[INFO] [stderr]     Checking lyon_algorithms v1.0.16
[INFO] [stderr]     Checking lyon_tessellation v1.0.16
[INFO] [stderr]     Checking pollster v0.4.0
[INFO] [stderr]    Compiling toml_parser v1.0.4
[INFO] [stderr]     Checking inventory v0.3.21
[INFO] [stderr]     Checking regex-automata v0.4.18
[INFO] [stderr]     Checking ctor v1.0.12
[INFO] [stderr]     Checking lyon v1.0.16
[INFO] [stderr]     Checking moxcms v0.8.1
[INFO] [stderr]    Compiling toml_edit v0.23.7
[INFO] [stderr]    Compiling serde_derive v1.0.229
[INFO] [stderr]    Compiling zerovec-derive v0.11.5
[INFO] [stderr]    Compiling futures-macro v0.3.34
[INFO] [stderr]    Compiling proc-macro-crate v3.4.0
[INFO] [stderr]     Checking futures-util v0.3.34
[INFO] [stderr]    Compiling synstructure v0.13.2
[INFO] [stderr]    Compiling serde_derive_internals v0.29.1
[INFO] [stderr]     Checking regex v1.12.3
[INFO] [stderr]    Compiling bytemuck_derive v1.10.2
[INFO] [stderr]    Compiling zerofrom-derive v0.1.6
[INFO] [stderr]    Compiling zerocopy-derive v0.8.27
[INFO] [stderr]    Compiling yoke-derive v0.8.2
[INFO] [stderr]    Compiling displaydoc v0.2.5
[INFO] [stderr]    Compiling thiserror-impl v2.0.17
[INFO] [stderr]    Compiling profiling-procmacros v1.0.17
[INFO] [stderr]    Compiling ref-cast-impl v1.0.25
[INFO] [stderr]    Compiling fax_derive v0.2.0
[INFO] [stderr]    Compiling tracing-attributes v0.1.31
[INFO] [stderr]    Compiling pin-project-internal v1.1.10
[INFO] [stderr]    Compiling schemars_derive v1.0.4
[INFO] [stderr]    Compiling thiserror-impl v1.0.69
[INFO] [stderr]     Checking ref-cast v1.0.25
[INFO] [stderr]     Checking fax v0.2.6
[INFO] [stderr]     Checking profiling v1.0.17
[INFO] [stderr]    Compiling derive_more-impl v2.1.1
[INFO] [stderr]    Compiling enumn v0.1.14
[INFO] [stderr]    Compiling gpui-pre-derive-refineable v0.3.8
[INFO] [stderr]    Compiling strum_macros v0.28.0
[INFO] [stderr]    Compiling gpui-pre-macros v0.3.8
[INFO] [stderr]     Checking bytemuck v1.24.0
[INFO] [stderr]     Checking gpui-pre-refineable v0.3.8
[INFO] [stderr]     Checking font-types v0.10.0
[INFO] [stderr]     Checking tiny-skia-path v0.11.4
[INFO] [stderr]     Checking font-types v0.11.0
[INFO] [stderr]     Checking thiserror v1.0.69
[INFO] [stderr]     Checking qoi v0.4.1
[INFO] [stderr]     Checking pin-project v1.1.10
[INFO] [stderr]     Checking zerofrom v0.1.6
[INFO] [stderr]     Checking thiserror v2.0.17
[INFO] [stderr]     Checking rgb v0.8.52
[INFO] [stderr]     Checking futures-concurrency v7.7.1
[INFO] [stderr]     Checking yoke v0.8.3
[INFO] [stderr]     Checking tracing v0.1.43
[INFO] [stderr]     Checking read-fonts v0.35.0
[INFO] [stderr]     Checking zerovec v0.11.8
[INFO] [stderr]     Checking zerotrie v0.2.5
[INFO] [stderr]     Checking read-fonts v0.37.0
[INFO] [stderr]     Checking futures-executor v0.3.34
[INFO] [stderr]     Checking futures v0.3.34
[INFO] [stderr]     Checking strum v0.28.0
[INFO] [stderr]     Checking tinystr v0.8.4
[INFO] [stderr]     Checking potential_utf v0.1.3
[INFO] [stderr]     Checking icu_collections v2.3.0
[INFO] [stderr]     Checking icu_locale_core v2.3.0
[INFO] [stderr]     Checking serde_fmt v1.0.3
[INFO] [stderr]     Checking chrono v0.4.42
[INFO] [stderr]     Checking serde_urlencoded v0.7.1
[INFO] [stderr]     Checking schemars v1.0.4
[INFO] [stderr]     Checking uuid v1.18.1
[INFO] [stderr]    Compiling value-bag-serde1 v1.12.0
[INFO] [stderr]    Compiling value-bag v1.12.0
[INFO] [stderr]     Checking accesskit v0.24.1
[INFO] [stderr]     Checking gpui-pre-shared-string v0.3.8
[INFO] [stderr]     Checking log v0.4.29
[INFO] [stderr]     Checking derive_more v2.1.1
[INFO] [stderr]    Compiling gpui-pre-util v0.3.8
[INFO] [stderr]     Checking wgpu-types v29.0.4
[INFO] [stderr]     Checking fontdb v0.23.0
[INFO] [stderr]     Checking gpu-allocator v0.28.0
[INFO] [stderr]     Checking tracing-log v0.2.0
[INFO] [stderr]     Checking simplecss v0.2.2
[INFO] [stderr]     Checking rustybuzz v0.20.1
[INFO] [stderr]     Checking icu_provider v2.3.0
[INFO] [stderr]     Checking tiny-skia v0.11.4
[INFO] [stderr]     Checking gpui-pre-collections v0.3.8
[INFO] [stderr]     Checking tracing-subscriber v0.3.22
[INFO] [stderr]    Compiling gpui-pre-perf v0.3.8
[INFO] [stderr]     Checking postage v0.5.0
[INFO] [stderr]     Checking icu_normalizer v2.3.0
[INFO] [stderr]     Checking icu_properties v2.3.0
[INFO] [stderr]     Checking half v2.7.1
[INFO] [stderr]     Checking ppv-lite86 v0.2.21
[INFO] [stderr]     Checking gpui-pre-zlog v0.3.8
[INFO] [stderr]     Checking tiff v0.11.3
[INFO] [stderr]     Checking exr v1.74.0
[INFO] [stderr]    Compiling gpui-pre-util-macros v0.3.8
[INFO] [stderr]     Checking rand_chacha v0.9.0
[INFO] [stderr]     Checking rand v0.9.4
[INFO] [stderr]     Checking gpui-pre-sum-tree v0.3.8
[INFO] [stderr]     Checking gpui-pre-scheduler v0.3.8
[INFO] [stderr]     Checking idna_adapter v1.2.1
[INFO] [stderr]     Checking idna v1.1.0
[INFO] [stderr]     Checking url v2.5.7
[INFO] [stderr]     Checking usvg v0.46.0
[INFO] [stderr]     Checking gpui-pre-http-client v0.3.8
[INFO] [stderr]     Checking image v0.25.10
[INFO] [stderr]     Checking resvg v0.46.0
[INFO] [stderr]     Checking skrifa v0.37.0
[INFO] [stderr]     Checking skrifa v0.40.0
[INFO] [stderr]     Checking harfrust v0.5.0
[INFO] [stderr]     Checking swash v0.2.6
[INFO] [stderr]     Checking cosmic-text v0.19.0
[INFO] [stderr]     Checking wgpu-naga-bridge v29.0.4
[INFO] [stderr]     Checking wgpu-core-deps-windows-linux-android v29.0.4
[INFO] [stderr]     Checking gpui-pre-wgpu v0.3.8 (/opt/rustwide/workdir)
[INFO] [stdout] error: couldn't read `src/../../../assets/fonts/lilex/Lilex-Regular.ttf`: No such file or directory (os error 2)
[INFO] [stdout]     --> src/cosmic_text_system.rs:1213:50
[INFO] [stdout]      |
[INFO] [stdout] 1213 |           text_system.add_fonts(vec![Cow::Borrowed(include_bytes!(
[INFO] [stdout]      |  __________________________________________________^
[INFO] [stdout] 1214 | |             "../../../assets/fonts/lilex/Lilex-Regular.ttf"
[INFO] [stdout] 1215 | |         ))])?;
[INFO] [stdout]      | |_________^
[INFO] [stdout] 
[INFO] [stdout] 
[INFO] [stdout] error: couldn't read `src/../../../assets/fonts/lilex/Lilex-Bold.ttf`: No such file or directory (os error 2)
[INFO] [stdout]     --> src/cosmic_text_system.rs:1220:27
[INFO] [stdout]      |
[INFO] [stdout] 1220 |             Cow::Borrowed(include_bytes!("../../../assets/fonts/lilex/Lilex-Bold.ttf")),
[INFO] [stdout]      |                           ^^^^^^^^^^^^^^^^^^^^^^^^^^^^^^^^^^^^^^^^^^^^^^^^^^^^^^^^^^^^
[INFO] [stdout] 
[INFO] [stdout] 
[INFO] [stdout] error: couldn't read `src/../../../assets/fonts/ibm-plex-sans/IBMPlexSans-Regular.ttf`: No such file or directory (os error 2)
[INFO] [stdout]     --> src/cosmic_text_system.rs:1246:9
[INFO] [stdout]      |
[INFO] [stdout] 1246 |         include_bytes!("../../../assets/fonts/ibm-plex-sans/IBMPlexSans-Regular.ttf");
[INFO] [stdout]      |         ^^^^^^^^^^^^^^^^^^^^^^^^^^^^^^^^^^^^^^^^^^^^^^^^^^^^^^^^^^^^^^^^^^^^^^^^^^^^^
[INFO] [stdout] 
[INFO] [stdout] 
[INFO] [stdout] error: couldn't read `src/../../../assets/fonts/lilex/Lilex-Regular.ttf`: No such file or directory (os error 2)
[INFO] [stdout]     --> src/cosmic_text_system.rs:1247:26
[INFO] [stdout]      |
[INFO] [stdout] 1247 |     const LILEX: &[u8] = include_bytes!("../../../assets/fonts/lilex/Lilex-Regular.ttf");
[INFO] [stdout]      |                          ^^^^^^^^^^^^^^^^^^^^^^^^^^^^^^^^^^^^^^^^^^^^^^^^^^^^^^^^^^^^^^^
[INFO] [stdout] 
[INFO] [stdout] 
[INFO] [stdout] error[E0432]: unresolved import `gpui::PlatformHeadlessRenderer`
[INFO] [stdout]     --> src/wgpu_renderer.rs:2622:30
[INFO] [stdout]      |
[INFO] [stdout] 2622 |     use gpui::{DevicePixels, PlatformHeadlessRenderer, Scene};
[INFO] [stdout]      |                              ^^^^^^^^^^^^^^^^^^^^^^^^ no `PlatformHeadlessRenderer` in the root
[INFO] [stdout] 
[INFO] [stdout] 
[INFO] [stdout] error[E0433]: cannot find module or crate `image` in this scope
[INFO] [stdout]     --> src/wgpu_renderer.rs:2520:9
[INFO] [stdout]      |
[INFO] [stdout] 2520 |         image::RgbaImage::from_raw(width, height, pixels)
[INFO] [stdout]      |         ^^^^^ use of unresolved module or unlinked crate `image`
[INFO] [stdout]      |
[INFO] [stdout]      = help: if you wanted to use a crate named `image`, use `cargo add image` to add it to your `Cargo.toml`
[INFO] [stdout] 
[INFO] [stdout] 
[INFO] [stdout] error[E0433]: cannot find module or crate `naga` in this scope
[INFO] [stdout]     --> src/wgpu_renderer.rs:2777:38
[INFO] [stdout]      |
[INFO] [stdout] 2777 |         validate_wgsl(WEBGL_SHADERS, naga::valid::Capabilities::empty());
[INFO] [stdout]      |                                      ^^^^ use of unresolved module or unlinked crate `naga`
[INFO] [stdout]      |
[INFO] [stdout]      = help: if you wanted to use a crate named `naga`, use `cargo add naga` to add it to your `Cargo.toml`
[INFO] [stdout] 
[INFO] [stdout] 
[INFO] [stdout] error[E0433]: cannot find module or crate `naga` in this scope
[INFO] [stdout]     --> src/wgpu_renderer.rs:2782:47
[INFO] [stdout]      |
[INFO] [stdout] 2782 |         validate_wgsl(STORAGE_BUFFER_SHADERS, naga::valid::Capabilities::empty());
[INFO] [stdout]      |                                               ^^^^ use of unresolved module or unlinked crate `naga`
[INFO] [stdout]      |
[INFO] [stdout]      = help: if you wanted to use a crate named `naga`, use `cargo add naga` to add it to your `Cargo.toml`
[INFO] [stdout] 
[INFO] [stdout] 
[INFO] [stdout] error[E0433]: cannot find module or crate `naga` in this scope
[INFO] [stdout]     --> src/wgpu_renderer.rs:2789:13
[INFO] [stdout]      |
[INFO] [stdout] 2789 |             naga::valid::Capabilities::DUAL_SOURCE_BLENDING,
[INFO] [stdout]      |             ^^^^ use of unresolved module or unlinked crate `naga`
[INFO] [stdout]      |
[INFO] [stdout]      = help: if you wanted to use a crate named `naga`, use `cargo add naga` to add it to your `Cargo.toml`
[INFO] [stdout] 
[INFO] [stdout] 
[INFO] [stdout] error[E0433]: cannot find module or crate `naga` in this scope
[INFO] [stdout]     --> src/wgpu_renderer.rs:2793:50
[INFO] [stdout]      |
[INFO] [stdout] 2793 |     fn validate_wgsl(source: &str, capabilities: naga::valid::Capabilities) {
[INFO] [stdout]      |                                                  ^^^^ use of unresolved module or unlinked crate `naga`
[INFO] [stdout]      |
[INFO] [stdout]      = help: if you wanted to use a crate named `naga`, use `cargo add naga` to add it to your `Cargo.toml`
[INFO] [stdout] 
[INFO] [stdout] 
[INFO] [stdout] error[E0433]: cannot find module or crate `naga` in this scope
[INFO] [stdout]     --> src/wgpu_renderer.rs:2794:22
[INFO] [stdout]      |
[INFO] [stdout] 2794 |         let module = naga::front::wgsl::parse_str(source).expect("shader should parse");
[INFO] [stdout]      |                      ^^^^ use of unresolved module or unlinked crate `naga`
[INFO] [stdout]      |
[INFO] [stdout]      = help: if you wanted to use a crate named `naga`, use `cargo add naga` to add it to your `Cargo.toml`
[INFO] [stdout] 
[INFO] [stdout] 
[INFO] [stdout] error[E0433]: cannot find module or crate `naga` in this scope
[INFO] [stdout]     --> src/wgpu_renderer.rs:2795:9
[INFO] [stdout]      |
[INFO] [stdout] 2795 |         naga::valid::Validator::new(naga::valid::ValidationFlags::all(), capabilities)
[INFO] [stdout]      |         ^^^^ use of unresolved module or unlinked crate `naga`
[INFO] [stdout]      |
[INFO] [stdout]      = help: if you wanted to use a crate named `naga`, use `cargo add naga` to add it to your `Cargo.toml`
[INFO] [stdout] 
[INFO] [stdout] 
[INFO] [stdout] error[E0433]: cannot find module or crate `naga` in this scope
[INFO] [stdout]     --> src/wgpu_renderer.rs:2795:37
[INFO] [stdout]      |
[INFO] [stdout] 2795 |         naga::valid::Validator::new(naga::valid::ValidationFlags::all(), capabilities)
[INFO] [stdout]      |                                     ^^^^ use of unresolved module or unlinked crate `naga`
[INFO] [stdout]      |
[INFO] [stdout]      = help: if you wanted to use a crate named `naga`, use `cargo add naga` to add it to your `Cargo.toml`
[INFO] [stdout] 
[INFO] [stdout] 
[INFO] [stdout] error[E0405]: cannot find trait `PlatformHeadlessRenderer` in crate `gpui`
[INFO] [stdout]     --> src/wgpu_renderer.rs:2529:12
[INFO] [stdout]      |
[INFO] [stdout] 2529 | impl gpui::PlatformHeadlessRenderer for WgpuHeadlessRenderer {
[INFO] [stdout]      |            ^^^^^^^^^^^^^^^^^^^^^^^^ not found in `gpui`
[INFO] [stdout] 
[INFO] [stdout] 
[INFO] [stdout] warning: overflow evaluating the requirement `parking_lot::lock_api::Mutex<parking_lot::RawMutex, Option<(wgpu_context::WgpuContext, TextureFormat)>>: Sync`
[INFO] [stdout]    --> src/wgpu_context.rs:188:26
[INFO] [stdout]     |
[INFO] [stdout] 188 |         static HEADLESS: Mutex<Option<(WgpuContext, wgpu::TextureFormat)>> = Mutex::new(None);
[INFO] [stdout]     |                          ^^^^^^^^^^^^^^^^^^^^^^^^^^^^^^^^^^^^^^^^^^^^^^^^^
[INFO] [stdout]     |
[INFO] [stdout]     = note: which requires `Option<(wgpu_context::WgpuContext, TextureFormat)>: std::marker::Send`
[INFO] [stdout]     = note: which requires `(wgpu_context::WgpuContext, TextureFormat): std::marker::Send`
[INFO] [stdout]     = note: which requires `wgpu_context::WgpuContext: std::marker::Send`
[INFO] [stdout]     = note: which requires `std::sync::Arc<wgpu::Queue>: std::marker::Send`
[INFO] [stdout]     = note: which requires `wgpu::Queue: std::marker::Send`
[INFO] [stdout]     = note: which requires `wgpu::dispatch::DispatchQueue: std::marker::Send`
[INFO] [stdout]     = note: which requires `std::sync::Arc<wgpu::backend::wgpu_core::CoreQueue>: std::marker::Send`
[INFO] [stdout]     = note: which requires `wgpu::backend::wgpu_core::CoreQueue: std::marker::Send`
[INFO] [stdout]     = note: which requires `wgpu::backend::wgpu_core::ContextWgpuCore: std::marker::Send`
[INFO] [stdout]     = note: which requires `std::sync::Arc<wgpu::wgpu_core::global::Global>: std::marker::Send`
[INFO] [stdout]     = note: which requires `wgpu::wgpu_core::global::Global: std::marker::Send`
[INFO] [stdout]     = note: which requires `Hub: std::marker::Send`
[INFO] [stdout]     = note: which requires `registry::Registry<std::sync::Arc<wgpu::wgpu_core::command::CommandBuffer>>: std::marker::Send`
[INFO] [stdout]     = note: which requires `wgc::lock::vanilla::RwLock<storage::Storage<std::sync::Arc<wgpu::wgpu_core::command::CommandBuffer>>>: std::marker::Send`
[INFO] [stdout]     = note: which requires `parking_lot::lock_api::RwLock<parking_lot::RawRwLock, storage::Storage<std::sync::Arc<wgpu::wgpu_core::command::CommandBuffer>>>: std::marker::Send`
[INFO] [stdout]     = note: and so on...
[INFO] [stdout]     = help: consider adding a manual `impl` of auto traits like `Send` for intermediate types, if auto traits are involved
[INFO] [stdout]     = help: or consider increasing the recursion limit by adding a `#![recursion_limit = "256"]` attribute to your crate (`gpui_wgpu`)
[INFO] [stdout]     = note: this lint is attached to the whole crate and can't be disabled on a per-function basis
[INFO] [stdout]     = warning: this was previously accepted by the compiler but is being phased out; it will become a hard error in a future release!
[INFO] [stdout]     = note: for more information, see issue #159228 <https://github.com/rust-lang/rust/issues/159228>
[INFO] [stdout]     = note: `#[warn(recursion_depth_exceeding_limit)]` (part of `#[warn(future_incompatible)]`) on by default
[INFO] [stdout] 
[INFO] [stdout] 
[INFO] [stdout] error[E0433]: cannot find module or crate `image` in this scope
[INFO] [stdout]     --> src/wgpu_renderer.rs:2415:48
[INFO] [stdout]      |
[INFO] [stdout] 2415 |     fn read_image(&mut self) -> anyhow::Result<image::RgbaImage> {
[INFO] [stdout]      |                                                ^^^^^ use of unresolved module or unlinked crate `image`
[INFO] [stdout]      |
[INFO] [stdout]      = help: if you wanted to use a crate named `image`, use `cargo add image` to add it to your `Cargo.toml`
[INFO] [stdout] 
[INFO] [stdout] 
[INFO] [stdout] error[E0433]: cannot find module or crate `image` in this scope
[INFO] [stdout]     --> src/wgpu_renderer.rs:2534:25
[INFO] [stdout]      |
[INFO] [stdout] 2534 |     ) -> anyhow::Result<image::RgbaImage> {
[INFO] [stdout]      |                         ^^^^^ use of unresolved module or unlinked crate `image`
[INFO] [stdout]      |
[INFO] [stdout]      = help: if you wanted to use a crate named `image`, use `cargo add image` to add it to your `Cargo.toml`
[INFO] [stdout] 
[INFO] [stdout] 
[INFO] [stdout] error[E0433]: cannot find module or crate `image` in this scope
[INFO] [stdout]     --> src/wgpu_renderer.rs:2659:29
[INFO] [stdout]      |
[INFO] [stdout] 2659 |     fn assert_pixel(image: &image::RgbaImage, x: u32, y: u32, expected: [u8; 4]) {
[INFO] [stdout]      |                             ^^^^^ use of unresolved module or unlinked crate `image`
[INFO] [stdout]      |
[INFO] [stdout]      = help: if you wanted to use a crate named `image`, use `cargo add image` to add it to your `Cargo.toml`
[INFO] [stdout] 
[INFO] [stdout] 
[INFO] [stdout] Some errors have detailed explanations: E0405, E0432, E0433.
[INFO] [stdout] 
[INFO] [stdout] For more information about an error, try `rustc --explain E0405`.
[INFO] [stdout] 
[INFO] [stderr] error: could not compile `gpui-pre-wgpu` (lib test) due to 17 previous errors; 1 warning emitted
[INFO] [stderr] warning: build failed, waiting for other jobs to finish...
[INFO] [stdout] error: couldn't read `benches/../../../assets/fonts/lilex/Lilex-Regular.ttf`: No such file or directory (os error 2)
[INFO] [stdout]  --> benches/layout_line.rs:6:22
[INFO] [stdout]   |
[INFO] [stdout] 6 | const LILEX: &[u8] = include_bytes!("../../../assets/fonts/lilex/Lilex-Regular.ttf");
[INFO] [stdout]   |                      ^^^^^^^^^^^^^^^^^^^^^^^^^^^^^^^^^^^^^^^^^^^^^^^^^^^^^^^^^^^^^^^
[INFO] [stdout] 
[INFO] [stdout] 
[INFO] [stdout] error: couldn't read `benches/../../../assets/fonts/ibm-plex-sans/IBMPlexSans-Regular.ttf`: No such file or directory (os error 2)
[INFO] [stdout]  --> benches/layout_line.rs:8:5
[INFO] [stdout]   |
[INFO] [stdout] 8 |     include_bytes!("../../../assets/fonts/ibm-plex-sans/IBMPlexSans-Regular.ttf");
[INFO] [stdout]   |     ^^^^^^^^^^^^^^^^^^^^^^^^^^^^^^^^^^^^^^^^^^^^^^^^^^^^^^^^^^^^^^^^^^^^^^^^^^^^^
[INFO] [stdout] 
[INFO] [stdout] 
[INFO] [stdout] error[E0432]: unresolved import `criterion`
[INFO] [stdout]  --> benches/layout_line.rs:1:5
[INFO] [stdout]   |
[INFO] [stdout] 1 | use criterion::{Criterion, criterion_group, criterion_main};
[INFO] [stdout]   |     ^^^^^^^^^ use of unresolved module or unlinked crate `criterion`
[INFO] [stdout]   |
[INFO] [stdout]   = help: if you wanted to use a crate named `criterion`, use `cargo add criterion` to add it to your `Cargo.toml`
[INFO] [stdout] 
[INFO] [stdout] 
[INFO] [stdout] error[E0601]: `main` function not found in crate `layout_line`
[INFO] [stdout]    --> benches/layout_line.rs:104:26
[INFO] [stdout]     |
[INFO] [stdout] 104 | criterion_main!(benches);
[INFO] [stdout]     |                          ^ consider adding a `main` function to `benches/layout_line.rs`
[INFO] [stdout] 
[INFO] [stdout] 
[INFO] [stdout] Some errors have detailed explanations: E0432, E0601.
[INFO] [stdout] 
[INFO] [stdout] For more information about an error, try `rustc --explain E0432`.
[INFO] [stdout] 
[INFO] [stderr] error: could not compile `gpui-pre-wgpu` (bench "layout_line") due to 4 previous errors
[INFO] running `Command { std: "docker" "inspect" "41f30612f52746628c17991be443a6ffd518ae129d62a12d4db7556d32fe1c41", kill_on_drop: false }`
[INFO] running `Command { std: "docker" "rm" "-f" "41f30612f52746628c17991be443a6ffd518ae129d62a12d4db7556d32fe1c41", kill_on_drop: false }`
[INFO] [stdout] 41f30612f52746628c17991be443a6ffd518ae129d62a12d4db7556d32fe1c41
