[INFO] fetching crate gpui-pre-sum-tree 0.3.8...
[INFO] checking gpui-pre-sum-tree-0.3.8 against 3154cc1a3e6424e44f438a95007d043ed5ceaaf6 for pr-133502-30
[INFO] extracting crate gpui-pre-sum-tree 0.3.8 into /workspace/builds/worker-3-tc2/source
[INFO] started tweaking crates.io crate gpui-pre-sum-tree 0.3.8
[INFO] finished tweaking crates.io crate gpui-pre-sum-tree 0.3.8
[INFO] tweaked toml for crates.io crate gpui-pre-sum-tree 0.3.8 written to /workspace/builds/worker-3-tc2/source/Cargo.toml
[INFO] validating manifest of crates.io crate gpui-pre-sum-tree 0.3.8 on toolchain 3154cc1a3e6424e44f438a95007d043ed5ceaaf6
[INFO] running `Command { std: CARGO_HOME="/workspace/cargo-home" RUSTUP_HOME="/workspace/rustup-home" "/workspace/cargo-home/bin/cargo" "+3154cc1a3e6424e44f438a95007d043ed5ceaaf6" "metadata" "--manifest-path" "Cargo.toml" "--no-deps", kill_on_drop: false }`
[INFO] crate crates.io crate gpui-pre-sum-tree 0.3.8 already has a lockfile, it will not be regenerated
[INFO] running `Command { std: CARGO_HOME="/workspace/cargo-home" RUSTUP_HOME="/workspace/rustup-home" "/workspace/cargo-home/bin/cargo" "+3154cc1a3e6424e44f438a95007d043ed5ceaaf6" "fetch" "--manifest-path" "Cargo.toml", kill_on_drop: false }`
[INFO] [stderr]     Blocking waiting for file lock on package cache
[INFO] [stderr]     Blocking waiting for file lock on package cache
[INFO] running `Command { std: "docker" "create" "-v" "/var/lib/crater-agent-workspace/builds/worker-3-tc2/source:/opt/rustwide/workdir:ro,Z" "-v" "/var/lib/crater-agent-workspace/builds/worker-3-tc2/target:/opt/rustwide/target:rw,Z" "-v" "/var/lib/crater-agent-workspace/cargo-home:/opt/rustwide/cargo-home:ro,Z" "-v" "/var/lib/crater-agent-workspace/rustup-home:/opt/rustwide/rustup-home:ro,Z" "-m" "1610612736" "--network" "none" "ghcr.io/rust-lang/crates-build-env/linux@sha256:77db811e55d90add9212f6832c23229e3de5f1c1f9905e8cb07319ea15df73ac" "sleep" "infinity", kill_on_drop: false }`
[INFO] [stdout] 1776a098e0cbb5036cee333bbc409e4dfe264e9eace26a0eb6985a1559cf812b
[INFO] running `Command { std: "docker" "start" "1776a098e0cbb5036cee333bbc409e4dfe264e9eace26a0eb6985a1559cf812b", kill_on_drop: false }`
[INFO] running `Command { std: "docker" "inspect" "1776a098e0cbb5036cee333bbc409e4dfe264e9eace26a0eb6985a1559cf812b", kill_on_drop: false }`
[INFO] running `Command { std: "docker" "exec" "-e" "SOURCE_DIR=/opt/rustwide/workdir" "-e" "CARGO_HOME=/opt/rustwide/cargo-home" "-e" "RUSTUP_HOME=/opt/rustwide/rustup-home" "-e" "CARGO_TARGET_DIR=/opt/rustwide/target" "-w" "/opt/rustwide/workdir" "--user" "0:0" "1776a098e0cbb5036cee333bbc409e4dfe264e9eace26a0eb6985a1559cf812b" "/opt/rustwide/cargo-home/bin/cargo" "+3154cc1a3e6424e44f438a95007d043ed5ceaaf6" "metadata" "--no-deps" "--format-version=1", kill_on_drop: false }`
[INFO] running `Command { std: "docker" "inspect" "1776a098e0cbb5036cee333bbc409e4dfe264e9eace26a0eb6985a1559cf812b", kill_on_drop: false }`
[INFO] running `Command { std: "docker" "exec" "-e" "SOURCE_DIR=/opt/rustwide/workdir" "-e" "CARGO_HOME=/opt/rustwide/cargo-home" "-e" "RUSTUP_HOME=/opt/rustwide/rustup-home" "-e" "CARGO_TARGET_DIR=/opt/rustwide/target" "-e" "CARGO_INCREMENTAL=0" "-e" "RUST_BACKTRACE=full" "-e" "RUSTFLAGS=--cap-lints=forbid" "-e" "RUSTDOCFLAGS=--cap-lints=forbid" "-w" "/opt/rustwide/workdir" "--user" "0:0" "1776a098e0cbb5036cee333bbc409e4dfe264e9eace26a0eb6985a1559cf812b" "/opt/rustwide/cargo-home/bin/cargo" "+3154cc1a3e6424e44f438a95007d043ed5ceaaf6" "check" "--frozen" "--all" "--all-targets" "--message-format=json", kill_on_drop: false }`
[INFO] [stderr]    Compiling serde v1.0.229
[INFO] [stderr]    Compiling erased-serde v0.4.9
[INFO] [stderr]     Checking rustc-hash v2.1.1
[INFO] [stderr]    Compiling num-traits v0.2.19
[INFO] [stderr]     Checking tracing-core v0.1.35
[INFO] [stderr]     Checking iana-time-zone v0.1.64
[INFO] [stderr]     Checking thread_local v1.1.9
[INFO] [stderr]     Checking indexmap v2.14.0
[INFO] [stderr]     Checking sharded-slab v0.1.7
[INFO] [stderr]     Checking nu-ansi-term v0.50.3
[INFO] [stderr]    Compiling heapless v0.9.2
[INFO] [stderr]    Compiling gpui-pre-ztracing v0.3.8
[INFO] [stderr]    Compiling syn v2.0.117
[INFO] [stderr]    Compiling gpui-pre-ztracing-macro v0.3.8
[INFO] [stderr]     Checking rayon v1.11.0
[INFO] [stderr]     Checking serde_fmt v1.0.3
[INFO] [stderr]     Checking value-bag-serde1 v1.12.0
[INFO] [stderr]     Checking value-bag v1.12.0
[INFO] [stderr]     Checking chrono v0.4.42
[INFO] [stderr]     Checking log v0.4.29
[INFO] [stderr]     Checking gpui-pre-util v0.3.8
[INFO] [stderr]     Checking tracing-log v0.2.0
[INFO] [stderr]     Checking tracing-subscriber v0.3.22
[INFO] [stderr]     Checking gpui-pre-collections v0.3.8
[INFO] [stderr]     Checking gpui-pre-zlog v0.3.8
[INFO] [stderr]    Compiling tracing-attributes v0.1.31
[INFO] [stderr]     Checking tracing v0.1.43
[INFO] [stderr]     Checking gpui-pre-sum-tree v0.3.8 (/opt/rustwide/workdir)
[INFO] [stdout] error[E0433]: cannot find module or crate `proptest` in this scope
[INFO] [stdout]  --> src/property_test.rs:3:5
[INFO] [stdout]   |
[INFO] [stdout] 3 | use proptest::{prelude::*, sample::SizeRange};
[INFO] [stdout]   |     ^^^^^^^^ use of unresolved module or unlinked crate `proptest`
[INFO] [stdout]   |
[INFO] [stdout]   = help: if you wanted to use a crate named `proptest`, use `cargo add proptest` to add it to your `Cargo.toml`
[INFO] [stdout] 
[INFO] [stdout] 
[INFO] [stdout] error[E0433]: cannot find module or crate `rand` in this scope
[INFO] [stdout]     --> src/sum_tree.rs:1396:9
[INFO] [stdout]      |
[INFO] [stdout] 1396 |     use rand::{distr::StandardUniform, prelude::*};
[INFO] [stdout]      |         ^^^^ use of unresolved module or unlinked crate `rand`
[INFO] [stdout]      |
[INFO] [stdout]      = help: if you wanted to use a crate named `rand`, use `cargo add rand` to add it to your `Cargo.toml`
[INFO] [stdout] 
[INFO] [stdout] 
[INFO] [stdout] error[E0432]: unresolved imports `proptest::sample::SizeRange`, `rand::distr::StandardUniform`
[INFO] [stdout]     --> src/sum_tree.rs:1396:16
[INFO] [stdout]      |
[INFO] [stdout] 1396 |     use rand::{distr::StandardUniform, prelude::*};
[INFO] [stdout]      |                ^^^^^^^^^^^^^^^^^^^^^^
[INFO] [stdout]      |
[INFO] [stdout]     ::: src/property_test.rs:3:28
[INFO] [stdout]      |
[INFO] [stdout]    3 | use proptest::{prelude::*, sample::SizeRange};
[INFO] [stdout]      |                            ^^^^^^^^^^^^^^^^^
[INFO] [stdout] 
[INFO] [stdout] 
[INFO] [stdout] error[E0433]: cannot find module or crate `ctor` in this scope
[INFO] [stdout]     --> src/sum_tree.rs:1399:7
[INFO] [stdout]      |
[INFO] [stdout] 1399 |     #[ctor::ctor(unsafe)]
[INFO] [stdout]      |       ^^^^ use of unresolved module or unlinked crate `ctor`
[INFO] [stdout] 
[INFO] [stdout] 
[INFO] [stdout] error[E0433]: cannot find module or crate `proptest` in this scope
[INFO] [stdout]   --> src/property_test.rs:31:5
[INFO] [stdout]    |
[INFO] [stdout] 31 |     proptest::collection::vec(values, size).prop_map(|vec| SumTree::from_iter(vec, ()))
[INFO] [stdout]    |     ^^^^^^^^ use of unresolved module or unlinked crate `proptest`
[INFO] [stdout]    |
[INFO] [stdout]    = help: if you wanted to use a crate named `proptest`, use `cargo add proptest` to add it to your `Cargo.toml`
[INFO] [stdout] 
[INFO] [stdout] 
[INFO] [stdout] error[E0405]: cannot find trait `Arbitrary` in this scope
[INFO] [stdout]  --> src/property_test.rs:7:9
[INFO] [stdout]   |
[INFO] [stdout] 7 | impl<T> Arbitrary for SumTree<T>
[INFO] [stdout]   |         ^^^^^^^^^ not found in this scope
[INFO] [stdout] 
[INFO] [stdout] 
[INFO] [stdout] error[E0405]: cannot find trait `Arbitrary` in this scope
[INFO] [stdout]  --> src/property_test.rs:9:16
[INFO] [stdout]   |
[INFO] [stdout] 9 |     T: Debug + Arbitrary + Item + 'static,
[INFO] [stdout]   |                ^^^^^^^^^ not found in this scope
[INFO] [stdout] 
[INFO] [stdout] 
[INFO] [stdout] error[E0425]: cannot find type `BoxedStrategy` in this scope
[INFO] [stdout]   --> src/property_test.rs:13:21
[INFO] [stdout]    |
[INFO] [stdout] 13 |     type Strategy = BoxedStrategy<Self>;
[INFO] [stdout]    |                     ^^^^^^^^^^^^^ not found in this scope
[INFO] [stdout] 
[INFO] [stdout] 
[INFO] [stdout] error[E0405]: cannot find trait `Arbitrary` in this scope
[INFO] [stdout]   --> src/property_test.rs:27:16
[INFO] [stdout]    |
[INFO] [stdout] 27 |     T: Debug + Arbitrary + Item + 'static,
[INFO] [stdout]    |                ^^^^^^^^^ not found in this scope
[INFO] [stdout] 
[INFO] [stdout] 
[INFO] [stdout] error[E0405]: cannot find trait `Strategy` in this scope
[INFO] [stdout]   --> src/property_test.rs:29:8
[INFO] [stdout]    |
[INFO] [stdout] 29 |     S: Strategy<Value = T>,
[INFO] [stdout]    |        ^^^^^^^^ not found in this scope
[INFO] [stdout] 
[INFO] [stdout] 
[INFO] [stdout] error[E0405]: cannot find trait `Strategy` in this scope
[INFO] [stdout]   --> src/property_test.rs:25:70
[INFO] [stdout]    |
[INFO] [stdout] 25 | pub fn sum_tree<S, T>(values: S, size: impl Into<SizeRange>) -> impl Strategy<Value = SumTree<T>>
[INFO] [stdout]    |                                                                      ^^^^^^^^ not found in this scope
[INFO] [stdout] 
[INFO] [stdout] 
[INFO] [stdout] error[E0223]: ambiguous associated type
[INFO] [stdout]   --> src/property_test.rs:15:27
[INFO] [stdout]    |
[INFO] [stdout] 15 |     fn arbitrary_with((): Self::Parameters) -> Self::Strategy {
[INFO] [stdout]    |                           ^^^^^^^^^^^^^^^^
[INFO] [stdout]    |
[INFO] [stdout] help: if there were a trait named `Example` with associated type `Parameters` implemented for `SumTree<T>`, you could use the fully-qualified path
[INFO] [stdout]    |
[INFO] [stdout] 15 -     fn arbitrary_with((): Self::Parameters) -> Self::Strategy {
[INFO] [stdout] 15 +     fn arbitrary_with((): <SumTree<T> as Example>::Parameters) -> Self::Strategy {
[INFO] [stdout]    |
[INFO] [stdout] 
[INFO] [stdout] 
[INFO] [stdout] error[E0223]: ambiguous associated type
[INFO] [stdout]   --> src/property_test.rs:15:48
[INFO] [stdout]    |
[INFO] [stdout] 15 |     fn arbitrary_with((): Self::Parameters) -> Self::Strategy {
[INFO] [stdout]    |                                                ^^^^^^^^^^^^^^
[INFO] [stdout]    |
[INFO] [stdout] help: if there were a trait named `Example` with associated type `Strategy` implemented for `SumTree<T>`, you could use the fully-qualified path
[INFO] [stdout]    |
[INFO] [stdout] 15 -     fn arbitrary_with((): Self::Parameters) -> Self::Strategy {
[INFO] [stdout] 15 +     fn arbitrary_with((): Self::Parameters) -> <SumTree<T> as Example>::Strategy {
[INFO] [stdout]    |
[INFO] [stdout] 
[INFO] [stdout] 
[INFO] [stdout] error[E0433]: cannot find module or crate `zlog` in this scope
[INFO] [stdout]     --> src/sum_tree.rs:1401:9
[INFO] [stdout]      |
[INFO] [stdout] 1401 |         zlog::init_test();
[INFO] [stdout]      |         ^^^^ use of unresolved module or unlinked crate `zlog`
[INFO] [stdout]      |
[INFO] [stdout] help: there is a crate or module with a similar name
[INFO] [stdout]      |
[INFO] [stdout] 1401 -         zlog::init_test();
[INFO] [stdout] 1401 +         log::init_test();
[INFO] [stdout]      |
[INFO] [stdout] 
[INFO] [stdout] 
[INFO] [stdout] error[E0433]: cannot find type `StdRng` in this scope
[INFO] [stdout]     --> src/sum_tree.rs:1431:27
[INFO] [stdout]      |
[INFO] [stdout] 1431 |             let mut rng = StdRng::seed_from_u64(seed);
[INFO] [stdout]      |                           ^^^^^^ use of undeclared type `StdRng`
[INFO] [stdout]      |
[INFO] [stdout] help: a struct with a similar name exists
[INFO] [stdout]      |
[INFO] [stdout] 1431 -             let mut rng = StdRng::seed_from_u64(seed);
[INFO] [stdout] 1431 +             let mut rng = String::seed_from_u64(seed);
[INFO] [stdout]      |
[INFO] [stdout] 
[INFO] [stdout] 
[INFO] [stdout] error[E0425]: cannot find function `any` in this scope
[INFO] [stdout]   --> src/property_test.rs:16:9
[INFO] [stdout]    |
[INFO] [stdout] 16 |         any::<Vec<T>>()
[INFO] [stdout]    |         ^^^ not found in this scope
[INFO] [stdout] 
[INFO] [stdout] 
[INFO] [stdout] Some errors have detailed explanations: E0223, E0405, E0425, E0432, E0433.
[INFO] [stdout] 
[INFO] [stdout] For more information about an error, try `rustc --explain E0223`.
[INFO] [stdout] 
[INFO] [stderr] error: could not compile `gpui-pre-sum-tree` (lib test) due to 16 previous errors
[INFO] [stderr] warning: build failed, waiting for other jobs to finish...
[INFO] running `Command { std: "docker" "inspect" "1776a098e0cbb5036cee333bbc409e4dfe264e9eace26a0eb6985a1559cf812b", kill_on_drop: false }`
[INFO] running `Command { std: "docker" "rm" "-f" "1776a098e0cbb5036cee333bbc409e4dfe264e9eace26a0eb6985a1559cf812b", kill_on_drop: false }`
[INFO] [stdout] 1776a098e0cbb5036cee333bbc409e4dfe264e9eace26a0eb6985a1559cf812b
