[INFO] fetching crate gpui-box-macros 0.1.1...
[INFO] checking gpui-box-macros-0.1.1 against 3154cc1a3e6424e44f438a95007d043ed5ceaaf6 for pr-133502-30
[INFO] extracting crate gpui-box-macros 0.1.1 into /workspace/builds/worker-2-tc2/source
[INFO] started tweaking crates.io crate gpui-box-macros 0.1.1
[INFO] removed 0 missing tests
[INFO] finished tweaking crates.io crate gpui-box-macros 0.1.1
[INFO] tweaked toml for crates.io crate gpui-box-macros 0.1.1 written to /workspace/builds/worker-2-tc2/source/Cargo.toml
[INFO] validating manifest of crates.io crate gpui-box-macros 0.1.1 on toolchain 3154cc1a3e6424e44f438a95007d043ed5ceaaf6
[INFO] running `Command { std: CARGO_HOME="/workspace/cargo-home" RUSTUP_HOME="/workspace/rustup-home" "/workspace/cargo-home/bin/cargo" "+3154cc1a3e6424e44f438a95007d043ed5ceaaf6" "metadata" "--manifest-path" "Cargo.toml" "--no-deps", kill_on_drop: false }`
[INFO] crate crates.io crate gpui-box-macros 0.1.1 already has a lockfile, it will not be regenerated
[INFO] running `Command { std: CARGO_HOME="/workspace/cargo-home" RUSTUP_HOME="/workspace/rustup-home" "/workspace/cargo-home/bin/cargo" "+3154cc1a3e6424e44f438a95007d043ed5ceaaf6" "fetch" "--manifest-path" "Cargo.toml", kill_on_drop: false }`
[INFO] [stderr] warning: `package.homepage` is redundant with `package.repository`
[INFO] [stderr]   --> Cargo.toml:47:12
[INFO] [stderr]    |
[INFO] [stderr] 47 | homepage = "https://github.com/fran0220/gpui-box"
[INFO] [stderr]    |            ^^^^^^^^^^^^^^^^^^^^^^^^^^^^^^^^^^^^^^
[INFO] [stderr] ...
[INFO] [stderr] 52 | repository = "https://github.com/fran0220/gpui-box"
[INFO] [stderr]    |              --------------------------------------
[INFO] [stderr]    |
[INFO] [stderr]    = note: `cargo::redundant_homepage` is set to `warn` by default
[INFO] [stderr] help: consider removing `package.homepage`
[INFO] [stderr] warning: `gpui-box-macros` (manifest) generated 1 warning
[INFO] [stderr]     Blocking waiting for file lock on package cache
[INFO] running `Command { std: "docker" "create" "-v" "/var/lib/crater-agent-workspace/builds/worker-2-tc2/source:/opt/rustwide/workdir:ro,Z" "-v" "/var/lib/crater-agent-workspace/builds/worker-2-tc2/target:/opt/rustwide/target:rw,Z" "-v" "/var/lib/crater-agent-workspace/cargo-home:/opt/rustwide/cargo-home:ro,Z" "-v" "/var/lib/crater-agent-workspace/rustup-home:/opt/rustwide/rustup-home:ro,Z" "-m" "1610612736" "--network" "none" "ghcr.io/rust-lang/crates-build-env/linux@sha256:77db811e55d90add9212f6832c23229e3de5f1c1f9905e8cb07319ea15df73ac" "sleep" "infinity", kill_on_drop: false }`
[INFO] [stdout] 2a9f4cad91afa4d422ee82b9acb938b635d06a377d545d24d6556213fd1ee1f6
[INFO] running `Command { std: "docker" "start" "2a9f4cad91afa4d422ee82b9acb938b635d06a377d545d24d6556213fd1ee1f6", kill_on_drop: false }`
[INFO] running `Command { std: "docker" "inspect" "2a9f4cad91afa4d422ee82b9acb938b635d06a377d545d24d6556213fd1ee1f6", kill_on_drop: false }`
[INFO] running `Command { std: "docker" "exec" "-e" "SOURCE_DIR=/opt/rustwide/workdir" "-e" "CARGO_HOME=/opt/rustwide/cargo-home" "-e" "RUSTUP_HOME=/opt/rustwide/rustup-home" "-e" "CARGO_TARGET_DIR=/opt/rustwide/target" "-w" "/opt/rustwide/workdir" "--user" "0:0" "2a9f4cad91afa4d422ee82b9acb938b635d06a377d545d24d6556213fd1ee1f6" "/opt/rustwide/cargo-home/bin/cargo" "+3154cc1a3e6424e44f438a95007d043ed5ceaaf6" "metadata" "--no-deps" "--format-version=1", kill_on_drop: false }`
[INFO] running `Command { std: "docker" "inspect" "2a9f4cad91afa4d422ee82b9acb938b635d06a377d545d24d6556213fd1ee1f6", kill_on_drop: false }`
[INFO] running `Command { std: "docker" "exec" "-e" "SOURCE_DIR=/opt/rustwide/workdir" "-e" "CARGO_HOME=/opt/rustwide/cargo-home" "-e" "RUSTUP_HOME=/opt/rustwide/rustup-home" "-e" "CARGO_TARGET_DIR=/opt/rustwide/target" "-e" "CARGO_INCREMENTAL=0" "-e" "RUST_BACKTRACE=full" "-e" "RUSTFLAGS=--cap-lints=forbid" "-e" "RUSTDOCFLAGS=--cap-lints=forbid" "-w" "/opt/rustwide/workdir" "--user" "0:0" "2a9f4cad91afa4d422ee82b9acb938b635d06a377d545d24d6556213fd1ee1f6" "/opt/rustwide/cargo-home/bin/cargo" "+3154cc1a3e6424e44f438a95007d043ed5ceaaf6" "check" "--frozen" "--all" "--all-targets" "--message-format=json", kill_on_drop: false }`
[INFO] [stderr] warning: `package.homepage` is redundant with `package.repository`
[INFO] [stderr]   --> Cargo.toml:47:12
[INFO] [stderr]    |
[INFO] [stderr] 47 | homepage = "https://github.com/fran0220/gpui-box"
[INFO] [stderr]    |            ^^^^^^^^^^^^^^^^^^^^^^^^^^^^^^^^^^^^^^
[INFO] [stderr] ...
[INFO] [stderr] 52 | repository = "https://github.com/fran0220/gpui-box"
[INFO] [stderr]    |              --------------------------------------
[INFO] [stderr]    |
[INFO] [stderr]    = note: `cargo::redundant_homepage` is set to `warn` by default
[INFO] [stderr] help: consider removing `package.homepage`
[INFO] [stderr] warning: `gpui-box-macros` (manifest) generated 1 warning
[INFO] [stderr]     Checking heck v0.5.0
[INFO] [stderr]     Checking syn v2.0.119
[INFO] [stderr]     Checking gpui-box-macros v0.1.1 (/opt/rustwide/workdir)
[INFO] [stdout] error[E0433]: cannot find `gpui` in the list of imported crates
[INFO] [stdout]  --> tests/derive_inspector_reflection.rs:4:32
[INFO] [stdout]   |
[INFO] [stdout] 4 | #[cfg_attr(not(rust_analyzer), gpui_macros::derive_inspector_reflection)]
[INFO] [stdout]   |                                ^^^^^^^^^^^^^^^^^^^^^^^^^^^^^^^^^^^^^^^^ could not find `gpui` in the list of imported crates
[INFO] [stdout]   |
[INFO] [stdout]   = note: this error originates in the attribute macro `gpui_macros::derive_inspector_reflection` (in Nightly builds, run with -Z macro-backtrace for more info)
[INFO] [stdout] 
[INFO] [stdout] 
[INFO] [stdout] error[E0432]: unresolved import `gpui`
[INFO] [stdout]  --> tests/derive_context.rs:3:9
[INFO] [stdout]   |
[INFO] [stdout] 3 |     use gpui::{App, Window};
[INFO] [stdout]   |         ^^^^ use of unresolved module or unlinked crate `gpui`
[INFO] [stdout]   |
[INFO] [stdout]   = help: if you wanted to use a crate named `gpui`, use `cargo add gpui` to add it to your `Cargo.toml`
[INFO] [stdout] 
[INFO] [stdout] 
[INFO] [stdout] For more information about this error, try `rustc --explain E0433`.
[INFO] [stdout] 
[INFO] [stderr] error: could not compile `gpui-box-macros` (test "derive_inspector_reflection") due to 1 previous error
[INFO] [stderr] warning: build failed, waiting for other jobs to finish...
[INFO] [stdout] error[E0433]: cannot find module or crate `gpui` in this scope
[INFO] [stdout]  --> tests/render_test.rs:5:14
[INFO] [stdout]   |
[INFO] [stdout] 5 |     #[derive(Render)]
[INFO] [stdout]   |              ^^^^^^ use of unresolved module or unlinked crate `gpui`
[INFO] [stdout]   |
[INFO] [stdout]   = help: if you wanted to use a crate named `gpui`, use `cargo add gpui` to add it to your `Cargo.toml`
[INFO] [stdout]   = note: this error originates in the derive macro `Render` (in Nightly builds, run with -Z macro-backtrace for more info)
[INFO] [stdout] 
[INFO] [stdout] 
[INFO] [stdout] For more information about this error, try `rustc --explain E0433`.
[INFO] [stdout] 
[INFO] [stderr] error: could not compile `gpui-box-macros` (test "render_test") due to 1 previous error
[INFO] [stdout] error[E0433]: cannot find module or crate `gpui` in this scope
[INFO] [stdout]  --> tests/derive_context.rs:6:26
[INFO] [stdout]   |
[INFO] [stdout] 6 |     #[derive(AppContext, VisualContext)]
[INFO] [stdout]   |                          ^^^^^^^^^^^^^ use of unresolved module or unlinked crate `gpui`
[INFO] [stdout]   |
[INFO] [stdout]   = help: if you wanted to use a crate named `gpui`, use `cargo add gpui` to add it to your `Cargo.toml`
[INFO] [stdout]   = note: this error originates in the derive macro `VisualContext` (in Nightly builds, run with -Z macro-backtrace for more info)
[INFO] [stdout] 
[INFO] [stdout] 
[INFO] [stdout] error[E0433]: cannot find module or crate `gpui` in this scope
[INFO] [stdout]  --> tests/derive_context.rs:6:14
[INFO] [stdout]   |
[INFO] [stdout] 6 |     #[derive(AppContext, VisualContext)]
[INFO] [stdout]   |              ^^^^^^^^^^ use of unresolved module or unlinked crate `gpui`
[INFO] [stdout]   |
[INFO] [stdout]   = help: if you wanted to use a crate named `gpui`, use `cargo add gpui` to add it to your `Cargo.toml`
[INFO] [stdout]   = note: this error originates in the derive macro `AppContext` (in Nightly builds, run with -Z macro-backtrace for more info)
[INFO] [stdout] 
[INFO] [stdout] 
[INFO] [stdout] Some errors have detailed explanations: E0432, E0433.
[INFO] [stdout] 
[INFO] [stdout] For more information about an error, try `rustc --explain E0432`.
[INFO] [stdout] 
[INFO] [stderr] error: could not compile `gpui-box-macros` (test "derive_context") due to 3 previous errors
[INFO] running `Command { std: "docker" "inspect" "2a9f4cad91afa4d422ee82b9acb938b635d06a377d545d24d6556213fd1ee1f6", kill_on_drop: false }`
[INFO] running `Command { std: "docker" "rm" "-f" "2a9f4cad91afa4d422ee82b9acb938b635d06a377d545d24d6556213fd1ee1f6", kill_on_drop: false }`
[INFO] [stdout] 2a9f4cad91afa4d422ee82b9acb938b635d06a377d545d24d6556213fd1ee1f6
