[INFO] fetching crate gpui-box-kit 0.1.1...
[INFO] checking gpui-box-kit-0.1.1 against 3154cc1a3e6424e44f438a95007d043ed5ceaaf6+rustflags=-Znext-solver=coherence for pr-133502-30
[INFO] extracting crate gpui-box-kit 0.1.1 into /workspace/builds/worker-3-tc1/source
[INFO] started tweaking crates.io crate gpui-box-kit 0.1.1
[INFO] removed 0 missing tests
[INFO] finished tweaking crates.io crate gpui-box-kit 0.1.1
[INFO] tweaked toml for crates.io crate gpui-box-kit 0.1.1 written to /workspace/builds/worker-3-tc1/source/Cargo.toml
[INFO] validating manifest of crates.io crate gpui-box-kit 0.1.1 on toolchain 3154cc1a3e6424e44f438a95007d043ed5ceaaf6
[INFO] running `Command { std: CARGO_HOME="/workspace/cargo-home" RUSTUP_HOME="/workspace/rustup-home" "/workspace/cargo-home/bin/cargo" "+3154cc1a3e6424e44f438a95007d043ed5ceaaf6" "metadata" "--manifest-path" "Cargo.toml" "--no-deps", kill_on_drop: false }`
[INFO] crate crates.io crate gpui-box-kit 0.1.1 already has a lockfile, it will not be regenerated
[INFO] running `Command { std: CARGO_HOME="/workspace/cargo-home" RUSTUP_HOME="/workspace/rustup-home" "/workspace/cargo-home/bin/cargo" "+3154cc1a3e6424e44f438a95007d043ed5ceaaf6" "fetch" "--manifest-path" "Cargo.toml", kill_on_drop: false }`
[INFO] [stderr]     Updating crates.io index
[INFO] [stderr]      Locking 16 packages to highest Rust 1.97 compatible versions
[INFO] [stderr]       Adding gpui-box v0.1.1
[INFO] [stderr]       Adding gpui-box-collections v0.1.1
[INFO] [stderr]       Adding gpui-box-http-client v0.1.1
[INFO] [stderr]       Adding gpui-box-kit-assets v0.1.1
[INFO] [stderr]       Adding gpui-box-kit-semantics v0.1.1
[INFO] [stderr]       Adding gpui-box-kit-theme v0.1.1
[INFO] [stderr]       Adding gpui-box-kit-tokens v0.1.1
[INFO] [stderr]       Adding gpui-box-macros v0.1.1
[INFO] [stderr]       Adding gpui-box-media v0.1.1
[INFO] [stderr]       Adding gpui-box-refineable v0.1.1
[INFO] [stderr]       Adding gpui-box-refineable-derive v0.1.1
[INFO] [stderr]       Adding gpui-box-scheduler v0.1.1
[INFO] [stderr]       Adding gpui-box-shared-string v0.1.1
[INFO] [stderr]       Adding gpui-box-sum-tree v0.1.1
[INFO] [stderr]       Adding gpui-box-util v0.1.1
[INFO] [stderr]       Adding gpui-box-util-macros v0.1.1
[INFO] [stderr]  Downloading crates ...
[INFO] [stderr]   Downloaded gpui-box-kit-theme v0.1.1
[INFO] [stderr]   Downloaded windows-capture v1.4.4
[INFO] [stderr]   Downloaded gpui-box-kit-tokens v0.1.1
[INFO] [stderr]   Downloaded taffy v0.12.2
[INFO] [stderr]   Downloaded gpui-box-util-macros v0.1.1
[INFO] [stderr]   Downloaded gpui-box-util v0.1.1
[INFO] [stderr]   Downloaded gpui-box-shared-string v0.1.1
[INFO] [stderr]   Downloaded gpui-box-sum-tree v0.1.1
[INFO] [stderr]   Downloaded gpui-box-scheduler v0.1.1
[INFO] [stderr]   Downloaded gpui-box-media v0.1.1
[INFO] [stderr]   Downloaded linktime-proc-macro v0.2.2
[INFO] [stderr]   Downloaded gpui-box v0.1.1
[INFO] [stderr]   Downloaded gpui-box-refineable v0.1.1
[INFO] [stderr]   Downloaded gpui-box-refineable-derive v0.1.1
[INFO] [stderr]   Downloaded ctor v1.0.12
[INFO] [stderr]   Downloaded link-section v0.19.2
[INFO] [stderr]   Downloaded gpui-box-http-client v0.1.1
[INFO] [stderr]   Downloaded gpui-box-collections v0.1.1
[INFO] [stderr]   Downloaded gpui-box-macros v0.1.1
[INFO] [stderr]   Downloaded gpui-box-kit-semantics v0.1.1
[INFO] [stderr]   Downloaded gpui-box-kit-assets v0.1.1
[INFO] running `Command { std: "docker" "create" "-v" "/var/lib/crater-agent-workspace/builds/worker-3-tc1/source:/opt/rustwide/workdir:ro,Z" "-v" "/var/lib/crater-agent-workspace/builds/worker-3-tc1/target:/opt/rustwide/target:rw,Z" "-v" "/var/lib/crater-agent-workspace/cargo-home:/opt/rustwide/cargo-home:ro,Z" "-v" "/var/lib/crater-agent-workspace/rustup-home:/opt/rustwide/rustup-home:ro,Z" "-m" "1610612736" "--network" "none" "ghcr.io/rust-lang/crates-build-env/linux@sha256:77db811e55d90add9212f6832c23229e3de5f1c1f9905e8cb07319ea15df73ac" "sleep" "infinity", kill_on_drop: false }`
[INFO] [stdout] ea04548f14bed95a238f1a43636ffd258d15eff1e7c2f2ac6012975b17fca7af
[INFO] running `Command { std: "docker" "start" "ea04548f14bed95a238f1a43636ffd258d15eff1e7c2f2ac6012975b17fca7af", kill_on_drop: false }`
[INFO] running `Command { std: "docker" "inspect" "ea04548f14bed95a238f1a43636ffd258d15eff1e7c2f2ac6012975b17fca7af", kill_on_drop: false }`
[INFO] running `Command { std: "docker" "exec" "-e" "SOURCE_DIR=/opt/rustwide/workdir" "-e" "CARGO_HOME=/opt/rustwide/cargo-home" "-e" "RUSTUP_HOME=/opt/rustwide/rustup-home" "-e" "CARGO_TARGET_DIR=/opt/rustwide/target" "-w" "/opt/rustwide/workdir" "--user" "0:0" "ea04548f14bed95a238f1a43636ffd258d15eff1e7c2f2ac6012975b17fca7af" "/opt/rustwide/cargo-home/bin/cargo" "+3154cc1a3e6424e44f438a95007d043ed5ceaaf6" "metadata" "--no-deps" "--format-version=1", kill_on_drop: false }`
[INFO] running `Command { std: "docker" "inspect" "ea04548f14bed95a238f1a43636ffd258d15eff1e7c2f2ac6012975b17fca7af", kill_on_drop: false }`
[INFO] running `Command { std: "docker" "exec" "-e" "SOURCE_DIR=/opt/rustwide/workdir" "-e" "CARGO_HOME=/opt/rustwide/cargo-home" "-e" "RUSTUP_HOME=/opt/rustwide/rustup-home" "-e" "CARGO_TARGET_DIR=/opt/rustwide/target" "-e" "CARGO_INCREMENTAL=0" "-e" "RUST_BACKTRACE=full" "-e" "RUSTFLAGS=--cap-lints=forbid -Znext-solver=coherence" "-e" "RUSTDOCFLAGS=--cap-lints=forbid" "-w" "/opt/rustwide/workdir" "--user" "0:0" "ea04548f14bed95a238f1a43636ffd258d15eff1e7c2f2ac6012975b17fca7af" "/opt/rustwide/cargo-home/bin/cargo" "+3154cc1a3e6424e44f438a95007d043ed5ceaaf6" "check" "--frozen" "--all" "--all-targets" "--message-format=json", kill_on_drop: false }`
[INFO] [stderr]    Compiling erased-serde v0.4.10
[INFO] [stderr]    Compiling num-traits v0.2.19
[INFO] [stderr]     Checking serde_fmt v1.1.0
[INFO] [stderr]    Compiling crossbeam-utils v0.8.22
[INFO] [stderr]    Compiling zerovec-derive v0.11.3
[INFO] [stderr]     Checking futures-core v0.3.33
[INFO] [stderr]     Checking bytemuck v1.25.2
[INFO] [stderr]    Compiling zerocopy v0.8.55
[INFO] [stderr]    Compiling zerocopy-derive v0.8.55
[INFO] [stderr]    Compiling serde_core v1.0.229
[INFO] [stderr]     Checking futures-sink v0.3.33
[INFO] [stderr]    Compiling object v0.39.1
[INFO] [stderr]     Checking serde v1.0.229
[INFO] [stderr]     Checking zerotrie v0.2.4
[INFO] [stderr]     Checking indexmap v2.14.0
[INFO] [stderr]     Checking crossbeam-epoch v0.9.20
[INFO] [stderr]     Checking value-bag-serde1 v1.13.2
[INFO] [stderr]     Checking value-bag v1.13.2
[INFO] [stderr]     Checking euclid v0.22.14
[INFO] [stderr]     Checking futures-channel v0.3.33
[INFO] [stderr]     Checking zerovec v0.11.6
[INFO] [stderr]     Checking log v0.4.33
[INFO] [stderr]    Compiling futures-macro v0.3.33
[INFO] [stderr]    Compiling serde_json v1.0.151
[INFO] [stderr]     Checking crossbeam-deque v0.8.7
[INFO] [stderr]    Compiling toml_parser v1.1.3+spec-1.1.0
[INFO] [stderr]     Checking rayon-core v1.13.0
[INFO] [stderr]     Checking lyon_geom v1.0.19
[INFO] [stderr]     Checking tinystr v0.8.3
[INFO] [stderr]     Checking icu_locale_core v2.2.0
[INFO] [stderr]     Checking potential_utf v0.1.5
[INFO] [stderr]     Checking futures-util v0.3.33
[INFO] [stderr]     Checking icu_collections v2.2.0
[INFO] [stderr]     Checking ttf-parser v0.25.1
[INFO] [stderr]    Compiling pulp v0.22.3
[INFO] [stderr]     Checking polycool v0.4.0
[INFO] [stderr]     Checking libbz2-rs-sys v0.2.5
[INFO] [stderr]     Checking icu_provider v2.2.0
[INFO] [stderr]     Checking icu_properties v2.2.0
[INFO] [stderr]     Checking icu_normalizer v2.2.0
[INFO] [stderr]     Checking quick-error v2.0.1
[INFO] [stderr]     Checking zune-core v0.5.1
[INFO] [stderr]     Checking fastrand v2.5.0
[INFO] [stderr]     Checking percent-encoding v2.3.2
[INFO] [stderr]     Checking weezl v0.1.12
[INFO] [stderr]    Compiling ref-cast v1.0.26
[INFO] [stderr]    Compiling convert_case v0.10.0
[INFO] [stderr]     Checking form_urlencoded v1.2.2
[INFO] [stderr]    Compiling serde_spanned v1.1.1
[INFO] [stderr]    Compiling toml_datetime v1.1.1+spec-1.1.0
[INFO] [stderr]     Checking zune-jpeg v0.5.15
[INFO] [stderr]     Checking tiny-skia-path v0.11.4
[INFO] [stderr]    Compiling toml v1.1.4+spec-1.1.0
[INFO] [stderr]     Checking bzip2 v0.6.1
[INFO] [stderr]     Checking kurbo v0.13.1
[INFO] [stderr]     Checking idna_adapter v1.2.2
[INFO] [stderr]     Checking lyon_path v1.0.19
[INFO] [stderr]     Checking num-complex v0.4.6
[INFO] [stderr]    Compiling pathfinder_simd v0.5.6
[INFO] [stderr]     Checking raw-cpuid v11.6.0
[INFO] [stderr]    Compiling stacker v0.1.25
[INFO] [stderr]    Compiling ref-cast-impl v1.0.26
[INFO] [stderr]     Checking futures-executor v0.3.33
[INFO] [stderr]    Compiling proc-macro-error-attr2 v2.0.0
[INFO] [stderr]     Checking futures v0.3.33
[INFO] [stderr]     Checking color_quant v1.1.0
[INFO] [stderr]    Compiling ar_archive_writer v0.5.3
[INFO] [stderr]     Checking reborrow v0.5.5
[INFO] [stderr]     Checking unicode-bidi-mirroring v0.4.0
[INFO] [stderr]     Checking byteorder v1.5.0
[INFO] [stderr]     Checking unicode-ccc v0.4.0
[INFO] [stderr]     Checking pulp-wasm-simd-flag v0.1.1
[INFO] [stderr]    Compiling heapless v0.9.3
[INFO] [stderr]     Checking unicode-properties v0.1.4
[INFO] [stderr]     Checking image-webp v0.2.4
[INFO] [stderr]     Checking hash32 v0.3.1
[INFO] [stderr]     Checking rustybuzz v0.20.1
[INFO] [stderr]     Checking png v0.17.16
[INFO] [stderr]     Checking svgtypes v0.16.1
[INFO] [stderr]     Checking compression-codecs v0.4.38
[INFO] [stderr]    Compiling derive_more-impl v2.1.1
[INFO] [stderr]    Compiling proc-macro-error2 v2.0.1
[INFO] [stderr]    Compiling psm v0.1.32
[INFO] [stderr]     Checking gif v0.14.2
[INFO] [stderr]    Compiling embed-resource v3.0.11
[INFO] [stderr]     Checking fontdb v0.23.0
[INFO] [stderr]     Checking idna v1.1.0
[INFO] [stderr]     Checking object v0.37.3
[INFO] [stderr]     Checking rayon v1.12.0
[INFO] [stderr]     Checking event-listener v5.4.2
[INFO] [stderr]     Checking simplecss v0.2.2
[INFO] [stderr]     Checking ppv-lite86 v0.2.21
[INFO] [stderr]     Checking half v2.7.1
[INFO] [stderr]    Compiling thiserror-impl v2.0.19
[INFO] [stderr]     Checking rand_chacha v0.9.0
[INFO] [stderr]     Checking zune-inflate v0.2.54
[INFO] [stderr]     Checking roxmltree v0.21.1
[INFO] [stderr]     Checking lebe v0.5.3
[INFO] [stderr]     Checking data-url v0.3.2
[INFO] [stderr]     Checking float_next_after v1.0.0
[INFO] [stderr]     Checking imagesize v0.14.0
[INFO] [stderr]     Checking fax v0.2.7
[INFO] [stderr]     Checking unicode-vo v0.1.0
[INFO] [stderr]     Checking xmlwriter v0.1.0
[INFO] [stderr]     Checking pico-args v0.5.0
[INFO] [stderr]     Checking tiff v0.11.3
[INFO] [stderr]     Checking moxcms v0.8.1
[INFO] [stderr]     Checking usvg v0.46.0
[INFO] [stderr]     Checking thiserror v2.0.19
[INFO] [stderr]     Checking serde_urlencoded v0.7.1
[INFO] [stderr]     Checking lyon_tessellation v1.0.20
[INFO] [stderr]     Checking chrono v0.4.45
[INFO] [stderr]     Checking derive_more v2.1.1
[INFO] [stderr]     Checking uuid v1.24.0
[INFO] [stderr]     Checking schemars v1.2.2
[INFO] [stderr]     Checking rand v0.9.5
[INFO] [stderr]     Checking tracing v0.1.44
[INFO] [stderr]     Checking flume v0.12.0
[INFO] [stderr]     Checking event-listener-strategy v0.5.4
[INFO] [stderr]     Checking url v2.5.8
[INFO] [stderr]    Compiling gpui-box v0.1.1
[INFO] [stderr]     Checking tiny-skia v0.11.4
[INFO] [stderr]    Compiling stacksafe-macro v0.1.4
[INFO] [stderr]     Checking async-compression v0.4.43
[INFO] [stderr]    Compiling strum_macros v0.27.2
[INFO] [stderr]     Checking lyon_algorithms v1.0.20
[INFO] [stderr]     Checking backtrace v0.3.76
[INFO] [stderr]     Checking gpui-box-util v0.1.1
[INFO] [stderr]     Checking futures-lite v2.6.1
[INFO] [stderr]     Checking png v0.18.1
[INFO] [stderr]     Checking exr v1.74.2
[INFO] [stderr]     Checking concurrent-queue v2.5.0
[INFO] [stderr]     Checking crossbeam-queue v0.3.13
[INFO] [stderr]     Checking qoi v0.4.1
[INFO] [stderr]     Checking rgb v0.8.53
[INFO] [stderr]    Compiling profiling-procmacros v1.0.18
[INFO] [stderr]    Compiling enumn v0.1.14
[INFO] [stderr]    Compiling gpui-box-refineable-derive v0.1.1
[INFO] [stderr]     Checking link-section v0.19.2
[INFO] [stderr]     Checking fixedbitset v0.5.7
[INFO] [stderr]     Checking atomic v0.5.3
[INFO] [stderr]     Checking grid v1.0.1
[INFO] [stderr]     Checking pollster v0.2.5
[INFO] [stderr]    Compiling linktime-proc-macro v0.2.2
[INFO] [stderr]     Checking svg_fmt v0.4.5
[INFO] [stderr]     Checking gpui-box-collections v0.1.1
[INFO] [stderr]     Checking postage v0.5.0
[INFO] [stderr]     Checking taffy v0.12.2
[INFO] [stderr]     Checking etagere v0.2.15
[INFO] [stderr]     Checking gpui-box-refineable v0.1.1
[INFO] [stderr]     Checking gpui-box-shared-string v0.1.1
[INFO] [stderr]     Checking futures-concurrency v7.7.1
[INFO] [stderr]     Checking gpui-box-scheduler v0.1.1
[INFO] [stderr]     Checking resvg v0.46.0
[INFO] [stderr]     Checking accesskit v0.24.1
[INFO] [stderr]     Checking profiling v1.0.18
[INFO] [stderr]     Checking gpui-box-sum-tree v0.1.1
[INFO] [stderr]     Checking ctor v1.0.12
[INFO] [stderr]     Checking async-channel v2.5.0
[INFO] [stderr]     Checking lyon v1.0.19
[INFO] [stderr]     Checking gpui-box-http-client v0.1.1
[INFO] [stderr]     Checking pathfinder_geometry v0.5.1
[INFO] [stderr]     Checking strum v0.27.2
[INFO] [stderr]     Checking stacksafe v0.1.4
[INFO] [stderr]    Compiling gpui-box-macros v0.1.1
[INFO] [stderr]     Checking spin v0.10.1
[INFO] [stderr]    Compiling gpui-box-util-macros v0.1.1
[INFO] [stderr]     Checking num_cpus v1.17.0
[INFO] [stderr]     Checking inventory v0.3.24
[INFO] [stderr]     Checking raw-window-handle v0.6.2
[INFO] [stderr]     Checking waker-fn v1.2.0
[INFO] [stderr]     Checking seahash v4.1.0
[INFO] [stderr]    Compiling pulldown-cmark v0.13.4
[INFO] [stderr]     Checking gpui-box-kit-tokens v0.1.1
[INFO] [stderr]     Checking image v0.25.10
[INFO] [stderr]     Checking gpui-box-kit-assets v0.1.1
[INFO] [stderr]     Checking gpui-box-kit-semantics v0.1.1
[INFO] [stderr]     Checking gpui-box-kit-theme v0.1.1
[INFO] [stderr]     Checking gpui-box-kit v0.1.1 (/opt/rustwide/workdir)
[INFO] [stdout] error[E0433]: cannot find module or crate `gpui_kit_testkit` in this scope
[INFO] [stdout]   --> tests/form.rs:13:5
[INFO] [stdout]    |
[INFO] [stdout] 13 | use gpui_kit_testkit::harness::Harness;
[INFO] [stdout]    |     ^^^^^^^^^^^^^^^^ use of unresolved module or unlinked crate `gpui_kit_testkit`
[INFO] [stdout]    |
[INFO] [stdout]    = help: if you wanted to use a crate named `gpui_kit_testkit`, use `cargo add gpui_kit_testkit` to add it to your `Cargo.toml`
[INFO] [stdout] 
[INFO] [stdout] 
[INFO] [stdout] error[E0432]: unresolved import `gpui::TestAppContext`
[INFO] [stdout]  --> tests/form.rs:9:78
[INFO] [stdout]   |
[INFO] [stdout] 9 |     AppContext as _, Entity, InteractiveElement, IntoElement, ParentElement, TestAppContext, div,
[INFO] [stdout]   |                                                                              ^^^^^^^^^^^^^^ no `TestAppContext` in the root
[INFO] [stdout]   |
[INFO] [stdout] help: a similar name exists in the module
[INFO] [stdout]   |
[INFO] [stdout] 9 -     AppContext as _, Entity, InteractiveElement, IntoElement, ParentElement, TestAppContext, div,
[INFO] [stdout] 9 +     AppContext as _, Entity, InteractiveElement, IntoElement, ParentElement, AppContext, div,
[INFO] [stdout]   |
[INFO] [stdout] 
[INFO] [stdout] 
[INFO] [stdout] error[E0433]: cannot find `TestAppContext` in `gpui`
[INFO] [stdout]   --> tests/form.rs:56:1
[INFO] [stdout]    |
[INFO] [stdout] 56 | #[gpui::test]
[INFO] [stdout]    | ^^^^^^^^^^^^^ could not find `TestAppContext` in `gpui`
[INFO] [stdout]    |
[INFO] [stdout]    = note: this error originates in the attribute macro `gpui::test` (in Nightly builds, run with -Z macro-backtrace for more info)
[INFO] [stdout] help: a trait with a similar name exists
[INFO] [stdout]    |
[INFO] [stdout] 56 - #[gpui::test]
[INFO] [stdout] 56 + AppContext
[INFO] [stdout]    |
[INFO] [stdout] 
[INFO] [stdout] 
[INFO] [stdout] error[E0433]: cannot find module or crate `gpui_kit_testkit` in this scope
[INFO] [stdout]   --> tests/navigation.rs:10:5
[INFO] [stdout]    |
[INFO] [stdout] 10 | use gpui_kit_testkit::harness::Harness;
[INFO] [stdout]    |     ^^^^^^^^^^^^^^^^ use of unresolved module or unlinked crate `gpui_kit_testkit`
[INFO] [stdout]    |
[INFO] [stdout]    = help: if you wanted to use a crate named `gpui_kit_testkit`, use `cargo add gpui_kit_testkit` to add it to your `Cargo.toml`
[INFO] [stdout] 
[INFO] [stdout] 
[INFO] [stdout] error[E0432]: unresolved import `gpui::TestAppContext`
[INFO] [stdout]  --> tests/navigation.rs:7:39
[INFO] [stdout]   |
[INFO] [stdout] 7 | use gpui::{IntoElement, SharedString, TestAppContext, div, prelude::*};
[INFO] [stdout]   |                                       ^^^^^^^^^^^^^^ no `TestAppContext` in the root
[INFO] [stdout]   |
[INFO] [stdout] help: a similar name exists in the module
[INFO] [stdout]   |
[INFO] [stdout] 7 - use gpui::{IntoElement, SharedString, TestAppContext, div, prelude::*};
[INFO] [stdout] 7 + use gpui::{IntoElement, SharedString, AppContext, div, prelude::*};
[INFO] [stdout]   |
[INFO] [stdout] 
[INFO] [stdout] 
[INFO] [stdout] error[E0433]: cannot find `TestAppContext` in `gpui`
[INFO] [stdout]   --> tests/form.rs:72:1
[INFO] [stdout]    |
[INFO] [stdout] 72 | #[gpui::test]
[INFO] [stdout]    | ^^^^^^^^^^^^^ could not find `TestAppContext` in `gpui`
[INFO] [stdout]    |
[INFO] [stdout]    = note: this error originates in the attribute macro `gpui::test` (in Nightly builds, run with -Z macro-backtrace for more info)
[INFO] [stdout] help: a trait with a similar name exists
[INFO] [stdout]    |
[INFO] [stdout] 72 - #[gpui::test]
[INFO] [stdout] 72 + AppContext
[INFO] [stdout]    |
[INFO] [stdout] 
[INFO] [stdout] 
[INFO] [stdout] error[E0433]: cannot find module or crate `gpui_kit_testkit` in this scope
[INFO] [stdout]   --> tests/select.rs:11:5
[INFO] [stdout]    |
[INFO] [stdout] 11 | use gpui_kit_testkit::harness::Harness;
[INFO] [stdout]    |     ^^^^^^^^^^^^^^^^ use of unresolved module or unlinked crate `gpui_kit_testkit`
[INFO] [stdout]    |
[INFO] [stdout]    = help: if you wanted to use a crate named `gpui_kit_testkit`, use `cargo add gpui_kit_testkit` to add it to your `Cargo.toml`
[INFO] [stdout] 
[INFO] [stdout] 
[INFO] [stdout] error[E0432]: unresolved import `gpui::TestAppContext`
[INFO] [stdout]  --> tests/select.rs:8:5
[INFO] [stdout]   |
[INFO] [stdout] 8 |     TestAppContext, div, prelude::*, px, size,
[INFO] [stdout]   |     ^^^^^^^^^^^^^^ no `TestAppContext` in the root
[INFO] [stdout]   |
[INFO] [stdout] help: a similar name exists in the module
[INFO] [stdout]   |
[INFO] [stdout] 8 -     TestAppContext, div, prelude::*, px, size,
[INFO] [stdout] 8 +     AppContext, div, prelude::*, px, size,
[INFO] [stdout]   |
[INFO] [stdout] 
[INFO] [stdout] 
[INFO] [stdout] error[E0433]: cannot find `TestAppContext` in `gpui`
[INFO] [stdout]   --> tests/form.rs:80:1
[INFO] [stdout]    |
[INFO] [stdout] 80 | #[gpui::test]
[INFO] [stdout]    | ^^^^^^^^^^^^^ could not find `TestAppContext` in `gpui`
[INFO] [stdout]    |
[INFO] [stdout]    = note: this error originates in the attribute macro `gpui::test` (in Nightly builds, run with -Z macro-backtrace for more info)
[INFO] [stdout] help: a trait with a similar name exists
[INFO] [stdout]    |
[INFO] [stdout] 80 - #[gpui::test]
[INFO] [stdout] 80 + AppContext
[INFO] [stdout]    |
[INFO] [stdout] 
[INFO] [stdout] 
[INFO] [stdout] error[E0433]: cannot find module or crate `gpui_kit_testkit` in this scope
[INFO] [stdout]   --> tests/messages.rs:11:5
[INFO] [stdout]    |
[INFO] [stdout] 11 | use gpui_kit_testkit::harness::Harness;
[INFO] [stdout]    |     ^^^^^^^^^^^^^^^^ use of unresolved module or unlinked crate `gpui_kit_testkit`
[INFO] [stdout]    |
[INFO] [stdout]    = help: if you wanted to use a crate named `gpui_kit_testkit`, use `cargo add gpui_kit_testkit` to add it to your `Cargo.toml`
[INFO] [stdout] 
[INFO] [stdout] 
[INFO] [stdout] error[E0432]: unresolved import `gpui::TestAppContext`
[INFO] [stdout]  --> tests/messages.rs:8:25
[INFO] [stdout]   |
[INFO] [stdout] 8 | use gpui::{IntoElement, TestAppContext};
[INFO] [stdout]   |                         ^^^^^^^^^^^^^^ no `TestAppContext` in the root
[INFO] [stdout]   |
[INFO] [stdout] help: a similar name exists in the module
[INFO] [stdout]   |
[INFO] [stdout] 8 - use gpui::{IntoElement, TestAppContext};
[INFO] [stdout] 8 + use gpui::{IntoElement, AppContext};
[INFO] [stdout]   |
[INFO] [stdout] 
[INFO] [stdout] 
[INFO] [stdout] error[E0433]: cannot find `TestAppContext` in `gpui`
[INFO] [stdout]   --> tests/navigation.rs:42:1
[INFO] [stdout]    |
[INFO] [stdout] 42 | #[gpui::test]
[INFO] [stdout]    | ^^^^^^^^^^^^^ could not find `TestAppContext` in `gpui`
[INFO] [stdout]    |
[INFO] [stdout]    = note: this error originates in the attribute macro `gpui::test` (in Nightly builds, run with -Z macro-backtrace for more info)
[INFO] [stdout] help: a trait with a similar name exists
[INFO] [stdout]    |
[INFO] [stdout] 42 - #[gpui::test]
[INFO] [stdout] 42 + AppContext
[INFO] [stdout]    |
[INFO] [stdout] 
[INFO] [stdout] 
[INFO] [stdout] error[E0433]: cannot find `TestAppContext` in `gpui`
[INFO] [stdout]    --> tests/form.rs:112:1
[INFO] [stdout]     |
[INFO] [stdout] 112 | #[gpui::test]
[INFO] [stdout]     | ^^^^^^^^^^^^^ could not find `TestAppContext` in `gpui`
[INFO] [stdout]     |
[INFO] [stdout]     = note: this error originates in the attribute macro `gpui::test` (in Nightly builds, run with -Z macro-backtrace for more info)
[INFO] [stdout] help: a trait with a similar name exists
[INFO] [stdout]     |
[INFO] [stdout] 112 - #[gpui::test]
[INFO] [stdout] 112 + AppContext
[INFO] [stdout]     |
[INFO] [stdout] 
[INFO] [stdout] 
[INFO] [stdout] error[E0433]: cannot find module or crate `gpui_kit_testkit` in this scope
[INFO] [stdout]   --> tests/layout.rs:14:5
[INFO] [stdout]    |
[INFO] [stdout] 14 | use gpui_kit_testkit::harness::Harness;
[INFO] [stdout]    |     ^^^^^^^^^^^^^^^^ use of unresolved module or unlinked crate `gpui_kit_testkit`
[INFO] [stdout]    |
[INFO] [stdout]    = help: if you wanted to use a crate named `gpui_kit_testkit`, use `cargo add gpui_kit_testkit` to add it to your `Cargo.toml`
[INFO] [stdout] 
[INFO] [stdout] 
[INFO] [stdout] error[E0432]: unresolved import `gpui::TestAppContext`
[INFO] [stdout]  --> tests/layout.rs:8:79
[INFO] [stdout]   |
[INFO] [stdout] 8 |     Entity, IntoElement, Modifiers, MouseButton, Pixels, Point, SharedString, TestAppContext, div,
[INFO] [stdout]   |                                                                               ^^^^^^^^^^^^^^ no `TestAppContext` in the root
[INFO] [stdout]   |
[INFO] [stdout] help: a similar name exists in the module
[INFO] [stdout]   |
[INFO] [stdout] 8 -     Entity, IntoElement, Modifiers, MouseButton, Pixels, Point, SharedString, TestAppContext, div,
[INFO] [stdout] 8 +     Entity, IntoElement, Modifiers, MouseButton, Pixels, Point, SharedString, AppContext, div,
[INFO] [stdout]   |
[INFO] [stdout] 
[INFO] [stdout] 
[INFO] [stdout] error[E0433]: cannot find module or crate `gpui_kit_testkit` in this scope
[INFO] [stdout]   --> tests/grid.rs:10:5
[INFO] [stdout]    |
[INFO] [stdout] 10 | use gpui_kit_testkit::harness::Harness;
[INFO] [stdout]    |     ^^^^^^^^^^^^^^^^ use of unresolved module or unlinked crate `gpui_kit_testkit`
[INFO] [stdout]    |
[INFO] [stdout]    = help: if you wanted to use a crate named `gpui_kit_testkit`, use `cargo add gpui_kit_testkit` to add it to your `Cargo.toml`
[INFO] [stdout] 
[INFO] [stdout] 
[INFO] [stdout] error[E0432]: unresolved import `gpui::TestAppContext`
[INFO] [stdout]  --> tests/grid.rs:7:65
[INFO] [stdout]   |
[INFO] [stdout] 7 | use gpui::{IntoElement, Modifiers, ParentElement, SharedString, TestAppContext, px};
[INFO] [stdout]   |                                                                 ^^^^^^^^^^^^^^ no `TestAppContext` in the root
[INFO] [stdout]   |
[INFO] [stdout] help: a similar name exists in the module
[INFO] [stdout]   |
[INFO] [stdout] 7 - use gpui::{IntoElement, Modifiers, ParentElement, SharedString, TestAppContext, px};
[INFO] [stdout] 7 + use gpui::{IntoElement, Modifiers, ParentElement, SharedString, AppContext, px};
[INFO] [stdout]   |
[INFO] [stdout] 
[INFO] [stdout] 
[INFO] [stdout] error[E0433]: cannot find `TestAppContext` in `gpui`
[INFO] [stdout]   --> tests/select.rs:44:1
[INFO] [stdout]    |
[INFO] [stdout] 44 | #[gpui::test]
[INFO] [stdout]    | ^^^^^^^^^^^^^ could not find `TestAppContext` in `gpui`
[INFO] [stdout]    |
[INFO] [stdout]    = note: this error originates in the attribute macro `gpui::test` (in Nightly builds, run with -Z macro-backtrace for more info)
[INFO] [stdout] help: a trait with a similar name exists
[INFO] [stdout]    |
[INFO] [stdout] 44 - #[gpui::test]
[INFO] [stdout] 44 + AppContext
[INFO] [stdout]    |
[INFO] [stdout] 
[INFO] [stdout] 
[INFO] [stdout] error[E0433]: cannot find `TestAppContext` in `gpui`
[INFO] [stdout]   --> tests/navigation.rs:66:1
[INFO] [stdout]    |
[INFO] [stdout] 66 | #[gpui::test]
[INFO] [stdout]    | ^^^^^^^^^^^^^ could not find `TestAppContext` in `gpui`
[INFO] [stdout]    |
[INFO] [stdout]    = note: this error originates in the attribute macro `gpui::test` (in Nightly builds, run with -Z macro-backtrace for more info)
[INFO] [stdout] help: a trait with a similar name exists
[INFO] [stdout]    |
[INFO] [stdout] 66 - #[gpui::test]
[INFO] [stdout] 66 + AppContext
[INFO] [stdout]    |
[INFO] [stdout] 
[INFO] [stdout] 
[INFO] [stdout] error[E0433]: cannot find `TestAppContext` in `gpui`
[INFO] [stdout]    --> tests/form.rs:127:1
[INFO] [stdout]     |
[INFO] [stdout] 127 | #[gpui::test]
[INFO] [stdout]     | ^^^^^^^^^^^^^ could not find `TestAppContext` in `gpui`
[INFO] [stdout]     |
[INFO] [stdout]     = note: this error originates in the attribute macro `gpui::test` (in Nightly builds, run with -Z macro-backtrace for more info)
[INFO] [stdout] help: a trait with a similar name exists
[INFO] [stdout]     |
[INFO] [stdout] 127 - #[gpui::test]
[INFO] [stdout] 127 + AppContext
[INFO] [stdout]     |
[INFO] [stdout] 
[INFO] [stdout] 
[INFO] [stdout] error[E0433]: cannot find `TestAppContext` in `gpui`
[INFO] [stdout]   --> tests/messages.rs:58:1
[INFO] [stdout]    |
[INFO] [stdout] 58 | #[gpui::test]
[INFO] [stdout]    | ^^^^^^^^^^^^^ could not find `TestAppContext` in `gpui`
[INFO] [stdout]    |
[INFO] [stdout]    = note: this error originates in the attribute macro `gpui::test` (in Nightly builds, run with -Z macro-backtrace for more info)
[INFO] [stdout] help: a trait with a similar name exists
[INFO] [stdout]    |
[INFO] [stdout] 58 - #[gpui::test]
[INFO] [stdout] 58 + AppContext
[INFO] [stdout]    |
[INFO] [stdout] 
[INFO] [stdout] 
[INFO] [stdout] error[E0433]: cannot find `TestAppContext` in `gpui`
[INFO] [stdout]    --> tests/layout.rs:101:1
[INFO] [stdout]     |
[INFO] [stdout] 101 | #[gpui::test]
[INFO] [stdout]     | ^^^^^^^^^^^^^ could not find `TestAppContext` in `gpui`
[INFO] [stdout]     |
[INFO] [stdout]     = note: this error originates in the attribute macro `gpui::test` (in Nightly builds, run with -Z macro-backtrace for more info)
[INFO] [stdout] help: a trait with a similar name exists
[INFO] [stdout]     |
[INFO] [stdout] 101 - #[gpui::test]
[INFO] [stdout] 101 + AppContext
[INFO] [stdout]     |
[INFO] [stdout] 
[INFO] [stdout] 
[INFO] [stdout] error[E0433]: cannot find `TestAppContext` in `gpui`
[INFO] [stdout]   --> tests/select.rs:57:1
[INFO] [stdout]    |
[INFO] [stdout] 57 | #[gpui::test]
[INFO] [stdout]    | ^^^^^^^^^^^^^ could not find `TestAppContext` in `gpui`
[INFO] [stdout]    |
[INFO] [stdout]    = note: this error originates in the attribute macro `gpui::test` (in Nightly builds, run with -Z macro-backtrace for more info)
[INFO] [stdout] help: a trait with a similar name exists
[INFO] [stdout]    |
[INFO] [stdout] 57 - #[gpui::test]
[INFO] [stdout] 57 + AppContext
[INFO] [stdout]    |
[INFO] [stdout] 
[INFO] [stdout] 
[INFO] [stdout] error[E0433]: cannot find module or crate `gpui_kit_testkit` in this scope
[INFO] [stdout]   --> tests/media.rs:16:5
[INFO] [stdout]    |
[INFO] [stdout] 16 | use gpui_kit_testkit::harness::Harness;
[INFO] [stdout]    |     ^^^^^^^^^^^^^^^^ use of unresolved module or unlinked crate `gpui_kit_testkit`
[INFO] [stdout]    |
[INFO] [stdout]    = help: if you wanted to use a crate named `gpui_kit_testkit`, use `cargo add gpui_kit_testkit` to add it to your `Cargo.toml`
[INFO] [stdout] 
[INFO] [stdout] 
[INFO] [stdout] error[E0432]: unresolved import `gpui::TestAppContext`
[INFO] [stdout]   --> tests/media.rs:12:52
[INFO] [stdout]    |
[INFO] [stdout] 12 |     IntoElement, Modifiers, ParentElement, Styled, TestAppContext, TouchPhase, div, point, px,
[INFO] [stdout]    |                                                    ^^^^^^^^^^^^^^ no `TestAppContext` in the root
[INFO] [stdout]    |
[INFO] [stdout] help: a similar name exists in the module
[INFO] [stdout]    |
[INFO] [stdout] 12 -     IntoElement, Modifiers, ParentElement, Styled, TestAppContext, TouchPhase, div, point, px,
[INFO] [stdout] 12 +     IntoElement, Modifiers, ParentElement, Styled, AppContext, TouchPhase, div, point, px,
[INFO] [stdout]    |
[INFO] [stdout] 
[INFO] [stdout] 
[INFO] [stdout] error[E0433]: cannot find `TestAppContext` in `gpui`
[INFO] [stdout]    --> tests/form.rs:157:1
[INFO] [stdout]     |
[INFO] [stdout] 157 | #[gpui::test]
[INFO] [stdout]     | ^^^^^^^^^^^^^ could not find `TestAppContext` in `gpui`
[INFO] [stdout]     |
[INFO] [stdout]     = note: this error originates in the attribute macro `gpui::test` (in Nightly builds, run with -Z macro-backtrace for more info)
[INFO] [stdout] help: a trait with a similar name exists
[INFO] [stdout]     |
[INFO] [stdout] 157 - #[gpui::test]
[INFO] [stdout] 157 + AppContext
[INFO] [stdout]     |
[INFO] [stdout] 
[INFO] [stdout] 
[INFO] [stdout] error[E0433]: cannot find `TestAppContext` in `gpui`
[INFO] [stdout]    --> tests/grid.rs:208:1
[INFO] [stdout]     |
[INFO] [stdout] 208 | #[gpui::test]
[INFO] [stdout]     | ^^^^^^^^^^^^^ could not find `TestAppContext` in `gpui`
[INFO] [stdout]     |
[INFO] [stdout]     = note: this error originates in the attribute macro `gpui::test` (in Nightly builds, run with -Z macro-backtrace for more info)
[INFO] [stdout] help: a trait with a similar name exists
[INFO] [stdout]     |
[INFO] [stdout] 208 - #[gpui::test]
[INFO] [stdout] 208 + AppContext
[INFO] [stdout]     |
[INFO] [stdout] 
[INFO] [stdout] 
[INFO] [stdout] error[E0433]: cannot find `TestAppContext` in `gpui`
[INFO] [stdout]   --> tests/navigation.rs:76:1
[INFO] [stdout]    |
[INFO] [stdout] 76 | #[gpui::test]
[INFO] [stdout]    | ^^^^^^^^^^^^^ could not find `TestAppContext` in `gpui`
[INFO] [stdout]    |
[INFO] [stdout]    = note: this error originates in the attribute macro `gpui::test` (in Nightly builds, run with -Z macro-backtrace for more info)
[INFO] [stdout] help: a trait with a similar name exists
[INFO] [stdout]    |
[INFO] [stdout] 76 - #[gpui::test]
[INFO] [stdout] 76 + AppContext
[INFO] [stdout]    |
[INFO] [stdout] 
[INFO] [stdout] 
[INFO] [stdout] error[E0433]: cannot find `TestAppContext` in `gpui`
[INFO] [stdout]   --> tests/messages.rs:91:1
[INFO] [stdout]    |
[INFO] [stdout] 91 | #[gpui::test]
[INFO] [stdout]    | ^^^^^^^^^^^^^ could not find `TestAppContext` in `gpui`
[INFO] [stdout]    |
[INFO] [stdout]    = note: this error originates in the attribute macro `gpui::test` (in Nightly builds, run with -Z macro-backtrace for more info)
[INFO] [stdout] help: a trait with a similar name exists
[INFO] [stdout]    |
[INFO] [stdout] 91 - #[gpui::test]
[INFO] [stdout] 91 + AppContext
[INFO] [stdout]    |
[INFO] [stdout] 
[INFO] [stdout] 
[INFO] [stdout] error[E0433]: cannot find `TestAppContext` in `gpui`
[INFO] [stdout]    --> tests/layout.rs:123:1
[INFO] [stdout]     |
[INFO] [stdout] 123 | #[gpui::test]
[INFO] [stdout]     | ^^^^^^^^^^^^^ could not find `TestAppContext` in `gpui`
[INFO] [stdout]     |
[INFO] [stdout]     = note: this error originates in the attribute macro `gpui::test` (in Nightly builds, run with -Z macro-backtrace for more info)
[INFO] [stdout] help: a trait with a similar name exists
[INFO] [stdout]     |
[INFO] [stdout] 123 - #[gpui::test]
[INFO] [stdout] 123 + AppContext
[INFO] [stdout]     |
[INFO] [stdout] 
[INFO] [stdout] 
[INFO] [stdout] error[E0433]: cannot find `TestAppContext` in `gpui`
[INFO] [stdout]   --> tests/select.rs:93:1
[INFO] [stdout]    |
[INFO] [stdout] 93 | #[gpui::test]
[INFO] [stdout]    | ^^^^^^^^^^^^^ could not find `TestAppContext` in `gpui`
[INFO] [stdout]    |
[INFO] [stdout]    = note: this error originates in the attribute macro `gpui::test` (in Nightly builds, run with -Z macro-backtrace for more info)
[INFO] [stdout] help: a trait with a similar name exists
[INFO] [stdout]    |
[INFO] [stdout] 93 - #[gpui::test]
[INFO] [stdout] 93 + AppContext
[INFO] [stdout]    |
[INFO] [stdout] 
[INFO] [stdout] 
[INFO] [stdout] error[E0433]: cannot find `TestAppContext` in `gpui`
[INFO] [stdout]   --> tests/media.rs:66:1
[INFO] [stdout]    |
[INFO] [stdout] 66 | #[gpui::test]
[INFO] [stdout]    | ^^^^^^^^^^^^^ could not find `TestAppContext` in `gpui`
[INFO] [stdout]    |
[INFO] [stdout]    = note: this error originates in the attribute macro `gpui::test` (in Nightly builds, run with -Z macro-backtrace for more info)
[INFO] [stdout] help: a trait with a similar name exists
[INFO] [stdout]    |
[INFO] [stdout] 66 - #[gpui::test]
[INFO] [stdout] 66 + AppContext
[INFO] [stdout]    |
[INFO] [stdout] 
[INFO] [stdout] 
[INFO] [stdout] error[E0433]: cannot find `TestAppContext` in `gpui`
[INFO] [stdout]    --> tests/form.rs:173:1
[INFO] [stdout]     |
[INFO] [stdout] 173 | #[gpui::test]
[INFO] [stdout]     | ^^^^^^^^^^^^^ could not find `TestAppContext` in `gpui`
[INFO] [stdout]     |
[INFO] [stdout]     = note: this error originates in the attribute macro `gpui::test` (in Nightly builds, run with -Z macro-backtrace for more info)
[INFO] [stdout] help: a trait with a similar name exists
[INFO] [stdout]     |
[INFO] [stdout] 173 - #[gpui::test]
[INFO] [stdout] 173 + AppContext
[INFO] [stdout]     |
[INFO] [stdout] 
[INFO] [stdout] 
[INFO] [stdout] error[E0433]: cannot find `TestAppContext` in `gpui`
[INFO] [stdout]   --> tests/navigation.rs:91:1
[INFO] [stdout]    |
[INFO] [stdout] 91 | #[gpui::test]
[INFO] [stdout]    | ^^^^^^^^^^^^^ could not find `TestAppContext` in `gpui`
[INFO] [stdout]    |
[INFO] [stdout]    = note: this error originates in the attribute macro `gpui::test` (in Nightly builds, run with -Z macro-backtrace for more info)
[INFO] [stdout] help: a trait with a similar name exists
[INFO] [stdout]    |
[INFO] [stdout] 91 - #[gpui::test]
[INFO] [stdout] 91 + AppContext
[INFO] [stdout]    |
[INFO] [stdout] 
[INFO] [stdout] 
[INFO] [stdout] error[E0433]: cannot find `TestAppContext` in `gpui`
[INFO] [stdout]    --> tests/grid.rs:241:1
[INFO] [stdout]     |
[INFO] [stdout] 241 | #[gpui::test]
[INFO] [stdout]     | ^^^^^^^^^^^^^ could not find `TestAppContext` in `gpui`
[INFO] [stdout]     |
[INFO] [stdout]     = note: this error originates in the attribute macro `gpui::test` (in Nightly builds, run with -Z macro-backtrace for more info)
[INFO] [stdout] help: a trait with a similar name exists
[INFO] [stdout]     |
[INFO] [stdout] 241 - #[gpui::test]
[INFO] [stdout] 241 + AppContext
[INFO] [stdout]     |
[INFO] [stdout] 
[INFO] [stdout] 
[INFO] [stdout] error[E0433]: cannot find `TestAppContext` in `gpui`
[INFO] [stdout]    --> tests/layout.rs:137:1
[INFO] [stdout]     |
[INFO] [stdout] 137 | #[gpui::test]
[INFO] [stdout]     | ^^^^^^^^^^^^^ could not find `TestAppContext` in `gpui`
[INFO] [stdout]     |
[INFO] [stdout]     = note: this error originates in the attribute macro `gpui::test` (in Nightly builds, run with -Z macro-backtrace for more info)
[INFO] [stdout] help: a trait with a similar name exists
[INFO] [stdout]     |
[INFO] [stdout] 137 - #[gpui::test]
[INFO] [stdout] 137 + AppContext
[INFO] [stdout]     |
[INFO] [stdout] 
[INFO] [stdout] 
[INFO] [stdout] error[E0433]: cannot find `TestAppContext` in `gpui`
[INFO] [stdout]    --> tests/messages.rs:109:1
[INFO] [stdout]     |
[INFO] [stdout] 109 | #[gpui::test]
[INFO] [stdout]     | ^^^^^^^^^^^^^ could not find `TestAppContext` in `gpui`
[INFO] [stdout]     |
[INFO] [stdout]     = note: this error originates in the attribute macro `gpui::test` (in Nightly builds, run with -Z macro-backtrace for more info)
[INFO] [stdout] help: a trait with a similar name exists
[INFO] [stdout]     |
[INFO] [stdout] 109 - #[gpui::test]
[INFO] [stdout] 109 + AppContext
[INFO] [stdout]     |
[INFO] [stdout] 
[INFO] [stdout] 
[INFO] [stdout] error[E0433]: cannot find `TestAppContext` in `gpui`
[INFO] [stdout]    --> tests/select.rs:119:1
[INFO] [stdout]     |
[INFO] [stdout] 119 | #[gpui::test]
[INFO] [stdout]     | ^^^^^^^^^^^^^ could not find `TestAppContext` in `gpui`
[INFO] [stdout]     |
[INFO] [stdout]     = note: this error originates in the attribute macro `gpui::test` (in Nightly builds, run with -Z macro-backtrace for more info)
[INFO] [stdout] help: a trait with a similar name exists
[INFO] [stdout]     |
[INFO] [stdout] 119 - #[gpui::test]
[INFO] [stdout] 119 + AppContext
[INFO] [stdout]     |
[INFO] [stdout] 
[INFO] [stdout] 
[INFO] [stdout] error[E0433]: cannot find `TestAppContext` in `gpui`
[INFO] [stdout]    --> tests/navigation.rs:110:1
[INFO] [stdout]     |
[INFO] [stdout] 110 | #[gpui::test]
[INFO] [stdout]     | ^^^^^^^^^^^^^ could not find `TestAppContext` in `gpui`
[INFO] [stdout]     |
[INFO] [stdout]     = note: this error originates in the attribute macro `gpui::test` (in Nightly builds, run with -Z macro-backtrace for more info)
[INFO] [stdout] help: a trait with a similar name exists
[INFO] [stdout]     |
[INFO] [stdout] 110 - #[gpui::test]
[INFO] [stdout] 110 + AppContext
[INFO] [stdout]     |
[INFO] [stdout] 
[INFO] [stdout] 
[INFO] [stdout] error[E0433]: cannot find `TestAppContext` in `gpui`
[INFO] [stdout]    --> tests/form.rs:192:1
[INFO] [stdout]     |
[INFO] [stdout] 192 | #[gpui::test]
[INFO] [stdout]     | ^^^^^^^^^^^^^ could not find `TestAppContext` in `gpui`
[INFO] [stdout]     |
[INFO] [stdout]     = note: this error originates in the attribute macro `gpui::test` (in Nightly builds, run with -Z macro-backtrace for more info)
[INFO] [stdout] help: a trait with a similar name exists
[INFO] [stdout]     |
[INFO] [stdout] 192 - #[gpui::test]
[INFO] [stdout] 192 + AppContext
[INFO] [stdout]     |
[INFO] [stdout] 
[INFO] [stdout] 
[INFO] [stdout] error[E0433]: cannot find `TestAppContext` in `gpui`
[INFO] [stdout]   --> tests/media.rs:86:1
[INFO] [stdout]    |
[INFO] [stdout] 86 | #[gpui::test]
[INFO] [stdout]    | ^^^^^^^^^^^^^ could not find `TestAppContext` in `gpui`
[INFO] [stdout]    |
[INFO] [stdout]    = note: this error originates in the attribute macro `gpui::test` (in Nightly builds, run with -Z macro-backtrace for more info)
[INFO] [stdout] help: a trait with a similar name exists
[INFO] [stdout]    |
[INFO] [stdout] 86 - #[gpui::test]
[INFO] [stdout] 86 + AppContext
[INFO] [stdout]    |
[INFO] [stdout] 
[INFO] [stdout] 
[INFO] [stdout] error[E0433]: cannot find `TestAppContext` in `gpui`
[INFO] [stdout]    --> tests/layout.rs:155:1
[INFO] [stdout]     |
[INFO] [stdout] 155 | #[gpui::test]
[INFO] [stdout]     | ^^^^^^^^^^^^^ could not find `TestAppContext` in `gpui`
[INFO] [stdout]     |
[INFO] [stdout]     = note: this error originates in the attribute macro `gpui::test` (in Nightly builds, run with -Z macro-backtrace for more info)
[INFO] [stdout] help: a trait with a similar name exists
[INFO] [stdout]     |
[INFO] [stdout] 155 - #[gpui::test]
[INFO] [stdout] 155 + AppContext
[INFO] [stdout]     |
[INFO] [stdout] 
[INFO] [stdout] 
[INFO] [stdout] error[E0433]: cannot find `TestAppContext` in `gpui`
[INFO] [stdout]    --> tests/grid.rs:255:1
[INFO] [stdout]     |
[INFO] [stdout] 255 | #[gpui::test]
[INFO] [stdout]     | ^^^^^^^^^^^^^ could not find `TestAppContext` in `gpui`
[INFO] [stdout]     |
[INFO] [stdout]     = note: this error originates in the attribute macro `gpui::test` (in Nightly builds, run with -Z macro-backtrace for more info)
[INFO] [stdout] help: a trait with a similar name exists
[INFO] [stdout]     |
[INFO] [stdout] 255 - #[gpui::test]
[INFO] [stdout] 255 + AppContext
[INFO] [stdout]     |
[INFO] [stdout] 
[INFO] [stdout] 
[INFO] [stdout] error[E0433]: cannot find `TestAppContext` in `gpui`
[INFO] [stdout]    --> tests/messages.rs:128:1
[INFO] [stdout]     |
[INFO] [stdout] 128 | #[gpui::test]
[INFO] [stdout]     | ^^^^^^^^^^^^^ could not find `TestAppContext` in `gpui`
[INFO] [stdout]     |
[INFO] [stdout]     = note: this error originates in the attribute macro `gpui::test` (in Nightly builds, run with -Z macro-backtrace for more info)
[INFO] [stdout] help: a trait with a similar name exists
[INFO] [stdout]     |
[INFO] [stdout] 128 - #[gpui::test]
[INFO] [stdout] 128 + AppContext
[INFO] [stdout]     |
[INFO] [stdout] 
[INFO] [stdout] 
[INFO] [stdout] error[E0433]: cannot find `TestAppContext` in `gpui`
[INFO] [stdout]    --> tests/select.rs:159:1
[INFO] [stdout]     |
[INFO] [stdout] 159 | #[gpui::test]
[INFO] [stdout]     | ^^^^^^^^^^^^^ could not find `TestAppContext` in `gpui`
[INFO] [stdout]     |
[INFO] [stdout]     = note: this error originates in the attribute macro `gpui::test` (in Nightly builds, run with -Z macro-backtrace for more info)
[INFO] [stdout] help: a trait with a similar name exists
[INFO] [stdout]     |
[INFO] [stdout] 159 - #[gpui::test]
[INFO] [stdout] 159 + AppContext
[INFO] [stdout]     |
[INFO] [stdout] 
[INFO] [stdout] 
[INFO] [stdout] error[E0433]: cannot find `TestAppContext` in `gpui`
[INFO] [stdout]    --> tests/navigation.rs:126:1
[INFO] [stdout]     |
[INFO] [stdout] 126 | #[gpui::test]
[INFO] [stdout]     | ^^^^^^^^^^^^^ could not find `TestAppContext` in `gpui`
[INFO] [stdout]     |
[INFO] [stdout]     = note: this error originates in the attribute macro `gpui::test` (in Nightly builds, run with -Z macro-backtrace for more info)
[INFO] [stdout] help: a trait with a similar name exists
[INFO] [stdout]     |
[INFO] [stdout] 126 - #[gpui::test]
[INFO] [stdout] 126 + AppContext
[INFO] [stdout]     |
[INFO] [stdout] 
[INFO] [stdout] 
[INFO] [stdout] error[E0433]: cannot find `TestAppContext` in `gpui`
[INFO] [stdout]    --> tests/form.rs:214:1
[INFO] [stdout]     |
[INFO] [stdout] 214 | #[gpui::test]
[INFO] [stdout]     | ^^^^^^^^^^^^^ could not find `TestAppContext` in `gpui`
[INFO] [stdout]     |
[INFO] [stdout]     = note: this error originates in the attribute macro `gpui::test` (in Nightly builds, run with -Z macro-backtrace for more info)
[INFO] [stdout] help: a trait with a similar name exists
[INFO] [stdout]     |
[INFO] [stdout] 214 - #[gpui::test]
[INFO] [stdout] 214 + AppContext
[INFO] [stdout]     |
[INFO] [stdout] 
[INFO] [stdout] 
[INFO] [stdout] error[E0433]: cannot find `TestAppContext` in `gpui`
[INFO] [stdout]    --> tests/media.rs:106:1
[INFO] [stdout]     |
[INFO] [stdout] 106 | #[gpui::test]
[INFO] [stdout]     | ^^^^^^^^^^^^^ could not find `TestAppContext` in `gpui`
[INFO] [stdout]     |
[INFO] [stdout]     = note: this error originates in the attribute macro `gpui::test` (in Nightly builds, run with -Z macro-backtrace for more info)
[INFO] [stdout] help: a trait with a similar name exists
[INFO] [stdout]     |
[INFO] [stdout] 106 - #[gpui::test]
[INFO] [stdout] 106 + AppContext
[INFO] [stdout]     |
[INFO] [stdout] 
[INFO] [stdout] 
[INFO] [stdout] error[E0433]: cannot find `TestAppContext` in `gpui`
[INFO] [stdout]    --> tests/layout.rs:199:1
[INFO] [stdout]     |
[INFO] [stdout] 199 | #[gpui::test]
[INFO] [stdout]     | ^^^^^^^^^^^^^ could not find `TestAppContext` in `gpui`
[INFO] [stdout]     |
[INFO] [stdout]     = note: this error originates in the attribute macro `gpui::test` (in Nightly builds, run with -Z macro-backtrace for more info)
[INFO] [stdout] help: a trait with a similar name exists
[INFO] [stdout]     |
[INFO] [stdout] 199 - #[gpui::test]
[INFO] [stdout] 199 + AppContext
[INFO] [stdout]     |
[INFO] [stdout] 
[INFO] [stdout] 
[INFO] [stdout] error[E0433]: cannot find `TestAppContext` in `gpui`
[INFO] [stdout]    --> tests/grid.rs:304:1
[INFO] [stdout]     |
[INFO] [stdout] 304 | #[gpui::test]
[INFO] [stdout]     | ^^^^^^^^^^^^^ could not find `TestAppContext` in `gpui`
[INFO] [stdout]     |
[INFO] [stdout]     = note: this error originates in the attribute macro `gpui::test` (in Nightly builds, run with -Z macro-backtrace for more info)
[INFO] [stdout] help: a trait with a similar name exists
[INFO] [stdout]     |
[INFO] [stdout] 304 - #[gpui::test]
[INFO] [stdout] 304 + AppContext
[INFO] [stdout]     |
[INFO] [stdout] 
[INFO] [stdout] 
[INFO] [stdout] error[E0433]: cannot find `TestAppContext` in `gpui`
[INFO] [stdout]    --> tests/messages.rs:137:1
[INFO] [stdout]     |
[INFO] [stdout] 137 | #[gpui::test]
[INFO] [stdout]     | ^^^^^^^^^^^^^ could not find `TestAppContext` in `gpui`
[INFO] [stdout]     |
[INFO] [stdout]     = note: this error originates in the attribute macro `gpui::test` (in Nightly builds, run with -Z macro-backtrace for more info)
[INFO] [stdout] help: a trait with a similar name exists
[INFO] [stdout]     |
[INFO] [stdout] 137 - #[gpui::test]
[INFO] [stdout] 137 + AppContext
[INFO] [stdout]     |
[INFO] [stdout] 
[INFO] [stdout] 
[INFO] [stdout] error[E0433]: cannot find `TestAppContext` in `gpui`
[INFO] [stdout]    --> tests/select.rs:188:1
[INFO] [stdout]     |
[INFO] [stdout] 188 | #[gpui::test]
[INFO] [stdout]     | ^^^^^^^^^^^^^ could not find `TestAppContext` in `gpui`
[INFO] [stdout]     |
[INFO] [stdout]     = note: this error originates in the attribute macro `gpui::test` (in Nightly builds, run with -Z macro-backtrace for more info)
[INFO] [stdout] help: a trait with a similar name exists
[INFO] [stdout]     |
[INFO] [stdout] 188 - #[gpui::test]
[INFO] [stdout] 188 + AppContext
[INFO] [stdout]     |
[INFO] [stdout] 
[INFO] [stdout] 
[INFO] [stdout] error[E0433]: cannot find `TestAppContext` in `gpui`
[INFO] [stdout]    --> tests/navigation.rs:140:1
[INFO] [stdout]     |
[INFO] [stdout] 140 | #[gpui::test]
[INFO] [stdout]     | ^^^^^^^^^^^^^ could not find `TestAppContext` in `gpui`
[INFO] [stdout]     |
[INFO] [stdout]     = note: this error originates in the attribute macro `gpui::test` (in Nightly builds, run with -Z macro-backtrace for more info)
[INFO] [stdout] help: a trait with a similar name exists
[INFO] [stdout]     |
[INFO] [stdout] 140 - #[gpui::test]
[INFO] [stdout] 140 + AppContext
[INFO] [stdout]     |
[INFO] [stdout] 
[INFO] [stdout] 
[INFO] [stdout] error[E0433]: cannot find `TestAppContext` in `gpui`
[INFO] [stdout]    --> tests/form.rs:234:1
[INFO] [stdout]     |
[INFO] [stdout] 234 | #[gpui::test]
[INFO] [stdout]     | ^^^^^^^^^^^^^ could not find `TestAppContext` in `gpui`
[INFO] [stdout]     |
[INFO] [stdout]     = note: this error originates in the attribute macro `gpui::test` (in Nightly builds, run with -Z macro-backtrace for more info)
[INFO] [stdout] help: a trait with a similar name exists
[INFO] [stdout]     |
[INFO] [stdout] 234 - #[gpui::test]
[INFO] [stdout] 234 + AppContext
[INFO] [stdout]     |
[INFO] [stdout] 
[INFO] [stdout] 
[INFO] [stdout] error[E0433]: cannot find `TestAppContext` in `gpui`
[INFO] [stdout]    --> tests/media.rs:121:1
[INFO] [stdout]     |
[INFO] [stdout] 121 | #[gpui::test]
[INFO] [stdout]     | ^^^^^^^^^^^^^ could not find `TestAppContext` in `gpui`
[INFO] [stdout]     |
[INFO] [stdout]     = note: this error originates in the attribute macro `gpui::test` (in Nightly builds, run with -Z macro-backtrace for more info)
[INFO] [stdout] help: a trait with a similar name exists
[INFO] [stdout]     |
[INFO] [stdout] 121 - #[gpui::test]
[INFO] [stdout] 121 + AppContext
[INFO] [stdout]     |
[INFO] [stdout] 
[INFO] [stdout] 
[INFO] [stdout] error[E0433]: cannot find `TestAppContext` in `gpui`
[INFO] [stdout]    --> tests/layout.rs:225:1
[INFO] [stdout]     |
[INFO] [stdout] 225 | #[gpui::test]
[INFO] [stdout]     | ^^^^^^^^^^^^^ could not find `TestAppContext` in `gpui`
[INFO] [stdout]     |
[INFO] [stdout]     = note: this error originates in the attribute macro `gpui::test` (in Nightly builds, run with -Z macro-backtrace for more info)
[INFO] [stdout] help: a trait with a similar name exists
[INFO] [stdout]     |
[INFO] [stdout] 225 - #[gpui::test]
[INFO] [stdout] 225 + AppContext
[INFO] [stdout]     |
[INFO] [stdout] 
[INFO] [stdout] 
[INFO] [stdout] error[E0433]: cannot find `TestAppContext` in `gpui`
[INFO] [stdout]    --> tests/messages.rs:176:1
[INFO] [stdout]     |
[INFO] [stdout] 176 | #[gpui::test]
[INFO] [stdout]     | ^^^^^^^^^^^^^ could not find `TestAppContext` in `gpui`
[INFO] [stdout]     |
[INFO] [stdout]     = note: this error originates in the attribute macro `gpui::test` (in Nightly builds, run with -Z macro-backtrace for more info)
[INFO] [stdout] help: a trait with a similar name exists
[INFO] [stdout]     |
[INFO] [stdout] 176 - #[gpui::test]
[INFO] [stdout] 176 + AppContext
[INFO] [stdout]     |
[INFO] [stdout] 
[INFO] [stdout] 
[INFO] [stdout] error[E0433]: cannot find `TestAppContext` in `gpui`
[INFO] [stdout]    --> tests/select.rs:211:1
[INFO] [stdout]     |
[INFO] [stdout] 211 | #[gpui::test]
[INFO] [stdout]     | ^^^^^^^^^^^^^ could not find `TestAppContext` in `gpui`
[INFO] [stdout]     |
[INFO] [stdout]     = note: this error originates in the attribute macro `gpui::test` (in Nightly builds, run with -Z macro-backtrace for more info)
[INFO] [stdout] help: a trait with a similar name exists
[INFO] [stdout]     |
[INFO] [stdout] 211 - #[gpui::test]
[INFO] [stdout] 211 + AppContext
[INFO] [stdout]     |
[INFO] [stdout] 
[INFO] [stdout] 
[INFO] [stdout] error[E0433]: cannot find `TestAppContext` in `gpui`
[INFO] [stdout]    --> tests/form.rs:254:1
[INFO] [stdout]     |
[INFO] [stdout] 254 | #[gpui::test]
[INFO] [stdout]     | ^^^^^^^^^^^^^ could not find `TestAppContext` in `gpui`
[INFO] [stdout]     |
[INFO] [stdout]     = note: this error originates in the attribute macro `gpui::test` (in Nightly builds, run with -Z macro-backtrace for more info)
[INFO] [stdout] help: a trait with a similar name exists
[INFO] [stdout]     |
[INFO] [stdout] 254 - #[gpui::test]
[INFO] [stdout] 254 + AppContext
[INFO] [stdout]     |
[INFO] [stdout] 
[INFO] [stdout] 
[INFO] [stdout] error[E0433]: cannot find `TestAppContext` in `gpui`
[INFO] [stdout]    --> tests/navigation.rs:186:1
[INFO] [stdout]     |
[INFO] [stdout] 186 | #[gpui::test]
[INFO] [stdout]     | ^^^^^^^^^^^^^ could not find `TestAppContext` in `gpui`
[INFO] [stdout]     |
[INFO] [stdout]     = note: this error originates in the attribute macro `gpui::test` (in Nightly builds, run with -Z macro-backtrace for more info)
[INFO] [stdout] help: a trait with a similar name exists
[INFO] [stdout]     |
[INFO] [stdout] 186 - #[gpui::test]
[INFO] [stdout] 186 + AppContext
[INFO] [stdout]     |
[INFO] [stdout] 
[INFO] [stdout] 
[INFO] [stdout] error[E0433]: cannot find `TestAppContext` in `gpui`
[INFO] [stdout]    --> tests/media.rs:139:1
[INFO] [stdout]     |
[INFO] [stdout] 139 | #[gpui::test]
[INFO] [stdout]     | ^^^^^^^^^^^^^ could not find `TestAppContext` in `gpui`
[INFO] [stdout]     |
[INFO] [stdout]     = note: this error originates in the attribute macro `gpui::test` (in Nightly builds, run with -Z macro-backtrace for more info)
[INFO] [stdout] help: a trait with a similar name exists
[INFO] [stdout]     |
[INFO] [stdout] 139 - #[gpui::test]
[INFO] [stdout] 139 + AppContext
[INFO] [stdout]     |
[INFO] [stdout] 
[INFO] [stdout] 
[INFO] [stdout] error[E0433]: cannot find `TestAppContext` in `gpui`
[INFO] [stdout]    --> tests/grid.rs:341:1
[INFO] [stdout]     |
[INFO] [stdout] 341 | #[gpui::test]
[INFO] [stdout]     | ^^^^^^^^^^^^^ could not find `TestAppContext` in `gpui`
[INFO] [stdout]     |
[INFO] [stdout]     = note: this error originates in the attribute macro `gpui::test` (in Nightly builds, run with -Z macro-backtrace for more info)
[INFO] [stdout] help: a trait with a similar name exists
[INFO] [stdout]     |
[INFO] [stdout] 341 - #[gpui::test]
[INFO] [stdout] 341 + AppContext
[INFO] [stdout]     |
[INFO] [stdout] 
[INFO] [stdout] 
[INFO] [stdout] error[E0433]: cannot find `TestAppContext` in `gpui`
[INFO] [stdout]    --> tests/layout.rs:248:1
[INFO] [stdout]     |
[INFO] [stdout] 248 | #[gpui::test]
[INFO] [stdout]     | ^^^^^^^^^^^^^ could not find `TestAppContext` in `gpui`
[INFO] [stdout]     |
[INFO] [stdout]     = note: this error originates in the attribute macro `gpui::test` (in Nightly builds, run with -Z macro-backtrace for more info)
[INFO] [stdout] help: a trait with a similar name exists
[INFO] [stdout]     |
[INFO] [stdout] 248 - #[gpui::test]
[INFO] [stdout] 248 + AppContext
[INFO] [stdout]     |
[INFO] [stdout] 
[INFO] [stdout] 
[INFO] [stdout] error[E0433]: cannot find `TestAppContext` in `gpui`
[INFO] [stdout]    --> tests/select.rs:241:1
[INFO] [stdout]     |
[INFO] [stdout] 241 | #[gpui::test]
[INFO] [stdout]     | ^^^^^^^^^^^^^ could not find `TestAppContext` in `gpui`
[INFO] [stdout]     |
[INFO] [stdout]     = note: this error originates in the attribute macro `gpui::test` (in Nightly builds, run with -Z macro-backtrace for more info)
[INFO] [stdout] help: a trait with a similar name exists
[INFO] [stdout]     |
[INFO] [stdout] 241 - #[gpui::test]
[INFO] [stdout] 241 + AppContext
[INFO] [stdout]     |
[INFO] [stdout] 
[INFO] [stdout] 
[INFO] [stdout] error[E0433]: cannot find `TestAppContext` in `gpui`
[INFO] [stdout]    --> tests/messages.rs:200:1
[INFO] [stdout]     |
[INFO] [stdout] 200 | #[gpui::test]
[INFO] [stdout]     | ^^^^^^^^^^^^^ could not find `TestAppContext` in `gpui`
[INFO] [stdout]     |
[INFO] [stdout]     = note: this error originates in the attribute macro `gpui::test` (in Nightly builds, run with -Z macro-backtrace for more info)
[INFO] [stdout] help: a trait with a similar name exists
[INFO] [stdout]     |
[INFO] [stdout] 200 - #[gpui::test]
[INFO] [stdout] 200 + AppContext
[INFO] [stdout]     |
[INFO] [stdout] 
[INFO] [stdout] 
[INFO] [stdout] error[E0433]: cannot find `TestAppContext` in `gpui`
[INFO] [stdout]    --> tests/grid.rs:359:1
[INFO] [stdout]     |
[INFO] [stdout] 359 | #[gpui::test]
[INFO] [stdout]     | ^^^^^^^^^^^^^ could not find `TestAppContext` in `gpui`
[INFO] [stdout]     |
[INFO] [stdout]     = note: this error originates in the attribute macro `gpui::test` (in Nightly builds, run with -Z macro-backtrace for more info)
[INFO] [stdout] help: a trait with a similar name exists
[INFO] [stdout]     |
[INFO] [stdout] 359 - #[gpui::test]
[INFO] [stdout] 359 + AppContext
[INFO] [stdout]     |
[INFO] [stdout] 
[INFO] [stdout] 
[INFO] [stdout] error[E0433]: cannot find `TestAppContext` in `gpui`
[INFO] [stdout]    --> tests/form.rs:274:1
[INFO] [stdout]     |
[INFO] [stdout] 274 | #[gpui::test]
[INFO] [stdout]     | ^^^^^^^^^^^^^ could not find `TestAppContext` in `gpui`
[INFO] [stdout]     |
[INFO] [stdout]     = note: this error originates in the attribute macro `gpui::test` (in Nightly builds, run with -Z macro-backtrace for more info)
[INFO] [stdout] help: a trait with a similar name exists
[INFO] [stdout]     |
[INFO] [stdout] 274 - #[gpui::test]
[INFO] [stdout] 274 + AppContext
[INFO] [stdout]     |
[INFO] [stdout] 
[INFO] [stdout] 
[INFO] [stdout] error[E0433]: cannot find `TestAppContext` in `gpui`
[INFO] [stdout]    --> tests/navigation.rs:202:1
[INFO] [stdout]     |
[INFO] [stdout] 202 | #[gpui::test]
[INFO] [stdout]     | ^^^^^^^^^^^^^ could not find `TestAppContext` in `gpui`
[INFO] [stdout]     |
[INFO] [stdout]     = note: this error originates in the attribute macro `gpui::test` (in Nightly builds, run with -Z macro-backtrace for more info)
[INFO] [stdout] help: a trait with a similar name exists
[INFO] [stdout]     |
[INFO] [stdout] 202 - #[gpui::test]
[INFO] [stdout] 202 + AppContext
[INFO] [stdout]     |
[INFO] [stdout] 
[INFO] [stdout] 
[INFO] [stdout] error[E0433]: cannot find `TestAppContext` in `gpui`
[INFO] [stdout]    --> tests/layout.rs:266:1
[INFO] [stdout]     |
[INFO] [stdout] 266 | #[gpui::test]
[INFO] [stdout]     | ^^^^^^^^^^^^^ could not find `TestAppContext` in `gpui`
[INFO] [stdout]     |
[INFO] [stdout]     = note: this error originates in the attribute macro `gpui::test` (in Nightly builds, run with -Z macro-backtrace for more info)
[INFO] [stdout] help: a trait with a similar name exists
[INFO] [stdout]     |
[INFO] [stdout] 266 - #[gpui::test]
[INFO] [stdout] 266 + AppContext
[INFO] [stdout]     |
[INFO] [stdout] 
[INFO] [stdout] 
[INFO] [stdout] error[E0433]: cannot find `TestAppContext` in `gpui`
[INFO] [stdout]    --> tests/media.rs:171:1
[INFO] [stdout]     |
[INFO] [stdout] 171 | #[gpui::test]
[INFO] [stdout]     | ^^^^^^^^^^^^^ could not find `TestAppContext` in `gpui`
[INFO] [stdout]     |
[INFO] [stdout]     = note: this error originates in the attribute macro `gpui::test` (in Nightly builds, run with -Z macro-backtrace for more info)
[INFO] [stdout] help: a trait with a similar name exists
[INFO] [stdout]     |
[INFO] [stdout] 171 - #[gpui::test]
[INFO] [stdout] 171 + AppContext
[INFO] [stdout]     |
[INFO] [stdout] 
[INFO] [stdout] 
[INFO] [stdout] error[E0433]: cannot find `TestAppContext` in `gpui`
[INFO] [stdout]    --> tests/form.rs:291:1
[INFO] [stdout]     |
[INFO] [stdout] 291 | #[gpui::test]
[INFO] [stdout]     | ^^^^^^^^^^^^^ could not find `TestAppContext` in `gpui`
[INFO] [stdout]     |
[INFO] [stdout]     = note: this error originates in the attribute macro `gpui::test` (in Nightly builds, run with -Z macro-backtrace for more info)
[INFO] [stdout] help: a trait with a similar name exists
[INFO] [stdout]     |
[INFO] [stdout] 291 - #[gpui::test]
[INFO] [stdout] 291 + AppContext
[INFO] [stdout]     |
[INFO] [stdout] 
[INFO] [stdout] 
[INFO] [stdout] error[E0433]: cannot find `TestAppContext` in `gpui`
[INFO] [stdout]    --> tests/select.rs:289:1
[INFO] [stdout]     |
[INFO] [stdout] 289 | #[gpui::test]
[INFO] [stdout]     | ^^^^^^^^^^^^^ could not find `TestAppContext` in `gpui`
[INFO] [stdout]     |
[INFO] [stdout]     = note: this error originates in the attribute macro `gpui::test` (in Nightly builds, run with -Z macro-backtrace for more info)
[INFO] [stdout] help: a trait with a similar name exists
[INFO] [stdout]     |
[INFO] [stdout] 289 - #[gpui::test]
[INFO] [stdout] 289 + AppContext
[INFO] [stdout]     |
[INFO] [stdout] 
[INFO] [stdout] 
[INFO] [stdout] error[E0433]: cannot find `TestAppContext` in `gpui`
[INFO] [stdout]    --> tests/messages.rs:223:1
[INFO] [stdout]     |
[INFO] [stdout] 223 | #[gpui::test]
[INFO] [stdout]     | ^^^^^^^^^^^^^ could not find `TestAppContext` in `gpui`
[INFO] [stdout]     |
[INFO] [stdout]     = note: this error originates in the attribute macro `gpui::test` (in Nightly builds, run with -Z macro-backtrace for more info)
[INFO] [stdout] help: a trait with a similar name exists
[INFO] [stdout]     |
[INFO] [stdout] 223 - #[gpui::test]
[INFO] [stdout] 223 + AppContext
[INFO] [stdout]     |
[INFO] [stdout] 
[INFO] [stdout] 
[INFO] [stdout] error[E0433]: cannot find `TestAppContext` in `gpui`
[INFO] [stdout]    --> tests/grid.rs:382:1
[INFO] [stdout]     |
[INFO] [stdout] 382 | #[gpui::test]
[INFO] [stdout]     | ^^^^^^^^^^^^^ could not find `TestAppContext` in `gpui`
[INFO] [stdout]     |
[INFO] [stdout]     = note: this error originates in the attribute macro `gpui::test` (in Nightly builds, run with -Z macro-backtrace for more info)
[INFO] [stdout] help: a trait with a similar name exists
[INFO] [stdout]     |
[INFO] [stdout] 382 - #[gpui::test]
[INFO] [stdout] 382 + AppContext
[INFO] [stdout]     |
[INFO] [stdout] 
[INFO] [stdout] 
[INFO] [stdout] error[E0433]: cannot find `TestAppContext` in `gpui`
[INFO] [stdout]    --> tests/navigation.rs:216:1
[INFO] [stdout]     |
[INFO] [stdout] 216 | #[gpui::test]
[INFO] [stdout]     | ^^^^^^^^^^^^^ could not find `TestAppContext` in `gpui`
[INFO] [stdout]     |
[INFO] [stdout]     = note: this error originates in the attribute macro `gpui::test` (in Nightly builds, run with -Z macro-backtrace for more info)
[INFO] [stdout] help: a trait with a similar name exists
[INFO] [stdout]     |
[INFO] [stdout] 216 - #[gpui::test]
[INFO] [stdout] 216 + AppContext
[INFO] [stdout]     |
[INFO] [stdout] 
[INFO] [stdout] 
[INFO] [stdout] error[E0433]: cannot find `TestAppContext` in `gpui`
[INFO] [stdout]    --> tests/form.rs:305:1
[INFO] [stdout]     |
[INFO] [stdout] 305 | #[gpui::test]
[INFO] [stdout]     | ^^^^^^^^^^^^^ could not find `TestAppContext` in `gpui`
[INFO] [stdout]     |
[INFO] [stdout]     = note: this error originates in the attribute macro `gpui::test` (in Nightly builds, run with -Z macro-backtrace for more info)
[INFO] [stdout] help: a trait with a similar name exists
[INFO] [stdout]     |
[INFO] [stdout] 305 - #[gpui::test]
[INFO] [stdout] 305 + AppContext
[INFO] [stdout]     |
[INFO] [stdout] 
[INFO] [stdout] 
[INFO] [stdout] error[E0433]: cannot find `TestAppContext` in `gpui`
[INFO] [stdout]    --> tests/layout.rs:296:1
[INFO] [stdout]     |
[INFO] [stdout] 296 | #[gpui::test]
[INFO] [stdout]     | ^^^^^^^^^^^^^ could not find `TestAppContext` in `gpui`
[INFO] [stdout]     |
[INFO] [stdout]     = note: this error originates in the attribute macro `gpui::test` (in Nightly builds, run with -Z macro-backtrace for more info)
[INFO] [stdout] help: a trait with a similar name exists
[INFO] [stdout]     |
[INFO] [stdout] 296 - #[gpui::test]
[INFO] [stdout] 296 + AppContext
[INFO] [stdout]     |
[INFO] [stdout] 
[INFO] [stdout] 
[INFO] [stdout] error[E0433]: cannot find `TestAppContext` in `gpui`
[INFO] [stdout]    --> tests/media.rs:194:1
[INFO] [stdout]     |
[INFO] [stdout] 194 | #[gpui::test]
[INFO] [stdout]     | ^^^^^^^^^^^^^ could not find `TestAppContext` in `gpui`
[INFO] [stdout]     |
[INFO] [stdout]     = note: this error originates in the attribute macro `gpui::test` (in Nightly builds, run with -Z macro-backtrace for more info)
[INFO] [stdout] help: a trait with a similar name exists
[INFO] [stdout]     |
[INFO] [stdout] 194 - #[gpui::test]
[INFO] [stdout] 194 + AppContext
[INFO] [stdout]     |
[INFO] [stdout] 
[INFO] [stdout] 
[INFO] [stdout] error[E0433]: cannot find `TestAppContext` in `gpui`
[INFO] [stdout]    --> tests/messages.rs:249:1
[INFO] [stdout]     |
[INFO] [stdout] 249 | #[gpui::test]
[INFO] [stdout]     | ^^^^^^^^^^^^^ could not find `TestAppContext` in `gpui`
[INFO] [stdout]     |
[INFO] [stdout]     = note: this error originates in the attribute macro `gpui::test` (in Nightly builds, run with -Z macro-backtrace for more info)
[INFO] [stdout] help: a trait with a similar name exists
[INFO] [stdout]     |
[INFO] [stdout] 249 - #[gpui::test]
[INFO] [stdout] 249 + AppContext
[INFO] [stdout]     |
[INFO] [stdout] 
[INFO] [stdout] 
[INFO] [stdout] error[E0433]: cannot find `TestAppContext` in `gpui`
[INFO] [stdout]    --> tests/form.rs:357:1
[INFO] [stdout]     |
[INFO] [stdout] 357 | #[gpui::test]
[INFO] [stdout]     | ^^^^^^^^^^^^^ could not find `TestAppContext` in `gpui`
[INFO] [stdout]     |
[INFO] [stdout]     = note: this error originates in the attribute macro `gpui::test` (in Nightly builds, run with -Z macro-backtrace for more info)
[INFO] [stdout] help: a trait with a similar name exists
[INFO] [stdout]     |
[INFO] [stdout] 357 - #[gpui::test]
[INFO] [stdout] 357 + AppContext
[INFO] [stdout]     |
[INFO] [stdout] 
[INFO] [stdout] 
[INFO] [stdout] error[E0433]: cannot find `TestAppContext` in `gpui`
[INFO] [stdout]    --> tests/select.rs:410:1
[INFO] [stdout]     |
[INFO] [stdout] 410 | #[gpui::test]
[INFO] [stdout]     | ^^^^^^^^^^^^^ could not find `TestAppContext` in `gpui`
[INFO] [stdout]     |
[INFO] [stdout]     = note: this error originates in the attribute macro `gpui::test` (in Nightly builds, run with -Z macro-backtrace for more info)
[INFO] [stdout] help: a trait with a similar name exists
[INFO] [stdout]     |
[INFO] [stdout] 410 - #[gpui::test]
[INFO] [stdout] 410 + AppContext
[INFO] [stdout]     |
[INFO] [stdout] 
[INFO] [stdout] 
[INFO] [stdout] error[E0433]: cannot find `TestAppContext` in `gpui`
[INFO] [stdout]    --> tests/grid.rs:394:1
[INFO] [stdout]     |
[INFO] [stdout] 394 | #[gpui::test]
[INFO] [stdout]     | ^^^^^^^^^^^^^ could not find `TestAppContext` in `gpui`
[INFO] [stdout]     |
[INFO] [stdout]     = note: this error originates in the attribute macro `gpui::test` (in Nightly builds, run with -Z macro-backtrace for more info)
[INFO] [stdout] help: a trait with a similar name exists
[INFO] [stdout]     |
[INFO] [stdout] 394 - #[gpui::test]
[INFO] [stdout] 394 + AppContext
[INFO] [stdout]     |
[INFO] [stdout] 
[INFO] [stdout] 
[INFO] [stdout] error[E0433]: cannot find `TestAppContext` in `gpui`
[INFO] [stdout]    --> tests/navigation.rs:237:1
[INFO] [stdout]     |
[INFO] [stdout] 237 | #[gpui::test]
[INFO] [stdout]     | ^^^^^^^^^^^^^ could not find `TestAppContext` in `gpui`
[INFO] [stdout]     |
[INFO] [stdout]     = note: this error originates in the attribute macro `gpui::test` (in Nightly builds, run with -Z macro-backtrace for more info)
[INFO] [stdout] help: a trait with a similar name exists
[INFO] [stdout]     |
[INFO] [stdout] 237 - #[gpui::test]
[INFO] [stdout] 237 + AppContext
[INFO] [stdout]     |
[INFO] [stdout] 
[INFO] [stdout] 
[INFO] [stdout] error[E0433]: cannot find `TestAppContext` in `gpui`
[INFO] [stdout]    --> tests/layout.rs:307:1
[INFO] [stdout]     |
[INFO] [stdout] 307 | #[gpui::test]
[INFO] [stdout]     | ^^^^^^^^^^^^^ could not find `TestAppContext` in `gpui`
[INFO] [stdout]     |
[INFO] [stdout]     = note: this error originates in the attribute macro `gpui::test` (in Nightly builds, run with -Z macro-backtrace for more info)
[INFO] [stdout] help: a trait with a similar name exists
[INFO] [stdout]     |
[INFO] [stdout] 307 - #[gpui::test]
[INFO] [stdout] 307 + AppContext
[INFO] [stdout]     |
[INFO] [stdout] 
[INFO] [stdout] 
[INFO] [stdout] error[E0433]: cannot find `TestAppContext` in `gpui`
[INFO] [stdout]    --> tests/select.rs:446:1
[INFO] [stdout]     |
[INFO] [stdout] 446 | #[gpui::test]
[INFO] [stdout]     | ^^^^^^^^^^^^^ could not find `TestAppContext` in `gpui`
[INFO] [stdout]     |
[INFO] [stdout]     = note: this error originates in the attribute macro `gpui::test` (in Nightly builds, run with -Z macro-backtrace for more info)
[INFO] [stdout] help: a trait with a similar name exists
[INFO] [stdout]     |
[INFO] [stdout] 446 - #[gpui::test]
[INFO] [stdout] 446 + AppContext
[INFO] [stdout]     |
[INFO] [stdout] 
[INFO] [stdout] 
[INFO] [stdout] error[E0433]: cannot find `TestAppContext` in `gpui`
[INFO] [stdout]    --> tests/navigation.rs:254:1
[INFO] [stdout]     |
[INFO] [stdout] 254 | #[gpui::test]
[INFO] [stdout]     | ^^^^^^^^^^^^^ could not find `TestAppContext` in `gpui`
[INFO] [stdout]     |
[INFO] [stdout]     = note: this error originates in the attribute macro `gpui::test` (in Nightly builds, run with -Z macro-backtrace for more info)
[INFO] [stdout] help: a trait with a similar name exists
[INFO] [stdout]     |
[INFO] [stdout] 254 - #[gpui::test]
[INFO] [stdout] 254 + AppContext
[INFO] [stdout]     |
[INFO] [stdout] 
[INFO] [stdout] 
[INFO] [stdout] error[E0425]: cannot find function `run_test` in crate `gpui`
[INFO] [stdout]   --> tests/select.rs:44:1
[INFO] [stdout]    |
[INFO] [stdout] 44 | #[gpui::test]
[INFO] [stdout]    | ^^^^^^^^^^^^^ not found in `gpui`
[INFO] [stdout]    |
[INFO] [stdout]    = note: this error originates in the attribute macro `gpui::test` (in Nightly builds, run with -Z macro-backtrace for more info)
[INFO] [stdout] 
[INFO] [stdout] 
[INFO] [stdout] error[E0425]: cannot find function `run_test` in crate `gpui`
[INFO] [stdout]   --> tests/select.rs:57:1
[INFO] [stdout]    |
[INFO] [stdout] 57 | #[gpui::test]
[INFO] [stdout]    | ^^^^^^^^^^^^^ not found in `gpui`
[INFO] [stdout]    |
[INFO] [stdout]    = note: this error originates in the attribute macro `gpui::test` (in Nightly builds, run with -Z macro-backtrace for more info)
[INFO] [stdout] 
[INFO] [stdout] 
[INFO] [stdout] error[E0425]: cannot find function `run_test` in crate `gpui`
[INFO] [stdout]   --> tests/select.rs:93:1
[INFO] [stdout]    |
[INFO] [stdout] 93 | #[gpui::test]
[INFO] [stdout]    | ^^^^^^^^^^^^^ not found in `gpui`
[INFO] [stdout]    |
[INFO] [stdout]    = note: this error originates in the attribute macro `gpui::test` (in Nightly builds, run with -Z macro-backtrace for more info)
[INFO] [stdout] 
[INFO] [stdout] 
[INFO] [stdout] error[E0425]: cannot find function `run_test` in crate `gpui`
[INFO] [stdout]    --> tests/select.rs:119:1
[INFO] [stdout]     |
[INFO] [stdout] 119 | #[gpui::test]
[INFO] [stdout]     | ^^^^^^^^^^^^^ not found in `gpui`
[INFO] [stdout]     |
[INFO] [stdout]     = note: this error originates in the attribute macro `gpui::test` (in Nightly builds, run with -Z macro-backtrace for more info)
[INFO] [stdout] 
[INFO] [stdout] 
[INFO] [stdout] error[E0425]: cannot find function `run_test` in crate `gpui`
[INFO] [stdout]    --> tests/select.rs:159:1
[INFO] [stdout]     |
[INFO] [stdout] 159 | #[gpui::test]
[INFO] [stdout]     | ^^^^^^^^^^^^^ not found in `gpui`
[INFO] [stdout]     |
[INFO] [stdout]     = note: this error originates in the attribute macro `gpui::test` (in Nightly builds, run with -Z macro-backtrace for more info)
[INFO] [stdout] 
[INFO] [stdout] 
[INFO] [stdout] error[E0425]: cannot find function `run_test` in crate `gpui`
[INFO] [stdout]    --> tests/select.rs:188:1
[INFO] [stdout]     |
[INFO] [stdout] 188 | #[gpui::test]
[INFO] [stdout]     | ^^^^^^^^^^^^^ not found in `gpui`
[INFO] [stdout]     |
[INFO] [stdout]     = note: this error originates in the attribute macro `gpui::test` (in Nightly builds, run with -Z macro-backtrace for more info)
[INFO] [stdout] 
[INFO] [stdout] 
[INFO] [stdout] error[E0425]: cannot find function `run_test` in crate `gpui`
[INFO] [stdout]    --> tests/select.rs:211:1
[INFO] [stdout]     |
[INFO] [stdout] 211 | #[gpui::test]
[INFO] [stdout]     | ^^^^^^^^^^^^^ not found in `gpui`
[INFO] [stdout]     |
[INFO] [stdout]     = note: this error originates in the attribute macro `gpui::test` (in Nightly builds, run with -Z macro-backtrace for more info)
[INFO] [stdout] 
[INFO] [stdout] 
[INFO] [stdout] error[E0425]: cannot find function `run_test` in crate `gpui`
[INFO] [stdout]    --> tests/select.rs:241:1
[INFO] [stdout]     |
[INFO] [stdout] 241 | #[gpui::test]
[INFO] [stdout]     | ^^^^^^^^^^^^^ not found in `gpui`
[INFO] [stdout]     |
[INFO] [stdout]     = note: this error originates in the attribute macro `gpui::test` (in Nightly builds, run with -Z macro-backtrace for more info)
[INFO] [stdout] 
[INFO] [stdout] 
[INFO] [stdout] error[E0425]: cannot find function `run_test` in crate `gpui`
[INFO] [stdout]    --> tests/select.rs:289:1
[INFO] [stdout]     |
[INFO] [stdout] 289 | #[gpui::test]
[INFO] [stdout]     | ^^^^^^^^^^^^^ not found in `gpui`
[INFO] [stdout]     |
[INFO] [stdout]     = note: this error originates in the attribute macro `gpui::test` (in Nightly builds, run with -Z macro-backtrace for more info)
[INFO] [stdout] 
[INFO] [stdout] 
[INFO] [stdout] error[E0425]: cannot find function `run_test` in crate `gpui`
[INFO] [stdout]    --> tests/select.rs:410:1
[INFO] [stdout]     |
[INFO] [stdout] 410 | #[gpui::test]
[INFO] [stdout]     | ^^^^^^^^^^^^^ not found in `gpui`
[INFO] [stdout]     |
[INFO] [stdout]     = note: this error originates in the attribute macro `gpui::test` (in Nightly builds, run with -Z macro-backtrace for more info)
[INFO] [stdout] 
[INFO] [stdout] 
[INFO] [stdout] error[E0425]: cannot find function `run_test` in crate `gpui`
[INFO] [stdout]    --> tests/select.rs:446:1
[INFO] [stdout]     |
[INFO] [stdout] 446 | #[gpui::test]
[INFO] [stdout]     | ^^^^^^^^^^^^^ not found in `gpui`
[INFO] [stdout]     |
[INFO] [stdout]     = note: this error originates in the attribute macro `gpui::test` (in Nightly builds, run with -Z macro-backtrace for more info)
[INFO] [stdout] 
[INFO] [stdout] 
[INFO] [stdout] error[E0433]: cannot find `TestAppContext` in `gpui`
[INFO] [stdout]    --> tests/media.rs:220:1
[INFO] [stdout]     |
[INFO] [stdout] 220 | #[gpui::test]
[INFO] [stdout]     | ^^^^^^^^^^^^^ could not find `TestAppContext` in `gpui`
[INFO] [stdout]     |
[INFO] [stdout]     = note: this error originates in the attribute macro `gpui::test` (in Nightly builds, run with -Z macro-backtrace for more info)
[INFO] [stdout] help: a trait with a similar name exists
[INFO] [stdout]     |
[INFO] [stdout] 220 - #[gpui::test]
[INFO] [stdout] 220 + AppContext
[INFO] [stdout]     |
[INFO] [stdout] 
[INFO] [stdout] 
[INFO] [stdout] error[E0433]: cannot find `TestAppContext` in `gpui`
[INFO] [stdout]    --> tests/messages.rs:266:1
[INFO] [stdout]     |
[INFO] [stdout] 266 | #[gpui::test]
[INFO] [stdout]     | ^^^^^^^^^^^^^ could not find `TestAppContext` in `gpui`
[INFO] [stdout]     |
[INFO] [stdout]     = note: this error originates in the attribute macro `gpui::test` (in Nightly builds, run with -Z macro-backtrace for more info)
[INFO] [stdout] help: a trait with a similar name exists
[INFO] [stdout]     |
[INFO] [stdout] 266 - #[gpui::test]
[INFO] [stdout] 266 + AppContext
[INFO] [stdout]     |
[INFO] [stdout] 
[INFO] [stdout] 
[INFO] [stdout] error[E0433]: cannot find `TestAppContext` in `gpui`
[INFO] [stdout]    --> tests/form.rs:376:1
[INFO] [stdout]     |
[INFO] [stdout] 376 | #[gpui::test]
[INFO] [stdout]     | ^^^^^^^^^^^^^ could not find `TestAppContext` in `gpui`
[INFO] [stdout]     |
[INFO] [stdout]     = note: this error originates in the attribute macro `gpui::test` (in Nightly builds, run with -Z macro-backtrace for more info)
[INFO] [stdout] help: a trait with a similar name exists
[INFO] [stdout]     |
[INFO] [stdout] 376 - #[gpui::test]
[INFO] [stdout] 376 + AppContext
[INFO] [stdout]     |
[INFO] [stdout] 
[INFO] [stdout] 
[INFO] [stdout] error[E0433]: cannot find `TestAppContext` in `gpui`
[INFO] [stdout]    --> tests/grid.rs:425:1
[INFO] [stdout]     |
[INFO] [stdout] 425 | #[gpui::test]
[INFO] [stdout]     | ^^^^^^^^^^^^^ could not find `TestAppContext` in `gpui`
[INFO] [stdout]     |
[INFO] [stdout]     = note: this error originates in the attribute macro `gpui::test` (in Nightly builds, run with -Z macro-backtrace for more info)
[INFO] [stdout] help: a trait with a similar name exists
[INFO] [stdout]     |
[INFO] [stdout] 425 - #[gpui::test]
[INFO] [stdout] 425 + AppContext
[INFO] [stdout]     |
[INFO] [stdout] 
[INFO] [stdout] 
[INFO] [stdout] error[E0433]: cannot find `TestAppContext` in `gpui`
[INFO] [stdout]    --> tests/layout.rs:324:1
[INFO] [stdout]     |
[INFO] [stdout] 324 | #[gpui::test]
[INFO] [stdout]     | ^^^^^^^^^^^^^ could not find `TestAppContext` in `gpui`
[INFO] [stdout]     |
[INFO] [stdout]     = note: this error originates in the attribute macro `gpui::test` (in Nightly builds, run with -Z macro-backtrace for more info)
[INFO] [stdout] help: a trait with a similar name exists
[INFO] [stdout]     |
[INFO] [stdout] 324 - #[gpui::test]
[INFO] [stdout] 324 + AppContext
[INFO] [stdout]     |
[INFO] [stdout] 
[INFO] [stdout] 
[INFO] [stdout] error[E0433]: cannot find `TestAppContext` in `gpui`
[INFO] [stdout]    --> tests/navigation.rs:279:1
[INFO] [stdout]     |
[INFO] [stdout] 279 | #[gpui::test]
[INFO] [stdout]     | ^^^^^^^^^^^^^ could not find `TestAppContext` in `gpui`
[INFO] [stdout]     |
[INFO] [stdout]     = note: this error originates in the attribute macro `gpui::test` (in Nightly builds, run with -Z macro-backtrace for more info)
[INFO] [stdout] help: a trait with a similar name exists
[INFO] [stdout]     |
[INFO] [stdout] 279 - #[gpui::test]
[INFO] [stdout] 279 + AppContext
[INFO] [stdout]     |
[INFO] [stdout] 
[INFO] [stdout] 
[INFO] [stdout] error[E0433]: cannot find `TestAppContext` in `gpui`
[INFO] [stdout]    --> tests/messages.rs:294:1
[INFO] [stdout]     |
[INFO] [stdout] 294 | #[gpui::test]
[INFO] [stdout]     | ^^^^^^^^^^^^^ could not find `TestAppContext` in `gpui`
[INFO] [stdout]     |
[INFO] [stdout]     = note: this error originates in the attribute macro `gpui::test` (in Nightly builds, run with -Z macro-backtrace for more info)
[INFO] [stdout] help: a trait with a similar name exists
[INFO] [stdout]     |
[INFO] [stdout] 294 - #[gpui::test]
[INFO] [stdout] 294 + AppContext
[INFO] [stdout]     |
[INFO] [stdout] 
[INFO] [stdout] 
[INFO] [stdout] error[E0425]: cannot find function `run_test` in crate `gpui`
[INFO] [stdout]   --> tests/messages.rs:58:1
[INFO] [stdout]    |
[INFO] [stdout] 58 | #[gpui::test]
[INFO] [stdout]    | ^^^^^^^^^^^^^ not found in `gpui`
[INFO] [stdout]    |
[INFO] [stdout]    = note: this error originates in the attribute macro `gpui::test` (in Nightly builds, run with -Z macro-backtrace for more info)
[INFO] [stdout] 
[INFO] [stdout] 
[INFO] [stdout] error[E0425]: cannot find function `run_test` in crate `gpui`
[INFO] [stdout]   --> tests/messages.rs:91:1
[INFO] [stdout]    |
[INFO] [stdout] 91 | #[gpui::test]
[INFO] [stdout]    | ^^^^^^^^^^^^^ not found in `gpui`
[INFO] [stdout]    |
[INFO] [stdout]    = note: this error originates in the attribute macro `gpui::test` (in Nightly builds, run with -Z macro-backtrace for more info)
[INFO] [stdout] 
[INFO] [stdout] 
[INFO] [stdout] error[E0425]: cannot find function `run_test` in crate `gpui`
[INFO] [stdout]    --> tests/messages.rs:109:1
[INFO] [stdout]     |
[INFO] [stdout] 109 | #[gpui::test]
[INFO] [stdout]     | ^^^^^^^^^^^^^ not found in `gpui`
[INFO] [stdout]     |
[INFO] [stdout]     = note: this error originates in the attribute macro `gpui::test` (in Nightly builds, run with -Z macro-backtrace for more info)
[INFO] [stdout] 
[INFO] [stdout] 
[INFO] [stdout] error[E0425]: cannot find function `run_test` in crate `gpui`
[INFO] [stdout]    --> tests/messages.rs:128:1
[INFO] [stdout]     |
[INFO] [stdout] 128 | #[gpui::test]
[INFO] [stdout]     | ^^^^^^^^^^^^^ not found in `gpui`
[INFO] [stdout]     |
[INFO] [stdout]     = note: this error originates in the attribute macro `gpui::test` (in Nightly builds, run with -Z macro-backtrace for more info)
[INFO] [stdout] 
[INFO] [stdout] 
[INFO] [stdout] error[E0425]: cannot find function `run_test` in crate `gpui`
[INFO] [stdout]    --> tests/messages.rs:137:1
[INFO] [stdout]     |
[INFO] [stdout] 137 | #[gpui::test]
[INFO] [stdout]     | ^^^^^^^^^^^^^ not found in `gpui`
[INFO] [stdout]     |
[INFO] [stdout]     = note: this error originates in the attribute macro `gpui::test` (in Nightly builds, run with -Z macro-backtrace for more info)
[INFO] [stdout] 
[INFO] [stdout] 
[INFO] [stdout] error[E0425]: cannot find function `run_test` in crate `gpui`
[INFO] [stdout]    --> tests/messages.rs:176:1
[INFO] [stdout]     |
[INFO] [stdout] 176 | #[gpui::test]
[INFO] [stdout]     | ^^^^^^^^^^^^^ not found in `gpui`
[INFO] [stdout]     |
[INFO] [stdout]     = note: this error originates in the attribute macro `gpui::test` (in Nightly builds, run with -Z macro-backtrace for more info)
[INFO] [stdout] 
[INFO] [stdout] 
[INFO] [stdout] error[E0425]: cannot find function `run_test` in crate `gpui`
[INFO] [stdout]    --> tests/messages.rs:200:1
[INFO] [stdout]     |
[INFO] [stdout] 200 | #[gpui::test]
[INFO] [stdout]     | ^^^^^^^^^^^^^ not found in `gpui`
[INFO] [stdout]     |
[INFO] [stdout]     = note: this error originates in the attribute macro `gpui::test` (in Nightly builds, run with -Z macro-backtrace for more info)
[INFO] [stdout] 
[INFO] [stdout] 
[INFO] [stdout] error[E0425]: cannot find function `run_test` in crate `gpui`
[INFO] [stdout]    --> tests/messages.rs:223:1
[INFO] [stdout]     |
[INFO] [stdout] 223 | #[gpui::test]
[INFO] [stdout]     | ^^^^^^^^^^^^^ not found in `gpui`
[INFO] [stdout]     |
[INFO] [stdout]     = note: this error originates in the attribute macro `gpui::test` (in Nightly builds, run with -Z macro-backtrace for more info)
[INFO] [stdout] 
[INFO] [stdout] 
[INFO] [stdout] error[E0425]: cannot find function `run_test` in crate `gpui`
[INFO] [stdout]    --> tests/messages.rs:249:1
[INFO] [stdout]     |
[INFO] [stdout] 249 | #[gpui::test]
[INFO] [stdout]     | ^^^^^^^^^^^^^ not found in `gpui`
[INFO] [stdout]     |
[INFO] [stdout]     = note: this error originates in the attribute macro `gpui::test` (in Nightly builds, run with -Z macro-backtrace for more info)
[INFO] [stdout] 
[INFO] [stdout] 
[INFO] [stdout] error[E0425]: cannot find function `run_test` in crate `gpui`
[INFO] [stdout]    --> tests/messages.rs:266:1
[INFO] [stdout]     |
[INFO] [stdout] 266 | #[gpui::test]
[INFO] [stdout]     | ^^^^^^^^^^^^^ not found in `gpui`
[INFO] [stdout]     |
[INFO] [stdout]     = note: this error originates in the attribute macro `gpui::test` (in Nightly builds, run with -Z macro-backtrace for more info)
[INFO] [stdout] 
[INFO] [stdout] 
[INFO] [stdout] error[E0425]: cannot find function `run_test` in crate `gpui`
[INFO] [stdout]    --> tests/messages.rs:294:1
[INFO] [stdout]     |
[INFO] [stdout] 294 | #[gpui::test]
[INFO] [stdout]     | ^^^^^^^^^^^^^ not found in `gpui`
[INFO] [stdout]     |
[INFO] [stdout]     = note: this error originates in the attribute macro `gpui::test` (in Nightly builds, run with -Z macro-backtrace for more info)
[INFO] [stdout] 
[INFO] [stdout] 
[INFO] [stdout] error[E0433]: cannot find `TestAppContext` in `gpui`
[INFO] [stdout]    --> tests/form.rs:392:1
[INFO] [stdout]     |
[INFO] [stdout] 392 | #[gpui::test]
[INFO] [stdout]     | ^^^^^^^^^^^^^ could not find `TestAppContext` in `gpui`
[INFO] [stdout]     |
[INFO] [stdout]     = note: this error originates in the attribute macro `gpui::test` (in Nightly builds, run with -Z macro-backtrace for more info)
[INFO] [stdout] help: a trait with a similar name exists
[INFO] [stdout]     |
[INFO] [stdout] 392 - #[gpui::test]
[INFO] [stdout] 392 + AppContext
[INFO] [stdout]     |
[INFO] [stdout] 
[INFO] [stdout] 
[INFO] [stdout] error[E0433]: cannot find `TestAppContext` in `gpui`
[INFO] [stdout]    --> tests/grid.rs:442:1
[INFO] [stdout]     |
[INFO] [stdout] 442 | #[gpui::test]
[INFO] [stdout]     | ^^^^^^^^^^^^^ could not find `TestAppContext` in `gpui`
[INFO] [stdout]     |
[INFO] [stdout]     = note: this error originates in the attribute macro `gpui::test` (in Nightly builds, run with -Z macro-backtrace for more info)
[INFO] [stdout] help: a trait with a similar name exists
[INFO] [stdout]     |
[INFO] [stdout] 442 - #[gpui::test]
[INFO] [stdout] 442 + AppContext
[INFO] [stdout]     |
[INFO] [stdout] 
[INFO] [stdout] 
[INFO] [stdout] error[E0433]: cannot find `TestAppContext` in `gpui`
[INFO] [stdout]    --> tests/media.rs:253:1
[INFO] [stdout]     |
[INFO] [stdout] 253 | #[gpui::test]
[INFO] [stdout]     | ^^^^^^^^^^^^^ could not find `TestAppContext` in `gpui`
[INFO] [stdout]     |
[INFO] [stdout]     = note: this error originates in the attribute macro `gpui::test` (in Nightly builds, run with -Z macro-backtrace for more info)
[INFO] [stdout] help: a trait with a similar name exists
[INFO] [stdout]     |
[INFO] [stdout] 253 - #[gpui::test]
[INFO] [stdout] 253 + AppContext
[INFO] [stdout]     |
[INFO] [stdout] 
[INFO] [stdout] 
[INFO] [stdout] error[E0433]: cannot find `TestAppContext` in `gpui`
[INFO] [stdout]    --> tests/navigation.rs:305:1
[INFO] [stdout]     |
[INFO] [stdout] 305 | #[gpui::test]
[INFO] [stdout]     | ^^^^^^^^^^^^^ could not find `TestAppContext` in `gpui`
[INFO] [stdout]     |
[INFO] [stdout]     = note: this error originates in the attribute macro `gpui::test` (in Nightly builds, run with -Z macro-backtrace for more info)
[INFO] [stdout] help: a trait with a similar name exists
[INFO] [stdout]     |
[INFO] [stdout] 305 - #[gpui::test]
[INFO] [stdout] 305 + AppContext
[INFO] [stdout]     |
[INFO] [stdout] 
[INFO] [stdout] 
[INFO] [stdout] error[E0433]: cannot find `TestAppContext` in `gpui`
[INFO] [stdout]    --> tests/layout.rs:385:1
[INFO] [stdout]     |
[INFO] [stdout] 385 | #[gpui::test]
[INFO] [stdout]     | ^^^^^^^^^^^^^ could not find `TestAppContext` in `gpui`
[INFO] [stdout]     |
[INFO] [stdout]     = note: this error originates in the attribute macro `gpui::test` (in Nightly builds, run with -Z macro-backtrace for more info)
[INFO] [stdout] help: a trait with a similar name exists
[INFO] [stdout]     |
[INFO] [stdout] 385 - #[gpui::test]
[INFO] [stdout] 385 + AppContext
[INFO] [stdout]     |
[INFO] [stdout] 
[INFO] [stdout] 
[INFO] [stdout] error[E0433]: cannot find `TestAppContext` in `gpui`
[INFO] [stdout]    --> tests/grid.rs:526:1
[INFO] [stdout]     |
[INFO] [stdout] 526 | #[gpui::test]
[INFO] [stdout]     | ^^^^^^^^^^^^^ could not find `TestAppContext` in `gpui`
[INFO] [stdout]     |
[INFO] [stdout]     = note: this error originates in the attribute macro `gpui::test` (in Nightly builds, run with -Z macro-backtrace for more info)
[INFO] [stdout] help: a trait with a similar name exists
[INFO] [stdout]     |
[INFO] [stdout] 526 - #[gpui::test]
[INFO] [stdout] 526 + AppContext
[INFO] [stdout]     |
[INFO] [stdout] 
[INFO] [stdout] 
[INFO] [stdout] error[E0433]: cannot find `TestAppContext` in `gpui`
[INFO] [stdout]    --> tests/navigation.rs:340:1
[INFO] [stdout]     |
[INFO] [stdout] 340 | #[gpui::test]
[INFO] [stdout]     | ^^^^^^^^^^^^^ could not find `TestAppContext` in `gpui`
[INFO] [stdout]     |
[INFO] [stdout]     = note: this error originates in the attribute macro `gpui::test` (in Nightly builds, run with -Z macro-backtrace for more info)
[INFO] [stdout] help: a trait with a similar name exists
[INFO] [stdout]     |
[INFO] [stdout] 340 - #[gpui::test]
[INFO] [stdout] 340 + AppContext
[INFO] [stdout]     |
[INFO] [stdout] 
[INFO] [stdout] 
[INFO] [stdout] error[E0425]: cannot find function `run_test` in crate `gpui`
[INFO] [stdout]   --> tests/navigation.rs:42:1
[INFO] [stdout]    |
[INFO] [stdout] 42 | #[gpui::test]
[INFO] [stdout]    | ^^^^^^^^^^^^^ not found in `gpui`
[INFO] [stdout]    |
[INFO] [stdout]    = note: this error originates in the attribute macro `gpui::test` (in Nightly builds, run with -Z macro-backtrace for more info)
[INFO] [stdout] 
[INFO] [stdout] 
[INFO] [stdout] error[E0425]: cannot find function `run_test` in crate `gpui`
[INFO] [stdout]   --> tests/navigation.rs:66:1
[INFO] [stdout]    |
[INFO] [stdout] 66 | #[gpui::test]
[INFO] [stdout]    | ^^^^^^^^^^^^^ not found in `gpui`
[INFO] [stdout]    |
[INFO] [stdout]    = note: this error originates in the attribute macro `gpui::test` (in Nightly builds, run with -Z macro-backtrace for more info)
[INFO] [stdout] 
[INFO] [stdout] 
[INFO] [stdout] error[E0425]: cannot find function `run_test` in crate `gpui`
[INFO] [stdout]   --> tests/navigation.rs:76:1
[INFO] [stdout]    |
[INFO] [stdout] 76 | #[gpui::test]
[INFO] [stdout]    | ^^^^^^^^^^^^^ not found in `gpui`
[INFO] [stdout]    |
[INFO] [stdout]    = note: this error originates in the attribute macro `gpui::test` (in Nightly builds, run with -Z macro-backtrace for more info)
[INFO] [stdout] 
[INFO] [stdout] 
[INFO] [stdout] error[E0425]: cannot find function `run_test` in crate `gpui`
[INFO] [stdout]   --> tests/navigation.rs:91:1
[INFO] [stdout]    |
[INFO] [stdout] 91 | #[gpui::test]
[INFO] [stdout]    | ^^^^^^^^^^^^^ not found in `gpui`
[INFO] [stdout]    |
[INFO] [stdout]    = note: this error originates in the attribute macro `gpui::test` (in Nightly builds, run with -Z macro-backtrace for more info)
[INFO] [stdout] 
[INFO] [stdout] 
[INFO] [stdout] error[E0425]: cannot find function `run_test` in crate `gpui`
[INFO] [stdout]    --> tests/navigation.rs:110:1
[INFO] [stdout]     |
[INFO] [stdout] 110 | #[gpui::test]
[INFO] [stdout]     | ^^^^^^^^^^^^^ not found in `gpui`
[INFO] [stdout]     |
[INFO] [stdout]     = note: this error originates in the attribute macro `gpui::test` (in Nightly builds, run with -Z macro-backtrace for more info)
[INFO] [stdout] 
[INFO] [stdout] 
[INFO] [stdout] error[E0425]: cannot find function `run_test` in crate `gpui`
[INFO] [stdout]    --> tests/navigation.rs:126:1
[INFO] [stdout]     |
[INFO] [stdout] 126 | #[gpui::test]
[INFO] [stdout]     | ^^^^^^^^^^^^^ not found in `gpui`
[INFO] [stdout]     |
[INFO] [stdout]     = note: this error originates in the attribute macro `gpui::test` (in Nightly builds, run with -Z macro-backtrace for more info)
[INFO] [stdout] 
[INFO] [stdout] 
[INFO] [stdout] error[E0425]: cannot find function `run_test` in crate `gpui`
[INFO] [stdout]    --> tests/navigation.rs:140:1
[INFO] [stdout]     |
[INFO] [stdout] 140 | #[gpui::test]
[INFO] [stdout]     | ^^^^^^^^^^^^^ not found in `gpui`
[INFO] [stdout]     |
[INFO] [stdout]     = note: this error originates in the attribute macro `gpui::test` (in Nightly builds, run with -Z macro-backtrace for more info)
[INFO] [stdout] 
[INFO] [stdout] 
[INFO] [stdout] error[E0425]: cannot find function `run_test` in crate `gpui`
[INFO] [stdout]    --> tests/navigation.rs:186:1
[INFO] [stdout]     |
[INFO] [stdout] 186 | #[gpui::test]
[INFO] [stdout]     | ^^^^^^^^^^^^^ not found in `gpui`
[INFO] [stdout]     |
[INFO] [stdout]     = note: this error originates in the attribute macro `gpui::test` (in Nightly builds, run with -Z macro-backtrace for more info)
[INFO] [stdout] 
[INFO] [stdout] 
[INFO] [stdout] error[E0425]: cannot find function `run_test` in crate `gpui`
[INFO] [stdout]    --> tests/navigation.rs:202:1
[INFO] [stdout]     |
[INFO] [stdout] 202 | #[gpui::test]
[INFO] [stdout]     | ^^^^^^^^^^^^^ not found in `gpui`
[INFO] [stdout]     |
[INFO] [stdout]     = note: this error originates in the attribute macro `gpui::test` (in Nightly builds, run with -Z macro-backtrace for more info)
[INFO] [stdout] 
[INFO] [stdout] 
[INFO] [stdout] error[E0425]: cannot find function `run_test` in crate `gpui`
[INFO] [stdout]    --> tests/navigation.rs:216:1
[INFO] [stdout]     |
[INFO] [stdout] 216 | #[gpui::test]
[INFO] [stdout]     | ^^^^^^^^^^^^^ not found in `gpui`
[INFO] [stdout]     |
[INFO] [stdout]     = note: this error originates in the attribute macro `gpui::test` (in Nightly builds, run with -Z macro-backtrace for more info)
[INFO] [stdout] 
[INFO] [stdout] 
[INFO] [stdout] error[E0425]: cannot find function `run_test` in crate `gpui`
[INFO] [stdout]    --> tests/navigation.rs:237:1
[INFO] [stdout]     |
[INFO] [stdout] 237 | #[gpui::test]
[INFO] [stdout]     | ^^^^^^^^^^^^^ not found in `gpui`
[INFO] [stdout]     |
[INFO] [stdout]     = note: this error originates in the attribute macro `gpui::test` (in Nightly builds, run with -Z macro-backtrace for more info)
[INFO] [stdout] 
[INFO] [stdout] 
[INFO] [stdout] error[E0425]: cannot find function `run_test` in crate `gpui`
[INFO] [stdout]    --> tests/navigation.rs:254:1
[INFO] [stdout]     |
[INFO] [stdout] 254 | #[gpui::test]
[INFO] [stdout]     | ^^^^^^^^^^^^^ not found in `gpui`
[INFO] [stdout]     |
[INFO] [stdout]     = note: this error originates in the attribute macro `gpui::test` (in Nightly builds, run with -Z macro-backtrace for more info)
[INFO] [stdout] 
[INFO] [stdout] 
[INFO] [stdout] error[E0433]: cannot find `TestAppContext` in `gpui`
[INFO] [stdout]    --> tests/form.rs:442:1
[INFO] [stdout]     |
[INFO] [stdout] 442 | #[gpui::test]
[INFO] [stdout]     | ^^^^^^^^^^^^^ could not find `TestAppContext` in `gpui`
[INFO] [stdout]     |
[INFO] [stdout]     = note: this error originates in the attribute macro `gpui::test` (in Nightly builds, run with -Z macro-backtrace for more info)
[INFO] [stdout] help: a trait with a similar name exists
[INFO] [stdout]     |
[INFO] [stdout] 442 - #[gpui::test]
[INFO] [stdout] 442 + AppContext
[INFO] [stdout]     |
[INFO] [stdout] 
[INFO] [stdout] 
[INFO] [stdout] error[E0425]: cannot find function `run_test` in crate `gpui`
[INFO] [stdout]    --> tests/navigation.rs:279:1
[INFO] [stdout]     |
[INFO] [stdout] 279 | #[gpui::test]
[INFO] [stdout]     | ^^^^^^^^^^^^^ not found in `gpui`
[INFO] [stdout]     |
[INFO] [stdout]     = note: this error originates in the attribute macro `gpui::test` (in Nightly builds, run with -Z macro-backtrace for more info)
[INFO] [stdout] 
[INFO] [stdout] 
[INFO] [stdout] error[E0425]: cannot find function `run_test` in crate `gpui`
[INFO] [stdout]    --> tests/navigation.rs:305:1
[INFO] [stdout]     |
[INFO] [stdout] 305 | #[gpui::test]
[INFO] [stdout]     | ^^^^^^^^^^^^^ not found in `gpui`
[INFO] [stdout]     |
[INFO] [stdout]     = note: this error originates in the attribute macro `gpui::test` (in Nightly builds, run with -Z macro-backtrace for more info)
[INFO] [stdout] 
[INFO] [stdout] 
[INFO] [stdout] error[E0425]: cannot find function `run_test` in crate `gpui`
[INFO] [stdout]    --> tests/navigation.rs:340:1
[INFO] [stdout]     |
[INFO] [stdout] 340 | #[gpui::test]
[INFO] [stdout]     | ^^^^^^^^^^^^^ not found in `gpui`
[INFO] [stdout]     |
[INFO] [stdout]     = note: this error originates in the attribute macro `gpui::test` (in Nightly builds, run with -Z macro-backtrace for more info)
[INFO] [stdout] 
[INFO] [stdout] 
[INFO] [stdout] Some errors have detailed explanations: E0425, E0432, E0433.
[INFO] [stdout] 
[INFO] [stdout] For more information about an error, try `rustc --explain E0425`.
[INFO] [stdout] 
[INFO] [stdout] error[E0433]: cannot find `TestAppContext` in `gpui`
[INFO] [stdout]    --> tests/media.rs:293:1
[INFO] [stdout]     |
[INFO] [stdout] 293 | #[gpui::test]
[INFO] [stdout]     | ^^^^^^^^^^^^^ could not find `TestAppContext` in `gpui`
[INFO] [stdout]     |
[INFO] [stdout]     = note: this error originates in the attribute macro `gpui::test` (in Nightly builds, run with -Z macro-backtrace for more info)
[INFO] [stdout] help: a trait with a similar name exists
[INFO] [stdout]     |
[INFO] [stdout] 293 - #[gpui::test]
[INFO] [stdout] 293 + AppContext
[INFO] [stdout]     |
[INFO] [stdout] 
[INFO] [stdout] 
[INFO] [stdout] error[E0433]: cannot find `TestAppContext` in `gpui`
[INFO] [stdout]    --> tests/layout.rs:405:1
[INFO] [stdout]     |
[INFO] [stdout] 405 | #[gpui::test]
[INFO] [stdout]     | ^^^^^^^^^^^^^ could not find `TestAppContext` in `gpui`
[INFO] [stdout]     |
[INFO] [stdout]     = note: this error originates in the attribute macro `gpui::test` (in Nightly builds, run with -Z macro-backtrace for more info)
[INFO] [stdout] help: a trait with a similar name exists
[INFO] [stdout]     |
[INFO] [stdout] 405 - #[gpui::test]
[INFO] [stdout] 405 + AppContext
[INFO] [stdout]     |
[INFO] [stdout] 
[INFO] [stdout] 
[INFO] [stdout] error[E0433]: cannot find `TestAppContext` in `gpui`
[INFO] [stdout]    --> tests/grid.rs:547:1
[INFO] [stdout]     |
[INFO] [stdout] 547 | #[gpui::test]
[INFO] [stdout]     | ^^^^^^^^^^^^^ could not find `TestAppContext` in `gpui`
[INFO] [stdout]     |
[INFO] [stdout]     = note: this error originates in the attribute macro `gpui::test` (in Nightly builds, run with -Z macro-backtrace for more info)
[INFO] [stdout] help: a trait with a similar name exists
[INFO] [stdout]     |
[INFO] [stdout] 547 - #[gpui::test]
[INFO] [stdout] 547 + AppContext
[INFO] [stdout]     |
[INFO] [stdout] 
[INFO] [stdout] 
[INFO] [stderr] error: could not compile `gpui-box-kit` (test "select") due to 24 previous errors
[INFO] [stderr] warning: build failed, waiting for other jobs to finish...
[INFO] [stdout] error[E0433]: cannot find `TestAppContext` in `gpui`
[INFO] [stdout]    --> tests/form.rs:452:1
[INFO] [stdout]     |
[INFO] [stdout] 452 | #[gpui::test]
[INFO] [stdout]     | ^^^^^^^^^^^^^ could not find `TestAppContext` in `gpui`
[INFO] [stdout]     |
[INFO] [stdout]     = note: this error originates in the attribute macro `gpui::test` (in Nightly builds, run with -Z macro-backtrace for more info)
[INFO] [stdout] help: a trait with a similar name exists
[INFO] [stdout]     |
[INFO] [stdout] 452 - #[gpui::test]
[INFO] [stdout] 452 + AppContext
[INFO] [stdout]     |
[INFO] [stdout] 
[INFO] [stdout] 
[INFO] [stdout] error[E0433]: cannot find `TestAppContext` in `gpui`
[INFO] [stdout]    --> tests/grid.rs:565:1
[INFO] [stdout]     |
[INFO] [stdout] 565 | #[gpui::test]
[INFO] [stdout]     | ^^^^^^^^^^^^^ could not find `TestAppContext` in `gpui`
[INFO] [stdout]     |
[INFO] [stdout]     = note: this error originates in the attribute macro `gpui::test` (in Nightly builds, run with -Z macro-backtrace for more info)
[INFO] [stdout] help: a trait with a similar name exists
[INFO] [stdout]     |
[INFO] [stdout] 565 - #[gpui::test]
[INFO] [stdout] 565 + AppContext
[INFO] [stdout]     |
[INFO] [stdout] 
[INFO] [stdout] 
[INFO] [stdout] error[E0433]: cannot find `TestAppContext` in `gpui`
[INFO] [stdout]    --> tests/media.rs:313:1
[INFO] [stdout]     |
[INFO] [stdout] 313 | #[gpui::test]
[INFO] [stdout]     | ^^^^^^^^^^^^^ could not find `TestAppContext` in `gpui`
[INFO] [stdout]     |
[INFO] [stdout]     = note: this error originates in the attribute macro `gpui::test` (in Nightly builds, run with -Z macro-backtrace for more info)
[INFO] [stdout] help: a trait with a similar name exists
[INFO] [stdout]     |
[INFO] [stdout] 313 - #[gpui::test]
[INFO] [stdout] 313 + AppContext
[INFO] [stdout]     |
[INFO] [stdout] 
[INFO] [stdout] 
[INFO] [stdout] error[E0433]: cannot find `TestAppContext` in `gpui`
[INFO] [stdout]    --> tests/layout.rs:417:1
[INFO] [stdout]     |
[INFO] [stdout] 417 | #[gpui::test]
[INFO] [stdout]     | ^^^^^^^^^^^^^ could not find `TestAppContext` in `gpui`
[INFO] [stdout]     |
[INFO] [stdout]     = note: this error originates in the attribute macro `gpui::test` (in Nightly builds, run with -Z macro-backtrace for more info)
[INFO] [stdout] help: a trait with a similar name exists
[INFO] [stdout]     |
[INFO] [stdout] 417 - #[gpui::test]
[INFO] [stdout] 417 + AppContext
[INFO] [stdout]     |
[INFO] [stdout] 
[INFO] [stdout] 
[INFO] [stdout] error[E0433]: cannot find `TestAppContext` in `gpui`
[INFO] [stdout]    --> tests/grid.rs:572:1
[INFO] [stdout]     |
[INFO] [stdout] 572 | #[gpui::test]
[INFO] [stdout]     | ^^^^^^^^^^^^^ could not find `TestAppContext` in `gpui`
[INFO] [stdout]     |
[INFO] [stdout]     = note: this error originates in the attribute macro `gpui::test` (in Nightly builds, run with -Z macro-backtrace for more info)
[INFO] [stdout] help: a trait with a similar name exists
[INFO] [stdout]     |
[INFO] [stdout] 572 - #[gpui::test]
[INFO] [stdout] 572 + AppContext
[INFO] [stdout]     |
[INFO] [stdout] 
[INFO] [stdout] 
[INFO] [stdout] error[E0433]: cannot find `TestAppContext` in `gpui`
[INFO] [stdout]    --> tests/form.rs:494:1
[INFO] [stdout]     |
[INFO] [stdout] 494 | #[gpui::test]
[INFO] [stdout]     | ^^^^^^^^^^^^^ could not find `TestAppContext` in `gpui`
[INFO] [stdout]     |
[INFO] [stdout]     = note: this error originates in the attribute macro `gpui::test` (in Nightly builds, run with -Z macro-backtrace for more info)
[INFO] [stdout] help: a trait with a similar name exists
[INFO] [stdout]     |
[INFO] [stdout] 494 - #[gpui::test]
[INFO] [stdout] 494 + AppContext
[INFO] [stdout]     |
[INFO] [stdout] 
[INFO] [stdout] 
[INFO] [stdout] error[E0433]: cannot find `TestAppContext` in `gpui`
[INFO] [stdout]    --> tests/layout.rs:428:1
[INFO] [stdout]     |
[INFO] [stdout] 428 | #[gpui::test]
[INFO] [stdout]     | ^^^^^^^^^^^^^ could not find `TestAppContext` in `gpui`
[INFO] [stdout]     |
[INFO] [stdout]     = note: this error originates in the attribute macro `gpui::test` (in Nightly builds, run with -Z macro-backtrace for more info)
[INFO] [stdout] help: a trait with a similar name exists
[INFO] [stdout]     |
[INFO] [stdout] 428 - #[gpui::test]
[INFO] [stdout] 428 + AppContext
[INFO] [stdout]     |
[INFO] [stdout] 
[INFO] [stdout] 
[INFO] [stdout] Some errors have detailed explanations: E0425, E0432, E0433.
[INFO] [stdout] 
[INFO] [stdout] For more information about an error, try `rustc --explain E0425`.
[INFO] [stdout] 
[INFO] [stdout] error[E0433]: cannot find `TestAppContext` in `gpui`
[INFO] [stdout]    --> tests/grid.rs:613:1
[INFO] [stdout]     |
[INFO] [stdout] 613 | #[gpui::test]
[INFO] [stdout]     | ^^^^^^^^^^^^^ could not find `TestAppContext` in `gpui`
[INFO] [stdout]     |
[INFO] [stdout]     = note: this error originates in the attribute macro `gpui::test` (in Nightly builds, run with -Z macro-backtrace for more info)
[INFO] [stdout] help: a trait with a similar name exists
[INFO] [stdout]     |
[INFO] [stdout] 613 - #[gpui::test]
[INFO] [stdout] 613 + AppContext
[INFO] [stdout]     |
[INFO] [stdout] 
[INFO] [stdout] 
[INFO] [stderr] error: could not compile `gpui-box-kit` (test "navigation") due to 32 previous errors
[INFO] [stdout] error[E0433]: cannot find `TestAppContext` in `gpui`
[INFO] [stdout]    --> tests/form.rs:522:1
[INFO] [stdout]     |
[INFO] [stdout] 522 | #[gpui::test]
[INFO] [stdout]     | ^^^^^^^^^^^^^ could not find `TestAppContext` in `gpui`
[INFO] [stdout]     |
[INFO] [stdout]     = note: this error originates in the attribute macro `gpui::test` (in Nightly builds, run with -Z macro-backtrace for more info)
[INFO] [stdout] help: a trait with a similar name exists
[INFO] [stdout]     |
[INFO] [stdout] 522 - #[gpui::test]
[INFO] [stdout] 522 + AppContext
[INFO] [stdout]     |
[INFO] [stdout] 
[INFO] [stdout] 
[INFO] [stdout] error[E0433]: cannot find `TestAppContext` in `gpui`
[INFO] [stdout]    --> tests/media.rs:365:1
[INFO] [stdout]     |
[INFO] [stdout] 365 | #[gpui::test]
[INFO] [stdout]     | ^^^^^^^^^^^^^ could not find `TestAppContext` in `gpui`
[INFO] [stdout]     |
[INFO] [stdout]     = note: this error originates in the attribute macro `gpui::test` (in Nightly builds, run with -Z macro-backtrace for more info)
[INFO] [stdout] help: a trait with a similar name exists
[INFO] [stdout]     |
[INFO] [stdout] 365 - #[gpui::test]
[INFO] [stdout] 365 + AppContext
[INFO] [stdout]     |
[INFO] [stdout] 
[INFO] [stdout] 
[INFO] [stdout] error[E0433]: cannot find `TestAppContext` in `gpui`
[INFO] [stdout]    --> tests/layout.rs:462:1
[INFO] [stdout]     |
[INFO] [stdout] 462 | #[gpui::test]
[INFO] [stdout]     | ^^^^^^^^^^^^^ could not find `TestAppContext` in `gpui`
[INFO] [stdout]     |
[INFO] [stdout]     = note: this error originates in the attribute macro `gpui::test` (in Nightly builds, run with -Z macro-backtrace for more info)
[INFO] [stdout] help: a trait with a similar name exists
[INFO] [stdout]     |
[INFO] [stdout] 462 - #[gpui::test]
[INFO] [stdout] 462 + AppContext
[INFO] [stdout]     |
[INFO] [stdout] 
[INFO] [stdout] 
[INFO] [stdout] Some errors have detailed explanations: E0425, E0432, E0433.
[INFO] [stdout] 
[INFO] [stdout] For more information about an error, try `rustc --explain E0425`.
[INFO] [stdout] 
[INFO] [stdout] error[E0433]: cannot find `TestAppContext` in `gpui`
[INFO] [stdout]    --> tests/grid.rs:629:1
[INFO] [stdout]     |
[INFO] [stdout] 629 | #[gpui::test]
[INFO] [stdout]     | ^^^^^^^^^^^^^ could not find `TestAppContext` in `gpui`
[INFO] [stdout]     |
[INFO] [stdout]     = note: this error originates in the attribute macro `gpui::test` (in Nightly builds, run with -Z macro-backtrace for more info)
[INFO] [stdout] help: a trait with a similar name exists
[INFO] [stdout]     |
[INFO] [stdout] 629 - #[gpui::test]
[INFO] [stdout] 629 + AppContext
[INFO] [stdout]     |
[INFO] [stdout] 
[INFO] [stdout] 
[INFO] [stdout] error[E0433]: cannot find `TestAppContext` in `gpui`
[INFO] [stdout]    --> tests/media.rs:381:1
[INFO] [stdout]     |
[INFO] [stdout] 381 | #[gpui::test]
[INFO] [stdout]     | ^^^^^^^^^^^^^ could not find `TestAppContext` in `gpui`
[INFO] [stdout]     |
[INFO] [stdout]     = note: this error originates in the attribute macro `gpui::test` (in Nightly builds, run with -Z macro-backtrace for more info)
[INFO] [stdout] help: a trait with a similar name exists
[INFO] [stdout]     |
[INFO] [stdout] 381 - #[gpui::test]
[INFO] [stdout] 381 + AppContext
[INFO] [stdout]     |
[INFO] [stdout] 
[INFO] [stdout] 
[INFO] [stdout] error[E0433]: cannot find `TestAppContext` in `gpui`
[INFO] [stdout]    --> tests/form.rs:548:1
[INFO] [stdout]     |
[INFO] [stdout] 548 | #[gpui::test]
[INFO] [stdout]     | ^^^^^^^^^^^^^ could not find `TestAppContext` in `gpui`
[INFO] [stdout]     |
[INFO] [stdout]     = note: this error originates in the attribute macro `gpui::test` (in Nightly builds, run with -Z macro-backtrace for more info)
[INFO] [stdout] help: a trait with a similar name exists
[INFO] [stdout]     |
[INFO] [stdout] 548 - #[gpui::test]
[INFO] [stdout] 548 + AppContext
[INFO] [stdout]     |
[INFO] [stdout] 
[INFO] [stdout] 
[INFO] [stderr] error: could not compile `gpui-box-kit` (test "messages") due to 24 previous errors
[INFO] [stdout] error[E0433]: cannot find `TestAppContext` in `gpui`
[INFO] [stdout]    --> tests/grid.rs:659:1
[INFO] [stdout]     |
[INFO] [stdout] 659 | #[gpui::test]
[INFO] [stdout]     | ^^^^^^^^^^^^^ could not find `TestAppContext` in `gpui`
[INFO] [stdout]     |
[INFO] [stdout]     = note: this error originates in the attribute macro `gpui::test` (in Nightly builds, run with -Z macro-backtrace for more info)
[INFO] [stdout] help: a trait with a similar name exists
[INFO] [stdout]     |
[INFO] [stdout] 659 - #[gpui::test]
[INFO] [stdout] 659 + AppContext
[INFO] [stdout]     |
[INFO] [stdout] 
[INFO] [stdout] 
[INFO] [stdout] error[E0433]: cannot find `TestAppContext` in `gpui`
[INFO] [stdout]    --> tests/layout.rs:475:1
[INFO] [stdout]     |
[INFO] [stdout] 475 | #[gpui::test]
[INFO] [stdout]     | ^^^^^^^^^^^^^ could not find `TestAppContext` in `gpui`
[INFO] [stdout]     |
[INFO] [stdout]     = note: this error originates in the attribute macro `gpui::test` (in Nightly builds, run with -Z macro-backtrace for more info)
[INFO] [stdout] help: a trait with a similar name exists
[INFO] [stdout]     |
[INFO] [stdout] 475 - #[gpui::test]
[INFO] [stdout] 475 + AppContext
[INFO] [stdout]     |
[INFO] [stdout] 
[INFO] [stdout] 
[INFO] [stdout] error[E0425]: cannot find function `run_test` in crate `gpui`
[INFO] [stdout]    --> tests/layout.rs:101:1
[INFO] [stdout]     |
[INFO] [stdout] 101 | #[gpui::test]
[INFO] [stdout]     | ^^^^^^^^^^^^^ not found in `gpui`
[INFO] [stdout]     |
[INFO] [stdout]     = note: this error originates in the attribute macro `gpui::test` (in Nightly builds, run with -Z macro-backtrace for more info)
[INFO] [stdout] 
[INFO] [stdout] 
[INFO] [stdout] error[E0425]: cannot find function `run_test` in crate `gpui`
[INFO] [stdout]    --> tests/layout.rs:123:1
[INFO] [stdout]     |
[INFO] [stdout] 123 | #[gpui::test]
[INFO] [stdout]     | ^^^^^^^^^^^^^ not found in `gpui`
[INFO] [stdout]     |
[INFO] [stdout]     = note: this error originates in the attribute macro `gpui::test` (in Nightly builds, run with -Z macro-backtrace for more info)
[INFO] [stdout] 
[INFO] [stdout] 
[INFO] [stdout] error[E0425]: cannot find function `run_test` in crate `gpui`
[INFO] [stdout]    --> tests/layout.rs:137:1
[INFO] [stdout]     |
[INFO] [stdout] 137 | #[gpui::test]
[INFO] [stdout]     | ^^^^^^^^^^^^^ not found in `gpui`
[INFO] [stdout]     |
[INFO] [stdout]     = note: this error originates in the attribute macro `gpui::test` (in Nightly builds, run with -Z macro-backtrace for more info)
[INFO] [stdout] 
[INFO] [stdout] 
[INFO] [stdout] error[E0425]: cannot find function `run_test` in crate `gpui`
[INFO] [stdout]    --> tests/layout.rs:155:1
[INFO] [stdout]     |
[INFO] [stdout] 155 | #[gpui::test]
[INFO] [stdout]     | ^^^^^^^^^^^^^ not found in `gpui`
[INFO] [stdout]     |
[INFO] [stdout]     = note: this error originates in the attribute macro `gpui::test` (in Nightly builds, run with -Z macro-backtrace for more info)
[INFO] [stdout] 
[INFO] [stdout] 
[INFO] [stdout] error[E0425]: cannot find function `run_test` in crate `gpui`
[INFO] [stdout]    --> tests/layout.rs:199:1
[INFO] [stdout]     |
[INFO] [stdout] 199 | #[gpui::test]
[INFO] [stdout]     | ^^^^^^^^^^^^^ not found in `gpui`
[INFO] [stdout]     |
[INFO] [stdout]     = note: this error originates in the attribute macro `gpui::test` (in Nightly builds, run with -Z macro-backtrace for more info)
[INFO] [stdout] 
[INFO] [stdout] 
[INFO] [stdout] error[E0425]: cannot find function `run_test` in crate `gpui`
[INFO] [stdout]    --> tests/layout.rs:225:1
[INFO] [stdout]     |
[INFO] [stdout] 225 | #[gpui::test]
[INFO] [stdout]     | ^^^^^^^^^^^^^ not found in `gpui`
[INFO] [stdout]     |
[INFO] [stdout]     = note: this error originates in the attribute macro `gpui::test` (in Nightly builds, run with -Z macro-backtrace for more info)
[INFO] [stdout] 
[INFO] [stdout] 
[INFO] [stdout] error[E0425]: cannot find function `run_test` in crate `gpui`
[INFO] [stdout]    --> tests/layout.rs:248:1
[INFO] [stdout]     |
[INFO] [stdout] 248 | #[gpui::test]
[INFO] [stdout]     | ^^^^^^^^^^^^^ not found in `gpui`
[INFO] [stdout]     |
[INFO] [stdout]     = note: this error originates in the attribute macro `gpui::test` (in Nightly builds, run with -Z macro-backtrace for more info)
[INFO] [stdout] 
[INFO] [stdout] 
[INFO] [stdout] error[E0425]: cannot find function `run_test` in crate `gpui`
[INFO] [stdout]    --> tests/layout.rs:266:1
[INFO] [stdout]     |
[INFO] [stdout] 266 | #[gpui::test]
[INFO] [stdout]     | ^^^^^^^^^^^^^ not found in `gpui`
[INFO] [stdout]     |
[INFO] [stdout]     = note: this error originates in the attribute macro `gpui::test` (in Nightly builds, run with -Z macro-backtrace for more info)
[INFO] [stdout] 
[INFO] [stdout] 
[INFO] [stdout] error[E0425]: cannot find function `run_test` in crate `gpui`
[INFO] [stdout]    --> tests/layout.rs:296:1
[INFO] [stdout]     |
[INFO] [stdout] 296 | #[gpui::test]
[INFO] [stdout]     | ^^^^^^^^^^^^^ not found in `gpui`
[INFO] [stdout]     |
[INFO] [stdout]     = note: this error originates in the attribute macro `gpui::test` (in Nightly builds, run with -Z macro-backtrace for more info)
[INFO] [stdout] 
[INFO] [stdout] 
[INFO] [stdout] error[E0425]: cannot find function `run_test` in crate `gpui`
[INFO] [stdout]    --> tests/layout.rs:307:1
[INFO] [stdout]     |
[INFO] [stdout] 307 | #[gpui::test]
[INFO] [stdout]     | ^^^^^^^^^^^^^ not found in `gpui`
[INFO] [stdout]     |
[INFO] [stdout]     = note: this error originates in the attribute macro `gpui::test` (in Nightly builds, run with -Z macro-backtrace for more info)
[INFO] [stdout] 
[INFO] [stdout] 
[INFO] [stdout] error[E0425]: cannot find function `run_test` in crate `gpui`
[INFO] [stdout]    --> tests/layout.rs:324:1
[INFO] [stdout]     |
[INFO] [stdout] 324 | #[gpui::test]
[INFO] [stdout]     | ^^^^^^^^^^^^^ not found in `gpui`
[INFO] [stdout]     |
[INFO] [stdout]     = note: this error originates in the attribute macro `gpui::test` (in Nightly builds, run with -Z macro-backtrace for more info)
[INFO] [stdout] 
[INFO] [stdout] 
[INFO] [stdout] error[E0425]: cannot find function `run_test` in crate `gpui`
[INFO] [stdout]    --> tests/layout.rs:385:1
[INFO] [stdout]     |
[INFO] [stdout] 385 | #[gpui::test]
[INFO] [stdout]     | ^^^^^^^^^^^^^ not found in `gpui`
[INFO] [stdout]     |
[INFO] [stdout]     = note: this error originates in the attribute macro `gpui::test` (in Nightly builds, run with -Z macro-backtrace for more info)
[INFO] [stdout] 
[INFO] [stdout] 
[INFO] [stdout] error[E0425]: cannot find function `run_test` in crate `gpui`
[INFO] [stdout]    --> tests/layout.rs:405:1
[INFO] [stdout]     |
[INFO] [stdout] 405 | #[gpui::test]
[INFO] [stdout]     | ^^^^^^^^^^^^^ not found in `gpui`
[INFO] [stdout]     |
[INFO] [stdout]     = note: this error originates in the attribute macro `gpui::test` (in Nightly builds, run with -Z macro-backtrace for more info)
[INFO] [stdout] 
[INFO] [stdout] 
[INFO] [stdout] error[E0425]: cannot find function `run_test` in crate `gpui`
[INFO] [stdout]    --> tests/layout.rs:417:1
[INFO] [stdout]     |
[INFO] [stdout] 417 | #[gpui::test]
[INFO] [stdout]     | ^^^^^^^^^^^^^ not found in `gpui`
[INFO] [stdout]     |
[INFO] [stdout]     = note: this error originates in the attribute macro `gpui::test` (in Nightly builds, run with -Z macro-backtrace for more info)
[INFO] [stdout] 
[INFO] [stdout] 
[INFO] [stdout] error[E0425]: cannot find function `run_test` in crate `gpui`
[INFO] [stdout]    --> tests/layout.rs:428:1
[INFO] [stdout]     |
[INFO] [stdout] 428 | #[gpui::test]
[INFO] [stdout]     | ^^^^^^^^^^^^^ not found in `gpui`
[INFO] [stdout]     |
[INFO] [stdout]     = note: this error originates in the attribute macro `gpui::test` (in Nightly builds, run with -Z macro-backtrace for more info)
[INFO] [stdout] 
[INFO] [stdout] 
[INFO] [stdout] error[E0425]: cannot find function `run_test` in crate `gpui`
[INFO] [stdout]    --> tests/layout.rs:462:1
[INFO] [stdout]     |
[INFO] [stdout] 462 | #[gpui::test]
[INFO] [stdout]     | ^^^^^^^^^^^^^ not found in `gpui`
[INFO] [stdout]     |
[INFO] [stdout]     = note: this error originates in the attribute macro `gpui::test` (in Nightly builds, run with -Z macro-backtrace for more info)
[INFO] [stdout] 
[INFO] [stdout] 
[INFO] [stdout] error[E0425]: cannot find function `run_test` in crate `gpui`
[INFO] [stdout]    --> tests/layout.rs:475:1
[INFO] [stdout]     |
[INFO] [stdout] 475 | #[gpui::test]
[INFO] [stdout]     | ^^^^^^^^^^^^^ not found in `gpui`
[INFO] [stdout]     |
[INFO] [stdout]     = note: this error originates in the attribute macro `gpui::test` (in Nightly builds, run with -Z macro-backtrace for more info)
[INFO] [stdout] 
[INFO] [stdout] 
[INFO] [stdout] error[E0433]: cannot find `TestAppContext` in `gpui`
[INFO] [stdout]    --> tests/form.rs:577:1
[INFO] [stdout]     |
[INFO] [stdout] 577 | #[gpui::test]
[INFO] [stdout]     | ^^^^^^^^^^^^^ could not find `TestAppContext` in `gpui`
[INFO] [stdout]     |
[INFO] [stdout]     = note: this error originates in the attribute macro `gpui::test` (in Nightly builds, run with -Z macro-backtrace for more info)
[INFO] [stdout] help: a trait with a similar name exists
[INFO] [stdout]     |
[INFO] [stdout] 577 - #[gpui::test]
[INFO] [stdout] 577 + AppContext
[INFO] [stdout]     |
[INFO] [stdout] 
[INFO] [stdout] 
[INFO] [stdout] error[E0433]: cannot find `TestAppContext` in `gpui`
[INFO] [stdout]    --> tests/media.rs:395:1
[INFO] [stdout]     |
[INFO] [stdout] 395 | #[gpui::test]
[INFO] [stdout]     | ^^^^^^^^^^^^^ could not find `TestAppContext` in `gpui`
[INFO] [stdout]     |
[INFO] [stdout]     = note: this error originates in the attribute macro `gpui::test` (in Nightly builds, run with -Z macro-backtrace for more info)
[INFO] [stdout] help: a trait with a similar name exists
[INFO] [stdout]     |
[INFO] [stdout] 395 - #[gpui::test]
[INFO] [stdout] 395 + AppContext
[INFO] [stdout]     |
[INFO] [stdout] 
[INFO] [stdout] 
[INFO] [stdout] error[E0433]: cannot find `TestAppContext` in `gpui`
[INFO] [stdout]    --> tests/grid.rs:675:1
[INFO] [stdout]     |
[INFO] [stdout] 675 | #[gpui::test]
[INFO] [stdout]     | ^^^^^^^^^^^^^ could not find `TestAppContext` in `gpui`
[INFO] [stdout]     |
[INFO] [stdout]     = note: this error originates in the attribute macro `gpui::test` (in Nightly builds, run with -Z macro-backtrace for more info)
[INFO] [stdout] help: a trait with a similar name exists
[INFO] [stdout]     |
[INFO] [stdout] 675 - #[gpui::test]
[INFO] [stdout] 675 + AppContext
[INFO] [stdout]     |
[INFO] [stdout] 
[INFO] [stdout] 
[INFO] [stdout] error[E0433]: cannot find `TestAppContext` in `gpui`
[INFO] [stdout]    --> tests/media.rs:425:1
[INFO] [stdout]     |
[INFO] [stdout] 425 | #[gpui::test]
[INFO] [stdout]     | ^^^^^^^^^^^^^ could not find `TestAppContext` in `gpui`
[INFO] [stdout]     |
[INFO] [stdout]     = note: this error originates in the attribute macro `gpui::test` (in Nightly builds, run with -Z macro-backtrace for more info)
[INFO] [stdout] help: a trait with a similar name exists
[INFO] [stdout]     |
[INFO] [stdout] 425 - #[gpui::test]
[INFO] [stdout] 425 + AppContext
[INFO] [stdout]     |
[INFO] [stdout] 
[INFO] [stdout] 
[INFO] [stdout] error[E0433]: cannot find `TestAppContext` in `gpui`
[INFO] [stdout]    --> tests/form.rs:613:1
[INFO] [stdout]     |
[INFO] [stdout] 613 | #[gpui::test]
[INFO] [stdout]     | ^^^^^^^^^^^^^ could not find `TestAppContext` in `gpui`
[INFO] [stdout]     |
[INFO] [stdout]     = note: this error originates in the attribute macro `gpui::test` (in Nightly builds, run with -Z macro-backtrace for more info)
[INFO] [stdout] help: a trait with a similar name exists
[INFO] [stdout]     |
[INFO] [stdout] 613 - #[gpui::test]
[INFO] [stdout] 613 + AppContext
[INFO] [stdout]     |
[INFO] [stdout] 
[INFO] [stdout] 
[INFO] [stdout] error[E0433]: cannot find `TestAppContext` in `gpui`
[INFO] [stdout]    --> tests/grid.rs:686:1
[INFO] [stdout]     |
[INFO] [stdout] 686 | #[gpui::test]
[INFO] [stdout]     | ^^^^^^^^^^^^^ could not find `TestAppContext` in `gpui`
[INFO] [stdout]     |
[INFO] [stdout]     = note: this error originates in the attribute macro `gpui::test` (in Nightly builds, run with -Z macro-backtrace for more info)
[INFO] [stdout] help: a trait with a similar name exists
[INFO] [stdout]     |
[INFO] [stdout] 686 - #[gpui::test]
[INFO] [stdout] 686 + AppContext
[INFO] [stdout]     |
[INFO] [stdout] 
[INFO] [stdout] 
[INFO] [stdout] error[E0433]: cannot find `TestAppContext` in `gpui`
[INFO] [stdout]    --> tests/media.rs:455:1
[INFO] [stdout]     |
[INFO] [stdout] 455 | #[gpui::test]
[INFO] [stdout]     | ^^^^^^^^^^^^^ could not find `TestAppContext` in `gpui`
[INFO] [stdout]     |
[INFO] [stdout]     = note: this error originates in the attribute macro `gpui::test` (in Nightly builds, run with -Z macro-backtrace for more info)
[INFO] [stdout] help: a trait with a similar name exists
[INFO] [stdout]     |
[INFO] [stdout] 455 - #[gpui::test]
[INFO] [stdout] 455 + AppContext
[INFO] [stdout]     |
[INFO] [stdout] 
[INFO] [stdout] 
[INFO] [stdout] error[E0433]: cannot find `TestAppContext` in `gpui`
[INFO] [stdout]    --> tests/grid.rs:714:1
[INFO] [stdout]     |
[INFO] [stdout] 714 | #[gpui::test]
[INFO] [stdout]     | ^^^^^^^^^^^^^ could not find `TestAppContext` in `gpui`
[INFO] [stdout]     |
[INFO] [stdout]     = note: this error originates in the attribute macro `gpui::test` (in Nightly builds, run with -Z macro-backtrace for more info)
[INFO] [stdout] help: a trait with a similar name exists
[INFO] [stdout]     |
[INFO] [stdout] 714 - #[gpui::test]
[INFO] [stdout] 714 + AppContext
[INFO] [stdout]     |
[INFO] [stdout] 
[INFO] [stdout] 
[INFO] [stdout] error[E0433]: cannot find `TestAppContext` in `gpui`
[INFO] [stdout]    --> tests/form.rs:640:1
[INFO] [stdout]     |
[INFO] [stdout] 640 | #[gpui::test]
[INFO] [stdout]     | ^^^^^^^^^^^^^ could not find `TestAppContext` in `gpui`
[INFO] [stdout]     |
[INFO] [stdout]     = note: this error originates in the attribute macro `gpui::test` (in Nightly builds, run with -Z macro-backtrace for more info)
[INFO] [stdout] help: a trait with a similar name exists
[INFO] [stdout]     |
[INFO] [stdout] 640 - #[gpui::test]
[INFO] [stdout] 640 + AppContext
[INFO] [stdout]     |
[INFO] [stdout] 
[INFO] [stdout] 
[INFO] [stdout] error[E0433]: cannot find `TestAppContext` in `gpui`
[INFO] [stdout]    --> tests/media.rs:500:1
[INFO] [stdout]     |
[INFO] [stdout] 500 | #[gpui::test]
[INFO] [stdout]     | ^^^^^^^^^^^^^ could not find `TestAppContext` in `gpui`
[INFO] [stdout]     |
[INFO] [stdout]     = note: this error originates in the attribute macro `gpui::test` (in Nightly builds, run with -Z macro-backtrace for more info)
[INFO] [stdout] help: a trait with a similar name exists
[INFO] [stdout]     |
[INFO] [stdout] 500 - #[gpui::test]
[INFO] [stdout] 500 + AppContext
[INFO] [stdout]     |
[INFO] [stdout] 
[INFO] [stdout] 
[INFO] [stdout] error[E0433]: cannot find `TestAppContext` in `gpui`
[INFO] [stdout]    --> tests/grid.rs:729:1
[INFO] [stdout]     |
[INFO] [stdout] 729 | #[gpui::test]
[INFO] [stdout]     | ^^^^^^^^^^^^^ could not find `TestAppContext` in `gpui`
[INFO] [stdout]     |
[INFO] [stdout]     = note: this error originates in the attribute macro `gpui::test` (in Nightly builds, run with -Z macro-backtrace for more info)
[INFO] [stdout] help: a trait with a similar name exists
[INFO] [stdout]     |
[INFO] [stdout] 729 - #[gpui::test]
[INFO] [stdout] 729 + AppContext
[INFO] [stdout]     |
[INFO] [stdout] 
[INFO] [stdout] 
[INFO] [stdout] error[E0425]: cannot find function `run_test` in crate `gpui`
[INFO] [stdout]    --> tests/grid.rs:208:1
[INFO] [stdout]     |
[INFO] [stdout] 208 | #[gpui::test]
[INFO] [stdout]     | ^^^^^^^^^^^^^ not found in `gpui`
[INFO] [stdout]     |
[INFO] [stdout]     = note: this error originates in the attribute macro `gpui::test` (in Nightly builds, run with -Z macro-backtrace for more info)
[INFO] [stdout] 
[INFO] [stdout] 
[INFO] [stdout] error[E0425]: cannot find function `run_test` in crate `gpui`
[INFO] [stdout]    --> tests/grid.rs:241:1
[INFO] [stdout]     |
[INFO] [stdout] 241 | #[gpui::test]
[INFO] [stdout]     | ^^^^^^^^^^^^^ not found in `gpui`
[INFO] [stdout]     |
[INFO] [stdout]     = note: this error originates in the attribute macro `gpui::test` (in Nightly builds, run with -Z macro-backtrace for more info)
[INFO] [stdout] 
[INFO] [stdout] 
[INFO] [stdout] error[E0425]: cannot find function `run_test` in crate `gpui`
[INFO] [stdout]    --> tests/grid.rs:255:1
[INFO] [stdout]     |
[INFO] [stdout] 255 | #[gpui::test]
[INFO] [stdout]     | ^^^^^^^^^^^^^ not found in `gpui`
[INFO] [stdout]     |
[INFO] [stdout]     = note: this error originates in the attribute macro `gpui::test` (in Nightly builds, run with -Z macro-backtrace for more info)
[INFO] [stdout] 
[INFO] [stdout] 
[INFO] [stdout] error[E0425]: cannot find function `run_test` in crate `gpui`
[INFO] [stdout]    --> tests/grid.rs:304:1
[INFO] [stdout]     |
[INFO] [stdout] 304 | #[gpui::test]
[INFO] [stdout]     | ^^^^^^^^^^^^^ not found in `gpui`
[INFO] [stdout]     |
[INFO] [stdout]     = note: this error originates in the attribute macro `gpui::test` (in Nightly builds, run with -Z macro-backtrace for more info)
[INFO] [stdout] 
[INFO] [stdout] 
[INFO] [stdout] error[E0425]: cannot find function `run_test` in crate `gpui`
[INFO] [stdout]    --> tests/grid.rs:341:1
[INFO] [stdout]     |
[INFO] [stdout] 341 | #[gpui::test]
[INFO] [stdout]     | ^^^^^^^^^^^^^ not found in `gpui`
[INFO] [stdout]     |
[INFO] [stdout]     = note: this error originates in the attribute macro `gpui::test` (in Nightly builds, run with -Z macro-backtrace for more info)
[INFO] [stdout] 
[INFO] [stdout] 
[INFO] [stdout] error[E0425]: cannot find function `run_test` in crate `gpui`
[INFO] [stdout]    --> tests/grid.rs:359:1
[INFO] [stdout]     |
[INFO] [stdout] 359 | #[gpui::test]
[INFO] [stdout]     | ^^^^^^^^^^^^^ not found in `gpui`
[INFO] [stdout]     |
[INFO] [stdout]     = note: this error originates in the attribute macro `gpui::test` (in Nightly builds, run with -Z macro-backtrace for more info)
[INFO] [stdout] 
[INFO] [stdout] 
[INFO] [stdout] error[E0425]: cannot find function `run_test` in crate `gpui`
[INFO] [stdout]    --> tests/grid.rs:382:1
[INFO] [stdout]     |
[INFO] [stdout] 382 | #[gpui::test]
[INFO] [stdout]     | ^^^^^^^^^^^^^ not found in `gpui`
[INFO] [stdout]     |
[INFO] [stdout]     = note: this error originates in the attribute macro `gpui::test` (in Nightly builds, run with -Z macro-backtrace for more info)
[INFO] [stdout] 
[INFO] [stdout] 
[INFO] [stdout] error[E0425]: cannot find function `run_test` in crate `gpui`
[INFO] [stdout]    --> tests/grid.rs:394:1
[INFO] [stdout]     |
[INFO] [stdout] 394 | #[gpui::test]
[INFO] [stdout]     | ^^^^^^^^^^^^^ not found in `gpui`
[INFO] [stdout]     |
[INFO] [stdout]     = note: this error originates in the attribute macro `gpui::test` (in Nightly builds, run with -Z macro-backtrace for more info)
[INFO] [stdout] 
[INFO] [stdout] 
[INFO] [stdout] error[E0425]: cannot find function `run_test` in crate `gpui`
[INFO] [stdout]    --> tests/grid.rs:425:1
[INFO] [stdout]     |
[INFO] [stdout] 425 | #[gpui::test]
[INFO] [stdout]     | ^^^^^^^^^^^^^ not found in `gpui`
[INFO] [stdout]     |
[INFO] [stdout]     = note: this error originates in the attribute macro `gpui::test` (in Nightly builds, run with -Z macro-backtrace for more info)
[INFO] [stdout] 
[INFO] [stdout] 
[INFO] [stdout] error[E0425]: cannot find function `run_test` in crate `gpui`
[INFO] [stdout]    --> tests/grid.rs:442:1
[INFO] [stdout]     |
[INFO] [stdout] 442 | #[gpui::test]
[INFO] [stdout]     | ^^^^^^^^^^^^^ not found in `gpui`
[INFO] [stdout]     |
[INFO] [stdout]     = note: this error originates in the attribute macro `gpui::test` (in Nightly builds, run with -Z macro-backtrace for more info)
[INFO] [stdout] 
[INFO] [stdout] 
[INFO] [stdout] error[E0425]: cannot find function `run_test` in crate `gpui`
[INFO] [stdout]    --> tests/grid.rs:526:1
[INFO] [stdout]     |
[INFO] [stdout] 526 | #[gpui::test]
[INFO] [stdout]     | ^^^^^^^^^^^^^ not found in `gpui`
[INFO] [stdout]     |
[INFO] [stdout]     = note: this error originates in the attribute macro `gpui::test` (in Nightly builds, run with -Z macro-backtrace for more info)
[INFO] [stdout] 
[INFO] [stdout] 
[INFO] [stdout] error[E0425]: cannot find function `run_test` in crate `gpui`
[INFO] [stdout]    --> tests/grid.rs:547:1
[INFO] [stdout]     |
[INFO] [stdout] 547 | #[gpui::test]
[INFO] [stdout]     | ^^^^^^^^^^^^^ not found in `gpui`
[INFO] [stdout]     |
[INFO] [stdout]     = note: this error originates in the attribute macro `gpui::test` (in Nightly builds, run with -Z macro-backtrace for more info)
[INFO] [stdout] 
[INFO] [stdout] 
[INFO] [stdout] error[E0425]: cannot find function `run_test` in crate `gpui`
[INFO] [stdout]    --> tests/grid.rs:565:1
[INFO] [stdout]     |
[INFO] [stdout] 565 | #[gpui::test]
[INFO] [stdout]     | ^^^^^^^^^^^^^ not found in `gpui`
[INFO] [stdout]     |
[INFO] [stdout]     = note: this error originates in the attribute macro `gpui::test` (in Nightly builds, run with -Z macro-backtrace for more info)
[INFO] [stdout] 
[INFO] [stdout] 
[INFO] [stdout] error[E0425]: cannot find function `run_test` in crate `gpui`
[INFO] [stdout]    --> tests/grid.rs:572:1
[INFO] [stdout]     |
[INFO] [stdout] 572 | #[gpui::test]
[INFO] [stdout]     | ^^^^^^^^^^^^^ not found in `gpui`
[INFO] [stdout]     |
[INFO] [stdout]     = note: this error originates in the attribute macro `gpui::test` (in Nightly builds, run with -Z macro-backtrace for more info)
[INFO] [stdout] 
[INFO] [stdout] 
[INFO] [stdout] error[E0425]: cannot find function `run_test` in crate `gpui`
[INFO] [stdout]    --> tests/grid.rs:613:1
[INFO] [stdout]     |
[INFO] [stdout] 613 | #[gpui::test]
[INFO] [stdout]     | ^^^^^^^^^^^^^ not found in `gpui`
[INFO] [stdout]     |
[INFO] [stdout]     = note: this error originates in the attribute macro `gpui::test` (in Nightly builds, run with -Z macro-backtrace for more info)
[INFO] [stdout] 
[INFO] [stdout] 
[INFO] [stdout] error[E0425]: cannot find function `run_test` in crate `gpui`
[INFO] [stdout]    --> tests/grid.rs:629:1
[INFO] [stdout]     |
[INFO] [stdout] 629 | #[gpui::test]
[INFO] [stdout]     | ^^^^^^^^^^^^^ not found in `gpui`
[INFO] [stdout]     |
[INFO] [stdout]     = note: this error originates in the attribute macro `gpui::test` (in Nightly builds, run with -Z macro-backtrace for more info)
[INFO] [stdout] 
[INFO] [stdout] 
[INFO] [stdout] error[E0425]: cannot find function `run_test` in crate `gpui`
[INFO] [stdout]    --> tests/grid.rs:659:1
[INFO] [stdout]     |
[INFO] [stdout] 659 | #[gpui::test]
[INFO] [stdout]     | ^^^^^^^^^^^^^ not found in `gpui`
[INFO] [stdout]     |
[INFO] [stdout]     = note: this error originates in the attribute macro `gpui::test` (in Nightly builds, run with -Z macro-backtrace for more info)
[INFO] [stdout] 
[INFO] [stdout] 
[INFO] [stdout] error[E0425]: cannot find function `run_test` in crate `gpui`
[INFO] [stdout]    --> tests/grid.rs:675:1
[INFO] [stdout]     |
[INFO] [stdout] 675 | #[gpui::test]
[INFO] [stdout]     | ^^^^^^^^^^^^^ not found in `gpui`
[INFO] [stdout]     |
[INFO] [stdout]     = note: this error originates in the attribute macro `gpui::test` (in Nightly builds, run with -Z macro-backtrace for more info)
[INFO] [stdout] 
[INFO] [stdout] 
[INFO] [stdout] error[E0425]: cannot find function `run_test` in crate `gpui`
[INFO] [stdout]    --> tests/grid.rs:686:1
[INFO] [stdout]     |
[INFO] [stdout] 686 | #[gpui::test]
[INFO] [stdout]     | ^^^^^^^^^^^^^ not found in `gpui`
[INFO] [stdout]     |
[INFO] [stdout]     = note: this error originates in the attribute macro `gpui::test` (in Nightly builds, run with -Z macro-backtrace for more info)
[INFO] [stdout] 
[INFO] [stdout] 
[INFO] [stdout] error[E0425]: cannot find function `run_test` in crate `gpui`
[INFO] [stdout]    --> tests/grid.rs:714:1
[INFO] [stdout]     |
[INFO] [stdout] 714 | #[gpui::test]
[INFO] [stdout]     | ^^^^^^^^^^^^^ not found in `gpui`
[INFO] [stdout]     |
[INFO] [stdout]     = note: this error originates in the attribute macro `gpui::test` (in Nightly builds, run with -Z macro-backtrace for more info)
[INFO] [stdout] 
[INFO] [stdout] 
[INFO] [stdout] error[E0425]: cannot find function `run_test` in crate `gpui`
[INFO] [stdout]    --> tests/grid.rs:729:1
[INFO] [stdout]     |
[INFO] [stdout] 729 | #[gpui::test]
[INFO] [stdout]     | ^^^^^^^^^^^^^ not found in `gpui`
[INFO] [stdout]     |
[INFO] [stdout]     = note: this error originates in the attribute macro `gpui::test` (in Nightly builds, run with -Z macro-backtrace for more info)
[INFO] [stdout] 
[INFO] [stdout] 
[INFO] [stdout] Some errors have detailed explanations: E0425, E0432, E0433.
[INFO] [stdout] 
[INFO] [stdout] For more information about an error, try `rustc --explain E0425`.
[INFO] [stdout] 
[INFO] [stdout] error[E0433]: cannot find `TestAppContext` in `gpui`
[INFO] [stdout]    --> tests/form.rs:662:1
[INFO] [stdout]     |
[INFO] [stdout] 662 | #[gpui::test]
[INFO] [stdout]     | ^^^^^^^^^^^^^ could not find `TestAppContext` in `gpui`
[INFO] [stdout]     |
[INFO] [stdout]     = note: this error originates in the attribute macro `gpui::test` (in Nightly builds, run with -Z macro-backtrace for more info)
[INFO] [stdout] help: a trait with a similar name exists
[INFO] [stdout]     |
[INFO] [stdout] 662 - #[gpui::test]
[INFO] [stdout] 662 + AppContext
[INFO] [stdout]     |
[INFO] [stdout] 
[INFO] [stdout] 
[INFO] [stderr] error: could not compile `gpui-box-kit` (test "layout") due to 36 previous errors
[INFO] [stdout] error[E0433]: cannot find `TestAppContext` in `gpui`
[INFO] [stdout]    --> tests/media.rs:519:1
[INFO] [stdout]     |
[INFO] [stdout] 519 | #[gpui::test]
[INFO] [stdout]     | ^^^^^^^^^^^^^ could not find `TestAppContext` in `gpui`
[INFO] [stdout]     |
[INFO] [stdout]     = note: this error originates in the attribute macro `gpui::test` (in Nightly builds, run with -Z macro-backtrace for more info)
[INFO] [stdout] help: a trait with a similar name exists
[INFO] [stdout]     |
[INFO] [stdout] 519 - #[gpui::test]
[INFO] [stdout] 519 + AppContext
[INFO] [stdout]     |
[INFO] [stdout] 
[INFO] [stdout] 
[INFO] [stdout] error[E0433]: cannot find `TestAppContext` in `gpui`
[INFO] [stdout]    --> tests/form.rs:767:1
[INFO] [stdout]     |
[INFO] [stdout] 767 | #[gpui::test]
[INFO] [stdout]     | ^^^^^^^^^^^^^ could not find `TestAppContext` in `gpui`
[INFO] [stdout]     |
[INFO] [stdout]     = note: this error originates in the attribute macro `gpui::test` (in Nightly builds, run with -Z macro-backtrace for more info)
[INFO] [stdout] help: a trait with a similar name exists
[INFO] [stdout]     |
[INFO] [stdout] 767 - #[gpui::test]
[INFO] [stdout] 767 + AppContext
[INFO] [stdout]     |
[INFO] [stdout] 
[INFO] [stdout] 
[INFO] [stdout] error[E0433]: cannot find `TestAppContext` in `gpui`
[INFO] [stdout]    --> tests/media.rs:529:1
[INFO] [stdout]     |
[INFO] [stdout] 529 | #[gpui::test]
[INFO] [stdout]     | ^^^^^^^^^^^^^ could not find `TestAppContext` in `gpui`
[INFO] [stdout]     |
[INFO] [stdout]     = note: this error originates in the attribute macro `gpui::test` (in Nightly builds, run with -Z macro-backtrace for more info)
[INFO] [stdout] help: a trait with a similar name exists
[INFO] [stdout]     |
[INFO] [stdout] 529 - #[gpui::test]
[INFO] [stdout] 529 + AppContext
[INFO] [stdout]     |
[INFO] [stdout] 
[INFO] [stdout] 
[INFO] [stdout] error[E0433]: cannot find `TestAppContext` in `gpui`
[INFO] [stdout]    --> tests/form.rs:805:1
[INFO] [stdout]     |
[INFO] [stdout] 805 | #[gpui::test]
[INFO] [stdout]     | ^^^^^^^^^^^^^ could not find `TestAppContext` in `gpui`
[INFO] [stdout]     |
[INFO] [stdout]     = note: this error originates in the attribute macro `gpui::test` (in Nightly builds, run with -Z macro-backtrace for more info)
[INFO] [stdout] help: a trait with a similar name exists
[INFO] [stdout]     |
[INFO] [stdout] 805 - #[gpui::test]
[INFO] [stdout] 805 + AppContext
[INFO] [stdout]     |
[INFO] [stdout] 
[INFO] [stdout] 
[INFO] [stdout] error[E0433]: cannot find `TestAppContext` in `gpui`
[INFO] [stdout]    --> tests/media.rs:548:1
[INFO] [stdout]     |
[INFO] [stdout] 548 | #[gpui::test]
[INFO] [stdout]     | ^^^^^^^^^^^^^ could not find `TestAppContext` in `gpui`
[INFO] [stdout]     |
[INFO] [stdout]     = note: this error originates in the attribute macro `gpui::test` (in Nightly builds, run with -Z macro-backtrace for more info)
[INFO] [stdout] help: a trait with a similar name exists
[INFO] [stdout]     |
[INFO] [stdout] 548 - #[gpui::test]
[INFO] [stdout] 548 + AppContext
[INFO] [stdout]     |
[INFO] [stdout] 
[INFO] [stdout] 
[INFO] [stdout] error[E0433]: cannot find `TestAppContext` in `gpui`
[INFO] [stdout]    --> tests/form.rs:890:1
[INFO] [stdout]     |
[INFO] [stdout] 890 | #[gpui::test]
[INFO] [stdout]     | ^^^^^^^^^^^^^ could not find `TestAppContext` in `gpui`
[INFO] [stdout]     |
[INFO] [stdout]     = note: this error originates in the attribute macro `gpui::test` (in Nightly builds, run with -Z macro-backtrace for more info)
[INFO] [stdout] help: a trait with a similar name exists
[INFO] [stdout]     |
[INFO] [stdout] 890 - #[gpui::test]
[INFO] [stdout] 890 + AppContext
[INFO] [stdout]     |
[INFO] [stdout] 
[INFO] [stdout] 
[INFO] [stdout] error[E0433]: cannot find `TestAppContext` in `gpui`
[INFO] [stdout]    --> tests/media.rs:579:1
[INFO] [stdout]     |
[INFO] [stdout] 579 | #[gpui::test]
[INFO] [stdout]     | ^^^^^^^^^^^^^ could not find `TestAppContext` in `gpui`
[INFO] [stdout]     |
[INFO] [stdout]     = note: this error originates in the attribute macro `gpui::test` (in Nightly builds, run with -Z macro-backtrace for more info)
[INFO] [stdout] help: a trait with a similar name exists
[INFO] [stdout]     |
[INFO] [stdout] 579 - #[gpui::test]
[INFO] [stdout] 579 + AppContext
[INFO] [stdout]     |
[INFO] [stdout] 
[INFO] [stdout] 
[INFO] [stdout] error[E0433]: cannot find `TestAppContext` in `gpui`
[INFO] [stdout]    --> tests/form.rs:911:1
[INFO] [stdout]     |
[INFO] [stdout] 911 | #[gpui::test]
[INFO] [stdout]     | ^^^^^^^^^^^^^ could not find `TestAppContext` in `gpui`
[INFO] [stdout]     |
[INFO] [stdout]     = note: this error originates in the attribute macro `gpui::test` (in Nightly builds, run with -Z macro-backtrace for more info)
[INFO] [stdout] help: a trait with a similar name exists
[INFO] [stdout]     |
[INFO] [stdout] 911 - #[gpui::test]
[INFO] [stdout] 911 + AppContext
[INFO] [stdout]     |
[INFO] [stdout] 
[INFO] [stdout] 
[INFO] [stdout] error[E0433]: cannot find `TestAppContext` in `gpui`
[INFO] [stdout]    --> tests/media.rs:594:1
[INFO] [stdout]     |
[INFO] [stdout] 594 | #[gpui::test]
[INFO] [stdout]     | ^^^^^^^^^^^^^ could not find `TestAppContext` in `gpui`
[INFO] [stdout]     |
[INFO] [stdout]     = note: this error originates in the attribute macro `gpui::test` (in Nightly builds, run with -Z macro-backtrace for more info)
[INFO] [stdout] help: a trait with a similar name exists
[INFO] [stdout]     |
[INFO] [stdout] 594 - #[gpui::test]
[INFO] [stdout] 594 + AppContext
[INFO] [stdout]     |
[INFO] [stdout] 
[INFO] [stdout] 
[INFO] [stdout] error[E0433]: cannot find `TestAppContext` in `gpui`
[INFO] [stdout]    --> tests/form.rs:942:1
[INFO] [stdout]     |
[INFO] [stdout] 942 | #[gpui::test]
[INFO] [stdout]     | ^^^^^^^^^^^^^ could not find `TestAppContext` in `gpui`
[INFO] [stdout]     |
[INFO] [stdout]     = note: this error originates in the attribute macro `gpui::test` (in Nightly builds, run with -Z macro-backtrace for more info)
[INFO] [stdout] help: a trait with a similar name exists
[INFO] [stdout]     |
[INFO] [stdout] 942 - #[gpui::test]
[INFO] [stdout] 942 + AppContext
[INFO] [stdout]     |
[INFO] [stdout] 
[INFO] [stdout] 
[INFO] [stdout] Some errors have detailed explanations: E0425, E0432, E0433.
[INFO] [stdout] 
[INFO] [stdout] For more information about an error, try `rustc --explain E0425`.
[INFO] [stdout] 
[INFO] [stdout] error[E0433]: cannot find `TestAppContext` in `gpui`
[INFO] [stdout]    --> tests/media.rs:605:1
[INFO] [stdout]     |
[INFO] [stdout] 605 | #[gpui::test]
[INFO] [stdout]     | ^^^^^^^^^^^^^ could not find `TestAppContext` in `gpui`
[INFO] [stdout]     |
[INFO] [stdout]     = note: this error originates in the attribute macro `gpui::test` (in Nightly builds, run with -Z macro-backtrace for more info)
[INFO] [stdout] help: a trait with a similar name exists
[INFO] [stdout]     |
[INFO] [stdout] 605 - #[gpui::test]
[INFO] [stdout] 605 + AppContext
[INFO] [stdout]     |
[INFO] [stdout] 
[INFO] [stdout] 
[INFO] [stderr] error: could not compile `gpui-box-kit` (test "grid") due to 44 previous errors
[INFO] [stdout] error[E0433]: cannot find `TestAppContext` in `gpui`
[INFO] [stdout]    --> tests/form.rs:953:1
[INFO] [stdout]     |
[INFO] [stdout] 953 | #[gpui::test]
[INFO] [stdout]     | ^^^^^^^^^^^^^ could not find `TestAppContext` in `gpui`
[INFO] [stdout]     |
[INFO] [stdout]     = note: this error originates in the attribute macro `gpui::test` (in Nightly builds, run with -Z macro-backtrace for more info)
[INFO] [stdout] help: a trait with a similar name exists
[INFO] [stdout]     |
[INFO] [stdout] 953 - #[gpui::test]
[INFO] [stdout] 953 + AppContext
[INFO] [stdout]     |
[INFO] [stdout] 
[INFO] [stdout] 
[INFO] [stdout] error[E0433]: cannot find `TestAppContext` in `gpui`
[INFO] [stdout]    --> tests/media.rs:625:1
[INFO] [stdout]     |
[INFO] [stdout] 625 | #[gpui::test]
[INFO] [stdout]     | ^^^^^^^^^^^^^ could not find `TestAppContext` in `gpui`
[INFO] [stdout]     |
[INFO] [stdout]     = note: this error originates in the attribute macro `gpui::test` (in Nightly builds, run with -Z macro-backtrace for more info)
[INFO] [stdout] help: a trait with a similar name exists
[INFO] [stdout]     |
[INFO] [stdout] 625 - #[gpui::test]
[INFO] [stdout] 625 + AppContext
[INFO] [stdout]     |
[INFO] [stdout] 
[INFO] [stdout] 
[INFO] [stdout] error[E0425]: cannot find function `run_test` in crate `gpui`
[INFO] [stdout]   --> tests/media.rs:66:1
[INFO] [stdout]    |
[INFO] [stdout] 66 | #[gpui::test]
[INFO] [stdout]    | ^^^^^^^^^^^^^ not found in `gpui`
[INFO] [stdout]    |
[INFO] [stdout]    = note: this error originates in the attribute macro `gpui::test` (in Nightly builds, run with -Z macro-backtrace for more info)
[INFO] [stdout] 
[INFO] [stdout] 
[INFO] [stdout] error[E0425]: cannot find function `run_test` in crate `gpui`
[INFO] [stdout]   --> tests/media.rs:86:1
[INFO] [stdout]    |
[INFO] [stdout] 86 | #[gpui::test]
[INFO] [stdout]    | ^^^^^^^^^^^^^ not found in `gpui`
[INFO] [stdout]    |
[INFO] [stdout]    = note: this error originates in the attribute macro `gpui::test` (in Nightly builds, run with -Z macro-backtrace for more info)
[INFO] [stdout] 
[INFO] [stdout] 
[INFO] [stdout] error[E0425]: cannot find function `run_test` in crate `gpui`
[INFO] [stdout]    --> tests/media.rs:106:1
[INFO] [stdout]     |
[INFO] [stdout] 106 | #[gpui::test]
[INFO] [stdout]     | ^^^^^^^^^^^^^ not found in `gpui`
[INFO] [stdout]     |
[INFO] [stdout]     = note: this error originates in the attribute macro `gpui::test` (in Nightly builds, run with -Z macro-backtrace for more info)
[INFO] [stdout] 
[INFO] [stdout] 
[INFO] [stdout] error[E0425]: cannot find function `run_test` in crate `gpui`
[INFO] [stdout]    --> tests/media.rs:121:1
[INFO] [stdout]     |
[INFO] [stdout] 121 | #[gpui::test]
[INFO] [stdout]     | ^^^^^^^^^^^^^ not found in `gpui`
[INFO] [stdout]     |
[INFO] [stdout]     = note: this error originates in the attribute macro `gpui::test` (in Nightly builds, run with -Z macro-backtrace for more info)
[INFO] [stdout] 
[INFO] [stdout] 
[INFO] [stdout] error[E0425]: cannot find function `run_test` in crate `gpui`
[INFO] [stdout]    --> tests/media.rs:139:1
[INFO] [stdout]     |
[INFO] [stdout] 139 | #[gpui::test]
[INFO] [stdout]     | ^^^^^^^^^^^^^ not found in `gpui`
[INFO] [stdout]     |
[INFO] [stdout]     = note: this error originates in the attribute macro `gpui::test` (in Nightly builds, run with -Z macro-backtrace for more info)
[INFO] [stdout] 
[INFO] [stdout] 
[INFO] [stdout] error[E0425]: cannot find function `run_test` in crate `gpui`
[INFO] [stdout]    --> tests/media.rs:171:1
[INFO] [stdout]     |
[INFO] [stdout] 171 | #[gpui::test]
[INFO] [stdout]     | ^^^^^^^^^^^^^ not found in `gpui`
[INFO] [stdout]     |
[INFO] [stdout]     = note: this error originates in the attribute macro `gpui::test` (in Nightly builds, run with -Z macro-backtrace for more info)
[INFO] [stdout] 
[INFO] [stdout] 
[INFO] [stdout] error[E0425]: cannot find function `run_test` in crate `gpui`
[INFO] [stdout]    --> tests/media.rs:194:1
[INFO] [stdout]     |
[INFO] [stdout] 194 | #[gpui::test]
[INFO] [stdout]     | ^^^^^^^^^^^^^ not found in `gpui`
[INFO] [stdout]     |
[INFO] [stdout]     = note: this error originates in the attribute macro `gpui::test` (in Nightly builds, run with -Z macro-backtrace for more info)
[INFO] [stdout] 
[INFO] [stdout] 
[INFO] [stdout] error[E0425]: cannot find function `run_test` in crate `gpui`
[INFO] [stdout]    --> tests/media.rs:220:1
[INFO] [stdout]     |
[INFO] [stdout] 220 | #[gpui::test]
[INFO] [stdout]     | ^^^^^^^^^^^^^ not found in `gpui`
[INFO] [stdout]     |
[INFO] [stdout]     = note: this error originates in the attribute macro `gpui::test` (in Nightly builds, run with -Z macro-backtrace for more info)
[INFO] [stdout] 
[INFO] [stdout] 
[INFO] [stdout] error[E0425]: cannot find function `run_test` in crate `gpui`
[INFO] [stdout]    --> tests/media.rs:253:1
[INFO] [stdout]     |
[INFO] [stdout] 253 | #[gpui::test]
[INFO] [stdout]     | ^^^^^^^^^^^^^ not found in `gpui`
[INFO] [stdout]     |
[INFO] [stdout]     = note: this error originates in the attribute macro `gpui::test` (in Nightly builds, run with -Z macro-backtrace for more info)
[INFO] [stdout] 
[INFO] [stdout] 
[INFO] [stdout] error[E0425]: cannot find function `run_test` in crate `gpui`
[INFO] [stdout]    --> tests/media.rs:293:1
[INFO] [stdout]     |
[INFO] [stdout] 293 | #[gpui::test]
[INFO] [stdout]     | ^^^^^^^^^^^^^ not found in `gpui`
[INFO] [stdout]     |
[INFO] [stdout]     = note: this error originates in the attribute macro `gpui::test` (in Nightly builds, run with -Z macro-backtrace for more info)
[INFO] [stdout] 
[INFO] [stdout] 
[INFO] [stdout] error[E0425]: cannot find function `run_test` in crate `gpui`
[INFO] [stdout]    --> tests/media.rs:313:1
[INFO] [stdout]     |
[INFO] [stdout] 313 | #[gpui::test]
[INFO] [stdout]     | ^^^^^^^^^^^^^ not found in `gpui`
[INFO] [stdout]     |
[INFO] [stdout]     = note: this error originates in the attribute macro `gpui::test` (in Nightly builds, run with -Z macro-backtrace for more info)
[INFO] [stdout] 
[INFO] [stdout] 
[INFO] [stdout] error[E0425]: cannot find function `run_test` in crate `gpui`
[INFO] [stdout]    --> tests/media.rs:365:1
[INFO] [stdout]     |
[INFO] [stdout] 365 | #[gpui::test]
[INFO] [stdout]     | ^^^^^^^^^^^^^ not found in `gpui`
[INFO] [stdout]     |
[INFO] [stdout]     = note: this error originates in the attribute macro `gpui::test` (in Nightly builds, run with -Z macro-backtrace for more info)
[INFO] [stdout] 
[INFO] [stdout] 
[INFO] [stdout] error[E0425]: cannot find function `run_test` in crate `gpui`
[INFO] [stdout]    --> tests/media.rs:381:1
[INFO] [stdout]     |
[INFO] [stdout] 381 | #[gpui::test]
[INFO] [stdout]     | ^^^^^^^^^^^^^ not found in `gpui`
[INFO] [stdout]     |
[INFO] [stdout]     = note: this error originates in the attribute macro `gpui::test` (in Nightly builds, run with -Z macro-backtrace for more info)
[INFO] [stdout] 
[INFO] [stdout] 
[INFO] [stdout] error[E0425]: cannot find function `run_test` in crate `gpui`
[INFO] [stdout]    --> tests/media.rs:395:1
[INFO] [stdout]     |
[INFO] [stdout] 395 | #[gpui::test]
[INFO] [stdout]     | ^^^^^^^^^^^^^ not found in `gpui`
[INFO] [stdout]     |
[INFO] [stdout]     = note: this error originates in the attribute macro `gpui::test` (in Nightly builds, run with -Z macro-backtrace for more info)
[INFO] [stdout] 
[INFO] [stdout] 
[INFO] [stdout] error[E0425]: cannot find function `run_test` in crate `gpui`
[INFO] [stdout]    --> tests/media.rs:425:1
[INFO] [stdout]     |
[INFO] [stdout] 425 | #[gpui::test]
[INFO] [stdout]     | ^^^^^^^^^^^^^ not found in `gpui`
[INFO] [stdout]     |
[INFO] [stdout]     = note: this error originates in the attribute macro `gpui::test` (in Nightly builds, run with -Z macro-backtrace for more info)
[INFO] [stdout] 
[INFO] [stdout] 
[INFO] [stdout] error[E0425]: cannot find function `run_test` in crate `gpui`
[INFO] [stdout]    --> tests/media.rs:455:1
[INFO] [stdout]     |
[INFO] [stdout] 455 | #[gpui::test]
[INFO] [stdout]     | ^^^^^^^^^^^^^ not found in `gpui`
[INFO] [stdout]     |
[INFO] [stdout]     = note: this error originates in the attribute macro `gpui::test` (in Nightly builds, run with -Z macro-backtrace for more info)
[INFO] [stdout] 
[INFO] [stdout] 
[INFO] [stdout] error[E0425]: cannot find function `run_test` in crate `gpui`
[INFO] [stdout]    --> tests/media.rs:500:1
[INFO] [stdout]     |
[INFO] [stdout] 500 | #[gpui::test]
[INFO] [stdout]     | ^^^^^^^^^^^^^ not found in `gpui`
[INFO] [stdout]     |
[INFO] [stdout]     = note: this error originates in the attribute macro `gpui::test` (in Nightly builds, run with -Z macro-backtrace for more info)
[INFO] [stdout] 
[INFO] [stdout] 
[INFO] [stdout] error[E0425]: cannot find function `run_test` in crate `gpui`
[INFO] [stdout]    --> tests/media.rs:519:1
[INFO] [stdout]     |
[INFO] [stdout] 519 | #[gpui::test]
[INFO] [stdout]     | ^^^^^^^^^^^^^ not found in `gpui`
[INFO] [stdout]     |
[INFO] [stdout]     = note: this error originates in the attribute macro `gpui::test` (in Nightly builds, run with -Z macro-backtrace for more info)
[INFO] [stdout] 
[INFO] [stdout] 
[INFO] [stdout] error[E0425]: cannot find function `run_test` in crate `gpui`
[INFO] [stdout]    --> tests/media.rs:529:1
[INFO] [stdout]     |
[INFO] [stdout] 529 | #[gpui::test]
[INFO] [stdout]     | ^^^^^^^^^^^^^ not found in `gpui`
[INFO] [stdout]     |
[INFO] [stdout]     = note: this error originates in the attribute macro `gpui::test` (in Nightly builds, run with -Z macro-backtrace for more info)
[INFO] [stdout] 
[INFO] [stdout] 
[INFO] [stdout] error[E0425]: cannot find function `run_test` in crate `gpui`
[INFO] [stdout]    --> tests/media.rs:548:1
[INFO] [stdout]     |
[INFO] [stdout] 548 | #[gpui::test]
[INFO] [stdout]     | ^^^^^^^^^^^^^ not found in `gpui`
[INFO] [stdout]     |
[INFO] [stdout]     = note: this error originates in the attribute macro `gpui::test` (in Nightly builds, run with -Z macro-backtrace for more info)
[INFO] [stdout] 
[INFO] [stdout] 
[INFO] [stdout] error[E0425]: cannot find function `run_test` in crate `gpui`
[INFO] [stdout]    --> tests/media.rs:579:1
[INFO] [stdout]     |
[INFO] [stdout] 579 | #[gpui::test]
[INFO] [stdout]     | ^^^^^^^^^^^^^ not found in `gpui`
[INFO] [stdout]     |
[INFO] [stdout]     = note: this error originates in the attribute macro `gpui::test` (in Nightly builds, run with -Z macro-backtrace for more info)
[INFO] [stdout] 
[INFO] [stdout] 
[INFO] [stdout] error[E0425]: cannot find function `run_test` in crate `gpui`
[INFO] [stdout]    --> tests/media.rs:594:1
[INFO] [stdout]     |
[INFO] [stdout] 594 | #[gpui::test]
[INFO] [stdout]     | ^^^^^^^^^^^^^ not found in `gpui`
[INFO] [stdout]     |
[INFO] [stdout]     = note: this error originates in the attribute macro `gpui::test` (in Nightly builds, run with -Z macro-backtrace for more info)
[INFO] [stdout] 
[INFO] [stdout] 
[INFO] [stdout] error[E0425]: cannot find function `run_test` in crate `gpui`
[INFO] [stdout]    --> tests/media.rs:605:1
[INFO] [stdout]     |
[INFO] [stdout] 605 | #[gpui::test]
[INFO] [stdout]     | ^^^^^^^^^^^^^ not found in `gpui`
[INFO] [stdout]     |
[INFO] [stdout]     = note: this error originates in the attribute macro `gpui::test` (in Nightly builds, run with -Z macro-backtrace for more info)
[INFO] [stdout] 
[INFO] [stdout] 
[INFO] [stdout] error[E0425]: cannot find function `run_test` in crate `gpui`
[INFO] [stdout]    --> tests/media.rs:625:1
[INFO] [stdout]     |
[INFO] [stdout] 625 | #[gpui::test]
[INFO] [stdout]     | ^^^^^^^^^^^^^ not found in `gpui`
[INFO] [stdout]     |
[INFO] [stdout]     = note: this error originates in the attribute macro `gpui::test` (in Nightly builds, run with -Z macro-backtrace for more info)
[INFO] [stdout] 
[INFO] [stdout] 
[INFO] [stdout] error[E0433]: cannot find `TestAppContext` in `gpui`
[INFO] [stdout]    --> tests/form.rs:969:1
[INFO] [stdout]     |
[INFO] [stdout] 969 | #[gpui::test]
[INFO] [stdout]     | ^^^^^^^^^^^^^ could not find `TestAppContext` in `gpui`
[INFO] [stdout]     |
[INFO] [stdout]     = note: this error originates in the attribute macro `gpui::test` (in Nightly builds, run with -Z macro-backtrace for more info)
[INFO] [stdout] help: a trait with a similar name exists
[INFO] [stdout]     |
[INFO] [stdout] 969 - #[gpui::test]
[INFO] [stdout] 969 + AppContext
[INFO] [stdout]     |
[INFO] [stdout] 
[INFO] [stdout] 
[INFO] [stdout] error[E0433]: cannot find `TestAppContext` in `gpui`
[INFO] [stdout]    --> tests/form.rs:988:1
[INFO] [stdout]     |
[INFO] [stdout] 988 | #[gpui::test]
[INFO] [stdout]     | ^^^^^^^^^^^^^ could not find `TestAppContext` in `gpui`
[INFO] [stdout]     |
[INFO] [stdout]     = note: this error originates in the attribute macro `gpui::test` (in Nightly builds, run with -Z macro-backtrace for more info)
[INFO] [stdout] help: a trait with a similar name exists
[INFO] [stdout]     |
[INFO] [stdout] 988 - #[gpui::test]
[INFO] [stdout] 988 + AppContext
[INFO] [stdout]     |
[INFO] [stdout] 
[INFO] [stdout] 
[INFO] [stdout] error[E0433]: cannot find `TestAppContext` in `gpui`
[INFO] [stdout]     --> tests/form.rs:1011:1
[INFO] [stdout]      |
[INFO] [stdout] 1011 | #[gpui::test]
[INFO] [stdout]      | ^^^^^^^^^^^^^ could not find `TestAppContext` in `gpui`
[INFO] [stdout]      |
[INFO] [stdout]      = note: this error originates in the attribute macro `gpui::test` (in Nightly builds, run with -Z macro-backtrace for more info)
[INFO] [stdout] help: a trait with a similar name exists
[INFO] [stdout]      |
[INFO] [stdout] 1011 - #[gpui::test]
[INFO] [stdout] 1011 + AppContext
[INFO] [stdout]      |
[INFO] [stdout] 
[INFO] [stdout] 
[INFO] [stdout] error[E0433]: cannot find `TestAppContext` in `gpui`
[INFO] [stdout]     --> tests/form.rs:1025:1
[INFO] [stdout]      |
[INFO] [stdout] 1025 | #[gpui::test]
[INFO] [stdout]      | ^^^^^^^^^^^^^ could not find `TestAppContext` in `gpui`
[INFO] [stdout]      |
[INFO] [stdout]      = note: this error originates in the attribute macro `gpui::test` (in Nightly builds, run with -Z macro-backtrace for more info)
[INFO] [stdout] help: a trait with a similar name exists
[INFO] [stdout]      |
[INFO] [stdout] 1025 - #[gpui::test]
[INFO] [stdout] 1025 + AppContext
[INFO] [stdout]      |
[INFO] [stdout] 
[INFO] [stdout] 
[INFO] [stdout] error[E0425]: cannot find function `run_test` in crate `gpui`
[INFO] [stdout]   --> tests/form.rs:56:1
[INFO] [stdout]    |
[INFO] [stdout] 56 | #[gpui::test]
[INFO] [stdout]    | ^^^^^^^^^^^^^ not found in `gpui`
[INFO] [stdout]    |
[INFO] [stdout]    = note: this error originates in the attribute macro `gpui::test` (in Nightly builds, run with -Z macro-backtrace for more info)
[INFO] [stdout] 
[INFO] [stdout] 
[INFO] [stdout] error[E0425]: cannot find function `run_test` in crate `gpui`
[INFO] [stdout]   --> tests/form.rs:72:1
[INFO] [stdout]    |
[INFO] [stdout] 72 | #[gpui::test]
[INFO] [stdout]    | ^^^^^^^^^^^^^ not found in `gpui`
[INFO] [stdout]    |
[INFO] [stdout]    = note: this error originates in the attribute macro `gpui::test` (in Nightly builds, run with -Z macro-backtrace for more info)
[INFO] [stdout] 
[INFO] [stdout] 
[INFO] [stdout] error[E0425]: cannot find function `run_test` in crate `gpui`
[INFO] [stdout]   --> tests/form.rs:80:1
[INFO] [stdout]    |
[INFO] [stdout] 80 | #[gpui::test]
[INFO] [stdout]    | ^^^^^^^^^^^^^ not found in `gpui`
[INFO] [stdout]    |
[INFO] [stdout]    = note: this error originates in the attribute macro `gpui::test` (in Nightly builds, run with -Z macro-backtrace for more info)
[INFO] [stdout] 
[INFO] [stdout] 
[INFO] [stdout] error[E0425]: cannot find function `run_test` in crate `gpui`
[INFO] [stdout]    --> tests/form.rs:112:1
[INFO] [stdout]     |
[INFO] [stdout] 112 | #[gpui::test]
[INFO] [stdout]     | ^^^^^^^^^^^^^ not found in `gpui`
[INFO] [stdout]     |
[INFO] [stdout]     = note: this error originates in the attribute macro `gpui::test` (in Nightly builds, run with -Z macro-backtrace for more info)
[INFO] [stdout] 
[INFO] [stdout] 
[INFO] [stdout] error[E0425]: cannot find function `run_test` in crate `gpui`
[INFO] [stdout]    --> tests/form.rs:127:1
[INFO] [stdout]     |
[INFO] [stdout] 127 | #[gpui::test]
[INFO] [stdout]     | ^^^^^^^^^^^^^ not found in `gpui`
[INFO] [stdout]     |
[INFO] [stdout]     = note: this error originates in the attribute macro `gpui::test` (in Nightly builds, run with -Z macro-backtrace for more info)
[INFO] [stdout] 
[INFO] [stdout] 
[INFO] [stdout] error[E0425]: cannot find function `run_test` in crate `gpui`
[INFO] [stdout]    --> tests/form.rs:157:1
[INFO] [stdout]     |
[INFO] [stdout] 157 | #[gpui::test]
[INFO] [stdout]     | ^^^^^^^^^^^^^ not found in `gpui`
[INFO] [stdout]     |
[INFO] [stdout]     = note: this error originates in the attribute macro `gpui::test` (in Nightly builds, run with -Z macro-backtrace for more info)
[INFO] [stdout] 
[INFO] [stdout] 
[INFO] [stdout] error[E0425]: cannot find function `run_test` in crate `gpui`
[INFO] [stdout]    --> tests/form.rs:173:1
[INFO] [stdout]     |
[INFO] [stdout] 173 | #[gpui::test]
[INFO] [stdout]     | ^^^^^^^^^^^^^ not found in `gpui`
[INFO] [stdout]     |
[INFO] [stdout]     = note: this error originates in the attribute macro `gpui::test` (in Nightly builds, run with -Z macro-backtrace for more info)
[INFO] [stdout] 
[INFO] [stdout] 
[INFO] [stdout] error[E0425]: cannot find function `run_test` in crate `gpui`
[INFO] [stdout]    --> tests/form.rs:192:1
[INFO] [stdout]     |
[INFO] [stdout] 192 | #[gpui::test]
[INFO] [stdout]     | ^^^^^^^^^^^^^ not found in `gpui`
[INFO] [stdout]     |
[INFO] [stdout]     = note: this error originates in the attribute macro `gpui::test` (in Nightly builds, run with -Z macro-backtrace for more info)
[INFO] [stdout] 
[INFO] [stdout] 
[INFO] [stdout] error[E0425]: cannot find function `run_test` in crate `gpui`
[INFO] [stdout]    --> tests/form.rs:214:1
[INFO] [stdout]     |
[INFO] [stdout] 214 | #[gpui::test]
[INFO] [stdout]     | ^^^^^^^^^^^^^ not found in `gpui`
[INFO] [stdout]     |
[INFO] [stdout]     = note: this error originates in the attribute macro `gpui::test` (in Nightly builds, run with -Z macro-backtrace for more info)
[INFO] [stdout] 
[INFO] [stdout] 
[INFO] [stdout] error[E0425]: cannot find function `run_test` in crate `gpui`
[INFO] [stdout]    --> tests/form.rs:234:1
[INFO] [stdout]     |
[INFO] [stdout] 234 | #[gpui::test]
[INFO] [stdout]     | ^^^^^^^^^^^^^ not found in `gpui`
[INFO] [stdout]     |
[INFO] [stdout]     = note: this error originates in the attribute macro `gpui::test` (in Nightly builds, run with -Z macro-backtrace for more info)
[INFO] [stdout] 
[INFO] [stdout] 
[INFO] [stdout] error[E0425]: cannot find function `run_test` in crate `gpui`
[INFO] [stdout]    --> tests/form.rs:254:1
[INFO] [stdout]     |
[INFO] [stdout] 254 | #[gpui::test]
[INFO] [stdout]     | ^^^^^^^^^^^^^ not found in `gpui`
[INFO] [stdout]     |
[INFO] [stdout]     = note: this error originates in the attribute macro `gpui::test` (in Nightly builds, run with -Z macro-backtrace for more info)
[INFO] [stdout] 
[INFO] [stdout] 
[INFO] [stdout] error[E0425]: cannot find function `run_test` in crate `gpui`
[INFO] [stdout]    --> tests/form.rs:274:1
[INFO] [stdout]     |
[INFO] [stdout] 274 | #[gpui::test]
[INFO] [stdout]     | ^^^^^^^^^^^^^ not found in `gpui`
[INFO] [stdout]     |
[INFO] [stdout]     = note: this error originates in the attribute macro `gpui::test` (in Nightly builds, run with -Z macro-backtrace for more info)
[INFO] [stdout] 
[INFO] [stdout] 
[INFO] [stdout] error[E0425]: cannot find function `run_test` in crate `gpui`
[INFO] [stdout]    --> tests/form.rs:291:1
[INFO] [stdout]     |
[INFO] [stdout] 291 | #[gpui::test]
[INFO] [stdout]     | ^^^^^^^^^^^^^ not found in `gpui`
[INFO] [stdout]     |
[INFO] [stdout]     = note: this error originates in the attribute macro `gpui::test` (in Nightly builds, run with -Z macro-backtrace for more info)
[INFO] [stdout] 
[INFO] [stdout] 
[INFO] [stdout] error[E0425]: cannot find function `run_test` in crate `gpui`
[INFO] [stdout]    --> tests/form.rs:305:1
[INFO] [stdout]     |
[INFO] [stdout] 305 | #[gpui::test]
[INFO] [stdout]     | ^^^^^^^^^^^^^ not found in `gpui`
[INFO] [stdout]     |
[INFO] [stdout]     = note: this error originates in the attribute macro `gpui::test` (in Nightly builds, run with -Z macro-backtrace for more info)
[INFO] [stdout] 
[INFO] [stdout] 
[INFO] [stdout] error[E0425]: cannot find function `run_test` in crate `gpui`
[INFO] [stdout]    --> tests/form.rs:357:1
[INFO] [stdout]     |
[INFO] [stdout] 357 | #[gpui::test]
[INFO] [stdout]     | ^^^^^^^^^^^^^ not found in `gpui`
[INFO] [stdout]     |
[INFO] [stdout]     = note: this error originates in the attribute macro `gpui::test` (in Nightly builds, run with -Z macro-backtrace for more info)
[INFO] [stdout] 
[INFO] [stdout] 
[INFO] [stdout] error[E0425]: cannot find function `run_test` in crate `gpui`
[INFO] [stdout]    --> tests/form.rs:376:1
[INFO] [stdout]     |
[INFO] [stdout] 376 | #[gpui::test]
[INFO] [stdout]     | ^^^^^^^^^^^^^ not found in `gpui`
[INFO] [stdout]     |
[INFO] [stdout]     = note: this error originates in the attribute macro `gpui::test` (in Nightly builds, run with -Z macro-backtrace for more info)
[INFO] [stdout] 
[INFO] [stdout] 
[INFO] [stdout] error[E0425]: cannot find function `run_test` in crate `gpui`
[INFO] [stdout]    --> tests/form.rs:392:1
[INFO] [stdout]     |
[INFO] [stdout] 392 | #[gpui::test]
[INFO] [stdout]     | ^^^^^^^^^^^^^ not found in `gpui`
[INFO] [stdout]     |
[INFO] [stdout]     = note: this error originates in the attribute macro `gpui::test` (in Nightly builds, run with -Z macro-backtrace for more info)
[INFO] [stdout] 
[INFO] [stdout] 
[INFO] [stdout] error[E0425]: cannot find function `run_test` in crate `gpui`
[INFO] [stdout]    --> tests/form.rs:442:1
[INFO] [stdout]     |
[INFO] [stdout] 442 | #[gpui::test]
[INFO] [stdout]     | ^^^^^^^^^^^^^ not found in `gpui`
[INFO] [stdout]     |
[INFO] [stdout]     = note: this error originates in the attribute macro `gpui::test` (in Nightly builds, run with -Z macro-backtrace for more info)
[INFO] [stdout] 
[INFO] [stdout] 
[INFO] [stdout] error[E0425]: cannot find function `run_test` in crate `gpui`
[INFO] [stdout]    --> tests/form.rs:452:1
[INFO] [stdout]     |
[INFO] [stdout] 452 | #[gpui::test]
[INFO] [stdout]     | ^^^^^^^^^^^^^ not found in `gpui`
[INFO] [stdout]     |
[INFO] [stdout]     = note: this error originates in the attribute macro `gpui::test` (in Nightly builds, run with -Z macro-backtrace for more info)
[INFO] [stdout] 
[INFO] [stdout] 
[INFO] [stdout] error[E0425]: cannot find function `run_test` in crate `gpui`
[INFO] [stdout]    --> tests/form.rs:494:1
[INFO] [stdout]     |
[INFO] [stdout] 494 | #[gpui::test]
[INFO] [stdout]     | ^^^^^^^^^^^^^ not found in `gpui`
[INFO] [stdout]     |
[INFO] [stdout]     = note: this error originates in the attribute macro `gpui::test` (in Nightly builds, run with -Z macro-backtrace for more info)
[INFO] [stdout] 
[INFO] [stdout] 
[INFO] [stdout] error[E0425]: cannot find function `run_test` in crate `gpui`
[INFO] [stdout]    --> tests/form.rs:522:1
[INFO] [stdout]     |
[INFO] [stdout] 522 | #[gpui::test]
[INFO] [stdout]     | ^^^^^^^^^^^^^ not found in `gpui`
[INFO] [stdout]     |
[INFO] [stdout]     = note: this error originates in the attribute macro `gpui::test` (in Nightly builds, run with -Z macro-backtrace for more info)
[INFO] [stdout] 
[INFO] [stdout] 
[INFO] [stdout] error[E0425]: cannot find function `run_test` in crate `gpui`
[INFO] [stdout]    --> tests/form.rs:548:1
[INFO] [stdout]     |
[INFO] [stdout] 548 | #[gpui::test]
[INFO] [stdout]     | ^^^^^^^^^^^^^ not found in `gpui`
[INFO] [stdout]     |
[INFO] [stdout]     = note: this error originates in the attribute macro `gpui::test` (in Nightly builds, run with -Z macro-backtrace for more info)
[INFO] [stdout] 
[INFO] [stdout] 
[INFO] [stdout] error[E0425]: cannot find function `run_test` in crate `gpui`
[INFO] [stdout]    --> tests/form.rs:577:1
[INFO] [stdout]     |
[INFO] [stdout] 577 | #[gpui::test]
[INFO] [stdout]     | ^^^^^^^^^^^^^ not found in `gpui`
[INFO] [stdout]     |
[INFO] [stdout]     = note: this error originates in the attribute macro `gpui::test` (in Nightly builds, run with -Z macro-backtrace for more info)
[INFO] [stdout] 
[INFO] [stdout] 
[INFO] [stdout] error[E0425]: cannot find function `run_test` in crate `gpui`
[INFO] [stdout]    --> tests/form.rs:613:1
[INFO] [stdout]     |
[INFO] [stdout] 613 | #[gpui::test]
[INFO] [stdout]     | ^^^^^^^^^^^^^ not found in `gpui`
[INFO] [stdout]     |
[INFO] [stdout]     = note: this error originates in the attribute macro `gpui::test` (in Nightly builds, run with -Z macro-backtrace for more info)
[INFO] [stdout] 
[INFO] [stdout] 
[INFO] [stdout] error[E0425]: cannot find function `run_test` in crate `gpui`
[INFO] [stdout]    --> tests/form.rs:640:1
[INFO] [stdout]     |
[INFO] [stdout] 640 | #[gpui::test]
[INFO] [stdout]     | ^^^^^^^^^^^^^ not found in `gpui`
[INFO] [stdout]     |
[INFO] [stdout]     = note: this error originates in the attribute macro `gpui::test` (in Nightly builds, run with -Z macro-backtrace for more info)
[INFO] [stdout] 
[INFO] [stdout] 
[INFO] [stdout] error[E0425]: cannot find function `run_test` in crate `gpui`
[INFO] [stdout]    --> tests/form.rs:662:1
[INFO] [stdout]     |
[INFO] [stdout] 662 | #[gpui::test]
[INFO] [stdout]     | ^^^^^^^^^^^^^ not found in `gpui`
[INFO] [stdout]     |
[INFO] [stdout]     = note: this error originates in the attribute macro `gpui::test` (in Nightly builds, run with -Z macro-backtrace for more info)
[INFO] [stdout] 
[INFO] [stdout] 
[INFO] [stdout] error[E0425]: cannot find function `run_test` in crate `gpui`
[INFO] [stdout]    --> tests/form.rs:767:1
[INFO] [stdout]     |
[INFO] [stdout] 767 | #[gpui::test]
[INFO] [stdout]     | ^^^^^^^^^^^^^ not found in `gpui`
[INFO] [stdout]     |
[INFO] [stdout]     = note: this error originates in the attribute macro `gpui::test` (in Nightly builds, run with -Z macro-backtrace for more info)
[INFO] [stdout] 
[INFO] [stdout] 
[INFO] [stdout] error[E0425]: cannot find function `run_test` in crate `gpui`
[INFO] [stdout]    --> tests/form.rs:805:1
[INFO] [stdout]     |
[INFO] [stdout] 805 | #[gpui::test]
[INFO] [stdout]     | ^^^^^^^^^^^^^ not found in `gpui`
[INFO] [stdout]     |
[INFO] [stdout]     = note: this error originates in the attribute macro `gpui::test` (in Nightly builds, run with -Z macro-backtrace for more info)
[INFO] [stdout] 
[INFO] [stdout] 
[INFO] [stdout] error[E0425]: cannot find function `run_test` in crate `gpui`
[INFO] [stdout]    --> tests/form.rs:890:1
[INFO] [stdout]     |
[INFO] [stdout] 890 | #[gpui::test]
[INFO] [stdout]     | ^^^^^^^^^^^^^ not found in `gpui`
[INFO] [stdout]     |
[INFO] [stdout]     = note: this error originates in the attribute macro `gpui::test` (in Nightly builds, run with -Z macro-backtrace for more info)
[INFO] [stdout] 
[INFO] [stdout] 
[INFO] [stdout] error[E0425]: cannot find function `run_test` in crate `gpui`
[INFO] [stdout]    --> tests/form.rs:911:1
[INFO] [stdout]     |
[INFO] [stdout] 911 | #[gpui::test]
[INFO] [stdout]     | ^^^^^^^^^^^^^ not found in `gpui`
[INFO] [stdout]     |
[INFO] [stdout]     = note: this error originates in the attribute macro `gpui::test` (in Nightly builds, run with -Z macro-backtrace for more info)
[INFO] [stdout] 
[INFO] [stdout] 
[INFO] [stdout] error[E0425]: cannot find function `run_test` in crate `gpui`
[INFO] [stdout]    --> tests/form.rs:942:1
[INFO] [stdout]     |
[INFO] [stdout] 942 | #[gpui::test]
[INFO] [stdout]     | ^^^^^^^^^^^^^ not found in `gpui`
[INFO] [stdout]     |
[INFO] [stdout]     = note: this error originates in the attribute macro `gpui::test` (in Nightly builds, run with -Z macro-backtrace for more info)
[INFO] [stdout] 
[INFO] [stdout] 
[INFO] [stdout] error[E0425]: cannot find function `run_test` in crate `gpui`
[INFO] [stdout]    --> tests/form.rs:953:1
[INFO] [stdout]     |
[INFO] [stdout] 953 | #[gpui::test]
[INFO] [stdout]     | ^^^^^^^^^^^^^ not found in `gpui`
[INFO] [stdout]     |
[INFO] [stdout]     = note: this error originates in the attribute macro `gpui::test` (in Nightly builds, run with -Z macro-backtrace for more info)
[INFO] [stdout] 
[INFO] [stdout] 
[INFO] [stdout] error[E0425]: cannot find function `run_test` in crate `gpui`
[INFO] [stdout]    --> tests/form.rs:969:1
[INFO] [stdout]     |
[INFO] [stdout] 969 | #[gpui::test]
[INFO] [stdout]     | ^^^^^^^^^^^^^ not found in `gpui`
[INFO] [stdout]     |
[INFO] [stdout]     = note: this error originates in the attribute macro `gpui::test` (in Nightly builds, run with -Z macro-backtrace for more info)
[INFO] [stdout] 
[INFO] [stdout] 
[INFO] [stdout] error[E0425]: cannot find function `run_test` in crate `gpui`
[INFO] [stdout]    --> tests/form.rs:988:1
[INFO] [stdout]     |
[INFO] [stdout] 988 | #[gpui::test]
[INFO] [stdout]     | ^^^^^^^^^^^^^ not found in `gpui`
[INFO] [stdout]     |
[INFO] [stdout]     = note: this error originates in the attribute macro `gpui::test` (in Nightly builds, run with -Z macro-backtrace for more info)
[INFO] [stdout] 
[INFO] [stdout] 
[INFO] [stdout] error[E0425]: cannot find function `run_test` in crate `gpui`
[INFO] [stdout]     --> tests/form.rs:1011:1
[INFO] [stdout]      |
[INFO] [stdout] 1011 | #[gpui::test]
[INFO] [stdout]      | ^^^^^^^^^^^^^ not found in `gpui`
[INFO] [stdout]      |
[INFO] [stdout]      = note: this error originates in the attribute macro `gpui::test` (in Nightly builds, run with -Z macro-backtrace for more info)
[INFO] [stdout] 
[INFO] [stdout] 
[INFO] [stdout] error[E0425]: cannot find function `run_test` in crate `gpui`
[INFO] [stdout]     --> tests/form.rs:1025:1
[INFO] [stdout]      |
[INFO] [stdout] 1025 | #[gpui::test]
[INFO] [stdout]      | ^^^^^^^^^^^^^ not found in `gpui`
[INFO] [stdout]      |
[INFO] [stdout]      = note: this error originates in the attribute macro `gpui::test` (in Nightly builds, run with -Z macro-backtrace for more info)
[INFO] [stdout] 
[INFO] [stdout] 
[INFO] [stdout] Some errors have detailed explanations: E0425, E0432, E0433.
[INFO] [stdout] 
[INFO] [stdout] For more information about an error, try `rustc --explain E0425`.
[INFO] [stdout] 
[INFO] [stderr] error: could not compile `gpui-box-kit` (test "media") due to 50 previous errors
[INFO] [stdout] Some errors have detailed explanations: E0425, E0432, E0433.
[INFO] [stdout] 
[INFO] [stdout] For more information about an error, try `rustc --explain E0425`.
[INFO] [stdout] 
[INFO] [stderr] error: could not compile `gpui-box-kit` (test "form") due to 74 previous errors
[INFO] running `Command { std: "docker" "inspect" "ea04548f14bed95a238f1a43636ffd258d15eff1e7c2f2ac6012975b17fca7af", kill_on_drop: false }`
[INFO] running `Command { std: "docker" "rm" "-f" "ea04548f14bed95a238f1a43636ffd258d15eff1e7c2f2ac6012975b17fca7af", kill_on_drop: false }`
[INFO] [stdout] ea04548f14bed95a238f1a43636ffd258d15eff1e7c2f2ac6012975b17fca7af
