[INFO] fetching crate gpui-box-kit-semantics 0.1.1...
[INFO] checking gpui-box-kit-semantics-0.1.1 against 3154cc1a3e6424e44f438a95007d043ed5ceaaf6+rustflags=-Znext-solver=coherence for pr-133502-30
[INFO] extracting crate gpui-box-kit-semantics 0.1.1 into /workspace/builds/worker-7-tc1/source
[INFO] started tweaking crates.io crate gpui-box-kit-semantics 0.1.1
[INFO] finished tweaking crates.io crate gpui-box-kit-semantics 0.1.1
[INFO] tweaked toml for crates.io crate gpui-box-kit-semantics 0.1.1 written to /workspace/builds/worker-7-tc1/source/Cargo.toml
[INFO] validating manifest of crates.io crate gpui-box-kit-semantics 0.1.1 on toolchain 3154cc1a3e6424e44f438a95007d043ed5ceaaf6
[INFO] running `Command { std: CARGO_HOME="/workspace/cargo-home" RUSTUP_HOME="/workspace/rustup-home" "/workspace/cargo-home/bin/cargo" "+3154cc1a3e6424e44f438a95007d043ed5ceaaf6" "metadata" "--manifest-path" "Cargo.toml" "--no-deps", kill_on_drop: false }`
[INFO] crate crates.io crate gpui-box-kit-semantics 0.1.1 already has a lockfile, it will not be regenerated
[INFO] running `Command { std: CARGO_HOME="/workspace/cargo-home" RUSTUP_HOME="/workspace/rustup-home" "/workspace/cargo-home/bin/cargo" "+3154cc1a3e6424e44f438a95007d043ed5ceaaf6" "fetch" "--manifest-path" "Cargo.toml", kill_on_drop: false }`
[INFO] [stderr]     Updating crates.io index
[INFO] [stderr]      Locking 12 packages to highest Rust 1.97 compatible versions
[INFO] [stderr]       Adding gpui-box v0.1.1
[INFO] [stderr]       Adding gpui-box-collections v0.1.1
[INFO] [stderr]       Adding gpui-box-http-client v0.1.1
[INFO] [stderr]       Adding gpui-box-macros v0.1.1
[INFO] [stderr]       Adding gpui-box-media v0.1.1
[INFO] [stderr]       Adding gpui-box-refineable v0.1.1
[INFO] [stderr]       Adding gpui-box-refineable-derive v0.1.1
[INFO] [stderr]       Adding gpui-box-scheduler v0.1.1
[INFO] [stderr]       Adding gpui-box-shared-string v0.1.1
[INFO] [stderr]       Adding gpui-box-sum-tree v0.1.1
[INFO] [stderr]       Adding gpui-box-util v0.1.1
[INFO] [stderr]       Adding gpui-box-util-macros v0.1.1
[INFO] [stderr]  Downloading crates ...
[INFO] [stderr]   Downloaded windows-capture v1.4.4
[INFO] [stderr]   Downloaded gpui-box v0.1.1
[INFO] [stderr]   Downloaded gpui-box-util-macros v0.1.1
[INFO] [stderr]   Downloaded gpui-box-util v0.1.1
[INFO] [stderr]   Downloaded gpui-box-shared-string v0.1.1
[INFO] [stderr]   Downloaded gpui-box-refineable v0.1.1
[INFO] [stderr]   Downloaded gpui-box-media v0.1.1
[INFO] [stderr]   Downloaded gpui-box-sum-tree v0.1.1
[INFO] [stderr]   Downloaded gpui-box-scheduler v0.1.1
[INFO] [stderr]   Downloaded gpui-box-refineable-derive v0.1.1
[INFO] [stderr]   Downloaded ctor v1.0.12
[INFO] [stderr]   Downloaded linktime-proc-macro v0.2.2
[INFO] [stderr]   Downloaded link-section v0.19.2
[INFO] [stderr]   Downloaded gpui-box-http-client v0.1.1
[INFO] [stderr]   Downloaded gpui-box-collections v0.1.1
[INFO] [stderr]   Downloaded gpui-box-macros v0.1.1
[INFO] running `Command { std: "docker" "create" "-v" "/var/lib/crater-agent-workspace/builds/worker-7-tc1/source:/opt/rustwide/workdir:ro,Z" "-v" "/var/lib/crater-agent-workspace/builds/worker-7-tc1/target:/opt/rustwide/target:rw,Z" "-v" "/var/lib/crater-agent-workspace/cargo-home:/opt/rustwide/cargo-home:ro,Z" "-v" "/var/lib/crater-agent-workspace/rustup-home:/opt/rustwide/rustup-home:ro,Z" "-m" "1610612736" "--network" "none" "ghcr.io/rust-lang/crates-build-env/linux@sha256:77db811e55d90add9212f6832c23229e3de5f1c1f9905e8cb07319ea15df73ac" "sleep" "infinity", kill_on_drop: false }`
[INFO] [stdout] 9d526b3221f827e2d310f35275258d807e15d5d1300e3c3f3044e444850934f8
[INFO] running `Command { std: "docker" "start" "9d526b3221f827e2d310f35275258d807e15d5d1300e3c3f3044e444850934f8", kill_on_drop: false }`
[INFO] running `Command { std: "docker" "inspect" "9d526b3221f827e2d310f35275258d807e15d5d1300e3c3f3044e444850934f8", kill_on_drop: false }`
[INFO] running `Command { std: "docker" "exec" "-e" "SOURCE_DIR=/opt/rustwide/workdir" "-e" "CARGO_HOME=/opt/rustwide/cargo-home" "-e" "RUSTUP_HOME=/opt/rustwide/rustup-home" "-e" "CARGO_TARGET_DIR=/opt/rustwide/target" "-w" "/opt/rustwide/workdir" "--user" "0:0" "9d526b3221f827e2d310f35275258d807e15d5d1300e3c3f3044e444850934f8" "/opt/rustwide/cargo-home/bin/cargo" "+3154cc1a3e6424e44f438a95007d043ed5ceaaf6" "metadata" "--no-deps" "--format-version=1", kill_on_drop: false }`
[INFO] running `Command { std: "docker" "inspect" "9d526b3221f827e2d310f35275258d807e15d5d1300e3c3f3044e444850934f8", kill_on_drop: false }`
[INFO] running `Command { std: "docker" "exec" "-e" "SOURCE_DIR=/opt/rustwide/workdir" "-e" "CARGO_HOME=/opt/rustwide/cargo-home" "-e" "RUSTUP_HOME=/opt/rustwide/rustup-home" "-e" "CARGO_TARGET_DIR=/opt/rustwide/target" "-e" "CARGO_INCREMENTAL=0" "-e" "RUST_BACKTRACE=full" "-e" "RUSTFLAGS=--cap-lints=forbid -Znext-solver=coherence" "-e" "RUSTDOCFLAGS=--cap-lints=forbid" "-w" "/opt/rustwide/workdir" "--user" "0:0" "9d526b3221f827e2d310f35275258d807e15d5d1300e3c3f3044e444850934f8" "/opt/rustwide/cargo-home/bin/cargo" "+3154cc1a3e6424e44f438a95007d043ed5ceaaf6" "check" "--frozen" "--all" "--all-targets" "--message-format=json", kill_on_drop: false }`
[INFO] [stderr]     Checking futures-core v0.3.33
[INFO] [stderr]     Checking bytemuck v1.25.2
[INFO] [stderr]     Checking futures-sink v0.3.33
[INFO] [stderr]     Checking serde_fmt v1.1.0
[INFO] [stderr]     Checking erased-serde v0.4.10
[INFO] [stderr]    Compiling zerovec-derive v0.11.3
[INFO] [stderr]    Compiling zerocopy-derive v0.8.55
[INFO] [stderr]     Checking bitflags v2.13.1
[INFO] [stderr]    Compiling object v0.39.1
[INFO] [stderr]     Checking serde v1.0.229
[INFO] [stderr]     Checking zerotrie v0.2.4
[INFO] [stderr]    Compiling futures-macro v0.3.33
[INFO] [stderr]     Checking indexmap v2.14.0
[INFO] [stderr]    Compiling serde_json v1.0.151
[INFO] [stderr]     Checking fastrand v2.5.0
[INFO] [stderr]     Checking form_urlencoded v1.2.2
[INFO] [stderr]     Checking kurbo v0.13.1
[INFO] [stderr]     Checking raw-cpuid v11.6.0
[INFO] [stderr]    Compiling pathfinder_simd v0.5.6
[INFO] [stderr]     Checking futures-channel v0.3.33
[INFO] [stderr]    Compiling serde_derive_internals v0.30.0
[INFO] [stderr]    Compiling stacker v0.1.25
[INFO] [stderr]    Compiling ref-cast-impl v1.0.26
[INFO] [stderr]    Compiling proc-macro-error-attr2 v2.0.0
[INFO] [stderr]     Checking unicode-properties v0.1.4
[INFO] [stderr]     Checking value-bag-serde1 v1.13.2
[INFO] [stderr]     Checking value-bag v1.13.2
[INFO] [stderr]    Compiling derive_more-impl v2.1.1
[INFO] [stderr]     Checking num-complex v0.4.6
[INFO] [stderr]     Checking tiny-skia-path v0.11.4
[INFO] [stderr]    Compiling proc-macro-error2 v2.0.1
[INFO] [stderr]    Compiling embed-resource v3.0.11
[INFO] [stderr]     Checking log v0.4.33
[INFO] [stderr]     Checking ref-cast v1.0.26
[INFO] [stderr]     Checking rayon v1.12.0
[INFO] [stderr]     Checking event-listener v5.4.2
[INFO] [stderr]     Checking spin v0.9.9
[INFO] [stderr]    Compiling thiserror-impl v1.0.69
[INFO] [stderr]     Checking futures-util v0.3.33
[INFO] [stderr]     Checking svgtypes v0.16.1
[INFO] [stderr]     Checking uuid v1.24.0
[INFO] [stderr]     Checking event-listener-strategy v0.5.4
[INFO] [stderr]     Checking serde_urlencoded v0.7.1
[INFO] [stderr]     Checking flume v0.12.0
[INFO] [stderr]     Checking fontdb v0.23.0
[INFO] [stderr]     Checking simplecss v0.2.2
[INFO] [stderr]     Checking rustybuzz v0.20.1
[INFO] [stderr]     Checking tiny-skia v0.11.4
[INFO] [stderr]     Checking gpui-box-util v0.1.1
[INFO] [stderr]     Checking backtrace v0.3.76
[INFO] [stderr]     Checking chrono v0.4.45
[INFO] [stderr]     Checking tracing v0.1.44
[INFO] [stderr]    Compiling schemars_derive v1.2.2
[INFO] [stderr]    Compiling gpui-box v0.1.1
[INFO] [stderr]    Compiling stacksafe-macro v0.1.4
[INFO] [stderr]     Checking zerovec v0.11.6
[INFO] [stderr]     Checking async-compression v0.4.43
[INFO] [stderr]     Checking heapless v0.9.3
[INFO] [stderr]     Checking rgb v0.8.53
[INFO] [stderr]     Checking qoi v0.4.1
[INFO] [stderr]    Compiling strum_macros v0.27.2
[INFO] [stderr]     Checking zerocopy v0.8.55
[INFO] [stderr]     Checking tinystr v0.8.3
[INFO] [stderr]     Checking potential_utf v0.1.5
[INFO] [stderr]     Checking icu_locale_core v2.2.0
[INFO] [stderr]     Checking futures-lite v2.6.1
[INFO] [stderr]     Checking icu_collections v2.2.0
[INFO] [stderr]     Checking png v0.18.1
[INFO] [stderr]     Checking thiserror v1.0.69
[INFO] [stderr]    Compiling profiling-procmacros v1.0.18
[INFO] [stderr]    Compiling enumn v0.1.14
[INFO] [stderr]     Checking concurrent-queue v2.5.0
[INFO] [stderr]    Compiling thiserror-impl v2.0.19
[INFO] [stderr]    Compiling gpui-box-refineable-derive v0.1.1
[INFO] [stderr]     Checking pulp v0.22.3
[INFO] [stderr]     Checking grid v1.0.1
[INFO] [stderr]    Compiling linktime-proc-macro v0.2.2
[INFO] [stderr]     Checking link-section v0.19.2
[INFO] [stderr]     Checking schemars v1.2.2
[INFO] [stderr]     Checking taffy v0.12.2
[INFO] [stderr]     Checking icu_provider v2.2.0
[INFO] [stderr]     Checking futures-concurrency v7.7.1
[INFO] [stderr]     Checking ctor v1.0.12
[INFO] [stderr]     Checking gpui-box-refineable v0.1.1
[INFO] [stderr]     Checking gpui-box-sum-tree v0.1.1
[INFO] [stderr]     Checking accesskit v0.24.1
[INFO] [stderr]     Checking usvg v0.46.0
[INFO] [stderr]     Checking gpui-box-collections v0.1.1
[INFO] [stderr]     Checking icu_properties v2.2.0
[INFO] [stderr]     Checking icu_normalizer v2.2.0
[INFO] [stderr]     Checking etagere v0.2.15
[INFO] [stderr]     Checking async-channel v2.5.0
[INFO] [stderr]     Checking gpui-box-shared-string v0.1.1
[INFO] [stderr]     Checking profiling v1.0.18
[INFO] [stderr]     Checking pathfinder_geometry v0.5.1
[INFO] [stderr]     Checking regex v1.13.1
[INFO] [stderr]     Checking thiserror v2.0.19
[INFO] [stderr]     Checking derive_more v2.1.1
[INFO] [stderr]    Compiling gpui-box-macros v0.1.1
[INFO] [stderr]     Checking itertools v0.14.0
[INFO] [stderr]     Checking spin v0.10.1
[INFO] [stderr]     Checking num_cpus v1.17.0
[INFO] [stderr]    Compiling gpui-box-util-macros v0.1.1
[INFO] [stderr]     Checking seahash v4.1.0
[INFO] [stderr]     Checking inventory v0.3.24
[INFO] [stderr]     Checking raw-window-handle v0.6.2
[INFO] [stderr]     Checking idna_adapter v1.2.2
[INFO] [stderr]     Checking strum v0.27.2
[INFO] [stderr]     Checking idna v1.1.0
[INFO] [stderr]     Checking futures-executor v0.3.33
[INFO] [stderr]     Checking futures v0.3.33
[INFO] [stderr]     Checking postage v0.5.0
[INFO] [stderr]     Checking url v2.5.8
[INFO] [stderr]     Checking gpui-box-http-client v0.1.1
[INFO] [stderr]    Compiling ar_archive_writer v0.5.3
[INFO] [stderr]     Checking resvg v0.46.0
[INFO] [stderr]    Compiling psm v0.1.32
[INFO] [stderr]     Checking stacksafe v0.1.4
[INFO] [stderr]     Checking half v2.7.1
[INFO] [stderr]     Checking ppv-lite86 v0.2.21
[INFO] [stderr]     Checking rand_chacha v0.9.0
[INFO] [stderr]     Checking exr v1.74.2
[INFO] [stderr]     Checking tiff v0.11.3
[INFO] [stderr]     Checking rand v0.9.5
[INFO] [stderr]     Checking gpui-box-scheduler v0.1.1
[INFO] [stderr]     Checking image v0.25.10
[INFO] [stderr]     Checking gpui-box-kit-semantics v0.1.1 (/opt/rustwide/workdir)
[INFO] [stdout] error[E0432]: unresolved import `gpui::TestAppContext`
[INFO] [stdout]    --> src/lib.rs:795:60
[INFO] [stdout]     |
[INFO] [stdout] 795 |         AnyWindowHandle, AppContext as _, Context, Render, TestAppContext, Window, div, px,
[INFO] [stdout]     |                                                            ^^^^^^^^^^^^^^ no `TestAppContext` in the root
[INFO] [stdout]     |
[INFO] [stdout] help: a similar name exists in the module
[INFO] [stdout]     |
[INFO] [stdout] 795 -         AnyWindowHandle, AppContext as _, Context, Render, TestAppContext, Window, div, px,
[INFO] [stdout] 795 +         AnyWindowHandle, AppContext as _, Context, Render, AppContext, Window, div, px,
[INFO] [stdout]     |
[INFO] [stdout] 
[INFO] [stdout] 
[INFO] [stdout] error[E0433]: cannot find `TestAppContext` in `gpui`
[INFO] [stdout]     --> src/lib.rs:1056:5
[INFO] [stdout]      |
[INFO] [stdout] 1056 |     #[gpui::test]
[INFO] [stdout]      |     ^^^^^^^^^^^^^ could not find `TestAppContext` in `gpui`
[INFO] [stdout]      |
[INFO] [stdout]      = note: this error originates in the attribute macro `gpui::test` (in Nightly builds, run with -Z macro-backtrace for more info)
[INFO] [stdout] help: a trait with a similar name exists
[INFO] [stdout]      |
[INFO] [stdout] 1056 -     #[gpui::test]
[INFO] [stdout] 1056 +     AppContext
[INFO] [stdout]      |
[INFO] [stdout] 
[INFO] [stdout] 
[INFO] [stdout] error[E0433]: cannot find `TestAppContext` in `gpui`
[INFO] [stdout]     --> src/lib.rs:1095:5
[INFO] [stdout]      |
[INFO] [stdout] 1095 |     #[gpui::test]
[INFO] [stdout]      |     ^^^^^^^^^^^^^ could not find `TestAppContext` in `gpui`
[INFO] [stdout]      |
[INFO] [stdout]      = note: this error originates in the attribute macro `gpui::test` (in Nightly builds, run with -Z macro-backtrace for more info)
[INFO] [stdout] help: a trait with a similar name exists
[INFO] [stdout]      |
[INFO] [stdout] 1095 -     #[gpui::test]
[INFO] [stdout] 1095 +     AppContext
[INFO] [stdout]      |
[INFO] [stdout] 
[INFO] [stdout] 
[INFO] [stdout] error[E0425]: cannot find function `run_test` in crate `gpui`
[INFO] [stdout]     --> src/lib.rs:1056:5
[INFO] [stdout]      |
[INFO] [stdout] 1056 |     #[gpui::test]
[INFO] [stdout]      |     ^^^^^^^^^^^^^ not found in `gpui`
[INFO] [stdout]      |
[INFO] [stdout]      = note: this error originates in the attribute macro `gpui::test` (in Nightly builds, run with -Z macro-backtrace for more info)
[INFO] [stdout] 
[INFO] [stdout] 
[INFO] [stdout] error[E0425]: cannot find function `run_test` in crate `gpui`
[INFO] [stdout]     --> src/lib.rs:1095:5
[INFO] [stdout]      |
[INFO] [stdout] 1095 |     #[gpui::test]
[INFO] [stdout]      |     ^^^^^^^^^^^^^ not found in `gpui`
[INFO] [stdout]      |
[INFO] [stdout]      = note: this error originates in the attribute macro `gpui::test` (in Nightly builds, run with -Z macro-backtrace for more info)
[INFO] [stdout] 
[INFO] [stdout] 
[INFO] [stdout] Some errors have detailed explanations: E0425, E0432, E0433.
[INFO] [stdout] 
[INFO] [stdout] For more information about an error, try `rustc --explain E0425`.
[INFO] [stdout] 
[INFO] [stderr] error: could not compile `gpui-box-kit-semantics` (lib test) due to 5 previous errors
[INFO] running `Command { std: "docker" "inspect" "9d526b3221f827e2d310f35275258d807e15d5d1300e3c3f3044e444850934f8", kill_on_drop: false }`
[INFO] running `Command { std: "docker" "rm" "-f" "9d526b3221f827e2d310f35275258d807e15d5d1300e3c3f3044e444850934f8", kill_on_drop: false }`
[INFO] [stdout] 9d526b3221f827e2d310f35275258d807e15d5d1300e3c3f3044e444850934f8
