[INFO] fetching crate goy 0.1.3...
[INFO] checking goy-0.1.3 against 3154cc1a3e6424e44f438a95007d043ed5ceaaf6+rustflags=-Znext-solver=coherence for pr-133502-30
[INFO] extracting crate goy 0.1.3 into /workspace/builds/worker-7-tc1/source
[INFO] started tweaking crates.io crate goy 0.1.3
[INFO] finished tweaking crates.io crate goy 0.1.3
[INFO] tweaked toml for crates.io crate goy 0.1.3 written to /workspace/builds/worker-7-tc1/source/Cargo.toml
[INFO] validating manifest of crates.io crate goy 0.1.3 on toolchain 3154cc1a3e6424e44f438a95007d043ed5ceaaf6
[INFO] running `Command { std: CARGO_HOME="/workspace/cargo-home" RUSTUP_HOME="/workspace/rustup-home" "/workspace/cargo-home/bin/cargo" "+3154cc1a3e6424e44f438a95007d043ed5ceaaf6" "metadata" "--manifest-path" "Cargo.toml" "--no-deps", kill_on_drop: false }`
[INFO] crate crates.io crate goy 0.1.3 already has a lockfile, it will not be regenerated
[INFO] running `Command { std: CARGO_HOME="/workspace/cargo-home" RUSTUP_HOME="/workspace/rustup-home" "/workspace/cargo-home/bin/cargo" "+3154cc1a3e6424e44f438a95007d043ed5ceaaf6" "fetch" "--manifest-path" "Cargo.toml", kill_on_drop: false }`
[INFO] [stderr]     Updating crates.io index
[INFO] [stderr]  Downloading crates ...
[INFO] [stderr]   Downloaded java-locator v0.1.9
[INFO] [stderr]   Downloaded goyda v0.1.3
[INFO] [stderr]   Downloaded goyda-utils v0.1.3
[INFO] [stderr]   Downloaded goyda-macros v0.1.3
[INFO] [stderr]   Downloaded goyda-derive v0.1.3
[INFO] [stderr]   Downloaded cargo_toml v1.0.0
[INFO] [stderr]   Downloaded lzma-rust2 v0.16.5
[INFO] running `Command { std: "docker" "create" "-v" "/var/lib/crater-agent-workspace/builds/worker-7-tc1/source:/opt/rustwide/workdir:ro,Z" "-v" "/var/lib/crater-agent-workspace/builds/worker-7-tc1/target:/opt/rustwide/target:rw,Z" "-v" "/var/lib/crater-agent-workspace/cargo-home:/opt/rustwide/cargo-home:ro,Z" "-v" "/var/lib/crater-agent-workspace/rustup-home:/opt/rustwide/rustup-home:ro,Z" "-m" "1610612736" "--network" "none" "ghcr.io/rust-lang/crates-build-env/linux@sha256:77db811e55d90add9212f6832c23229e3de5f1c1f9905e8cb07319ea15df73ac" "sleep" "infinity", kill_on_drop: false }`
[INFO] [stdout] 4c3eca10e872833285a1239d9516819bc7d6d1b8ab518bee438328ffe1a3f3bb
[INFO] running `Command { std: "docker" "start" "4c3eca10e872833285a1239d9516819bc7d6d1b8ab518bee438328ffe1a3f3bb", kill_on_drop: false }`
[INFO] running `Command { std: "docker" "inspect" "4c3eca10e872833285a1239d9516819bc7d6d1b8ab518bee438328ffe1a3f3bb", kill_on_drop: false }`
[INFO] running `Command { std: "docker" "exec" "-e" "SOURCE_DIR=/opt/rustwide/workdir" "-e" "CARGO_HOME=/opt/rustwide/cargo-home" "-e" "RUSTUP_HOME=/opt/rustwide/rustup-home" "-e" "CARGO_TARGET_DIR=/opt/rustwide/target" "-w" "/opt/rustwide/workdir" "--user" "0:0" "4c3eca10e872833285a1239d9516819bc7d6d1b8ab518bee438328ffe1a3f3bb" "/opt/rustwide/cargo-home/bin/cargo" "+3154cc1a3e6424e44f438a95007d043ed5ceaaf6" "metadata" "--no-deps" "--format-version=1", kill_on_drop: false }`
[INFO] running `Command { std: "docker" "inspect" "4c3eca10e872833285a1239d9516819bc7d6d1b8ab518bee438328ffe1a3f3bb", kill_on_drop: false }`
[INFO] running `Command { std: "docker" "exec" "-e" "SOURCE_DIR=/opt/rustwide/workdir" "-e" "CARGO_HOME=/opt/rustwide/cargo-home" "-e" "RUSTUP_HOME=/opt/rustwide/rustup-home" "-e" "CARGO_TARGET_DIR=/opt/rustwide/target" "-e" "CARGO_INCREMENTAL=0" "-e" "RUST_BACKTRACE=full" "-e" "RUSTFLAGS=--cap-lints=forbid -Znext-solver=coherence" "-e" "RUSTDOCFLAGS=--cap-lints=forbid" "-w" "/opt/rustwide/workdir" "--user" "0:0" "4c3eca10e872833285a1239d9516819bc7d6d1b8ab518bee438328ffe1a3f3bb" "/opt/rustwide/cargo-home/bin/cargo" "+3154cc1a3e6424e44f438a95007d043ed5ceaaf6" "check" "--frozen" "--all" "--all-targets" "--message-format=json", kill_on_drop: false }`
[INFO] [stderr]     Checking zeroize v1.9.0
[INFO] [stderr]     Checking smallvec v1.15.2
[INFO] [stderr]    Compiling jobserver v0.1.35
[INFO] [stderr]     Checking simd-adler32 v0.3.9
[INFO] [stderr]    Compiling jni-sys-macros v0.4.1
[INFO] [stderr]     Checking zlib-rs v0.6.7
[INFO] [stderr]    Compiling jni-sys v0.3.1
[INFO] [stderr]     Checking const-oid v0.10.2
[INFO] [stderr]     Checking block-buffer v0.12.1
[INFO] [stderr]     Checking miniz_oxide v0.8.9
[INFO] [stderr]     Checking bytemuck v1.25.2
[INFO] [stderr]     Checking float-cmp v0.9.0
[INFO] [stderr]     Checking rustls-pki-types v1.15.0
[INFO] [stderr]     Checking digest v0.11.3
[INFO] [stderr]     Checking strict-num v0.1.1
[INFO] [stderr]     Checking polycool v0.4.0
[INFO] [stderr]    Compiling cc v1.2.66
[INFO] [stderr]     Checking tiny-skia-path v0.12.0
[INFO] [stderr]    Compiling jni-sys v0.4.1
[INFO] [stderr]     Checking kurbo v0.13.1
[INFO] [stderr]     Checking icu_normalizer v2.2.0
[INFO] [stderr]     Checking fdeflate v0.3.7
[INFO] [stderr]     Checking getrandom v0.2.17
[INFO] [stderr]    Compiling memchr v2.8.2
[INFO] [stderr]    Compiling zstd-safe v7.2.4
[INFO] [stderr]     Checking siphasher v1.0.3
[INFO] [stderr]    Compiling indexmap v2.14.0
[INFO] [stderr]    Compiling libloading v0.7.4
[INFO] [stderr]     Checking anstyle-parse v1.0.0
[INFO] [stderr]     Checking idna_adapter v1.2.2
[INFO] [stderr]    Compiling java-locator v0.1.9
[INFO] [stderr]     Checking serde v1.0.228
[INFO] [stderr]    Compiling thiserror v1.0.69
[INFO] [stderr]     Checking roxmltree v0.21.1
[INFO] [stderr]    Compiling combine v4.6.7
[INFO] [stderr]     Checking flate2 v1.1.9
[INFO] [stderr]     Checking svgtypes v0.16.1
[INFO] [stderr]     Checking inout v0.2.2
[INFO] [stderr]     Checking simplecss v0.2.2
[INFO] [stderr]     Checking winnow v1.0.4
[INFO] [stderr]    Compiling getrandom v0.4.3
[INFO] [stderr]    Compiling serde_json v1.0.150
[INFO] [stderr]     Checking imagesize v0.15.0
[INFO] [stderr]     Checking png v0.18.1
[INFO] [stderr]    Compiling rustix v0.38.44
[INFO] [stderr]    Compiling camino v1.2.4
[INFO] [stderr]    Compiling rustls v0.23.41
[INFO] [stderr]     Checking data-url v0.3.2
[INFO] [stderr]     Checking glob v0.3.3
[INFO] [stderr]    Compiling cesu8 v1.1.0
[INFO] [stderr]     Checking pico-args v0.5.0
[INFO] [stderr]     Checking anstream v1.0.0
[INFO] [stderr]     Checking toml_parser v1.1.3+spec-1.1.0
[INFO] [stderr]     Checking usvg v0.48.1
[INFO] [stderr]    Compiling petgraph v0.8.3
[INFO] [stderr]     Checking cipher v0.5.2
[INFO] [stderr]    Compiling ring v0.17.14
[INFO] [stderr]    Compiling zstd-sys v2.0.16+zstd.1.5.7
[INFO] [stderr]     Checking signal-hook v0.3.18
[INFO] [stderr]     Checking tiny-skia v0.12.0
[INFO] [stderr]     Checking idna v1.1.0
[INFO] [stderr]     Checking parking_lot_core v0.9.12
[INFO] [stderr]     Checking webpki-roots v1.0.8
[INFO] [stderr]     Checking sha2 v0.11.0
[INFO] [stderr]     Checking hmac v0.13.0
[INFO] [stderr]     Checking rgb v0.8.53
[INFO] [stderr]     Checking semver v1.0.28
[INFO] [stderr]     Checking serde_spanned v1.1.1
[INFO] [stderr]     Checking toml_datetime v1.1.1+spec-1.1.0
[INFO] [stderr]     Checking mio v1.2.2
[INFO] [stderr]     Checking libbz2-rs-sys v0.2.5
[INFO] [stderr]     Checking cpubits v0.1.1
[INFO] [stderr]     Checking bumpalo v3.20.3
[INFO] [stderr]     Checking toml_writer v1.1.2+spec-1.1.0
[INFO] [stderr]     Checking clap_builder v4.6.0
[INFO] [stderr]     Checking toml v1.1.4+spec-1.1.0
[INFO] [stderr]     Checking zopfli v0.8.3
[INFO] [stderr]     Checking bzip2 v0.6.1
[INFO] [stderr]     Checking time v0.3.55
[INFO] [stderr]     Checking dirs-sys v0.4.1
[INFO] [stderr]     Checking signal-hook-mio v0.2.5
[INFO] [stderr]     Checking aes v0.9.2
[INFO] [stderr]    Compiling clap_derive v4.6.1
[INFO] [stderr]     Checking resvg v0.48.1
[INFO] [stderr]     Checking lzma-rust2 v0.16.5
[INFO] [stderr]     Checking pbkdf2 v0.13.0
[INFO] [stderr]     Checking webpki-roots v0.26.11
[INFO] [stderr]     Checking parking_lot v0.12.5
[INFO] [stderr]     Checking url v2.5.8
[INFO] [stderr]    Compiling jni v0.21.1
[INFO] [stderr]     Checking cargo-platform v0.1.9
[INFO] [stderr]     Checking sha1 v0.11.0
[INFO] [stderr]     Checking typed-path v0.12.3
[INFO] [stderr]     Checking goyda-macros v0.1.3
[INFO] [stderr]     Checking deflate64 v0.1.12
[INFO] [stderr]     Checking ppmd-rust v1.4.0
[INFO] [stderr]     Checking goyda-utils v0.1.3
[INFO] [stderr]     Checking inventory v0.3.24
[INFO] [stderr]     Checking rustls-webpki v0.103.13
[INFO] [stderr]     Checking cargo_metadata v0.18.1
[INFO] [stderr]     Checking clap v4.6.1
[INFO] [stderr]     Checking crossterm v0.28.1
[INFO] [stderr]     Checking dirs v5.0.1
[INFO] [stderr]     Checking cargo_toml v1.0.0
[INFO] [stderr]     Checking which v8.0.5
[INFO] [stderr]     Checking dunce v1.0.5
[INFO] [stderr]    Compiling goyda-derive v0.1.3
[INFO] [stderr]     Checking goyda v0.1.3
[INFO] [stderr]     Checking zstd v0.13.3
[INFO] [stderr]     Checking zip v8.6.0
[INFO] [stderr]     Checking ureq v2.12.1
[INFO] [stderr]     Checking goy v0.1.3 (/opt/rustwide/workdir)
[INFO] [stdout] error[E0425]: cannot find value `tool_path` in this scope
[INFO] [stdout]   --> src/utils/paths.rs:43:28
[INFO] [stdout]    |
[INFO] [stdout] 43 |                         if tool_path.exists() {
[INFO] [stdout]    |                            ^^^^^^^^^ not found in this scope
[INFO] [stdout] 
[INFO] [stdout] 
[INFO] [stdout] error[E0425]: cannot find value `tool_path` in this scope
[INFO] [stdout]   --> src/utils/paths.rs:44:39
[INFO] [stdout]    |
[INFO] [stdout] 44 | ...                   return Ok(tool_path);
[INFO] [stdout]    |                                 ^^^^^^^^^ not found in this scope
[INFO] [stdout] 
[INFO] [stdout] 
[INFO] [stdout] error[E0425]: cannot find value `tool_path` in this scope
[INFO] [stdout]   --> src/utils/paths.rs:43:28
[INFO] [stdout]    |
[INFO] [stdout] 43 |                         if tool_path.exists() {
[INFO] [stdout]    |                            ^^^^^^^^^ not found in this scope
[INFO] [stdout] 
[INFO] [stdout] 
[INFO] [stdout] error[E0425]: cannot find value `tool_path` in this scope
[INFO] [stdout]   --> src/utils/paths.rs:44:39
[INFO] [stdout]    |
[INFO] [stdout] 44 | ...                   return Ok(tool_path);
[INFO] [stdout]    |                                 ^^^^^^^^^ not found in this scope
[INFO] [stdout] 
[INFO] [stdout] 
[INFO] [stdout] For more information about this error, try `rustc --explain E0425`.
[INFO] [stdout] 
[INFO] [stderr] error: could not compile `goy` (bin "goy" test) due to 2 previous errors
[INFO] [stderr] warning: build failed, waiting for other jobs to finish...
[INFO] [stdout] For more information about this error, try `rustc --explain E0425`.
[INFO] [stdout] 
[INFO] [stderr] error: could not compile `goy` (bin "goy") due to 2 previous errors
[INFO] running `Command { std: "docker" "inspect" "4c3eca10e872833285a1239d9516819bc7d6d1b8ab518bee438328ffe1a3f3bb", kill_on_drop: false }`
[INFO] running `Command { std: "docker" "rm" "-f" "4c3eca10e872833285a1239d9516819bc7d6d1b8ab518bee438328ffe1a3f3bb", kill_on_drop: false }`
[INFO] [stdout] 4c3eca10e872833285a1239d9516819bc7d6d1b8ab518bee438328ffe1a3f3bb
