[INFO] fetching crate franka-rs 0.4.0...
[INFO] checking franka-rs-0.4.0 against 3154cc1a3e6424e44f438a95007d043ed5ceaaf6+rustflags=-Znext-solver=coherence for pr-133502-30
[INFO] extracting crate franka-rs 0.4.0 into /workspace/builds/worker-3-tc1/source
[INFO] started tweaking crates.io crate franka-rs 0.4.0
[INFO] removed 0 missing examples
[INFO] removed 0 missing tests
[INFO] finished tweaking crates.io crate franka-rs 0.4.0
[INFO] tweaked toml for crates.io crate franka-rs 0.4.0 written to /workspace/builds/worker-3-tc1/source/Cargo.toml
[INFO] validating manifest of crates.io crate franka-rs 0.4.0 on toolchain 3154cc1a3e6424e44f438a95007d043ed5ceaaf6
[INFO] running `Command { std: CARGO_HOME="/workspace/cargo-home" RUSTUP_HOME="/workspace/rustup-home" "/workspace/cargo-home/bin/cargo" "+3154cc1a3e6424e44f438a95007d043ed5ceaaf6" "metadata" "--manifest-path" "Cargo.toml" "--no-deps", kill_on_drop: false }`
[INFO] crate crates.io crate franka-rs 0.4.0 already has a lockfile, it will not be regenerated
[INFO] running `Command { std: CARGO_HOME="/workspace/cargo-home" RUSTUP_HOME="/workspace/rustup-home" "/workspace/cargo-home/bin/cargo" "+3154cc1a3e6424e44f438a95007d043ed5ceaaf6" "fetch" "--manifest-path" "Cargo.toml", kill_on_drop: false }`
[INFO] [stderr]     Updating crates.io index
[INFO] [stderr]  Downloading crates ...
[INFO] [stderr]   Downloaded RustyXML v0.3.0
[INFO] [stderr]   Downloaded urdf-rs v0.9.0
[INFO] [stderr]   Downloaded serde-xml-rs v0.6.0
[INFO] [stderr]   Downloaded simba v0.10.2
[INFO] [stderr]   Downloaded glam v0.33.6
[INFO] running `Command { std: "docker" "create" "-v" "/var/lib/crater-agent-workspace/builds/worker-3-tc1/source:/opt/rustwide/workdir:ro,Z" "-v" "/var/lib/crater-agent-workspace/builds/worker-3-tc1/target:/opt/rustwide/target:rw,Z" "-v" "/var/lib/crater-agent-workspace/cargo-home:/opt/rustwide/cargo-home:ro,Z" "-v" "/var/lib/crater-agent-workspace/rustup-home:/opt/rustwide/rustup-home:ro,Z" "-m" "1610612736" "--network" "none" "ghcr.io/rust-lang/crates-build-env/linux@sha256:77db811e55d90add9212f6832c23229e3de5f1c1f9905e8cb07319ea15df73ac" "sleep" "infinity", kill_on_drop: false }`
[INFO] [stdout] c4f3c4218adfec61207ceae92d441fecf409f033ff323c074791566e21be5d2b
[INFO] running `Command { std: "docker" "start" "c4f3c4218adfec61207ceae92d441fecf409f033ff323c074791566e21be5d2b", kill_on_drop: false }`
[INFO] running `Command { std: "docker" "inspect" "c4f3c4218adfec61207ceae92d441fecf409f033ff323c074791566e21be5d2b", kill_on_drop: false }`
[INFO] running `Command { std: "docker" "exec" "-e" "SOURCE_DIR=/opt/rustwide/workdir" "-e" "CARGO_HOME=/opt/rustwide/cargo-home" "-e" "RUSTUP_HOME=/opt/rustwide/rustup-home" "-e" "CARGO_TARGET_DIR=/opt/rustwide/target" "-w" "/opt/rustwide/workdir" "--user" "0:0" "c4f3c4218adfec61207ceae92d441fecf409f033ff323c074791566e21be5d2b" "/opt/rustwide/cargo-home/bin/cargo" "+3154cc1a3e6424e44f438a95007d043ed5ceaaf6" "metadata" "--no-deps" "--format-version=1", kill_on_drop: false }`
[INFO] running `Command { std: "docker" "inspect" "c4f3c4218adfec61207ceae92d441fecf409f033ff323c074791566e21be5d2b", kill_on_drop: false }`
[INFO] running `Command { std: "docker" "exec" "-e" "SOURCE_DIR=/opt/rustwide/workdir" "-e" "CARGO_HOME=/opt/rustwide/cargo-home" "-e" "RUSTUP_HOME=/opt/rustwide/rustup-home" "-e" "CARGO_TARGET_DIR=/opt/rustwide/target" "-e" "CARGO_INCREMENTAL=0" "-e" "RUST_BACKTRACE=full" "-e" "RUSTFLAGS=--cap-lints=forbid -Znext-solver=coherence" "-e" "RUSTDOCFLAGS=--cap-lints=forbid" "-w" "/opt/rustwide/workdir" "--user" "0:0" "c4f3c4218adfec61207ceae92d441fecf409f033ff323c074791566e21be5d2b" "/opt/rustwide/cargo-home/bin/cargo" "+3154cc1a3e6424e44f438a95007d043ed5ceaaf6" "check" "--frozen" "--all" "--all-targets" "--message-format=json", kill_on_drop: false }`
[INFO] [stderr]     Checking bytemuck v1.25.2
[INFO] [stderr]     Checking rawpointer v0.2.1
[INFO] [stderr]    Compiling zerocopy v0.8.56
[INFO] [stderr]     Checking xml-rs v0.8.29
[INFO] [stderr]    Compiling matrixmultiply v0.3.11
[INFO] [stderr]     Checking regex-automata v0.4.18
[INFO] [stderr]     Checking RustyXML v0.3.0
[INFO] [stderr]     Checking typenum v1.20.1
[INFO] [stderr]     Checking roxmltree v0.20.0
[INFO] [stderr]    Compiling syn v2.0.119
[INFO] [stderr]    Compiling syn v3.0.4
[INFO] [stderr]     Checking num-complex v0.4.6
[INFO] [stderr]     Checking num-integer v0.1.47
[INFO] [stderr]     Checking approx v0.5.1
[INFO] [stderr]     Checking serde_json v1.0.151
[INFO] [stderr]     Checking safe_arch v1.2.0
[INFO] [stderr]     Checking num-rational v0.4.2
[INFO] [stderr]     Checking wide v1.7.0
[INFO] [stderr]    Compiling serde_derive v1.0.229
[INFO] [stderr]    Compiling thiserror-impl v2.0.20
[INFO] [stderr]     Checking thiserror v2.0.20
[INFO] [stderr]     Checking regex v1.13.1
[INFO] [stderr]    Compiling thiserror-impl v1.0.69
[INFO] [stderr]    Compiling nalgebra-macros v0.3.0
[INFO] [stderr]    Compiling zerocopy-derive v0.8.56
[INFO] [stderr]     Checking thiserror v1.0.69
[INFO] [stderr]     Checking serde v1.0.229
[INFO] [stderr]     Checking serde-xml-rs v0.6.0
[INFO] [stderr]     Checking quick-xml v0.36.2
[INFO] [stderr]     Checking urdf-rs v0.9.0
[INFO] [stderr]     Checking simba v0.10.2
[INFO] [stderr]     Checking nalgebra v0.35.0
[INFO] [stderr]     Checking franka-rs v0.4.0 (/opt/rustwide/workdir)
[INFO] [stdout] error: couldn't read `src/../../../README.md`: No such file or directory (os error 2)
[INFO] [stdout]   --> src/readme_sync.rs:10:22
[INFO] [stdout]    |
[INFO] [stdout] 10 | const README: &str = include_str!("../../../README.md");
[INFO] [stdout]    |                      ^^^^^^^^^^^^^^^^^^^^^^^^^^^^^^^^^^
[INFO] [stdout]    |
[INFO] [stdout] help: there is a file with the same name in a different directory
[INFO] [stdout]    |
[INFO] [stdout] 10 - const README: &str = include_str!("../../../README.md");
[INFO] [stdout] 10 + const README: &str = include_str!("../README.md");
[INFO] [stdout]    |
[INFO] [stdout] 
[INFO] [stdout] 
[INFO] [stdout] error[E0432]: unresolved import `franka_sim_test`
[INFO] [stdout]   --> tests/sim_v5_motions/active_control.rs:10:5
[INFO] [stdout]    |
[INFO] [stdout] 10 | use franka_sim_test::SimConfig;
[INFO] [stdout]    |     ^^^^^^^^^^^^^^^ use of unresolved module or unlinked crate `franka_sim_test`
[INFO] [stdout]    |
[INFO] [stdout]    = help: if you wanted to use a crate named `franka_sim_test`, use `cargo add franka_sim_test` to add it to your `Cargo.toml`
[INFO] [stdout] 
[INFO] [stdout] 
[INFO] [stdout] error[E0432]: unresolved import `franka_sim_test`
[INFO] [stdout]   --> tests/common/mod.rs:24:5
[INFO] [stdout]    |
[INFO] [stdout] 24 | use franka_sim_test::{SimConfig, SimServer};
[INFO] [stdout]    |     ^^^^^^^^^^^^^^^ use of unresolved module or unlinked crate `franka_sim_test`
[INFO] [stdout]    |
[INFO] [stdout]    = help: if you wanted to use a crate named `franka_sim_test`, use `cargo add franka_sim_test` to add it to your `Cargo.toml`
[INFO] [stdout] 
[INFO] [stdout] 
[INFO] [stdout] error[E0432]: unresolved import `franka_sim_test`
[INFO] [stdout]   --> tests/sim_v5_motions.rs:33:5
[INFO] [stdout]    |
[INFO] [stdout] 33 | use franka_sim_test::SimConfig;
[INFO] [stdout]    |     ^^^^^^^^^^^^^^^ use of unresolved module or unlinked crate `franka_sim_test`
[INFO] [stdout]    |
[INFO] [stdout]    = help: if you wanted to use a crate named `franka_sim_test`, use `cargo add franka_sim_test` to add it to your `Cargo.toml`
[INFO] [stdout] 
[INFO] [stdout] 
[INFO] [stdout] error[E0432]: unresolved import `franka_sim_test`
[INFO] [stdout]   --> tests/common/mod.rs:24:5
[INFO] [stdout]    |
[INFO] [stdout] 24 | use franka_sim_test::{SimConfig, SimServer};
[INFO] [stdout]    |     ^^^^^^^^^^^^^^^ use of unresolved module or unlinked crate `franka_sim_test`
[INFO] [stdout]    |
[INFO] [stdout]    = help: if you wanted to use a crate named `franka_sim_test`, use `cargo add franka_sim_test` to add it to your `Cargo.toml`
[INFO] [stdout] 
[INFO] [stdout] 
[INFO] [stdout] error[E0432]: unresolved import `franka_sim_test`
[INFO] [stdout]   --> tests/sim_gripper.rs:12:5
[INFO] [stdout]    |
[INFO] [stdout] 12 | use franka_sim_test::SimConfig;
[INFO] [stdout]    |     ^^^^^^^^^^^^^^^ use of unresolved module or unlinked crate `franka_sim_test`
[INFO] [stdout]    |
[INFO] [stdout]    = help: if you wanted to use a crate named `franka_sim_test`, use `cargo add franka_sim_test` to add it to your `Cargo.toml`
[INFO] [stdout] 
[INFO] [stdout] 
[INFO] [stdout] error[E0432]: unresolved import `franka_sim_test`
[INFO] [stdout]   --> tests/common/mod.rs:24:5
[INFO] [stdout]    |
[INFO] [stdout] 24 | use franka_sim_test::{SimConfig, SimServer};
[INFO] [stdout]    |     ^^^^^^^^^^^^^^^ use of unresolved module or unlinked crate `franka_sim_test`
[INFO] [stdout]    |
[INFO] [stdout]    = help: if you wanted to use a crate named `franka_sim_test`, use `cargo add franka_sim_test` to add it to your `Cargo.toml`
[INFO] [stdout] 
[INFO] [stdout] 
[INFO] [stdout] error[E0432]: unresolved import `franka_sim_test`
[INFO] [stdout]   --> tests/sim_v5_commands.rs:26:5
[INFO] [stdout]    |
[INFO] [stdout] 26 | use franka_sim_test::SimConfig;
[INFO] [stdout]    |     ^^^^^^^^^^^^^^^ use of unresolved module or unlinked crate `franka_sim_test`
[INFO] [stdout]    |
[INFO] [stdout]    = help: if you wanted to use a crate named `franka_sim_test`, use `cargo add franka_sim_test` to add it to your `Cargo.toml`
[INFO] [stdout] 
[INFO] [stdout] 
[INFO] [stdout] error[E0432]: unresolved import `franka_sim_test`
[INFO] [stdout]   --> tests/common/mod.rs:24:5
[INFO] [stdout]    |
[INFO] [stdout] 24 | use franka_sim_test::{SimConfig, SimServer};
[INFO] [stdout]    |     ^^^^^^^^^^^^^^^ use of unresolved module or unlinked crate `franka_sim_test`
[INFO] [stdout]    |
[INFO] [stdout]    = help: if you wanted to use a crate named `franka_sim_test`, use `cargo add franka_sim_test` to add it to your `Cargo.toml`
[INFO] [stdout] 
[INFO] [stdout] 
[INFO] [stdout] error[E0432]: unresolved import `franka_sim_test`
[INFO] [stdout]   --> tests/sim_v5_handshake.rs:22:5
[INFO] [stdout]    |
[INFO] [stdout] 22 | use franka_sim_test::SimConfig;
[INFO] [stdout]    |     ^^^^^^^^^^^^^^^ use of unresolved module or unlinked crate `franka_sim_test`
[INFO] [stdout]    |
[INFO] [stdout]    = help: if you wanted to use a crate named `franka_sim_test`, use `cargo add franka_sim_test` to add it to your `Cargo.toml`
[INFO] [stdout] 
[INFO] [stdout] 
[INFO] [stdout] error[E0432]: unresolved import `franka_sim_test`
[INFO] [stdout]   --> tests/common/mod.rs:24:5
[INFO] [stdout]    |
[INFO] [stdout] 24 | use franka_sim_test::{SimConfig, SimServer};
[INFO] [stdout]    |     ^^^^^^^^^^^^^^^ use of unresolved module or unlinked crate `franka_sim_test`
[INFO] [stdout]    |
[INFO] [stdout]    = help: if you wanted to use a crate named `franka_sim_test`, use `cargo add franka_sim_test` to add it to your `Cargo.toml`
[INFO] [stdout] 
[INFO] [stdout] 
[INFO] [stdout] error[E0432]: unresolved import `franka_sim_test`
[INFO] [stdout]   --> tests/sim_handshake.rs:20:5
[INFO] [stdout]    |
[INFO] [stdout] 20 | use franka_sim_test::SimConfig;
[INFO] [stdout]    |     ^^^^^^^^^^^^^^^ use of unresolved module or unlinked crate `franka_sim_test`
[INFO] [stdout]    |
[INFO] [stdout]    = help: if you wanted to use a crate named `franka_sim_test`, use `cargo add franka_sim_test` to add it to your `Cargo.toml`
[INFO] [stdout] 
[INFO] [stdout] 
[INFO] [stdout] error[E0432]: unresolved import `franka_sim_test`
[INFO] [stdout]   --> tests/common/mod.rs:24:5
[INFO] [stdout]    |
[INFO] [stdout] 24 | use franka_sim_test::{SimConfig, SimServer};
[INFO] [stdout]    |     ^^^^^^^^^^^^^^^ use of unresolved module or unlinked crate `franka_sim_test`
[INFO] [stdout]    |
[INFO] [stdout]    = help: if you wanted to use a crate named `franka_sim_test`, use `cargo add franka_sim_test` to add it to your `Cargo.toml`
[INFO] [stdout] 
[INFO] [stdout] 
[INFO] [stdout] error[E0432]: unresolved import `franka_sim_test`
[INFO] [stdout]   --> tests/sim_v5_stop_and_reflex.rs:46:5
[INFO] [stdout]    |
[INFO] [stdout] 46 | use franka_sim_test::SimConfig;
[INFO] [stdout]    |     ^^^^^^^^^^^^^^^ use of unresolved module or unlinked crate `franka_sim_test`
[INFO] [stdout]    |
[INFO] [stdout]    = help: if you wanted to use a crate named `franka_sim_test`, use `cargo add franka_sim_test` to add it to your `Cargo.toml`
[INFO] [stdout] 
[INFO] [stdout] 
[INFO] [stdout] For more information about this error, try `rustc --explain E0432`.
[INFO] [stdout] 
[INFO] [stdout] error[E0432]: unresolved import `franka_sim_test`
[INFO] [stdout]   --> tests/common/mod.rs:24:5
[INFO] [stdout]    |
[INFO] [stdout] 24 | use franka_sim_test::{SimConfig, SimServer};
[INFO] [stdout]    |     ^^^^^^^^^^^^^^^ use of unresolved module or unlinked crate `franka_sim_test`
[INFO] [stdout]    |
[INFO] [stdout]    = help: if you wanted to use a crate named `franka_sim_test`, use `cargo add franka_sim_test` to add it to your `Cargo.toml`
[INFO] [stdout] 
[INFO] [stdout] 
[INFO] [stdout] error[E0432]: unresolved import `franka_sim_test`
[INFO] [stdout]   --> tests/sim_commands.rs:13:5
[INFO] [stdout]    |
[INFO] [stdout] 13 | use franka_sim_test::SimConfig;
[INFO] [stdout]    |     ^^^^^^^^^^^^^^^ use of unresolved module or unlinked crate `franka_sim_test`
[INFO] [stdout]    |
[INFO] [stdout]    = help: if you wanted to use a crate named `franka_sim_test`, use `cargo add franka_sim_test` to add it to your `Cargo.toml`
[INFO] [stdout] 
[INFO] [stdout] 
[INFO] [stdout] For more information about this error, try `rustc --explain E0432`.
[INFO] [stdout] 
[INFO] [stdout] For more information about this error, try `rustc --explain E0432`.
[INFO] [stdout] 
[INFO] [stderr] error: could not compile `franka-rs` (test "sim_v5_handshake") due to 2 previous errors
[INFO] [stderr] warning: build failed, waiting for other jobs to finish...
[INFO] [stderr] error: could not compile `franka-rs` (test "sim_v5_commands") due to 2 previous errors
[INFO] [stderr] error: could not compile `franka-rs` (test "sim_gripper") due to 2 previous errors
[INFO] [stdout] For more information about this error, try `rustc --explain E0432`.
[INFO] [stdout] 
[INFO] [stderr] error: could not compile `franka-rs` (test "sim_v5_stop_and_reflex") due to 2 previous errors
[INFO] [stdout] For more information about this error, try `rustc --explain E0432`.
[INFO] [stdout] 
[INFO] [stderr] error: could not compile `franka-rs` (test "sim_handshake") due to 2 previous errors
[INFO] [stdout] For more information about this error, try `rustc --explain E0432`.
[INFO] [stdout] 
[INFO] [stderr] error: could not compile `franka-rs` (test "sim_commands") due to 2 previous errors
[INFO] [stdout] error[E0433]: cannot find module or crate `franka_sim_test` in this scope
[INFO] [stdout]   --> tests/sim_v5_motions.rs:48:14
[INFO] [stdout]    |
[INFO] [stdout] 48 | fn fer(sim: &franka_sim_test::SimServer) -> franka::Robot {
[INFO] [stdout]    |              ^^^^^^^^^^^^^^^ use of unresolved module or unlinked crate `franka_sim_test`
[INFO] [stdout]    |
[INFO] [stdout]    = help: if you wanted to use a crate named `franka_sim_test`, use `cargo add franka_sim_test` to add it to your `Cargo.toml`
[INFO] [stdout] 
[INFO] [stdout] 
[INFO] [stdout] Some errors have detailed explanations: E0432, E0433.
[INFO] [stdout] 
[INFO] [stdout] For more information about an error, try `rustc --explain E0432`.
[INFO] [stdout] 
[INFO] [stderr] error: could not compile `franka-rs` (test "sim_v5_motions") due to 4 previous errors
[INFO] [stderr] error: could not compile `franka-rs` (lib test) due to 1 previous error
[INFO] running `Command { std: "docker" "inspect" "c4f3c4218adfec61207ceae92d441fecf409f033ff323c074791566e21be5d2b", kill_on_drop: false }`
[INFO] running `Command { std: "docker" "rm" "-f" "c4f3c4218adfec61207ceae92d441fecf409f033ff323c074791566e21be5d2b", kill_on_drop: false }`
[INFO] [stdout] c4f3c4218adfec61207ceae92d441fecf409f033ff323c074791566e21be5d2b
