[INFO] fetching crate frame-capture 0.2.3...
[INFO] checking frame-capture-0.2.3 against 3154cc1a3e6424e44f438a95007d043ed5ceaaf6+rustflags=-Znext-solver=coherence for pr-133502-30
[INFO] extracting crate frame-capture 0.2.3 into /workspace/builds/worker-0-tc1/source
[INFO] started tweaking crates.io crate frame-capture 0.2.3
[INFO] removed 0 missing tests
[INFO] finished tweaking crates.io crate frame-capture 0.2.3
[INFO] tweaked toml for crates.io crate frame-capture 0.2.3 written to /workspace/builds/worker-0-tc1/source/Cargo.toml
[INFO] validating manifest of crates.io crate frame-capture 0.2.3 on toolchain 3154cc1a3e6424e44f438a95007d043ed5ceaaf6
[INFO] running `Command { std: CARGO_HOME="/workspace/cargo-home" RUSTUP_HOME="/workspace/rustup-home" "/workspace/cargo-home/bin/cargo" "+3154cc1a3e6424e44f438a95007d043ed5ceaaf6" "metadata" "--manifest-path" "Cargo.toml" "--no-deps", kill_on_drop: false }`
[INFO] crate crates.io crate frame-capture 0.2.3 already has a lockfile, it will not be regenerated
[INFO] running `Command { std: CARGO_HOME="/workspace/cargo-home" RUSTUP_HOME="/workspace/rustup-home" "/workspace/cargo-home/bin/cargo" "+3154cc1a3e6424e44f438a95007d043ed5ceaaf6" "fetch" "--manifest-path" "Cargo.toml", kill_on_drop: false }`
[INFO] [stderr]     Updating crates.io index
[INFO] [stderr]  Downloading crates ...
[INFO] [stderr]   Downloaded trybuild v1.0.121
[INFO] [stderr]   Downloaded target-tuple v1.0.2
[INFO] [stderr]   Downloaded zerocopy-derive v0.8.59
[INFO] [stderr]   Downloaded frame-capture-toml v0.2.3
[INFO] [stderr]   Downloaded frame-capture-macros v0.2.3
[INFO] [stderr]   Downloaded koruma v0.13.0
[INFO] [stderr]   Downloaded koruma-core v0.13.0
[INFO] [stderr]   Downloaded bon v3.10.2
[INFO] [stderr]   Downloaded bon-macros v3.10.2
[INFO] [stderr]   Downloaded prettyplease v0.3.0
[INFO] [stderr]   Downloaded zerocopy v0.8.59
[INFO] running `Command { std: "docker" "create" "-v" "/var/lib/crater-agent-workspace/builds/worker-0-tc1/source:/opt/rustwide/workdir:ro,Z" "-v" "/var/lib/crater-agent-workspace/builds/worker-0-tc1/target:/opt/rustwide/target:rw,Z" "-v" "/var/lib/crater-agent-workspace/cargo-home:/opt/rustwide/cargo-home:ro,Z" "-v" "/var/lib/crater-agent-workspace/rustup-home:/opt/rustwide/rustup-home:ro,Z" "-m" "1610612736" "--network" "none" "ghcr.io/rust-lang/crates-build-env/linux@sha256:77db811e55d90add9212f6832c23229e3de5f1c1f9905e8cb07319ea15df73ac" "sleep" "infinity", kill_on_drop: false }`
[INFO] [stdout] 034a785a3c4bc1a75c7db92c80b010d8392ae00d20c6ed77c538ad415efa89d6
[INFO] running `Command { std: "docker" "start" "034a785a3c4bc1a75c7db92c80b010d8392ae00d20c6ed77c538ad415efa89d6", kill_on_drop: false }`
[INFO] running `Command { std: "docker" "inspect" "034a785a3c4bc1a75c7db92c80b010d8392ae00d20c6ed77c538ad415efa89d6", kill_on_drop: false }`
[INFO] running `Command { std: "docker" "exec" "-e" "SOURCE_DIR=/opt/rustwide/workdir" "-e" "CARGO_HOME=/opt/rustwide/cargo-home" "-e" "RUSTUP_HOME=/opt/rustwide/rustup-home" "-e" "CARGO_TARGET_DIR=/opt/rustwide/target" "-w" "/opt/rustwide/workdir" "--user" "0:0" "034a785a3c4bc1a75c7db92c80b010d8392ae00d20c6ed77c538ad415efa89d6" "/opt/rustwide/cargo-home/bin/cargo" "+3154cc1a3e6424e44f438a95007d043ed5ceaaf6" "metadata" "--no-deps" "--format-version=1", kill_on_drop: false }`
[INFO] running `Command { std: "docker" "inspect" "034a785a3c4bc1a75c7db92c80b010d8392ae00d20c6ed77c538ad415efa89d6", kill_on_drop: false }`
[INFO] running `Command { std: "docker" "exec" "-e" "SOURCE_DIR=/opt/rustwide/workdir" "-e" "CARGO_HOME=/opt/rustwide/cargo-home" "-e" "RUSTUP_HOME=/opt/rustwide/rustup-home" "-e" "CARGO_TARGET_DIR=/opt/rustwide/target" "-e" "CARGO_INCREMENTAL=0" "-e" "RUST_BACKTRACE=full" "-e" "RUSTFLAGS=--cap-lints=forbid -Znext-solver=coherence" "-e" "RUSTDOCFLAGS=--cap-lints=forbid" "-w" "/opt/rustwide/workdir" "--user" "0:0" "034a785a3c4bc1a75c7db92c80b010d8392ae00d20c6ed77c538ad415efa89d6" "/opt/rustwide/cargo-home/bin/cargo" "+3154cc1a3e6424e44f438a95007d043ed5ceaaf6" "check" "--frozen" "--all" "--all-targets" "--message-format=json", kill_on_drop: false }`
[INFO] [stderr]    Compiling proc-macro2 v1.0.107
[INFO] [stderr]    Compiling unicode-ident v1.0.26
[INFO] [stderr]    Compiling serde_core v1.0.229
[INFO] [stderr]    Compiling thiserror v2.0.21
[INFO] [stderr]     Checking cfg-if v1.0.5
[INFO] [stderr]    Compiling zerocopy v0.8.59
[INFO] [stderr]     Checking winnow v1.0.4
[INFO] [stderr]    Compiling prettyplease v0.3.0
[INFO] [stderr]    Compiling quote v1.0.47
[INFO] [stderr]    Compiling libc v0.2.189
[INFO] [stderr]    Compiling serde v1.0.229
[INFO] [stderr]    Compiling fs-err v3.3.1
[INFO] [stderr]    Compiling toml_writer v1.1.2+spec-1.1.0
[INFO] [stderr]    Compiling convert_case v0.10.0
[INFO] [stderr]    Compiling num-traits v0.2.19
[INFO] [stderr]    Compiling target-tuple v1.0.2
[INFO] [stderr]    Compiling serde_json v1.0.151
[INFO] [stderr]     Checking memchr v2.8.3
[INFO] [stderr]     Checking koruma-core v0.13.0
[INFO] [stderr]     Checking unarray v0.1.4
[INFO] [stderr]     Checking bitflags v2.13.2
[INFO] [stderr]     Checking koruma v0.13.0
[INFO] [stderr]     Checking glob v0.3.4
[INFO] [stderr]     Checking termcolor v1.4.1
[INFO] [stderr]     Checking toml_parser v1.1.3+spec-1.1.0
[INFO] [stderr]    Compiling syn v3.0.6
[INFO] [stderr]    Compiling syn v2.0.119
[INFO] [stderr]     Checking getrandom v0.3.4
[INFO] [stderr]     Checking rand_core v0.9.5
[INFO] [stderr]     Checking rand_xorshift v0.4.0
[INFO] [stderr]     Checking rand v0.9.5
[INFO] [stderr]     Checking serde_spanned v1.1.1
[INFO] [stderr]     Checking toml_datetime v1.1.1+spec-1.1.0
[INFO] [stderr]     Checking toml v1.1.6+spec-1.1.0
[INFO] [stderr]    Compiling derive_more-impl v2.1.1
[INFO] [stderr]     Checking derive_more v2.1.1
[INFO] [stderr]    Compiling darling_core v0.24.1
[INFO] [stderr]     Checking ppv-lite86 v0.2.21
[INFO] [stderr]    Compiling serde_derive v1.0.229
[INFO] [stderr]    Compiling thiserror-impl v2.0.21
[INFO] [stderr]     Checking rand_chacha v0.9.0
[INFO] [stderr]     Checking proptest v1.11.0
[INFO] [stderr]    Compiling darling_macro v0.24.1
[INFO] [stderr]    Compiling darling v0.24.1
[INFO] [stderr]    Compiling bon-macros v3.10.2
[INFO] [stderr]    Compiling serde_with_macros v3.24.0
[INFO] [stderr]     Checking serde_with v3.24.0
[INFO] [stderr]    Compiling frame-capture-toml v0.2.3
[INFO] [stderr]    Compiling frame-capture-macros v0.2.3
[INFO] [stderr]     Checking trybuild v1.0.121
[INFO] [stderr]     Checking bon v3.10.2
[INFO] [stderr]     Checking frame-capture v0.2.3 (/opt/rustwide/workdir)
[INFO] [stdout] error: `size` was omitted, but no `frame-capture.toml` file was found from CARGO_MANIFEST_DIR upward
[INFO] [stdout]   --> tests/capture_route.rs:24:5
[INFO] [stdout]    |
[INFO] [stdout] 24 |     RootPage,
[INFO] [stdout]    |     ^^^^^^^^
[INFO] [stdout] 
[INFO] [stdout] 
[INFO] [stdout] error[E0599]: no method named `id` found for enum `ConventionalPage` in the current scope
[INFO] [stdout]   --> tests/capture_route.rs:88:43
[INFO] [stdout]    |
[INFO] [stdout] 23 | enum ConventionalPage {
[INFO] [stdout]    | --------------------- method `id` not found for this enum
[INFO] [stdout] ...
[INFO] [stdout] 88 |     assert_eq!(ConventionalPage::RootPage.id(), "root_page");
[INFO] [stdout]    |                                           ^^ method not found in `ConventionalPage`
[INFO] [stdout]    |
[INFO] [stdout]    = help: items from traits can only be used if the trait is implemented and in scope
[INFO] [stdout]    = note: the following traits define an item `id`, perhaps you need to implement one of them:
[INFO] [stdout]            candidate #1: `CaptureRoute`
[INFO] [stdout]            candidate #2: `CaptureScenario`
[INFO] [stdout] 
[INFO] [stdout] 
[INFO] [stdout] error[E0599]: no method named `spec` found for enum `ConventionalPage` in the current scope
[INFO] [stdout]   --> tests/capture_route.rs:89:43
[INFO] [stdout]    |
[INFO] [stdout] 23 | enum ConventionalPage {
[INFO] [stdout]    | --------------------- method `spec` not found for this enum
[INFO] [stdout] ...
[INFO] [stdout] 89 |     assert_eq!(ConventionalPage::RootPage.spec().title(), "RootPage");
[INFO] [stdout]    |                                           ^^^^ method not found in `ConventionalPage`
[INFO] [stdout]    |
[INFO] [stdout]    = help: items from traits can only be used if the trait is implemented and in scope
[INFO] [stdout]    = note: the following traits define an item `spec`, perhaps you need to implement one of them:
[INFO] [stdout]            candidate #1: `CaptureRoute`
[INFO] [stdout]            candidate #2: `CaptureScenario`
[INFO] [stdout] 
[INFO] [stdout] 
[INFO] [stdout] error[E0599]: no method named `spec` found for enum `ConventionalPage` in the current scope
[INFO] [stdout]   --> tests/capture_route.rs:91:40
[INFO] [stdout]    |
[INFO] [stdout] 23 | enum ConventionalPage {
[INFO] [stdout]    | --------------------- method `spec` not found for this enum
[INFO] [stdout] ...
[INFO] [stdout] 91 |         ConventionalPage::ToolSettings.spec().default_size(),
[INFO] [stdout]    |                                        ^^^^ method not found in `ConventionalPage`
[INFO] [stdout]    |
[INFO] [stdout]    = help: items from traits can only be used if the trait is implemented and in scope
[INFO] [stdout]    = note: the following traits define an item `spec`, perhaps you need to implement one of them:
[INFO] [stdout]            candidate #1: `CaptureRoute`
[INFO] [stdout]            candidate #2: `CaptureScenario`
[INFO] [stdout] 
[INFO] [stdout] 
[INFO] [stdout] For more information about this error, try `rustc --explain E0599`.
[INFO] [stdout] 
[INFO] [stderr] error: could not compile `frame-capture` (test "capture_route") due to 4 previous errors
[INFO] [stderr] warning: build failed, waiting for other jobs to finish...
[INFO] running `Command { std: "docker" "inspect" "034a785a3c4bc1a75c7db92c80b010d8392ae00d20c6ed77c538ad415efa89d6", kill_on_drop: false }`
[INFO] running `Command { std: "docker" "rm" "-f" "034a785a3c4bc1a75c7db92c80b010d8392ae00d20c6ed77c538ad415efa89d6", kill_on_drop: false }`
[INFO] [stdout] 034a785a3c4bc1a75c7db92c80b010d8392ae00d20c6ed77c538ad415efa89d6
