[INFO] fetching crate fraiseql-saga 2.15.0...
[INFO] checking fraiseql-saga-2.15.0 against 3154cc1a3e6424e44f438a95007d043ed5ceaaf6 for pr-133502-30
[INFO] extracting crate fraiseql-saga 2.15.0 into /workspace/builds/worker-2-tc2/source
[INFO] started tweaking crates.io crate fraiseql-saga 2.15.0
[INFO] removed 0 missing tests
[INFO] finished tweaking crates.io crate fraiseql-saga 2.15.0
[INFO] tweaked toml for crates.io crate fraiseql-saga 2.15.0 written to /workspace/builds/worker-2-tc2/source/Cargo.toml
[INFO] validating manifest of crates.io crate fraiseql-saga 2.15.0 on toolchain 3154cc1a3e6424e44f438a95007d043ed5ceaaf6
[INFO] running `Command { std: CARGO_HOME="/workspace/cargo-home" RUSTUP_HOME="/workspace/rustup-home" "/workspace/cargo-home/bin/cargo" "+3154cc1a3e6424e44f438a95007d043ed5ceaaf6" "metadata" "--manifest-path" "Cargo.toml" "--no-deps", kill_on_drop: false }`
[INFO] crate crates.io crate fraiseql-saga 2.15.0 already has a lockfile, it will not be regenerated
[INFO] running `Command { std: CARGO_HOME="/workspace/cargo-home" RUSTUP_HOME="/workspace/rustup-home" "/workspace/cargo-home/bin/cargo" "+3154cc1a3e6424e44f438a95007d043ed5ceaaf6" "fetch" "--manifest-path" "Cargo.toml", kill_on_drop: false }`
[INFO] running `Command { std: "docker" "create" "-v" "/var/lib/crater-agent-workspace/builds/worker-2-tc2/source:/opt/rustwide/workdir:ro,Z" "-v" "/var/lib/crater-agent-workspace/builds/worker-2-tc2/target:/opt/rustwide/target:rw,Z" "-v" "/var/lib/crater-agent-workspace/cargo-home:/opt/rustwide/cargo-home:ro,Z" "-v" "/var/lib/crater-agent-workspace/rustup-home:/opt/rustwide/rustup-home:ro,Z" "-m" "1610612736" "--network" "none" "ghcr.io/rust-lang/crates-build-env/linux@sha256:77db811e55d90add9212f6832c23229e3de5f1c1f9905e8cb07319ea15df73ac" "sleep" "infinity", kill_on_drop: false }`
[INFO] [stdout] 74c28b41568ee7c1a03560a246c3e19d588fc4a85565bc15370e2d3b6e9b6a03
[INFO] running `Command { std: "docker" "start" "74c28b41568ee7c1a03560a246c3e19d588fc4a85565bc15370e2d3b6e9b6a03", kill_on_drop: false }`
[INFO] running `Command { std: "docker" "inspect" "74c28b41568ee7c1a03560a246c3e19d588fc4a85565bc15370e2d3b6e9b6a03", kill_on_drop: false }`
[INFO] running `Command { std: "docker" "exec" "-e" "SOURCE_DIR=/opt/rustwide/workdir" "-e" "CARGO_HOME=/opt/rustwide/cargo-home" "-e" "RUSTUP_HOME=/opt/rustwide/rustup-home" "-e" "CARGO_TARGET_DIR=/opt/rustwide/target" "-w" "/opt/rustwide/workdir" "--user" "0:0" "74c28b41568ee7c1a03560a246c3e19d588fc4a85565bc15370e2d3b6e9b6a03" "/opt/rustwide/cargo-home/bin/cargo" "+3154cc1a3e6424e44f438a95007d043ed5ceaaf6" "metadata" "--no-deps" "--format-version=1", kill_on_drop: false }`
[INFO] running `Command { std: "docker" "inspect" "74c28b41568ee7c1a03560a246c3e19d588fc4a85565bc15370e2d3b6e9b6a03", kill_on_drop: false }`
[INFO] running `Command { std: "docker" "exec" "-e" "SOURCE_DIR=/opt/rustwide/workdir" "-e" "CARGO_HOME=/opt/rustwide/cargo-home" "-e" "RUSTUP_HOME=/opt/rustwide/rustup-home" "-e" "CARGO_TARGET_DIR=/opt/rustwide/target" "-e" "CARGO_INCREMENTAL=0" "-e" "RUST_BACKTRACE=full" "-e" "RUSTFLAGS=--cap-lints=forbid" "-e" "RUSTDOCFLAGS=--cap-lints=forbid" "-w" "/opt/rustwide/workdir" "--user" "0:0" "74c28b41568ee7c1a03560a246c3e19d588fc4a85565bc15370e2d3b6e9b6a03" "/opt/rustwide/cargo-home/bin/cargo" "+3154cc1a3e6424e44f438a95007d043ed5ceaaf6" "check" "--frozen" "--all" "--all-targets" "--message-format=json", kill_on_drop: false }`
[INFO] [stderr]    Compiling proc-macro2 v1.0.106
[INFO] [stderr]    Compiling quote v1.0.45
[INFO] [stderr]    Compiling libc v0.2.185
[INFO] [stderr]    Compiling typenum v1.19.0
[INFO] [stderr]    Compiling serde_core v1.0.228
[INFO] [stderr]     Checking memchr v2.8.0
[INFO] [stderr]     Checking const-oid v0.9.6
[INFO] [stderr]     Checking bytes v1.12.1
[INFO] [stderr]     Checking foldhash v0.2.0
[INFO] [stderr]     Checking hashbrown v0.17.0
[INFO] [stderr]    Compiling serde v1.0.228
[INFO] [stderr]    Compiling autocfg v1.5.0
[INFO] [stderr]    Compiling num-traits v0.2.19
[INFO] [stderr]    Compiling syn v2.0.117
[INFO] [stderr]     Checking once_cell v1.21.4
[INFO] [stderr]     Checking flagset v0.4.7
[INFO] [stderr]    Compiling zerocopy v0.8.48
[INFO] [stderr]    Compiling serde_json v1.0.150
[INFO] [stderr]     Checking getrandom v0.2.17
[INFO] [stderr]     Checking errno v0.3.14
[INFO] [stderr]     Checking mio v1.2.0
[INFO] [stderr]     Checking socket2 v0.6.5
[INFO] [stderr]     Checking signal-hook-registry v1.4.8
[INFO] [stderr]     Checking rand_core v0.6.4
[INFO] [stderr]    Compiling shlex v1.3.0
[INFO] [stderr]     Checking tracing-core v0.1.36
[INFO] [stderr]    Compiling cc v1.2.60
[INFO] [stderr]     Checking http v1.4.2
[INFO] [stderr]     Checking hybrid-array v0.4.10
[INFO] [stderr]     Checking const-oid v0.10.2
[INFO] [stderr]     Checking log v0.4.29
[INFO] [stderr]     Checking getrandom v0.4.2
[INFO] [stderr]     Checking tinyvec v1.11.0
[INFO] [stderr]     Checking parking_lot_core v0.9.12
[INFO] [stderr]    Compiling rustls v0.23.45
[INFO] [stderr]     Checking ff v0.13.1
[INFO] [stderr]     Checking sha1_smol v1.0.1
[INFO] [stderr]     Checking unicode-properties v0.1.4
[INFO] [stderr]     Checking unicode-normalization v0.1.25
[INFO] [stderr]    Compiling thiserror v2.0.18
[INFO] [stderr]     Checking unicode-bidi v0.3.18
[INFO] [stderr]     Checking group v0.13.0
[INFO] [stderr]     Checking crypto-common v0.2.1
[INFO] [stderr]     Checking block-buffer v0.12.0
[INFO] [stderr]     Checking http-body v1.1.0
[INFO] [stderr]     Checking parking_lot v0.12.5
[INFO] [stderr]     Checking rand v0.10.1
[INFO] [stderr]     Checking num-integer v0.1.46
[INFO] [stderr]     Checking stringprep v0.1.5
[INFO] [stderr]     Checking form_urlencoded v1.2.2
[INFO] [stderr]     Checking byteorder v1.5.0
[INFO] [stderr]    Compiling semver v1.0.28
[INFO] [stderr]     Checking httpdate v1.0.3
[INFO] [stderr]     Checking siphasher v1.0.2
[INFO] [stderr]     Checking indexmap v2.14.0
[INFO] [stderr]     Checking uuid v1.24.0
[INFO] [stderr]     Checking fallible-iterator v0.2.0
[INFO] [stderr]     Checking iana-time-zone v0.1.65
[INFO] [stderr]     Checking phf_shared v0.13.1
[INFO] [stderr]    Compiling ring v0.17.14
[INFO] [stderr]    Compiling rustc_version v0.4.1
[INFO] [stderr]     Checking digest v0.11.2
[INFO] [stderr]     Checking aho-corasick v1.1.4
[INFO] [stderr]     Checking regex-syntax v0.8.11
[INFO] [stderr]     Checking hmac v0.13.0
[INFO] [stderr]     Checking md-5 v0.11.0
[INFO] [stderr]     Checking sha2 v0.11.0
[INFO] [stderr]     Checking ipnet v2.12.0
[INFO] [stderr]    Compiling getrandom v0.3.4
[INFO] [stderr]    Compiling curve25519-dalek v4.1.3
[INFO] [stderr]     Checking phf v0.13.1
[INFO] [stderr]     Checking whoami v2.1.1
[INFO] [stderr]     Checking num_cpus v1.17.0
[INFO] [stderr]    Compiling time-core v0.1.8
[INFO] [stderr]     Checking either v1.15.0
[INFO] [stderr]    Compiling num-conv v0.2.1
[INFO] [stderr]     Checking deranged v0.5.8
[INFO] [stderr]     Checking postgres-protocol v0.6.12
[INFO] [stderr]    Compiling time-macros v0.2.27
[INFO] [stderr]     Checking num-iter v0.1.45
[INFO] [stderr]     Checking http-body-util v0.1.4
[INFO] [stderr]     Checking bitflags v2.11.1
[INFO] [stderr]     Checking num-bigint v0.4.6
[INFO] [stderr]     Checking hashbrown v0.14.5
[INFO] [stderr]     Checking rand_core v0.9.5
[INFO] [stderr]     Checking pem v3.0.6
[INFO] [stderr]    Compiling ahash v0.8.12
[INFO] [stderr]     Checking lru v0.18.2
[INFO] [stderr]     Checking regex-automata v0.4.16
[INFO] [stderr]     Checking combine v4.6.7
[INFO] [stderr]     Checking anstyle v1.0.14
[INFO] [stderr]     Checking time v0.3.47
[INFO] [stderr]     Checking dashmap v6.2.1
[INFO] [stderr]     Checking clap_lex v1.1.0
[INFO] [stderr]    Compiling synstructure v0.13.2
[INFO] [stderr]     Checking ciborium-io v0.2.2
[INFO] [stderr]     Checking plotters-backend v0.3.7
[INFO] [stderr]     Checking moka v0.12.15
[INFO] [stderr]     Checking plotters-svg v0.3.7
[INFO] [stderr]     Checking clap_builder v4.6.0
[INFO] [stderr]     Checking itertools v0.10.5
[INFO] [stderr]     Checking itertools v0.14.0
[INFO] [stderr]     Checking serde_path_to_error v0.1.20
[INFO] [stderr]     Checking cast v0.3.0
[INFO] [stderr]     Checking xxhash-rust v0.8.17
[INFO] [stderr]     Checking rayon v1.12.0
[INFO] [stderr]    Compiling zeroize_derive v1.5.0
[INFO] [stderr]    Compiling serde_derive v1.0.228
[INFO] [stderr]    Compiling tokio-macros v2.7.0
[INFO] [stderr]    Compiling der_derive v0.7.3
[INFO] [stderr]    Compiling zerofrom-derive v0.1.7
[INFO] [stderr]     Checking zeroize v1.9.0
[INFO] [stderr]     Checking generic-array v0.14.7
[INFO] [stderr]     Checking tokio v1.52.3
[INFO] [stderr]    Compiling yoke-derive v0.8.2
[INFO] [stderr]     Checking block-buffer v0.10.4
[INFO] [stderr]     Checking crypto-common v0.1.7
[INFO] [stderr]     Checking digest v0.10.7
[INFO] [stderr]     Checking der v0.7.10
[INFO] [stderr]    Compiling zerovec-derive v0.11.3
[INFO] [stderr]     Checking zerofrom v0.1.7
[INFO] [stderr]    Compiling zerocopy-derive v0.8.48
[INFO] [stderr]     Checking yoke v0.8.2
[INFO] [stderr]     Checking spki v0.7.3
[INFO] [stderr]    Compiling futures-macro v0.3.32
[INFO] [stderr]    Compiling displaydoc v0.2.5
[INFO] [stderr]     Checking pkcs8 v0.10.2
[INFO] [stderr]     Checking rustls-pki-types v1.15.0
[INFO] [stderr]     Checking zerovec v0.11.6
[INFO] [stderr]    Compiling tracing-attributes v0.1.31
[INFO] [stderr]     Checking zerotrie v0.2.4
[INFO] [stderr]     Checking futures-util v0.3.32
[INFO] [stderr]     Checking hmac v0.12.1
[INFO] [stderr]     Checking rustls-webpki v0.103.15
[INFO] [stderr]     Checking tinystr v0.8.3
[INFO] [stderr]     Checking icu_locale_core v2.2.0
[INFO] [stderr]     Checking potential_utf v0.1.5
[INFO] [stderr]     Checking tracing v0.1.44
[INFO] [stderr]     Checking icu_collections v2.2.0
[INFO] [stderr]     Checking signature v2.2.0
[INFO] [stderr]     Checking hkdf v0.12.4
[INFO] [stderr]     Checking icu_provider v2.2.0
[INFO] [stderr]     Checking sec1 v0.7.3
[INFO] [stderr]     Checking crypto-bigint v0.5.5
[INFO] [stderr]     Checking icu_properties v2.2.0
[INFO] [stderr]     Checking icu_normalizer v2.2.0
[INFO] [stderr]    Compiling thiserror-impl v2.0.18
[INFO] [stderr]     Checking chrono v0.4.45
[INFO] [stderr]     Checking tokio-util v0.7.18
[INFO] [stderr]     Checking h2 v0.4.16
[INFO] [stderr]     Checking idna_adapter v1.2.1
[INFO] [stderr]     Checking idna v1.1.0
[INFO] [stderr]     Checking deadpool-runtime v0.1.4
[INFO] [stderr]     Checking serde_spanned v0.6.9
[INFO] [stderr]     Checking toml_datetime v0.6.11
[INFO] [stderr]     Checking url v2.5.8
[INFO] [stderr]     Checking elliptic-curve v0.13.8
[INFO] [stderr]     Checking rfc6979 v0.4.0
[INFO] [stderr]     Checking sha2 v0.10.9
[INFO] [stderr]    Compiling async-trait v0.1.89
[INFO] [stderr]     Checking postgres-types v0.2.14
[INFO] [stderr]     Checking tower v0.5.3
[INFO] [stderr]     Checking futures-executor v0.3.32
[INFO] [stderr]     Checking primeorder v0.13.6
[INFO] [stderr]     Checking ecdsa v0.16.9
[INFO] [stderr]     Checking toml_edit v0.22.27
[INFO] [stderr]     Checking deadpool v0.12.3
[INFO] [stderr]     Checking webpki-roots v1.0.7
[INFO] [stderr]     Checking tokio-rustls v0.26.4
[INFO] [stderr]     Checking regex v1.13.1
[INFO] [stderr]    Compiling curve25519-dalek-derive v0.1.1
[INFO] [stderr]     Checking tower-http v0.6.10
[INFO] [stderr]     Checking tokio-postgres v0.7.18
[INFO] [stderr]     Checking futures v0.3.32
[INFO] [stderr]     Checking serde_urlencoded v0.7.1
[INFO] [stderr]     Checking ed25519 v2.2.3
[INFO] [stderr]     Checking pkcs1 v0.7.5
[INFO] [stderr]     Checking x509-cert v0.2.5
[INFO] [stderr]     Checking p384 v0.13.1
[INFO] [stderr]     Checking p256 v0.13.2
[INFO] [stderr]     Checking simple_asn1 v0.6.4
[INFO] [stderr]     Checking fraiseql-guard v2.15.0
[INFO] [stderr]     Checking rustls-pemfile v2.2.0
[INFO] [stderr]     Checking rustls-native-certs v0.8.4
[INFO] [stderr]    Compiling thiserror-impl v1.0.69
[INFO] [stderr]     Checking assert-json-diff v2.0.2
[INFO] [stderr]     Checking tinytemplate v1.2.1
[INFO] [stderr]     Checking toml v0.8.23
[INFO] [stderr]     Checking criterion-plot v0.5.0
[INFO] [stderr]     Checking hyper v1.10.1
[INFO] [stderr]     Checking ed25519-dalek v2.2.0
[INFO] [stderr]     Checking clap v4.6.1
[INFO] [stderr]     Checking plotters v0.3.7
[INFO] [stderr]     Checking is-terminal v0.4.17
[INFO] [stderr]     Checking anes v0.1.6
[INFO] [stderr]     Checking oorandom v11.1.5
[INFO] [stderr]     Checking fraiseql-error v2.15.0
[INFO] [stderr]     Checking thiserror v1.0.69
[INFO] [stderr]     Checking deadpool-postgres v0.14.1
[INFO] [stderr]     Checking tokio-postgres-rustls v0.14.0
[INFO] [stderr]     Checking graphql-parser v0.4.1
[INFO] [stderr]     Checking ppv-lite86 v0.2.21
[INFO] [stderr]     Checking half v2.7.1
[INFO] [stderr]     Checking fraiseql-db v2.15.0
[INFO] [stderr]     Checking rand_chacha v0.3.1
[INFO] [stderr]     Checking rand_chacha v0.9.0
[INFO] [stderr]     Checking ciborium-ll v0.2.2
[INFO] [stderr]     Checking hyper-util v0.1.20
[INFO] [stderr]     Checking ciborium v0.2.2
[INFO] [stderr]     Checking rand v0.8.6
[INFO] [stderr]     Checking rand v0.9.4
[INFO] [stderr]     Checking criterion v0.5.1
[INFO] [stderr]     Checking num-bigint-dig v0.8.6
[INFO] [stderr]     Checking hyper-rustls v0.27.9
[INFO] [stderr]     Checking wiremock v0.6.5
[INFO] [stderr]     Checking reqwest v0.12.28
[INFO] [stderr]     Checking rsa v0.9.10
[INFO] [stderr]     Checking jsonwebtoken v10.4.0
[INFO] [stderr]     Checking fraiseql-jwks v2.15.0
[INFO] [stderr]     Checking fraiseql-federation v2.15.0
[INFO] [stderr]     Checking fraiseql-core v2.15.0
[INFO] [stderr]     Checking fraiseql-saga v2.15.0 (/opt/rustwide/workdir)
[INFO] [stdout] error[E0433]: cannot find module or crate `fraiseql_test_utils` in this scope
[INFO] [stdout]   --> src/mutation_executor/tests.rs:18:5
[INFO] [stdout]    |
[INFO] [stdout] 18 | use fraiseql_test_utils::{
[INFO] [stdout]    |     ^^^^^^^^^^^^^^^^^^^ use of unresolved module or unlinked crate `fraiseql_test_utils`
[INFO] [stdout]    |
[INFO] [stdout]    = help: if you wanted to use a crate named `fraiseql_test_utils`, use `cargo add fraiseql_test_utils` to add it to your `Cargo.toml`
[INFO] [stdout] 
[INFO] [stdout] 
[INFO] [stdout] error[E0433]: cannot find module or crate `fraiseql_test_utils` in this scope
[INFO] [stdout]   --> src/saga_compensator/tests.rs:53:9
[INFO] [stdout]    |
[INFO] [stdout] 53 |     use fraiseql_test_utils::failing_adapter::{FailError, FailingAdapter};
[INFO] [stdout]    |         ^^^^^^^^^^^^^^^^^^^ use of unresolved module or unlinked crate `fraiseql_test_utils`
[INFO] [stdout]    |
[INFO] [stdout]    = help: if you wanted to use a crate named `fraiseql_test_utils`, use `cargo add fraiseql_test_utils` to add it to your `Cargo.toml`
[INFO] [stdout] 
[INFO] [stdout] 
[INFO] [stdout] error[E0433]: cannot find module or crate `fraiseql_test_utils` in this scope
[INFO] [stdout]   --> src/saga_executor/tests.rs:41:9
[INFO] [stdout]    |
[INFO] [stdout] 41 |     use fraiseql_test_utils::failing_adapter::{FailError, FailingAdapter};
[INFO] [stdout]    |         ^^^^^^^^^^^^^^^^^^^ use of unresolved module or unlinked crate `fraiseql_test_utils`
[INFO] [stdout]    |
[INFO] [stdout]    = help: if you wanted to use a crate named `fraiseql_test_utils`, use `cargo add fraiseql_test_utils` to add it to your `Cargo.toml`
[INFO] [stdout] 
[INFO] [stdout] 
[INFO] [stdout] error[E0433]: cannot find module or crate `fraiseql_test_utils` in this scope
[INFO] [stdout]   --> src/saga_store/tests.rs:90:18
[INFO] [stdout]    |
[INFO] [stdout] 90 |         .or_else(fraiseql_test_utils::try_database_url)
[INFO] [stdout]    |                  ^^^^^^^^^^^^^^^^^^^ use of unresolved module or unlinked crate `fraiseql_test_utils`
[INFO] [stdout]    |
[INFO] [stdout]    = help: if you wanted to use a crate named `fraiseql_test_utils`, use `cargo add fraiseql_test_utils` to add it to your `Cargo.toml`
[INFO] [stdout] 
[INFO] [stdout] 
[INFO] [stdout] error[E0433]: cannot find module or crate `fraiseql_test_utils` in this scope
[INFO] [stdout]   --> tests/saga_integration.rs:30:9
[INFO] [stdout]    |
[INFO] [stdout] 30 |     use fraiseql_test_utils::schema_builder::{TestFieldBuilder, TestTypeBuilder};
[INFO] [stdout]    |         ^^^^^^^^^^^^^^^^^^^ use of unresolved module or unlinked crate `fraiseql_test_utils`
[INFO] [stdout]    |
[INFO] [stdout]    = help: if you wanted to use a crate named `fraiseql_test_utils`, use `cargo add fraiseql_test_utils` to add it to your `Cargo.toml`
[INFO] [stdout] 
[INFO] [stdout] 
[INFO] [stdout] For more information about this error, try `rustc --explain E0433`.
[INFO] [stdout] 
[INFO] [stderr] error: could not compile `fraiseql-saga` (lib test) due to 4 previous errors
[INFO] [stderr] warning: build failed, waiting for other jobs to finish...
[INFO] [stdout] error[E0433]: cannot find module or crate `fraiseql_test_utils` in this scope
[INFO] [stdout]    --> tests/saga_integration.rs:176:9
[INFO] [stdout]     |
[INFO] [stdout] 176 |         fraiseql_test_utils::try_database_url()
[INFO] [stdout]     |         ^^^^^^^^^^^^^^^^^^^ use of unresolved module or unlinked crate `fraiseql_test_utils`
[INFO] [stdout]     |
[INFO] [stdout]     = help: if you wanted to use a crate named `fraiseql_test_utils`, use `cargo add fraiseql_test_utils` to add it to your `Cargo.toml`
[INFO] [stdout] 
[INFO] [stdout] 
[INFO] [stdout] error[E0433]: cannot find module or crate `fraiseql_test_utils` in this scope
[INFO] [stdout]    --> tests/saga_integration.rs:739:9
[INFO] [stdout]     |
[INFO] [stdout] 739 |         fraiseql_test_utils::try_database_url()
[INFO] [stdout]     |         ^^^^^^^^^^^^^^^^^^^ use of unresolved module or unlinked crate `fraiseql_test_utils`
[INFO] [stdout]     |
[INFO] [stdout]     = help: if you wanted to use a crate named `fraiseql_test_utils`, use `cargo add fraiseql_test_utils` to add it to your `Cargo.toml`
[INFO] [stdout] 
[INFO] [stdout] 
[INFO] [stdout] error[E0433]: cannot find module or crate `fraiseql_test_utils` in this scope
[INFO] [stdout]     --> tests/saga_integration.rs:1231:9
[INFO] [stdout]      |
[INFO] [stdout] 1231 |         fraiseql_test_utils::try_database_url()
[INFO] [stdout]      |         ^^^^^^^^^^^^^^^^^^^ use of unresolved module or unlinked crate `fraiseql_test_utils`
[INFO] [stdout]      |
[INFO] [stdout]      = help: if you wanted to use a crate named `fraiseql_test_utils`, use `cargo add fraiseql_test_utils` to add it to your `Cargo.toml`
[INFO] [stdout] 
[INFO] [stdout] 
[INFO] [stdout] error[E0433]: cannot find module or crate `fraiseql_test_utils` in this scope
[INFO] [stdout]     --> tests/saga_integration.rs:2878:9
[INFO] [stdout]      |
[INFO] [stdout] 2878 |         fraiseql_test_utils::try_database_url()
[INFO] [stdout]      |         ^^^^^^^^^^^^^^^^^^^ use of unresolved module or unlinked crate `fraiseql_test_utils`
[INFO] [stdout]      |
[INFO] [stdout]      = help: if you wanted to use a crate named `fraiseql_test_utils`, use `cargo add fraiseql_test_utils` to add it to your `Cargo.toml`
[INFO] [stdout] 
[INFO] [stdout] 
[INFO] [stdout] error[E0433]: cannot find module or crate `fraiseql_test_utils` in this scope
[INFO] [stdout]     --> tests/saga_integration.rs:3256:9
[INFO] [stdout]      |
[INFO] [stdout] 3256 |         fraiseql_test_utils::try_database_url()
[INFO] [stdout]      |         ^^^^^^^^^^^^^^^^^^^ use of unresolved module or unlinked crate `fraiseql_test_utils`
[INFO] [stdout]      |
[INFO] [stdout]      = help: if you wanted to use a crate named `fraiseql_test_utils`, use `cargo add fraiseql_test_utils` to add it to your `Cargo.toml`
[INFO] [stdout] 
[INFO] [stdout] 
[INFO] [stdout] For more information about this error, try `rustc --explain E0433`.
[INFO] [stdout] 
[INFO] [stderr] error: could not compile `fraiseql-saga` (test "saga_integration") due to 6 previous errors
[INFO] running `Command { std: "docker" "inspect" "74c28b41568ee7c1a03560a246c3e19d588fc4a85565bc15370e2d3b6e9b6a03", kill_on_drop: false }`
[INFO] running `Command { std: "docker" "rm" "-f" "74c28b41568ee7c1a03560a246c3e19d588fc4a85565bc15370e2d3b6e9b6a03", kill_on_drop: false }`
[INFO] [stdout] 74c28b41568ee7c1a03560a246c3e19d588fc4a85565bc15370e2d3b6e9b6a03
