[INFO] fetching crate fragcap 0.10.5...
[INFO] checking fragcap-0.10.5 against 3154cc1a3e6424e44f438a95007d043ed5ceaaf6 for pr-133502-30
[INFO] extracting crate fragcap 0.10.5 into /workspace/builds/worker-5-tc2/source
[INFO] started tweaking crates.io crate fragcap 0.10.5
[INFO] removed 0 missing examples
[INFO] removed 0 missing tests
[INFO] finished tweaking crates.io crate fragcap 0.10.5
[INFO] tweaked toml for crates.io crate fragcap 0.10.5 written to /workspace/builds/worker-5-tc2/source/Cargo.toml
[INFO] validating manifest of crates.io crate fragcap 0.10.5 on toolchain 3154cc1a3e6424e44f438a95007d043ed5ceaaf6
[INFO] running `Command { std: CARGO_HOME="/workspace/cargo-home" RUSTUP_HOME="/workspace/rustup-home" "/workspace/cargo-home/bin/cargo" "+3154cc1a3e6424e44f438a95007d043ed5ceaaf6" "metadata" "--manifest-path" "Cargo.toml" "--no-deps", kill_on_drop: false }`
[INFO] crate crates.io crate fragcap 0.10.5 already has a lockfile, it will not be regenerated
[INFO] running `Command { std: CARGO_HOME="/workspace/cargo-home" RUSTUP_HOME="/workspace/rustup-home" "/workspace/cargo-home/bin/cargo" "+3154cc1a3e6424e44f438a95007d043ed5ceaaf6" "fetch" "--manifest-path" "Cargo.toml", kill_on_drop: false }`
[INFO] [stderr] warning: `package.homepage` is redundant with `package.repository`
[INFO] [stderr]   --> Cargo.toml:91:12
[INFO] [stderr]    |
[INFO] [stderr] 91 | homepage = "https://github.com/h8rt3rmin8r/fragcap"
[INFO] [stderr]    |            ^^^^^^^^^^^^^^^^^^^^^^^^^^^^^^^^^^^^^^^^
[INFO] [stderr] ...
[INFO] [stderr] 96 | repository = "https://github.com/h8rt3rmin8r/fragcap"
[INFO] [stderr]    |              ----------------------------------------
[INFO] [stderr]    |
[INFO] [stderr]    = note: `cargo::redundant_homepage` is set to `warn` by default
[INFO] [stderr] help: consider removing `package.homepage`
[INFO] [stderr] warning: `fragcap` (manifest) generated 1 warning
[INFO] running `Command { std: "docker" "create" "-v" "/var/lib/crater-agent-workspace/builds/worker-5-tc2/source:/opt/rustwide/workdir:ro,Z" "-v" "/var/lib/crater-agent-workspace/builds/worker-5-tc2/target:/opt/rustwide/target:rw,Z" "-v" "/var/lib/crater-agent-workspace/cargo-home:/opt/rustwide/cargo-home:ro,Z" "-v" "/var/lib/crater-agent-workspace/rustup-home:/opt/rustwide/rustup-home:ro,Z" "-m" "1610612736" "--network" "none" "ghcr.io/rust-lang/crates-build-env/linux@sha256:77db811e55d90add9212f6832c23229e3de5f1c1f9905e8cb07319ea15df73ac" "sleep" "infinity", kill_on_drop: false }`
[INFO] [stdout] 85d6dbbf42debb2bdda6b5e579e88b48d80cbfadcfb60c08324659c0a9c38770
[INFO] running `Command { std: "docker" "start" "85d6dbbf42debb2bdda6b5e579e88b48d80cbfadcfb60c08324659c0a9c38770", kill_on_drop: false }`
[INFO] running `Command { std: "docker" "inspect" "85d6dbbf42debb2bdda6b5e579e88b48d80cbfadcfb60c08324659c0a9c38770", kill_on_drop: false }`
[INFO] running `Command { std: "docker" "exec" "-e" "SOURCE_DIR=/opt/rustwide/workdir" "-e" "CARGO_HOME=/opt/rustwide/cargo-home" "-e" "RUSTUP_HOME=/opt/rustwide/rustup-home" "-e" "CARGO_TARGET_DIR=/opt/rustwide/target" "-w" "/opt/rustwide/workdir" "--user" "0:0" "85d6dbbf42debb2bdda6b5e579e88b48d80cbfadcfb60c08324659c0a9c38770" "/opt/rustwide/cargo-home/bin/cargo" "+3154cc1a3e6424e44f438a95007d043ed5ceaaf6" "metadata" "--no-deps" "--format-version=1", kill_on_drop: false }`
[INFO] running `Command { std: "docker" "inspect" "85d6dbbf42debb2bdda6b5e579e88b48d80cbfadcfb60c08324659c0a9c38770", kill_on_drop: false }`
[INFO] running `Command { std: "docker" "exec" "-e" "SOURCE_DIR=/opt/rustwide/workdir" "-e" "CARGO_HOME=/opt/rustwide/cargo-home" "-e" "RUSTUP_HOME=/opt/rustwide/rustup-home" "-e" "CARGO_TARGET_DIR=/opt/rustwide/target" "-e" "CARGO_INCREMENTAL=0" "-e" "RUST_BACKTRACE=full" "-e" "RUSTFLAGS=--cap-lints=forbid" "-e" "RUSTDOCFLAGS=--cap-lints=forbid" "-w" "/opt/rustwide/workdir" "--user" "0:0" "85d6dbbf42debb2bdda6b5e579e88b48d80cbfadcfb60c08324659c0a9c38770" "/opt/rustwide/cargo-home/bin/cargo" "+3154cc1a3e6424e44f438a95007d043ed5ceaaf6" "check" "--frozen" "--all" "--all-targets" "--message-format=json", kill_on_drop: false }`
[INFO] [stderr] warning: `package.homepage` is redundant with `package.repository`
[INFO] [stderr]   --> Cargo.toml:91:12
[INFO] [stderr]    |
[INFO] [stderr] 91 | homepage = "https://github.com/h8rt3rmin8r/fragcap"
[INFO] [stderr]    |            ^^^^^^^^^^^^^^^^^^^^^^^^^^^^^^^^^^^^^^^^
[INFO] [stderr] ...
[INFO] [stderr] 96 | repository = "https://github.com/h8rt3rmin8r/fragcap"
[INFO] [stderr]    |              ----------------------------------------
[INFO] [stderr]    |
[INFO] [stderr]    = note: `cargo::redundant_homepage` is set to `warn` by default
[INFO] [stderr] help: consider removing `package.homepage`
[INFO] [stderr] warning: `fragcap` (manifest) generated 1 warning
[INFO] [stderr]    Compiling libc v0.2.189
[INFO] [stderr]    Compiling find-msvc-tools v0.1.10
[INFO] [stderr]    Compiling serde_core v1.0.229
[INFO] [stderr]     Checking fragcap-core v0.10.5
[INFO] [stderr]    Compiling serde_json v1.0.151
[INFO] [stderr]     Checking regex-syntax v0.8.11
[INFO] [stderr]     Checking time-core v0.1.9
[INFO] [stderr]     Checking num-conv v0.2.2
[INFO] [stderr]     Checking memchr v2.8.3
[INFO] [stderr]     Checking deranged v0.5.8
[INFO] [stderr]    Compiling cc v1.4.2
[INFO] [stderr]     Checking once_cell v1.21.4
[INFO] [stderr]    Compiling rustls v0.23.45
[INFO] [stderr]    Compiling getrandom v0.4.3
[INFO] [stderr]     Checking arc-swap v1.9.2
[INFO] [stderr]     Checking bitflags v2.13.1
[INFO] [stderr]     Checking fragcap-sink v0.10.5
[INFO] [stderr]     Checking fragcap-attr v0.10.5
[INFO] [stderr]     Checking rustix v1.1.4
[INFO] [stderr]     Checking fragcap-capture v0.10.5
[INFO] [stderr]     Checking base64 v0.22.1
[INFO] [stderr]    Compiling ring v0.17.14
[INFO] [stderr]     Checking getrandom v0.2.17
[INFO] [stderr]     Checking time v0.3.55
[INFO] [stderr]     Checking regex-automata v0.4.18
[INFO] [stderr]     Checking yasna v0.6.0
[INFO] [stderr]     Checking tempfile v3.27.0
[INFO] [stderr]     Checking regex v1.13.1
[INFO] [stderr]     Checking fragcap-profile v0.10.5
[INFO] [stderr]     Checking fragcap-steam v0.10.5
[INFO] [stderr]     Checking rustls-webpki v0.103.15
[INFO] [stderr]     Checking rcgen v0.14.10
[INFO] [stderr]     Checking fragcap v0.10.5 (/opt/rustwide/workdir)
[INFO] [stdout] error[E0433]: cannot find `deep_capture` in `fragcap`
[INFO] [stdout]    --> examples/native-deep-capture.rs:6:14
[INFO] [stdout]     |
[INFO] [stdout]   6 | use fragcap::deep_capture::api::{
[INFO] [stdout]     |              ^^^^^^^^^^^^ could not find `deep_capture` in `fragcap`
[INFO] [stdout]     |
[INFO] [stdout] note: found an item that was configured out
[INFO] [stdout]    --> src/lib.rs:195:9
[INFO] [stdout]     |
[INFO] [stdout] 194 | #[cfg(feature = "deep-capture")]
[INFO] [stdout]     |       ------------------------ the item is gated behind the `deep-capture` feature
[INFO] [stdout] 195 | pub mod deep_capture;
[INFO] [stdout]     |         ^^^^^^^^^^^^
[INFO] [stdout] 
[INFO] [stdout] 
[INFO] [stdout] error[E0433]: cannot find `deep_capture` in `fragcap`
[INFO] [stdout]    --> examples/native-deep-capture.rs:39:18
[INFO] [stdout]     |
[INFO] [stdout]  39 |         fragcap::deep_capture::api::CleanupStatus::Released
[INFO] [stdout]     |                  ^^^^^^^^^^^^ could not find `deep_capture` in `fragcap`
[INFO] [stdout]     |
[INFO] [stdout] note: found an item that was configured out
[INFO] [stdout]    --> src/lib.rs:195:9
[INFO] [stdout]     |
[INFO] [stdout] 194 | #[cfg(feature = "deep-capture")]
[INFO] [stdout]     |       ------------------------ the item is gated behind the `deep-capture` feature
[INFO] [stdout] 195 | pub mod deep_capture;
[INFO] [stdout]     |         ^^^^^^^^^^^^
[INFO] [stdout] 
[INFO] [stdout] 
[INFO] [stdout] error[E0433]: cannot find `deep_capture` in `fragcap`
[INFO] [stdout]    --> examples/native-deep-capture.rs:43:22
[INFO] [stdout]     |
[INFO] [stdout]  43 |             fragcap::deep_capture::api::CleanupStatus::Failed
[INFO] [stdout]     |                      ^^^^^^^^^^^^ could not find `deep_capture` in `fragcap`
[INFO] [stdout]     |
[INFO] [stdout] note: found an item that was configured out
[INFO] [stdout]    --> src/lib.rs:195:9
[INFO] [stdout]     |
[INFO] [stdout] 194 | #[cfg(feature = "deep-capture")]
[INFO] [stdout]     |       ------------------------ the item is gated behind the `deep-capture` feature
[INFO] [stdout] 195 | pub mod deep_capture;
[INFO] [stdout]     |         ^^^^^^^^^^^^
[INFO] [stdout] 
[INFO] [stdout] 
[INFO] [stdout] error[E0433]: cannot find `deep_capture` in `fragcap`
[INFO] [stdout]    --> examples/native-deep-capture.rs:44:28
[INFO] [stdout]     |
[INFO] [stdout]  44 |                 | fragcap::deep_capture::api::CleanupStatus::TimedOut
[INFO] [stdout]     |                            ^^^^^^^^^^^^ could not find `deep_capture` in `fragcap`
[INFO] [stdout]     |
[INFO] [stdout] note: found an item that was configured out
[INFO] [stdout]    --> src/lib.rs:195:9
[INFO] [stdout]     |
[INFO] [stdout] 194 | #[cfg(feature = "deep-capture")]
[INFO] [stdout]     |       ------------------------ the item is gated behind the `deep-capture` feature
[INFO] [stdout] 195 | pub mod deep_capture;
[INFO] [stdout]     |         ^^^^^^^^^^^^
[INFO] [stdout] 
[INFO] [stdout] 
[INFO] [stdout] For more information about this error, try `rustc --explain E0433`.
[INFO] [stdout] 
[INFO] [stderr] error: could not compile `fragcap` (example "native-deep-capture") due to 4 previous errors
[INFO] [stderr] warning: build failed, waiting for other jobs to finish...
[INFO] [stderr] warning: unused dependency `base64`
[INFO] [stderr]  --> Cargo.toml:1:15
[INFO] [stderr]   |
[INFO] [stderr] 1 | [dependencies.base64]
[INFO] [stderr]   |               ^^^^^^^
[INFO] [stderr]   |
[INFO] [stderr]   = note: `cargo::unused_dependencies` is set to `warn` by default
[INFO] [stderr] help: consider removing the dependency on `base64`
[INFO] [stderr] warning: unused dependency `rcgen`
[INFO] [stderr]   --> Cargo.toml:32:15
[INFO] [stderr]    |
[INFO] [stderr] 32 | [dependencies.rcgen]
[INFO] [stderr]    |               ^^^^^^
[INFO] [stderr]    |
[INFO] [stderr] help: consider removing the dependency on `rcgen`
[INFO] [stderr] warning: unused dependency `rustls`
[INFO] [stderr]   --> Cargo.toml:37:15
[INFO] [stderr]    |
[INFO] [stderr] 37 | [dependencies.rustls]
[INFO] [stderr]    |               ^^^^^^^
[INFO] [stderr]    |
[INFO] [stderr] help: consider removing the dependency on `rustls`
[INFO] [stderr] warning: `fragcap` (manifest) generated 3 warnings
[INFO] running `Command { std: "docker" "inspect" "85d6dbbf42debb2bdda6b5e579e88b48d80cbfadcfb60c08324659c0a9c38770", kill_on_drop: false }`
[INFO] running `Command { std: "docker" "rm" "-f" "85d6dbbf42debb2bdda6b5e579e88b48d80cbfadcfb60c08324659c0a9c38770", kill_on_drop: false }`
[INFO] [stdout] 85d6dbbf42debb2bdda6b5e579e88b48d80cbfadcfb60c08324659c0a9c38770
