[INFO] fetching crate forma-ir 0.2.0...
[INFO] checking forma-ir-0.2.0 against 3154cc1a3e6424e44f438a95007d043ed5ceaaf6+rustflags=-Znext-solver=coherence for pr-133502-30
[INFO] extracting crate forma-ir 0.2.0 into /workspace/builds/worker-5-tc1/source
[INFO] started tweaking crates.io crate forma-ir 0.2.0
[INFO] removed 0 missing examples
[INFO] removed 0 missing tests
[INFO] finished tweaking crates.io crate forma-ir 0.2.0
[INFO] tweaked toml for crates.io crate forma-ir 0.2.0 written to /workspace/builds/worker-5-tc1/source/Cargo.toml
[INFO] validating manifest of crates.io crate forma-ir 0.2.0 on toolchain 3154cc1a3e6424e44f438a95007d043ed5ceaaf6
[INFO] running `Command { std: CARGO_HOME="/workspace/cargo-home" RUSTUP_HOME="/workspace/rustup-home" "/workspace/cargo-home/bin/cargo" "+3154cc1a3e6424e44f438a95007d043ed5ceaaf6" "metadata" "--manifest-path" "Cargo.toml" "--no-deps", kill_on_drop: false }`
[INFO] crate crates.io crate forma-ir 0.2.0 already has a lockfile, it will not be regenerated
[INFO] running `Command { std: CARGO_HOME="/workspace/cargo-home" RUSTUP_HOME="/workspace/rustup-home" "/workspace/cargo-home/bin/cargo" "+3154cc1a3e6424e44f438a95007d043ed5ceaaf6" "fetch" "--manifest-path" "Cargo.toml", kill_on_drop: false }`
[INFO] running `Command { std: "docker" "create" "-v" "/var/lib/crater-agent-workspace/builds/worker-5-tc1/source:/opt/rustwide/workdir:ro,Z" "-v" "/var/lib/crater-agent-workspace/builds/worker-5-tc1/target:/opt/rustwide/target:rw,Z" "-v" "/var/lib/crater-agent-workspace/cargo-home:/opt/rustwide/cargo-home:ro,Z" "-v" "/var/lib/crater-agent-workspace/rustup-home:/opt/rustwide/rustup-home:ro,Z" "-m" "1610612736" "--network" "none" "ghcr.io/rust-lang/crates-build-env/linux@sha256:77db811e55d90add9212f6832c23229e3de5f1c1f9905e8cb07319ea15df73ac" "sleep" "infinity", kill_on_drop: false }`
[INFO] [stdout] 1b8cb9326ec8a08fe6976ecfcc84fd05e1b269c35af39007163096c12c7d9c66
[INFO] running `Command { std: "docker" "start" "1b8cb9326ec8a08fe6976ecfcc84fd05e1b269c35af39007163096c12c7d9c66", kill_on_drop: false }`
[INFO] running `Command { std: "docker" "inspect" "1b8cb9326ec8a08fe6976ecfcc84fd05e1b269c35af39007163096c12c7d9c66", kill_on_drop: false }`
[INFO] running `Command { std: "docker" "exec" "-e" "SOURCE_DIR=/opt/rustwide/workdir" "-e" "CARGO_HOME=/opt/rustwide/cargo-home" "-e" "RUSTUP_HOME=/opt/rustwide/rustup-home" "-e" "CARGO_TARGET_DIR=/opt/rustwide/target" "-w" "/opt/rustwide/workdir" "--user" "0:0" "1b8cb9326ec8a08fe6976ecfcc84fd05e1b269c35af39007163096c12c7d9c66" "/opt/rustwide/cargo-home/bin/cargo" "+3154cc1a3e6424e44f438a95007d043ed5ceaaf6" "metadata" "--no-deps" "--format-version=1", kill_on_drop: false }`
[INFO] running `Command { std: "docker" "inspect" "1b8cb9326ec8a08fe6976ecfcc84fd05e1b269c35af39007163096c12c7d9c66", kill_on_drop: false }`
[INFO] running `Command { std: "docker" "exec" "-e" "SOURCE_DIR=/opt/rustwide/workdir" "-e" "CARGO_HOME=/opt/rustwide/cargo-home" "-e" "RUSTUP_HOME=/opt/rustwide/rustup-home" "-e" "CARGO_TARGET_DIR=/opt/rustwide/target" "-e" "CARGO_INCREMENTAL=0" "-e" "RUST_BACKTRACE=full" "-e" "RUSTFLAGS=--cap-lints=forbid -Znext-solver=coherence" "-e" "RUSTDOCFLAGS=--cap-lints=forbid" "-w" "/opt/rustwide/workdir" "--user" "0:0" "1b8cb9326ec8a08fe6976ecfcc84fd05e1b269c35af39007163096c12c7d9c66" "/opt/rustwide/cargo-home/bin/cargo" "+3154cc1a3e6424e44f438a95007d043ed5ceaaf6" "check" "--frozen" "--all" "--all-targets" "--message-format=json", kill_on_drop: false }`
[INFO] [stderr]    Compiling unicode-ident v1.0.24
[INFO] [stderr]    Compiling serde_core v1.0.229
[INFO] [stderr]    Compiling serde_json v1.0.151
[INFO] [stderr]    Compiling proc-macro2 v1.0.107
[INFO] [stderr]    Compiling quote v1.0.47
[INFO] [stderr]    Compiling syn v2.0.119
[INFO] [stderr]    Compiling tracing-attributes v0.1.31
[INFO] [stderr]     Checking tracing v0.1.44
[INFO] [stderr]     Checking forma-ir v0.2.0 (/opt/rustwide/workdir)
[INFO] [stdout] error[E0432]: unresolved import `forma_ir::parser::test_helpers`
[INFO] [stdout]   --> examples/list_corpus.rs:22:23
[INFO] [stdout]    |
[INFO] [stdout] 22 | use forma_ir::parser::test_helpers::*;
[INFO] [stdout]    |                       ^^^^^^^^^^^^ could not find `test_helpers` in `parser`
[INFO] [stdout] 
[INFO] [stdout] 
[INFO] [stdout] error[E0432]: unresolved import `forma_ir::parser::test_helpers`
[INFO] [stdout]    --> examples/list_scaling.rs:24:23
[INFO] [stdout]     |
[INFO] [stdout]  24 | use forma_ir::parser::test_helpers::{
[INFO] [stdout]     |                       ^^^^^^^^^^^^ could not find `test_helpers` in `parser`
[INFO] [stdout]     |
[INFO] [stdout] note: found an item that was configured out
[INFO] [stdout]    --> src/parser.rs:751:9
[INFO] [stdout]     |
[INFO] [stdout] 750 | #[cfg(any(test, feature = "test-helpers"))]
[INFO] [stdout]     |          -------------------------------- the item is gated here
[INFO] [stdout] 751 | pub mod test_helpers {
[INFO] [stdout]     |         ^^^^^^^^^^^^
[INFO] [stdout] 
[INFO] [stdout] 
[INFO] [stdout] error[E0432]: unresolved import `forma_ir::parser::test_helpers`
[INFO] [stdout]    --> tests/list_scaling.rs:25:23
[INFO] [stdout]     |
[INFO] [stdout]  25 | use forma_ir::parser::test_helpers::{
[INFO] [stdout]     |                       ^^^^^^^^^^^^ could not find `test_helpers` in `parser`
[INFO] [stdout]     |
[INFO] [stdout] note: found an item that was configured out
[INFO] [stdout]    --> src/parser.rs:751:9
[INFO] [stdout]     |
[INFO] [stdout] 750 | #[cfg(any(test, feature = "test-helpers"))]
[INFO] [stdout]     |          -------------------------------- the item is gated here
[INFO] [stdout] 751 | pub mod test_helpers {
[INFO] [stdout]     |         ^^^^^^^^^^^^
[INFO] [stdout] 
[INFO] [stdout] 
[INFO] [stdout] error[E0432]: unresolved import `forma_ir::parser::test_helpers`
[INFO] [stdout]    --> tests/fmir_contract.rs:14:23
[INFO] [stdout]     |
[INFO] [stdout]  14 | use forma_ir::parser::test_helpers::build_minimal_ir;
[INFO] [stdout]     |                       ^^^^^^^^^^^^ could not find `test_helpers` in `parser`
[INFO] [stdout]     |
[INFO] [stdout] note: found an item that was configured out
[INFO] [stdout]    --> src/parser.rs:751:9
[INFO] [stdout]     |
[INFO] [stdout] 750 | #[cfg(any(test, feature = "test-helpers"))]
[INFO] [stdout]     |          -------------------------------- the item is gated here
[INFO] [stdout] 751 | pub mod test_helpers {
[INFO] [stdout]     |         ^^^^^^^^^^^^
[INFO] [stdout] 
[INFO] [stdout] 
[INFO] [stdout] For more information about this error, try `rustc --explain E0432`.
[INFO] [stdout] 
[INFO] [stdout] For more information about this error, try `rustc --explain E0432`.
[INFO] [stdout] 
[INFO] [stderr] error: could not compile `forma-ir` (test "list_scaling") due to 1 previous error
[INFO] [stdout] For more information about this error, try `rustc --explain E0432`.
[INFO] [stdout] 
[INFO] [stderr] warning: build failed, waiting for other jobs to finish...
[INFO] [stderr] error: could not compile `forma-ir` (example "list_corpus") due to 1 previous error
[INFO] [stderr] error: could not compile `forma-ir` (example "list_scaling") due to 1 previous error
[INFO] [stdout] For more information about this error, try `rustc --explain E0432`.
[INFO] [stdout] 
[INFO] [stderr] error: could not compile `forma-ir` (test "fmir_contract") due to 1 previous error
[INFO] running `Command { std: "docker" "inspect" "1b8cb9326ec8a08fe6976ecfcc84fd05e1b269c35af39007163096c12c7d9c66", kill_on_drop: false }`
[INFO] running `Command { std: "docker" "rm" "-f" "1b8cb9326ec8a08fe6976ecfcc84fd05e1b269c35af39007163096c12c7d9c66", kill_on_drop: false }`
[INFO] [stdout] 1b8cb9326ec8a08fe6976ecfcc84fd05e1b269c35af39007163096c12c7d9c66
