[INFO] fetching crate fontc 1.0.0...
[INFO] checking fontc-1.0.0 against 3154cc1a3e6424e44f438a95007d043ed5ceaaf6 for pr-133502-30
[INFO] extracting crate fontc 1.0.0 into /workspace/builds/worker-1-tc2/source
[INFO] started tweaking crates.io crate fontc 1.0.0
[INFO] finished tweaking crates.io crate fontc 1.0.0
[INFO] tweaked toml for crates.io crate fontc 1.0.0 written to /workspace/builds/worker-1-tc2/source/Cargo.toml
[INFO] validating manifest of crates.io crate fontc 1.0.0 on toolchain 3154cc1a3e6424e44f438a95007d043ed5ceaaf6
[INFO] running `Command { std: CARGO_HOME="/workspace/cargo-home" RUSTUP_HOME="/workspace/rustup-home" "/workspace/cargo-home/bin/cargo" "+3154cc1a3e6424e44f438a95007d043ed5ceaaf6" "metadata" "--manifest-path" "Cargo.toml" "--no-deps", kill_on_drop: false }`
[INFO] crate crates.io crate fontc 1.0.0 already has a lockfile, it will not be regenerated
[INFO] running `Command { std: CARGO_HOME="/workspace/cargo-home" RUSTUP_HOME="/workspace/rustup-home" "/workspace/cargo-home/bin/cargo" "+3154cc1a3e6424e44f438a95007d043ed5ceaaf6" "fetch" "--manifest-path" "Cargo.toml", kill_on_drop: false }`
[INFO] [stderr]     Blocking waiting for file lock on package cache
[INFO] [stderr]     Blocking waiting for file lock on package cache
[INFO] running `Command { std: "docker" "create" "-v" "/var/lib/crater-agent-workspace/builds/worker-1-tc2/source:/opt/rustwide/workdir:ro,Z" "-v" "/var/lib/crater-agent-workspace/builds/worker-1-tc2/target:/opt/rustwide/target:rw,Z" "-v" "/var/lib/crater-agent-workspace/cargo-home:/opt/rustwide/cargo-home:ro,Z" "-v" "/var/lib/crater-agent-workspace/rustup-home:/opt/rustwide/rustup-home:ro,Z" "-m" "1610612736" "--network" "none" "ghcr.io/rust-lang/crates-build-env/linux@sha256:77db811e55d90add9212f6832c23229e3de5f1c1f9905e8cb07319ea15df73ac" "sleep" "infinity", kill_on_drop: false }`
[INFO] [stdout] abfdc1220cdec5fea5bc246e8eb7b4774d503dc76094f85b79703d1a7b31de88
[INFO] running `Command { std: "docker" "start" "abfdc1220cdec5fea5bc246e8eb7b4774d503dc76094f85b79703d1a7b31de88", kill_on_drop: false }`
[INFO] running `Command { std: "docker" "inspect" "abfdc1220cdec5fea5bc246e8eb7b4774d503dc76094f85b79703d1a7b31de88", kill_on_drop: false }`
[INFO] running `Command { std: "docker" "exec" "-e" "SOURCE_DIR=/opt/rustwide/workdir" "-e" "CARGO_HOME=/opt/rustwide/cargo-home" "-e" "RUSTUP_HOME=/opt/rustwide/rustup-home" "-e" "CARGO_TARGET_DIR=/opt/rustwide/target" "-w" "/opt/rustwide/workdir" "--user" "0:0" "abfdc1220cdec5fea5bc246e8eb7b4774d503dc76094f85b79703d1a7b31de88" "/opt/rustwide/cargo-home/bin/cargo" "+3154cc1a3e6424e44f438a95007d043ed5ceaaf6" "metadata" "--no-deps" "--format-version=1", kill_on_drop: false }`
[INFO] running `Command { std: "docker" "inspect" "abfdc1220cdec5fea5bc246e8eb7b4774d503dc76094f85b79703d1a7b31de88", kill_on_drop: false }`
[INFO] running `Command { std: "docker" "exec" "-e" "SOURCE_DIR=/opt/rustwide/workdir" "-e" "CARGO_HOME=/opt/rustwide/cargo-home" "-e" "RUSTUP_HOME=/opt/rustwide/rustup-home" "-e" "CARGO_TARGET_DIR=/opt/rustwide/target" "-e" "CARGO_INCREMENTAL=0" "-e" "RUST_BACKTRACE=full" "-e" "RUSTFLAGS=--cap-lints=forbid" "-e" "RUSTDOCFLAGS=--cap-lints=forbid" "-w" "/opt/rustwide/workdir" "--user" "0:0" "abfdc1220cdec5fea5bc246e8eb7b4774d503dc76094f85b79703d1a7b31de88" "/opt/rustwide/cargo-home/bin/cargo" "+3154cc1a3e6424e44f438a95007d043ed5ceaaf6" "check" "--frozen" "--all" "--all-targets" "--message-format=json", kill_on_drop: false }`
[INFO] [stderr]    Compiling serde_derive v1.0.229
[INFO] [stderr]    Compiling serde_core v1.0.229
[INFO] [stderr]    Compiling serde v1.0.229
[INFO] [stderr]    Compiling synstructure v0.13.2
[INFO] [stderr]    Compiling thiserror-impl v2.0.20
[INFO] [stderr]    Compiling bytemuck_derive v1.12.0
[INFO] [stderr]     Checking hashbrown v0.17.1
[INFO] [stderr]    Compiling num-traits v0.2.19
[INFO] [stderr]    Compiling rustversion v1.0.23
[INFO] [stderr]    Compiling zerovec-derive v0.11.6
[INFO] [stderr]    Compiling fnv v1.0.7
[INFO] [stderr]     Checking regex-automata v0.4.18
[INFO] [stderr]     Checking polycool v0.4.0
[INFO] [stderr]     Checking tracing-core v0.1.36
[INFO] [stderr]    Compiling displaydoc v0.2.7
[INFO] [stderr]    Compiling darling_core v0.20.11
[INFO] [stderr]    Compiling tracing-attributes v0.1.31
[INFO] [stderr]    Compiling fontdrasil v1.0.0
[INFO] [stderr]    Compiling aho-corasick v1.1.5
[INFO] [stderr]    Compiling regex-syntax v0.8.11
[INFO] [stderr]    Compiling serde_json v1.0.151
[INFO] [stderr]    Compiling anyhow v1.0.104
[INFO] [stderr]    Compiling zerofrom-derive v0.1.7
[INFO] [stderr]    Compiling yoke-derive v0.8.2
[INFO] [stderr]    Compiling camino v1.2.5
[INFO] [stderr]    Compiling icu_properties_data v2.1.2
[INFO] [stderr]    Compiling vergen-lib v9.1.0
[INFO] [stderr]    Compiling zmij v1.0.23
[INFO] [stderr]    Compiling itoa v1.0.18
[INFO] [stderr]    Compiling vergen v9.1.0
[INFO] [stderr]     Checking tracing-log v0.2.0
[INFO] [stderr]     Checking quick-xml v0.41.0
[INFO] [stderr]     Checking thiserror v2.0.20
[INFO] [stderr]     Checking thread_local v1.1.10
[INFO] [stderr]    Compiling num_threads v0.1.7
[INFO] [stderr]    Compiling deranged v0.5.8
[INFO] [stderr]    Compiling powerfmt v0.2.0
[INFO] [stderr]    Compiling vergen-gitcl v9.1.0
[INFO] [stderr]     Checking bytemuck v1.25.2
[INFO] [stderr]     Checking either v1.18.0
[INFO] [stderr]     Checking colorchoice v1.0.5
[INFO] [stderr]     Checking time v0.3.55
[INFO] [stderr]    Compiling zerocopy-derive v0.8.56
[INFO] [stderr]     Checking matchers v0.2.0
[INFO] [stderr]     Checking regex v1.13.1
[INFO] [stderr]     Checking anstream v1.0.0
[INFO] [stderr]     Checking tracing v0.1.44
[INFO] [stderr]    Compiling ascii_plist_derive v1.0.0
[INFO] [stderr]     Checking zerofrom v0.1.8
[INFO] [stderr]     Checking ansi_term v0.12.1
[INFO] [stderr]     Checking mutually_exclusive_features v0.1.0
[INFO] [stderr]    Compiling winnow v1.0.4
[INFO] [stderr]     Checking close_already v0.3.5
[INFO] [stderr]    Compiling clap_derive v4.6.4
[INFO] [stderr]    Compiling serde_repr v0.1.21
[INFO] [stderr]     Checking clap_builder v4.6.6
[INFO] [stderr]    Compiling toml_datetime v1.1.1+spec-1.1.0
[INFO] [stderr]     Checking yoke v0.8.3
[INFO] [stderr]     Checking zerovec v0.11.8
[INFO] [stderr]     Checking zerotrie v0.2.5
[INFO] [stderr]     Checking indexmap v2.14.0
[INFO] [stderr]     Checking smol_str v0.3.6
[INFO] [stderr]    Compiling semver v1.0.28
[INFO] [stderr]    Compiling cargo-platform v0.3.3
[INFO] [stderr]    Compiling rustc_version v0.4.1
[INFO] [stderr]     Checking rayon v1.12.0
[INFO] [stderr]    Compiling getrandom v0.4.3
[INFO] [stderr]    Compiling toml_parser v1.1.3+spec-1.1.0
[INFO] [stderr]    Compiling darling_macro v0.20.11
[INFO] [stderr]    Compiling rstest_macros v0.26.1
[INFO] [stderr]     Checking itertools v0.13.0
[INFO] [stderr]     Checking crossbeam-channel v0.5.16
[INFO] [stderr]     Checking tinystr v0.8.4
[INFO] [stderr]     Checking potential_utf v0.1.6
[INFO] [stderr]     Checking icu_collections v2.1.1
[INFO] [stderr]     Checking icu_locale_core v2.3.0
[INFO] [stderr]    Compiling futures-macro v0.3.34
[INFO] [stderr]     Checking zerocopy v0.8.56
[INFO] [stderr]    Compiling darling v0.20.11
[INFO] [stderr]    Compiling relative-path v1.9.3
[INFO] [stderr]    Compiling derive_builder_core v0.20.2
[INFO] [stderr]    Compiling glob v0.3.4
[INFO] [stderr]    Compiling toml_edit v0.25.13+spec-1.1.0
[INFO] [stderr]     Checking plotters v0.3.7
[INFO] [stderr]     Checking futures-timer v3.0.4
[INFO] [stderr]     Checking oorandom v11.1.5
[INFO] [stderr]     Checking diff v0.1.13
[INFO] [stderr]     Checking yansi v1.0.1
[INFO] [stderr]    Compiling derive_builder_macro v0.20.2
[INFO] [stderr]     Checking tempfile v3.27.0
[INFO] [stderr]     Checking clap v4.6.6
[INFO] [stderr]    Compiling derive_builder v0.20.2
[INFO] [stderr]     Checking pretty_assertions v1.4.1
[INFO] [stderr]     Checking smallvec v1.15.2
[INFO] [stderr]     Checking font-types v0.12.4
[INFO] [stderr]     Checking ordered-float v5.5.0
[INFO] [stderr]     Checking chrono v0.4.45
[INFO] [stderr]     Checking quick-xml v0.38.4
[INFO] [stderr]     Checking plist v1.10.0
[INFO] [stderr]    Compiling cargo_metadata v0.23.1
[INFO] [stderr]     Checking kurbo v0.13.1
[INFO] [stderr]     Checking parking_lot_core v0.9.12
[INFO] [stderr]     Checking tracing-subscriber v0.3.23
[INFO] [stderr]     Checking serde_yaml v0.9.34+deprecated
[INFO] [stderr]     Checking parking_lot v0.12.5
[INFO] [stderr]     Checking futures-util v0.3.34
[INFO] [stderr]    Compiling proc-macro-crate v3.5.0
[INFO] [stderr]     Checking icu_provider v2.3.1
[INFO] [stderr]     Checking tinytemplate v1.2.1
[INFO] [stderr]     Checking read-fonts v0.43.3
[INFO] [stderr]     Checking icu_properties v2.1.2
[INFO] [stderr]     Checking tracing-chrome v0.7.2
[INFO] [stderr]     Checking criterion-plot v0.6.0
[INFO] [stderr]     Checking norad v0.18.4
[INFO] [stderr]     Checking half v2.7.1
[INFO] [stderr]     Checking ciborium-ll v0.2.2
[INFO] [stderr]    Compiling fontc v1.0.0 (/opt/rustwide/workdir)
[INFO] [stderr]     Checking ciborium v0.2.2
[INFO] [stderr]     Checking criterion v0.7.0
[INFO] [stderr]     Checking rstest v0.26.1
[INFO] [stderr]     Checking write-fonts v0.52.0
[INFO] [stderr]     Checking skrifa v0.46.2
[INFO] [stderr]     Checking fontir v1.0.0
[INFO] [stderr]     Checking fea-rs v1.0.0
[INFO] [stderr]     Checking glyphs-reader v1.0.0
[INFO] [stderr]     Checking fontra2fontir v0.5.0
[INFO] [stderr]     Checking glyphs2fontir v1.0.0
[INFO] [stderr]     Checking fontbe v1.0.0
[INFO] [stderr]     Checking ufo2fontir v1.0.0
[INFO] [stdout] error[E0432]: unresolved import `glyphs_reader`
[INFO] [stdout]     --> src/lib.rs:1784:13
[INFO] [stdout]      |
[INFO] [stdout] 1784 |         use glyphs_reader::Font;
[INFO] [stdout]      |             ^^^^^^^^^^^^^ use of unresolved module or unlinked crate `glyphs_reader`
[INFO] [stdout]      |
[INFO] [stdout]      = help: if you wanted to use a crate named `glyphs_reader`, use `cargo add glyphs_reader` to add it to your `Cargo.toml`
[INFO] [stdout] 
[INFO] [stdout] 
[INFO] [stdout] error[E0432]: unresolved import `glyphs_reader`
[INFO] [stdout]     --> src/lib.rs:1907:13
[INFO] [stdout]      |
[INFO] [stdout] 1907 |         use glyphs_reader::Font;
[INFO] [stdout]      |             ^^^^^^^^^^^^^ use of unresolved module or unlinked crate `glyphs_reader`
[INFO] [stdout]      |
[INFO] [stdout]      = help: if you wanted to use a crate named `glyphs_reader`, use `cargo add glyphs_reader` to add it to your `Cargo.toml`
[INFO] [stdout] 
[INFO] [stdout] 
[INFO] [stdout] error[E0433]: cannot find module or crate `glyphs_reader` in this scope
[INFO] [stdout]     --> src/lib.rs:1724:23
[INFO] [stdout]      |
[INFO] [stdout] 1724 |         expected: &'a glyphs_reader::Font,
[INFO] [stdout]      |                       ^^^^^^^^^^^^^ use of unresolved module or unlinked crate `glyphs_reader`
[INFO] [stdout]      |
[INFO] [stdout]      = help: if you wanted to use a crate named `glyphs_reader`, use `cargo add glyphs_reader` to add it to your `Cargo.toml`
[INFO] [stdout] 
[INFO] [stdout] 
[INFO] [stdout] error[E0433]: cannot find module or crate `glyphs_reader` in this scope
[INFO] [stdout]     --> src/lib.rs:1753:29
[INFO] [stdout]      |
[INFO] [stdout] 1753 |         expected_anchors: &[glyphs_reader::Anchor],
[INFO] [stdout]      |                             ^^^^^^^^^^^^^ use of unresolved module or unlinked crate `glyphs_reader`
[INFO] [stdout]      |
[INFO] [stdout]      = help: if you wanted to use a crate named `glyphs_reader`, use `cargo add glyphs_reader` to add it to your `Cargo.toml`
[INFO] [stdout] 
[INFO] [stdout] 
[INFO] [stdout] Some errors have detailed explanations: E0432, E0433.
[INFO] [stdout] 
[INFO] [stdout] For more information about an error, try `rustc --explain E0432`.
[INFO] [stdout] 
[INFO] [stderr] error: could not compile `fontc` (lib test) due to 4 previous errors
[INFO] running `Command { std: "docker" "inspect" "abfdc1220cdec5fea5bc246e8eb7b4774d503dc76094f85b79703d1a7b31de88", kill_on_drop: false }`
[INFO] running `Command { std: "docker" "rm" "-f" "abfdc1220cdec5fea5bc246e8eb7b4774d503dc76094f85b79703d1a7b31de88", kill_on_drop: false }`
[INFO] [stdout] abfdc1220cdec5fea5bc246e8eb7b4774d503dc76094f85b79703d1a7b31de88
