[INFO] fetching crate fodid 4.5.8-10...
[INFO] checking fodid-4.5.8-10 against 3154cc1a3e6424e44f438a95007d043ed5ceaaf6+rustflags=-Znext-solver=coherence for pr-133502-30
[INFO] extracting crate fodid 4.5.8-10 into /workspace/builds/worker-6-tc1/source
[INFO] started tweaking crates.io crate fodid 4.5.8-10
[INFO] removed 0 missing examples
[INFO] removed 0 missing tests
[INFO] finished tweaking crates.io crate fodid 4.5.8-10
[INFO] tweaked toml for crates.io crate fodid 4.5.8-10 written to /workspace/builds/worker-6-tc1/source/Cargo.toml
[INFO] validating manifest of crates.io crate fodid 4.5.8-10 on toolchain 3154cc1a3e6424e44f438a95007d043ed5ceaaf6
[INFO] running `Command { std: CARGO_HOME="/workspace/cargo-home" RUSTUP_HOME="/workspace/rustup-home" "/workspace/cargo-home/bin/cargo" "+3154cc1a3e6424e44f438a95007d043ed5ceaaf6" "metadata" "--manifest-path" "Cargo.toml" "--no-deps", kill_on_drop: false }`
[INFO] crate crates.io crate fodid 4.5.8-10 already has a lockfile, it will not be regenerated
[INFO] running `Command { std: CARGO_HOME="/workspace/cargo-home" RUSTUP_HOME="/workspace/rustup-home" "/workspace/cargo-home/bin/cargo" "+3154cc1a3e6424e44f438a95007d043ed5ceaaf6" "fetch" "--manifest-path" "Cargo.toml", kill_on_drop: false }`
[INFO] [stderr]  Downloading crates ...
[INFO] [stderr]   Downloaded wasm-bindgen-shared v0.2.125
[INFO] [stderr]   Downloaded cc v1.2.64
[INFO] [stderr]   Downloaded wasm-bindgen-macro v0.2.125
[INFO] [stderr]   Downloaded wasm-bindgen v0.2.125
[INFO] [stderr]   Downloaded wasm-bindgen-macro-support v0.2.125
[INFO] [stderr]   Downloaded js-sys v0.3.102
[INFO] [stderr]   Downloaded webpki-roots v1.0.7
[INFO] running `Command { std: "docker" "create" "-v" "/var/lib/crater-agent-workspace/builds/worker-6-tc1/source:/opt/rustwide/workdir:ro,Z" "-v" "/var/lib/crater-agent-workspace/builds/worker-6-tc1/target:/opt/rustwide/target:rw,Z" "-v" "/var/lib/crater-agent-workspace/cargo-home:/opt/rustwide/cargo-home:ro,Z" "-v" "/var/lib/crater-agent-workspace/rustup-home:/opt/rustwide/rustup-home:ro,Z" "-m" "1610612736" "--network" "none" "ghcr.io/rust-lang/crates-build-env/linux@sha256:77db811e55d90add9212f6832c23229e3de5f1c1f9905e8cb07319ea15df73ac" "sleep" "infinity", kill_on_drop: false }`
[INFO] [stdout] 748db30fffc7323f35e9acf0e5109b14a78aeb12b5b2f94851f49f3364946308
[INFO] running `Command { std: "docker" "start" "748db30fffc7323f35e9acf0e5109b14a78aeb12b5b2f94851f49f3364946308", kill_on_drop: false }`
[INFO] running `Command { std: "docker" "inspect" "748db30fffc7323f35e9acf0e5109b14a78aeb12b5b2f94851f49f3364946308", kill_on_drop: false }`
[INFO] running `Command { std: "docker" "exec" "-e" "SOURCE_DIR=/opt/rustwide/workdir" "-e" "CARGO_HOME=/opt/rustwide/cargo-home" "-e" "RUSTUP_HOME=/opt/rustwide/rustup-home" "-e" "CARGO_TARGET_DIR=/opt/rustwide/target" "-w" "/opt/rustwide/workdir" "--user" "0:0" "748db30fffc7323f35e9acf0e5109b14a78aeb12b5b2f94851f49f3364946308" "/opt/rustwide/cargo-home/bin/cargo" "+3154cc1a3e6424e44f438a95007d043ed5ceaaf6" "metadata" "--no-deps" "--format-version=1", kill_on_drop: false }`
[INFO] running `Command { std: "docker" "inspect" "748db30fffc7323f35e9acf0e5109b14a78aeb12b5b2f94851f49f3364946308", kill_on_drop: false }`
[INFO] running `Command { std: "docker" "exec" "-e" "SOURCE_DIR=/opt/rustwide/workdir" "-e" "CARGO_HOME=/opt/rustwide/cargo-home" "-e" "RUSTUP_HOME=/opt/rustwide/rustup-home" "-e" "CARGO_TARGET_DIR=/opt/rustwide/target" "-e" "CARGO_INCREMENTAL=0" "-e" "RUST_BACKTRACE=full" "-e" "RUSTFLAGS=--cap-lints=forbid -Znext-solver=coherence" "-e" "RUSTDOCFLAGS=--cap-lints=forbid" "-w" "/opt/rustwide/workdir" "--user" "0:0" "748db30fffc7323f35e9acf0e5109b14a78aeb12b5b2f94851f49f3364946308" "/opt/rustwide/cargo-home/bin/cargo" "+3154cc1a3e6424e44f438a95007d043ed5ceaaf6" "check" "--frozen" "--all" "--all-targets" "--message-format=json", kill_on_drop: false }`
[INFO] [stderr]    Compiling libc v0.2.186
[INFO] [stderr]     Checking subtle v2.6.1
[INFO] [stderr]    Compiling generic-array v0.14.9
[INFO] [stderr]     Checking const-oid v0.9.6
[INFO] [stderr]     Checking pem-rfc7468 v0.7.0
[INFO] [stderr]    Compiling syn v2.0.117
[INFO] [stderr]    Compiling cc v1.2.64
[INFO] [stderr]     Checking base16ct v0.2.0
[INFO] [stderr]     Checking rustls-pki-types v1.14.1
[INFO] [stderr]     Checking der v0.7.10
[INFO] [stderr]     Checking smallvec v1.15.2
[INFO] [stderr]     Checking simd-adler32 v0.3.9
[INFO] [stderr]    Compiling serde_core v1.0.228
[INFO] [stderr]     Checking percent-encoding v2.3.2
[INFO] [stderr]    Compiling rustls v0.23.40
[INFO] [stderr]     Checking miniz_oxide v0.8.9
[INFO] [stderr]     Checking webpki-roots v1.0.7
[INFO] [stderr]     Checking form_urlencoded v1.2.2
[INFO] [stderr]    Compiling serde_json v1.0.150
[INFO] [stderr]     Checking log v0.4.32
[INFO] [stderr]     Checking chrono v0.4.45
[INFO] [stderr]     Checking webpki-roots v0.26.11
[INFO] [stderr]     Checking block-buffer v0.10.4
[INFO] [stderr]     Checking crypto-common v0.1.6
[INFO] [stderr]     Checking flate2 v1.1.9
[INFO] [stderr]     Checking digest v0.10.7
[INFO] [stderr]     Checking spki v0.7.3
[INFO] [stderr]     Checking hmac v0.12.1
[INFO] [stderr]     Checking sha2 v0.10.9
[INFO] [stderr]     Checking pkcs8 v0.10.2
[INFO] [stderr]     Checking rfc6979 v0.4.0
[INFO] [stderr]     Checking memchr v2.8.2
[INFO] [stderr]     Checking sec1 v0.7.3
[INFO] [stderr]     Checking getrandom v0.2.17
[INFO] [stderr]    Compiling ring v0.17.14
[INFO] [stderr]     Checking rand_core v0.6.4
[INFO] [stderr]     Checking ff v0.13.1
[INFO] [stderr]     Checking crypto-bigint v0.5.5
[INFO] [stderr]     Checking signature v2.2.0
[INFO] [stderr]     Checking group v0.13.0
[INFO] [stderr]    Compiling synstructure v0.13.2
[INFO] [stderr]     Checking elliptic-curve v0.13.8
[INFO] [stderr]    Compiling zerovec-derive v0.11.3
[INFO] [stderr]    Compiling displaydoc v0.2.6
[INFO] [stderr]    Compiling zerofrom-derive v0.1.7
[INFO] [stderr]    Compiling yoke-derive v0.8.2
[INFO] [stderr]     Checking ecdsa v0.16.9
[INFO] [stderr]     Checking primeorder v0.13.6
[INFO] [stderr]     Checking p256 v0.13.2
[INFO] [stderr]     Checking zerofrom v0.1.8
[INFO] [stderr]     Checking yoke v0.8.3
[INFO] [stderr]     Checking zerovec v0.11.6
[INFO] [stderr]     Checking zerotrie v0.2.4
[INFO] [stderr]     Checking fodid v4.5.8-10 (/opt/rustwide/workdir)
[INFO] [stderr]     Checking tinystr v0.8.3
[INFO] [stderr]     Checking potential_utf v0.1.5
[INFO] [stderr]     Checking icu_collections v2.2.0
[INFO] [stderr]     Checking icu_locale_core v2.2.0
[INFO] [stderr]     Checking icu_provider v2.2.0
[INFO] [stderr]     Checking rustls-webpki v0.103.13
[INFO] [stderr]     Checking icu_normalizer v2.2.0
[INFO] [stderr]     Checking icu_properties v2.2.0
[INFO] [stderr]     Checking idna_adapter v1.2.2
[INFO] [stderr]     Checking idna v1.1.0
[INFO] [stderr]     Checking url v2.5.8
[INFO] [stderr]     Checking ureq v2.12.1
[INFO] [stdout] error[E0432]: unresolved import `fodid::Creator`
[INFO] [stdout]    --> tests/fodid_tests.rs:31:13
[INFO] [stdout]     |
[INFO] [stdout]  31 | use fodid::{Creator, Crypto, Error, FodId, IdType, Owid, ParseStatus, SignatureStatus, Usage};
[INFO] [stdout]     |             ^^^^^^^ no `Creator` in the root
[INFO] [stdout]     |
[INFO] [stdout] note: found an item that was configured out
[INFO] [stdout]    --> src/lib.rs:379:31
[INFO] [stdout]     |
[INFO] [stdout] 378 | #[cfg(feature = "creator")]
[INFO] [stdout]     |       ------------------- the item is gated behind the `creator` feature
[INFO] [stdout] 379 | pub use owid::{Configuration, Creator};
[INFO] [stdout]     |                               ^^^^^^^
[INFO] [stdout] 
[INFO] [stdout] 
[INFO] [stdout] error[E0432]: unresolved import `fodid::Creator`
[INFO] [stdout]    --> examples/parse_and_verify.rs:28:13
[INFO] [stdout]     |
[INFO] [stdout]  28 | use fodid::{Creator, Crypto, FodId, SignatureStatus};
[INFO] [stdout]     |             ^^^^^^^ no `Creator` in the root
[INFO] [stdout]     |
[INFO] [stdout] note: found an item that was configured out
[INFO] [stdout]    --> src/lib.rs:379:31
[INFO] [stdout]     |
[INFO] [stdout] 378 | #[cfg(feature = "creator")]
[INFO] [stdout]     |       ------------------- the item is gated behind the `creator` feature
[INFO] [stdout] 379 | pub use owid::{Configuration, Creator};
[INFO] [stdout]     |                               ^^^^^^^
[INFO] [stdout] 
[INFO] [stdout] 
[INFO] [stdout] error[E0432]: unresolved import `fodid::Creator`
[INFO] [stdout]    --> examples/parse_and_verify.rs:28:13
[INFO] [stdout]     |
[INFO] [stdout]  28 | use fodid::{Creator, Crypto, FodId, SignatureStatus};
[INFO] [stdout]     |             ^^^^^^^ no `Creator` in the root
[INFO] [stdout]     |
[INFO] [stdout] note: found an item that was configured out
[INFO] [stdout]    --> src/lib.rs:379:31
[INFO] [stdout]     |
[INFO] [stdout] 378 | #[cfg(feature = "creator")]
[INFO] [stdout]     |       ------------------- the item is gated behind the `creator` feature
[INFO] [stdout] 379 | pub use owid::{Configuration, Creator};
[INFO] [stdout]     |                               ^^^^^^^
[INFO] [stdout] 
[INFO] [stdout] 
[INFO] [stdout] For more information about this error, try `rustc --explain E0432`.
[INFO] [stdout] 
[INFO] [stdout] For more information about this error, try `rustc --explain E0432`.
[INFO] [stdout] 
[INFO] [stderr] error: could not compile `fodid` (example "parse_and_verify") due to 1 previous error
[INFO] [stderr] warning: build failed, waiting for other jobs to finish...
[INFO] [stderr] error: could not compile `fodid` (example "parse_and_verify" test) due to 1 previous error
[INFO] [stdout] For more information about this error, try `rustc --explain E0432`.
[INFO] [stdout] 
[INFO] [stderr] error: could not compile `fodid` (test "fodid_tests") due to 1 previous error
[INFO] running `Command { std: "docker" "inspect" "748db30fffc7323f35e9acf0e5109b14a78aeb12b5b2f94851f49f3364946308", kill_on_drop: false }`
[INFO] running `Command { std: "docker" "rm" "-f" "748db30fffc7323f35e9acf0e5109b14a78aeb12b5b2f94851f49f3364946308", kill_on_drop: false }`
[INFO] [stdout] 748db30fffc7323f35e9acf0e5109b14a78aeb12b5b2f94851f49f3364946308
