[INFO] fetching crate fishbowl-agents 0.2.1...
[INFO] checking fishbowl-agents-0.2.1 against 3154cc1a3e6424e44f438a95007d043ed5ceaaf6+rustflags=-Znext-solver=coherence for pr-133502-30
[INFO] extracting crate fishbowl-agents 0.2.1 into /workspace/builds/worker-3-tc1/source
[INFO] started tweaking crates.io crate fishbowl-agents 0.2.1
[INFO] finished tweaking crates.io crate fishbowl-agents 0.2.1
[INFO] tweaked toml for crates.io crate fishbowl-agents 0.2.1 written to /workspace/builds/worker-3-tc1/source/Cargo.toml
[INFO] validating manifest of crates.io crate fishbowl-agents 0.2.1 on toolchain 3154cc1a3e6424e44f438a95007d043ed5ceaaf6
[INFO] running `Command { std: CARGO_HOME="/workspace/cargo-home" RUSTUP_HOME="/workspace/rustup-home" "/workspace/cargo-home/bin/cargo" "+3154cc1a3e6424e44f438a95007d043ed5ceaaf6" "metadata" "--manifest-path" "Cargo.toml" "--no-deps", kill_on_drop: false }`
[INFO] crate crates.io crate fishbowl-agents 0.2.1 already has a lockfile, it will not be regenerated
[INFO] running `Command { std: CARGO_HOME="/workspace/cargo-home" RUSTUP_HOME="/workspace/rustup-home" "/workspace/cargo-home/bin/cargo" "+3154cc1a3e6424e44f438a95007d043ed5ceaaf6" "fetch" "--manifest-path" "Cargo.toml", kill_on_drop: false }`
[INFO] [stderr]     Updating crates.io index
[INFO] [stderr]  Downloading crates ...
[INFO] [stderr]   Downloaded toml_edit v0.24.1+spec-1.1.0
[INFO] [stderr]   Downloaded fishbowl-creds v0.2.1
[INFO] running `Command { std: "docker" "create" "-v" "/var/lib/crater-agent-workspace/builds/worker-3-tc1/source:/opt/rustwide/workdir:ro,Z" "-v" "/var/lib/crater-agent-workspace/builds/worker-3-tc1/target:/opt/rustwide/target:rw,Z" "-v" "/var/lib/crater-agent-workspace/cargo-home:/opt/rustwide/cargo-home:ro,Z" "-v" "/var/lib/crater-agent-workspace/rustup-home:/opt/rustwide/rustup-home:ro,Z" "-m" "1610612736" "--network" "none" "ghcr.io/rust-lang/crates-build-env/linux@sha256:77db811e55d90add9212f6832c23229e3de5f1c1f9905e8cb07319ea15df73ac" "sleep" "infinity", kill_on_drop: false }`
[INFO] [stdout] 898b297b7f3470178e0a781cb62f6c4625b3b437a658b0959c8e9944532324c5
[INFO] running `Command { std: "docker" "start" "898b297b7f3470178e0a781cb62f6c4625b3b437a658b0959c8e9944532324c5", kill_on_drop: false }`
[INFO] running `Command { std: "docker" "inspect" "898b297b7f3470178e0a781cb62f6c4625b3b437a658b0959c8e9944532324c5", kill_on_drop: false }`
[INFO] running `Command { std: "docker" "exec" "-e" "SOURCE_DIR=/opt/rustwide/workdir" "-e" "CARGO_HOME=/opt/rustwide/cargo-home" "-e" "RUSTUP_HOME=/opt/rustwide/rustup-home" "-e" "CARGO_TARGET_DIR=/opt/rustwide/target" "-w" "/opt/rustwide/workdir" "--user" "0:0" "898b297b7f3470178e0a781cb62f6c4625b3b437a658b0959c8e9944532324c5" "/opt/rustwide/cargo-home/bin/cargo" "+3154cc1a3e6424e44f438a95007d043ed5ceaaf6" "metadata" "--no-deps" "--format-version=1", kill_on_drop: false }`
[INFO] running `Command { std: "docker" "inspect" "898b297b7f3470178e0a781cb62f6c4625b3b437a658b0959c8e9944532324c5", kill_on_drop: false }`
[INFO] running `Command { std: "docker" "exec" "-e" "SOURCE_DIR=/opt/rustwide/workdir" "-e" "CARGO_HOME=/opt/rustwide/cargo-home" "-e" "RUSTUP_HOME=/opt/rustwide/rustup-home" "-e" "CARGO_TARGET_DIR=/opt/rustwide/target" "-e" "CARGO_INCREMENTAL=0" "-e" "RUST_BACKTRACE=full" "-e" "RUSTFLAGS=--cap-lints=forbid -Znext-solver=coherence" "-e" "RUSTDOCFLAGS=--cap-lints=forbid" "-w" "/opt/rustwide/workdir" "--user" "0:0" "898b297b7f3470178e0a781cb62f6c4625b3b437a658b0959c8e9944532324c5" "/opt/rustwide/cargo-home/bin/cargo" "+3154cc1a3e6424e44f438a95007d043ed5ceaaf6" "check" "--frozen" "--all" "--all-targets" "--message-format=json", kill_on_drop: false }`
[INFO] [stderr]    Compiling libc v0.2.189
[INFO] [stderr]    Compiling zmij v1.0.23
[INFO] [stderr]     Checking core-foundation-sys v0.8.7
[INFO] [stderr]    Compiling serde_json v1.0.151
[INFO] [stderr]     Checking bitflags v2.13.1
[INFO] [stderr]     Checking memchr v2.8.3
[INFO] [stderr]    Compiling proc-macro2 v1.0.107
[INFO] [stderr]    Compiling serde v1.0.229
[INFO] [stderr]     Checking winnow v1.0.4
[INFO] [stderr]    Compiling generic-array v0.14.7
[INFO] [stderr]     Checking jiff-core v0.1.0
[INFO] [stderr]     Checking tinyvec v1.12.0
[INFO] [stderr]     Checking indexmap v2.14.1
[INFO] [stderr]     Checking winnow v0.7.15
[INFO] [stderr]     Checking toml_datetime v0.7.5+spec-1.1.0
[INFO] [stderr]     Checking fastrand v2.5.0
[INFO] [stderr]     Checking rustix v1.1.4
[INFO] [stderr]     Checking unicode-normalization v0.1.25
[INFO] [stderr]     Checking toml_parser v1.1.3+spec-1.1.0
[INFO] [stderr]    Compiling quote v1.0.47
[INFO] [stderr]     Checking crypto-common v0.1.7
[INFO] [stderr]     Checking block-buffer v0.10.4
[INFO] [stderr]     Checking digest v0.10.7
[INFO] [stderr]     Checking sha2 v0.10.9
[INFO] [stderr]    Compiling syn v3.0.4
[INFO] [stderr]     Checking jiff v0.2.35
[INFO] [stderr]     Checking errno v0.3.14
[INFO] [stderr]     Checking socket2 v0.6.5
[INFO] [stderr]     Checking mio v1.2.3
[INFO] [stderr]     Checking security-framework-sys v2.17.0
[INFO] [stderr]     Checking core-foundation v0.10.1
[INFO] [stderr]     Checking getrandom v0.4.3
[INFO] [stderr]     Checking signal-hook-registry v1.4.8
[INFO] [stderr]     Checking security-framework v3.7.0
[INFO] [stderr]     Checking tempfile v3.27.0
[INFO] [stderr]     Checking toml_edit v0.24.1+spec-1.1.0
[INFO] [stderr]    Compiling tokio-macros v2.7.2
[INFO] [stderr]    Compiling serde_derive v1.0.229
[INFO] [stderr]    Compiling thiserror-impl v2.0.20
[INFO] [stderr]     Checking tokio v1.53.1
[INFO] [stderr]     Checking thiserror v2.0.20
[INFO] [stderr]     Checking fishbowl-creds v0.2.1
[INFO] [stderr]     Checking fishbowl-agents v0.2.1 (/opt/rustwide/workdir)
[INFO] [stdout] error[E0433]: cannot find `passwords` in `security_framework`
[INFO] [stdout]    --> src/claude.rs:102:33
[INFO] [stdout]     |
[INFO] [stdout] 102 |             security_framework::passwords::get_generic_password(&service, &account)
[INFO] [stdout]     |                                 ^^^^^^^^^ could not find `passwords` in `security_framework`
[INFO] [stdout] 
[INFO] [stdout] 
[INFO] [stdout] error[E0433]: cannot find `base` in `security_framework`
[INFO] [stdout]   --> src/error.rs:55:37
[INFO] [stdout]    |
[INFO] [stdout] 55 |         source: security_framework::base::Error,
[INFO] [stdout]    |                                     ^^^^ could not find `base` in `security_framework`
[INFO] [stdout] 
[INFO] [stdout] 
[INFO] [stdout] error[E0433]: cannot find `passwords` in `security_framework`
[INFO] [stdout]    --> src/claude.rs:102:33
[INFO] [stdout]     |
[INFO] [stdout] 102 |             security_framework::passwords::get_generic_password(&service, &account)
[INFO] [stdout]     |                                 ^^^^^^^^^ could not find `passwords` in `security_framework`
[INFO] [stdout] 
[INFO] [stdout] 
[INFO] [stdout] error[E0433]: cannot find `base` in `security_framework`
[INFO] [stdout]   --> src/error.rs:55:37
[INFO] [stdout]    |
[INFO] [stdout] 55 |         source: security_framework::base::Error,
[INFO] [stdout]    |                                     ^^^^ could not find `base` in `security_framework`
[INFO] [stdout] 
[INFO] [stdout] 
[INFO] [stdout] For more information about this error, try `rustc --explain E0433`.
[INFO] [stdout] 
[INFO] [stderr] error: could not compile `fishbowl-agents` (lib) due to 2 previous errors
[INFO] [stderr] warning: build failed, waiting for other jobs to finish...
[INFO] [stdout] For more information about this error, try `rustc --explain E0433`.
[INFO] [stdout] 
[INFO] [stderr] error: could not compile `fishbowl-agents` (lib test) due to 2 previous errors
[INFO] running `Command { std: "docker" "inspect" "898b297b7f3470178e0a781cb62f6c4625b3b437a658b0959c8e9944532324c5", kill_on_drop: false }`
[INFO] running `Command { std: "docker" "rm" "-f" "898b297b7f3470178e0a781cb62f6c4625b3b437a658b0959c8e9944532324c5", kill_on_drop: false }`
[INFO] [stdout] 898b297b7f3470178e0a781cb62f6c4625b3b437a658b0959c8e9944532324c5
