[INFO] fetching crate file_converter_shell 0.9.5...
[INFO] checking file_converter_shell-0.9.5 against 3154cc1a3e6424e44f438a95007d043ed5ceaaf6+rustflags=-Znext-solver=coherence for pr-133502-30
[INFO] extracting crate file_converter_shell 0.9.5 into /workspace/builds/worker-2-tc1/source
[INFO] started tweaking crates.io crate file_converter_shell 0.9.5
[INFO] finished tweaking crates.io crate file_converter_shell 0.9.5
[INFO] tweaked toml for crates.io crate file_converter_shell 0.9.5 written to /workspace/builds/worker-2-tc1/source/Cargo.toml
[INFO] validating manifest of crates.io crate file_converter_shell 0.9.5 on toolchain 3154cc1a3e6424e44f438a95007d043ed5ceaaf6
[INFO] running `Command { std: CARGO_HOME="/workspace/cargo-home" RUSTUP_HOME="/workspace/rustup-home" "/workspace/cargo-home/bin/cargo" "+3154cc1a3e6424e44f438a95007d043ed5ceaaf6" "metadata" "--manifest-path" "Cargo.toml" "--no-deps", kill_on_drop: false }`
[INFO] crate crates.io crate file_converter_shell 0.9.5 already has a lockfile, it will not be regenerated
[INFO] running `Command { std: CARGO_HOME="/workspace/cargo-home" RUSTUP_HOME="/workspace/rustup-home" "/workspace/cargo-home/bin/cargo" "+3154cc1a3e6424e44f438a95007d043ed5ceaaf6" "fetch" "--manifest-path" "Cargo.toml", kill_on_drop: false }`
[INFO] [stderr]     Updating crates.io index
[INFO] [stderr]  Downloading crates ...
[INFO] [stderr]   Downloaded liblzma v0.4.8
[INFO] [stderr]   Downloaded zip v4.6.1
[INFO] [stderr]   Downloaded deflate64 v0.1.12
[INFO] [stderr]   Downloaded ppmd-rust v1.4.1
[INFO] [stderr]   Downloaded bzip2 v0.6.1
[INFO] [stderr]   Downloaded file_converter_core v0.9.5
[INFO] [stderr]   Downloaded libbz2-rs-sys v0.2.5
[INFO] [stderr]   Downloaded trash v5.2.7
[INFO] [stderr]   Downloaded resvg v0.45.1
[INFO] [stderr]   Downloaded env_filter v2.0.0
[INFO] [stderr]   Downloaded usvg v0.45.1
[INFO] [stderr]   Downloaded pulldown-cmark v0.12.2
[INFO] [stderr]   Downloaded oxipng v9.1.5
[INFO] [stderr]   Downloaded libdeflater v1.26.0
[INFO] [stderr]   Downloaded env_logger v0.11.11
[INFO] [stderr]   Downloaded terminal_size v0.4.4
[INFO] [stderr]   Downloaded nom_locate v4.2.0
[INFO] [stderr]   Downloaded libdeflate-sys v1.26.0
[INFO] [stderr]   Downloaded rangemap v1.8.0
[INFO] [stderr]   Downloaded jxl-oxide v0.12.6
[INFO] [stderr]   Downloaded jxl-threadpool v1.0.0
[INFO] [stderr]   Downloaded jxl-vardct v0.11.1
[INFO] [stderr]   Downloaded jxl-oxide-common v1.0.0
[INFO] [stderr]   Downloaded jxl-bitstream v1.1.0
[INFO] [stderr]   Downloaded jxl-modular v0.11.3
[INFO] [stderr]   Downloaded jxl-grid v0.6.2
[INFO] [stderr]   Downloaded jxl-coding v1.0.1
[INFO] [stderr]   Downloaded jxl-image v0.13.0
[INFO] [stderr]   Downloaded jxl-frame v0.13.3
[INFO] [stderr]   Downloaded jxl-jbr v0.2.1
[INFO] [stderr]   Downloaded jxl-color v0.11.0
[INFO] [stderr]   Downloaded jxl-render v0.12.4
[INFO] [stderr]   Downloaded liblzma-sys v0.4.8
[INFO] [stderr]   Downloaded imgref v1.12.3
[INFO] [stderr]   Downloaded reborrow v0.5.5
[INFO] [stderr]   Downloaded pulp-wasm-simd-flag v0.1.1
[INFO] [stderr]   Downloaded exr v1.74.2
[INFO] [stderr]   Downloaded pulp v0.22.3
[INFO] [stderr]   Downloaded pdf-writer v0.15.0
[INFO] [stderr]   Downloaded jiff-tzdb-platform v0.1.3
[INFO] [stderr]   Downloaded defmt-macros v1.1.1
[INFO] [stderr]   Downloaded enough v0.4.4
[INFO] [stderr]   Downloaded jiff-tzdb v0.1.8
[INFO] [stderr]   Downloaded jiff-static v0.2.35
[INFO] [stderr]   Downloaded defmt-parser v1.0.0
[INFO] [stderr]   Downloaded cfb v0.14.0
[INFO] [stderr]   Downloaded archmage v0.9.28
[INFO] [stderr]   Downloaded hayro-postscript v0.1.0
[INFO] [stderr]   Downloaded jiff v0.2.35
[INFO] [stderr]   Downloaded infer v0.22.0
[INFO] [stderr]   Downloaded whereat v0.1.5
[INFO] [stderr]   Downloaded winarm-cpufeatures v0.1.2
[INFO] [stderr]   Downloaded safe_unaligned_simd v0.2.5
[INFO] [stderr]   Downloaded hayro-ccitt v0.3.0
[INFO] [stderr]   Downloaded defmt v1.1.1
[INFO] [stderr]   Downloaded archmage-macros v0.9.28
[INFO] [stderr]   Downloaded hayro v0.7.1
[INFO] [stderr]   Downloaded jiff-core v0.1.0
[INFO] [stderr]   Downloaded ultrahdr-core v0.4.1
[INFO] [stderr]   Downloaded safe_arch v1.2.0
[INFO] [stderr]   Downloaded hayro-jbig2 v0.3.0
[INFO] [stderr]   Downloaded glifo v0.1.1
[INFO] [stderr]   Downloaded hayro-jpeg2000 v0.3.5
[INFO] [stderr]   Downloaded vello_cpu v0.0.8
[INFO] [stderr]   Downloaded hayro-syntax v0.7.2
[INFO] [stderr]   Downloaded whatlang v0.18.0
[INFO] [stderr]   Downloaded vello_common v0.0.8
[INFO] [stderr]   Downloaded vello_common v0.0.9
[INFO] [stderr]   Downloaded zip v7.2.0
[INFO] [stderr]   Downloaded wide v1.7.0
[INFO] [stderr]   Downloaded linear-srgb v0.6.12
[INFO] [stderr]   Downloaded fast_image_resize v6.1.0
[INFO] [stderr]   Downloaded heic v0.1.6
[INFO] [stderr]   Downloaded pic-scale v0.7.11
[INFO] [stderr]   Downloaded hayro-cmap v0.1.0
[INFO] [stderr]   Downloaded ebook-rs v0.16.5
[INFO] [stderr]   Downloaded tiny_http v0.12.0
[INFO] [stderr]   Downloaded chunked_transfer v1.5.0
[INFO] [stderr]   Downloaded magetypes v0.9.28
[INFO] [stderr]   Downloaded hayro-interpret v0.7.0
[INFO] [stderr]   Downloaded ascii v1.1.0
[INFO] [stderr]   Downloaded compact_str v0.10.0
[INFO] [stderr]   Downloaded lopdf v0.35.0
[INFO] [stderr]   Downloaded hybrid-array v0.4.14
[INFO] [stderr]   Downloaded aes v0.9.3
[INFO] running `Command { std: "docker" "create" "-v" "/var/lib/crater-agent-workspace/builds/worker-2-tc1/source:/opt/rustwide/workdir:ro,Z" "-v" "/var/lib/crater-agent-workspace/builds/worker-2-tc1/target:/opt/rustwide/target:rw,Z" "-v" "/var/lib/crater-agent-workspace/cargo-home:/opt/rustwide/cargo-home:ro,Z" "-v" "/var/lib/crater-agent-workspace/rustup-home:/opt/rustwide/rustup-home:ro,Z" "-m" "1610612736" "--network" "none" "ghcr.io/rust-lang/crates-build-env/linux@sha256:77db811e55d90add9212f6832c23229e3de5f1c1f9905e8cb07319ea15df73ac" "sleep" "infinity", kill_on_drop: false }`
[INFO] [stdout] 40b27aefe30650b7b43a4e758ab83ae9754fee2c153a8903f56b4b4892730bae
[INFO] running `Command { std: "docker" "start" "40b27aefe30650b7b43a4e758ab83ae9754fee2c153a8903f56b4b4892730bae", kill_on_drop: false }`
[INFO] running `Command { std: "docker" "inspect" "40b27aefe30650b7b43a4e758ab83ae9754fee2c153a8903f56b4b4892730bae", kill_on_drop: false }`
[INFO] running `Command { std: "docker" "exec" "-e" "SOURCE_DIR=/opt/rustwide/workdir" "-e" "CARGO_HOME=/opt/rustwide/cargo-home" "-e" "RUSTUP_HOME=/opt/rustwide/rustup-home" "-e" "CARGO_TARGET_DIR=/opt/rustwide/target" "-w" "/opt/rustwide/workdir" "--user" "0:0" "40b27aefe30650b7b43a4e758ab83ae9754fee2c153a8903f56b4b4892730bae" "/opt/rustwide/cargo-home/bin/cargo" "+3154cc1a3e6424e44f438a95007d043ed5ceaaf6" "metadata" "--no-deps" "--format-version=1", kill_on_drop: false }`
[INFO] running `Command { std: "docker" "inspect" "40b27aefe30650b7b43a4e758ab83ae9754fee2c153a8903f56b4b4892730bae", kill_on_drop: false }`
[INFO] running `Command { std: "docker" "exec" "-e" "SOURCE_DIR=/opt/rustwide/workdir" "-e" "CARGO_HOME=/opt/rustwide/cargo-home" "-e" "RUSTUP_HOME=/opt/rustwide/rustup-home" "-e" "CARGO_TARGET_DIR=/opt/rustwide/target" "-e" "CARGO_INCREMENTAL=0" "-e" "RUST_BACKTRACE=full" "-e" "RUSTFLAGS=--cap-lints=forbid -Znext-solver=coherence" "-e" "RUSTDOCFLAGS=--cap-lints=forbid" "-w" "/opt/rustwide/workdir" "--user" "0:0" "40b27aefe30650b7b43a4e758ab83ae9754fee2c153a8903f56b4b4892730bae" "/opt/rustwide/cargo-home/bin/cargo" "+3154cc1a3e6424e44f438a95007d043ed5ceaaf6" "check" "--frozen" "--all" "--all-targets" "--message-format=json", kill_on_drop: false }`
[INFO] [stderr]    Compiling crossbeam-utils v0.8.22
[INFO] [stderr]     Checking log v0.4.34
[INFO] [stderr]    Compiling crossbeam-epoch v0.9.20
[INFO] [stderr]     Checking memchr v2.8.3
[INFO] [stderr]    Compiling crossbeam-deque v0.8.7
[INFO] [stderr]    Compiling find-msvc-tools v0.1.11
[INFO] [stderr]    Compiling libc v0.2.189
[INFO] [stderr]    Compiling num-traits v0.2.19
[INFO] [stderr]     Checking bitflags v2.13.1
[INFO] [stderr]     Checking arrayvec v0.7.8
[INFO] [stderr]     Checking zlib-rs v0.6.7
[INFO] [stderr]    Compiling syn v2.0.119
[INFO] [stderr]    Compiling syn v3.0.4
[INFO] [stderr]    Compiling thiserror v2.0.20
[INFO] [stderr]     Checking crypto-common v0.1.7
[INFO] [stderr]    Compiling zerocopy v0.8.56
[INFO] [stderr]     Checking hashbrown v0.17.1
[INFO] [stderr]     Checking as-slice v0.2.1
[INFO] [stderr]     Checking zune-core v0.5.3
[INFO] [stderr]    Compiling av-scenechange v0.14.1
[INFO] [stderr]     Checking alloc-no-stdlib v2.0.4
[INFO] [stderr]    Compiling built v0.8.1
[INFO] [stderr]     Checking alloc-stdlib v0.2.4
[INFO] [stderr]     Checking zune-jpeg v0.5.15
[INFO] [stderr]     Checking aligned v0.4.3
[INFO] [stderr]     Checking digest v0.10.7
[INFO] [stderr]     Checking hybrid-array v0.4.14
[INFO] [stderr]    Compiling pulp v0.22.3
[INFO] [stderr]    Compiling serde v1.0.229
[INFO] [stderr]     Checking y4m v0.8.0
[INFO] [stderr]     Checking fearless_simd v0.4.1
[INFO] [stderr]    Compiling pastey v0.1.1
[INFO] [stderr]     Checking siphasher v1.0.3
[INFO] [stderr]    Compiling rustix v1.1.4
[INFO] [stderr]     Checking no_std_io2 v0.9.4
[INFO] [stderr]    Compiling rav1e v0.8.1
[INFO] [stderr]     Checking nom v8.0.0
[INFO] [stderr]     Checking bitstream-io v4.10.0
[INFO] [stderr]     Checking brotli-decompressor v5.0.3
[INFO] [stderr]     Checking polycool v0.4.0
[INFO] [stderr]     Checking raw-cpuid v11.6.0
[INFO] [stderr]     Checking block-padding v0.3.3
[INFO] [stderr]     Checking itertools v0.14.0
[INFO] [stderr]    Compiling simd_helpers v0.1.0
[INFO] [stderr]    Compiling jobserver v0.1.35
[INFO] [stderr]    Compiling noop_proc_macro v0.3.0
[INFO] [stderr]     Checking new_debug_unreachable v1.0.6
[INFO] [stderr]     Checking pulp-wasm-simd-flag v0.1.1
[INFO] [stderr]     Checking imgref v1.12.3
[INFO] [stderr]     Checking linux-raw-sys v0.12.1
[INFO] [stderr]     Checking rayon-core v1.13.0
[INFO] [stderr]    Compiling cc v1.4.4
[INFO] [stderr]     Checking flate2 v1.1.10
[INFO] [stderr]     Checking num-integer v0.1.47
[INFO] [stderr]     Checking reborrow v0.5.5
[INFO] [stderr]     Checking loop9 v0.1.5
[INFO] [stderr]    Compiling phf_shared v0.13.1
[INFO] [stderr]     Checking moxcms v0.8.1
[INFO] [stderr]     Checking image-webp v0.2.4
[INFO] [stderr]     Checking num-bigint v0.4.8
[INFO] [stderr]     Checking rayon v1.12.0
[INFO] [stderr]     Checking inout v0.1.4
[INFO] [stderr]     Checking png v0.18.1
[INFO] [stderr]     Checking kurbo v0.13.1
[INFO] [stderr]     Checking block-padding v0.4.2
[INFO] [stderr]     Checking avif-serialize v0.8.9
[INFO] [stderr]     Checking zune-inflate v0.2.54
[INFO] [stderr]     Checking fax v0.2.7
[INFO] [stderr]    Compiling zstd-safe v7.2.4
[INFO] [stderr]    Compiling fastrand v2.5.0
[INFO] [stderr]     Checking lebe v0.5.3
[INFO] [stderr]     Checking bit_field v0.10.3
[INFO] [stderr]    Compiling phf_generator v0.13.1
[INFO] [stderr]     Checking ttf-parser v0.25.1
[INFO] [stderr]     Checking inout v0.2.2
[INFO] [stderr]     Checking cipher v0.4.4
[INFO] [stderr]     Checking getrandom v0.2.17
[INFO] [stderr]     Checking memmap2 v0.9.11
[INFO] [stderr]     Checking euclid v0.22.14
[INFO] [stderr]     Checking crypto-common v0.2.2
[INFO] [stderr]     Checking gif v0.14.2
[INFO] [stderr]     Checking hayro-ccitt v0.3.0
[INFO] [stderr]     Checking linebender_resource_handle v0.1.1
[INFO] [stderr]     Checking num-rational v0.4.2
[INFO] [stderr]     Checking scopeguard v1.2.0
[INFO] [stderr]    Compiling httparse v1.10.1
[INFO] [stderr]     Checking tinyvec v1.12.0
[INFO] [stderr]     Checking getrandom v0.3.4
[INFO] [stderr]     Checking brotli v8.0.4
[INFO] [stderr]     Checking aho-corasick v1.1.5
[INFO] [stderr]     Checking maybe-rayon v0.1.1
[INFO] [stderr]     Checking indexmap v2.14.1
[INFO] [stderr]     Checking kurbo v0.11.3
[INFO] [stderr]    Compiling zstd-sys v2.0.16+zstd.1.5.7
[INFO] [stderr]    Compiling ring v0.17.14
[INFO] [stderr]    Compiling libdeflate-sys v1.26.0
[INFO] [stderr]    Compiling liblzma-sys v0.4.8
[INFO] [stderr]    Compiling bytemuck_derive v1.12.0
[INFO] [stderr]    Compiling zerovec-derive v0.11.6
[INFO] [stderr]    Compiling displaydoc v0.2.7
[INFO] [stderr]    Compiling thiserror-impl v2.0.20
[INFO] [stderr]    Compiling serde_derive v1.0.229
[INFO] [stderr]     Checking terminal_size v0.4.4
[INFO] [stderr]     Checking cipher v0.5.2
[INFO] [stderr]     Checking guillotiere v0.7.0
[INFO] [stderr]    Compiling rustls v0.23.43
[INFO] [stderr]     Checking safe_unaligned_simd v0.2.5
[INFO] [stderr]     Checking hayro-postscript v0.1.0
[INFO] [stderr]     Checking unicode-bidi-mirroring v0.4.0
[INFO] [stderr]     Checking unicode-ccc v0.4.0
[INFO] [stderr]    Compiling getrandom v0.4.3
[INFO] [stderr]     Checking nom v7.1.3
[INFO] [stderr]     Checking zopfli v0.8.3
[INFO] [stderr]     Checking time v0.3.55
[INFO] [stderr]     Checking bytemuck v1.25.2
[INFO] [stderr]    Compiling synstructure v0.13.2
[INFO] [stderr]     Checking fontdb v0.23.0
[INFO] [stderr]     Checking clap_builder v4.6.6
[INFO] [stderr]     Checking rgb v0.8.53
[INFO] [stderr]     Checking num-complex v0.4.6
[INFO] [stderr]     Checking font-types v0.11.3
[INFO] [stderr]     Checking qoi v0.4.1
[INFO] [stderr]     Checking color v0.3.3
[INFO] [stderr]     Checking hayro-jpeg2000 v0.3.5
[INFO] [stderr]     Checking hayro-jbig2 v0.3.0
[INFO] [stderr]     Checking peniko v0.6.1
[INFO] [stderr]     Checking tiny-skia-path v0.11.4
[INFO] [stderr]     Checking read-fonts v0.39.2
[INFO] [stderr]     Checking vello_common v0.0.8
[INFO] [stderr]     Checking rustybuzz v0.20.1
[INFO] [stderr]     Checking chrono v0.4.45
[INFO] [stderr]     Checking hayro-syntax v0.7.2
[INFO] [stderr]     Checking regex-automata v0.4.18
[INFO] [stderr]    Compiling zerofrom-derive v0.1.7
[INFO] [stderr]    Compiling yoke-derive v0.8.2
[INFO] [stderr]    Compiling tracing-attributes v0.1.31
[INFO] [stderr]    Compiling equator-macro v0.4.2
[INFO] [stderr]    Compiling zerocopy-derive v0.8.56
[INFO] [stderr]    Compiling profiling-procmacros v1.0.18
[INFO] [stderr]    Compiling zeroize_derive v1.5.0
[INFO] [stderr]    Compiling arg_enum_proc_macro v0.3.4
[INFO] [stderr]     Checking equator v0.4.2
[INFO] [stderr]     Checking aligned-vec v0.6.4
[INFO] [stderr]     Checking profiling v1.0.18
[INFO] [stderr]    Compiling num-derive v0.4.2
[INFO] [stderr]     Checking zeroize v1.9.0
[INFO] [stderr]     Checking v_frame v0.3.9
[INFO] [stderr]     Checking rustls-pki-types v1.15.1
[INFO] [stderr]     Checking zerofrom v0.1.8
[INFO] [stderr]     Checking av1-grain v0.2.5
[INFO] [stderr]    Compiling phf_macros v0.13.1
[INFO] [stderr]     Checking yoke v0.8.3
[INFO] [stderr]     Checking tracing v0.1.44
[INFO] [stderr]    Compiling archmage-macros v0.9.28
[INFO] [stderr]     Checking zerovec v0.11.8
[INFO] [stderr]     Checking zerotrie v0.2.5
[INFO] [stderr]     Checking jxl-bitstream v1.1.0
[INFO] [stderr]     Checking jxl-grid v0.6.2
[INFO] [stderr]     Checking jxl-oxide-common v1.0.0
[INFO] [stderr]     Checking jxl-coding v1.0.1
[INFO] [stderr]     Checking jxl-threadpool v1.0.0
[INFO] [stderr]     Checking hayro-cmap v0.1.0
[INFO] [stderr]     Checking png v0.17.16
[INFO] [stderr]     Checking http v1.5.0
[INFO] [stderr]     Checking svgtypes v0.15.3
[INFO] [stderr]     Checking jxl-image v0.13.0
[INFO] [stderr]     Checking tinystr v0.8.4
[INFO] [stderr]     Checking potential_utf v0.1.6
[INFO] [stderr]     Checking jxl-modular v0.11.3
[INFO] [stderr]     Checking phf v0.13.1
[INFO] [stderr]     Checking icu_collections v2.3.0
[INFO] [stderr]     Checking icu_locale_core v2.3.0
[INFO] [stderr]     Checking parking_lot_core v0.9.12
[INFO] [stderr]     Checking jxl-color v0.11.0
[INFO] [stderr]     Checking lock_api v0.4.14
[INFO] [stderr]     Checking form_urlencoded v1.2.2
[INFO] [stderr]     Checking aes v0.8.4
[INFO] [stderr]     Checking hmac v0.12.1
[INFO] [stderr]     Checking simplecss v0.2.2
[INFO] [stderr]     Checking env_filter v2.0.0
[INFO] [stderr]    Compiling pulldown-cmark v0.12.2
[INFO] [stderr]     Checking ascii v1.1.0
[INFO] [stderr]     Checking jxl-vardct v0.11.1
[INFO] [stderr]     Checking rustls-webpki v0.103.15
[INFO] [stderr]     Checking bytecount v0.6.9
[INFO] [stderr]     Checking chunked_transfer v1.5.0
[INFO] [stderr]     Checking cpubits v0.1.1
[INFO] [stderr]     Checking uuid v1.26.0
[INFO] [stderr]     Checking web-time v1.1.0
[INFO] [stderr]     Checking libbz2-rs-sys v0.2.5
[INFO] [stderr]     Checking tiny_http v0.12.0
[INFO] [stderr]     Checking usvg v0.45.1
[INFO] [stderr]     Checking aes v0.9.3
[INFO] [stderr]     Checking tiny-skia v0.11.4
[INFO] [stderr]     Checking cfb v0.14.0
[INFO] [stderr]     Checking nom_locate v4.2.0
[INFO] [stderr]     Checking jxl-frame v0.13.3
[INFO] [stderr]    Compiling strum_macros v0.26.4
[INFO] [stderr]     Checking getopts v0.2.24
[INFO] [stderr]     Checking icu_provider v2.3.1
[INFO] [stderr]     Checking env_logger v0.11.11
[INFO] [stderr]     Checking pbkdf2 v0.12.2
[INFO] [stderr]     Checking icu_normalizer v2.3.0
[INFO] [stderr]     Checking icu_properties v2.3.0
[INFO] [stderr]     Checking archmage v0.9.28
[INFO] [stderr]     Checking zip v7.2.0
[INFO] [stderr]     Checking bzip2 v0.6.1
[INFO] [stderr]     Checking ureq-proto v0.6.1
[INFO] [stderr]     Checking magetypes v0.9.28
[INFO] [stderr]     Checking parking_lot v0.12.5
[INFO] [stderr]     Checking jxl-jbr v0.2.1
[INFO] [stderr]     Checking jxl-render v0.12.4
[INFO] [stderr]     Checking liblzma v0.4.8
[INFO] [stderr]     Checking regex v1.13.1
[INFO] [stderr]     Checking libdeflater v1.26.0
[INFO] [stderr]     Checking webpki-roots v1.0.9
[INFO] [stderr]     Checking compact_str v0.10.0
[INFO] [stderr]     Checking clap v4.6.6
[INFO] [stderr]     Checking vello_cpu v0.0.8
[INFO] [stderr]     Checking serde_json v1.0.151
[INFO] [stderr]     Checking whatlang v0.18.0
[INFO] [stderr]     Checking cbc v0.2.1
[INFO] [stderr]     Checking cbc v0.1.2
[INFO] [stderr]     Checking sha1 v0.10.7
[INFO] [stderr]     Checking filetime v0.2.29
[INFO] [stderr]     Checking pic-scale v0.7.11
[INFO] [stderr]     Checking crossbeam-channel v0.5.16
[INFO] [stderr]     Checking roxmltree v0.21.1
[INFO] [stderr]     Checking md-5 v0.10.6
[INFO] [stderr]     Checking idna_adapter v1.2.2
[INFO] [stderr]     Checking idna v1.1.0
[INFO] [stderr]     Checking rangemap v1.8.0
[INFO] [stderr]     Checking constant_time_eq v0.3.1
[INFO] [stderr]     Checking whereat v0.1.5
[INFO] [stderr]     Checking deflate64 v0.1.12
[INFO] [stderr]     Checking simdutf8 v0.1.5
[INFO] [stderr]     Checking url v2.5.8
[INFO] [stderr]     Checking ppmd-rust v1.4.1
[INFO] [stderr]     Checking utf8-zero v0.8.1
[INFO] [stderr]     Checking jiff-core v0.1.0
[INFO] [stderr]     Checking pulldown-cmark-escape v0.11.0
[INFO] [stderr]     Checking unicase v2.9.0
[INFO] [stderr]     Checking enough v0.4.4
[INFO] [stderr]     Checking trash v5.2.7
[INFO] [stderr]     Checking lopdf v0.35.0
[INFO] [stderr]     Checking oxipng v9.1.5
[INFO] [stderr]     Checking tempfile v3.27.0
[INFO] [stderr]     Checking resvg v0.45.1
[INFO] [stderr]     Checking infer v0.22.0
[INFO] [stderr]     Checking compact_str v0.9.1
[INFO] [stderr]     Checking pdf-writer v0.15.0
[INFO] [stderr]     Checking strum v0.26.3
[INFO] [stderr]     Checking quick-xml v0.36.2
[INFO] [stderr]     Checking sha2 v0.10.9
[INFO] [stderr]     Checking jiff v0.2.35
[INFO] [stderr]     Checking heic v0.1.6
[INFO] [stderr]     Checking skrifa v0.42.1
[INFO] [stderr]     Checking ureq v3.4.0
[INFO] [stderr]     Checking half v2.7.1
[INFO] [stderr]     Checking ahash v0.8.12
[INFO] [stderr]     Checking exr v1.74.2
[INFO] [stderr]     Checking tiff v0.11.3
[INFO] [stderr]     Checking ravif v0.13.0
[INFO] [stderr]     Checking zstd v0.13.3
[INFO] [stderr]     Checking ebook-rs v0.16.5
[INFO] [stderr]     Checking zip v4.6.1
[INFO] [stderr]     Checking hayro-interpret v0.7.0
[INFO] [stderr]     Checking image v0.25.10
[INFO] [stderr]     Checking jxl-oxide v0.12.6
[INFO] [stderr]     Checking hayro v0.7.1
[INFO] [stderr]     Checking fast_image_resize v6.1.0
[INFO] [stderr]     Checking file_converter_core v0.9.5
[INFO] [stderr]     Checking file_converter_shell v0.9.5 (/opt/rustwide/workdir)
[INFO] [stdout] error[E0433]: cannot find `windows` in `os`
[INFO] [stdout]   --> src/lib.rs:13:14
[INFO] [stdout]    |
[INFO] [stdout] 13 | use std::os::windows::ffi::OsStringExt;
[INFO] [stdout]    |              ^^^^^^^ could not find `windows` in `os`
[INFO] [stdout]    |
[INFO] [stdout] note: found an item that was configured out
[INFO] [stdout]   --> /rustc/3154cc1a3e6424e44f438a95007d043ed5ceaaf6/library/std/src/os/mod.rs:62:4
[INFO] [stdout]    |
[INFO] [stdout]    = note: the item is gated behind the `windows` feature
[INFO] [stdout] 
[INFO] [stdout] 
[INFO] [stdout] error[E0433]: cannot find module or crate `windows` in this scope
[INFO] [stdout]   --> src/lib.rs:27:13
[INFO] [stdout]    |
[INFO] [stdout] 27 |     pub use windows::core::*;
[INFO] [stdout]    |             ^^^^^^^ use of unresolved module or unlinked crate `windows`
[INFO] [stdout]    |
[INFO] [stdout]    = help: if you wanted to use a crate named `windows`, use `cargo add windows` to add it to your `Cargo.toml`
[INFO] [stdout] 
[INFO] [stdout] 
[INFO] [stdout] error[E0433]: cannot find module or crate `windows` in this scope
[INFO] [stdout]   --> src/lib.rs:29:5
[INFO] [stdout]    |
[INFO] [stdout] 29 | use windows::Win32::Foundation::{
[INFO] [stdout]    |     ^^^^^^^ use of unresolved module or unlinked crate `windows`
[INFO] [stdout]    |
[INFO] [stdout]    = help: if you wanted to use a crate named `windows`, use `cargo add windows` to add it to your `Cargo.toml`
[INFO] [stdout] 
[INFO] [stdout] 
[INFO] [stdout] error[E0433]: cannot find module or crate `windows` in this scope
[INFO] [stdout]   --> src/lib.rs:32:5
[INFO] [stdout]    |
[INFO] [stdout] 32 | use windows::Win32::Graphics::Gdi::{CreateBitmap, DeleteObject, HBITMAP};
[INFO] [stdout]    |     ^^^^^^^ use of unresolved module or unlinked crate `windows`
[INFO] [stdout]    |
[INFO] [stdout]    = help: if you wanted to use a crate named `windows`, use `cargo add windows` to add it to your `Cargo.toml`
[INFO] [stdout] 
[INFO] [stdout] 
[INFO] [stdout] error[E0433]: cannot find module or crate `windows` in this scope
[INFO] [stdout]   --> src/lib.rs:33:5
[INFO] [stdout]    |
[INFO] [stdout] 33 | use windows::Win32::System::Com::{
[INFO] [stdout]    |     ^^^^^^^ use of unresolved module or unlinked crate `windows`
[INFO] [stdout]    |
[INFO] [stdout]    = help: if you wanted to use a crate named `windows`, use `cargo add windows` to add it to your `Cargo.toml`
[INFO] [stdout] 
[INFO] [stdout] 
[INFO] [stdout] error[E0433]: cannot find module or crate `windows` in this scope
[INFO] [stdout]   --> src/lib.rs:37:5
[INFO] [stdout]    |
[INFO] [stdout] 37 | use windows::Win32::System::Diagnostics::Debug::OutputDebugStringW;
[INFO] [stdout]    |     ^^^^^^^ use of unresolved module or unlinked crate `windows`
[INFO] [stdout]    |
[INFO] [stdout]    = help: if you wanted to use a crate named `windows`, use `cargo add windows` to add it to your `Cargo.toml`
[INFO] [stdout] 
[INFO] [stdout] 
[INFO] [stdout] error[E0433]: cannot find module or crate `windows` in this scope
[INFO] [stdout]   --> src/lib.rs:38:5
[INFO] [stdout]    |
[INFO] [stdout] 38 | use windows::core::{GUID, HRESULT, Interface, PCWSTR, PSTR, PWSTR, Result, implement};
[INFO] [stdout]    |     ^^^^^^^ use of unresolved module or unlinked crate `windows`
[INFO] [stdout]    |
[INFO] [stdout]    = help: if you wanted to use a crate named `windows`, use `cargo add windows` to add it to your `Cargo.toml`
[INFO] [stdout] 
[INFO] [stdout] 
[INFO] [stdout] error[E0433]: cannot find module or crate `windows` in this scope
[INFO] [stdout]   --> src/lib.rs:56:5
[INFO] [stdout]    |
[INFO] [stdout] 56 | use windows::Win32::System::LibraryLoader::{GetModuleFileNameW, GetModuleHandleW};
[INFO] [stdout]    |     ^^^^^^^ use of unresolved module or unlinked crate `windows`
[INFO] [stdout]    |
[INFO] [stdout]    = help: if you wanted to use a crate named `windows`, use `cargo add windows` to add it to your `Cargo.toml`
[INFO] [stdout] 
[INFO] [stdout] 
[INFO] [stdout] error[E0433]: cannot find module or crate `windows` in this scope
[INFO] [stdout]   --> src/lib.rs:57:5
[INFO] [stdout]    |
[INFO] [stdout] 57 | use windows::Win32::System::Memory::{GlobalLock, GlobalUnlock};
[INFO] [stdout]    |     ^^^^^^^ use of unresolved module or unlinked crate `windows`
[INFO] [stdout]    |
[INFO] [stdout]    = help: if you wanted to use a crate named `windows`, use `cargo add windows` to add it to your `Cargo.toml`
[INFO] [stdout] 
[INFO] [stdout] 
[INFO] [stdout] error[E0433]: cannot find module or crate `windows` in this scope
[INFO] [stdout]   --> src/lib.rs:58:5
[INFO] [stdout]    |
[INFO] [stdout] 58 | use windows::Win32::System::Registry::HKEY;
[INFO] [stdout]    |     ^^^^^^^ use of unresolved module or unlinked crate `windows`
[INFO] [stdout]    |
[INFO] [stdout]    = help: if you wanted to use a crate named `windows`, use `cargo add windows` to add it to your `Cargo.toml`
[INFO] [stdout] 
[INFO] [stdout] 
[INFO] [stdout] error[E0433]: cannot find `windows` in `os`
[INFO] [stdout]   --> src/lib.rs:13:14
[INFO] [stdout]    |
[INFO] [stdout] 13 | use std::os::windows::ffi::OsStringExt;
[INFO] [stdout]    |              ^^^^^^^ could not find `windows` in `os`
[INFO] [stdout]    |
[INFO] [stdout] note: found an item that was configured out
[INFO] [stdout]   --> /rustc/3154cc1a3e6424e44f438a95007d043ed5ceaaf6/library/std/src/os/mod.rs:62:4
[INFO] [stdout]    |
[INFO] [stdout]    = note: the item is gated behind the `windows` feature
[INFO] [stdout] 
[INFO] [stdout] 
[INFO] [stdout] error[E0433]: cannot find module or crate `windows` in this scope
[INFO] [stdout]   --> src/lib.rs:27:13
[INFO] [stdout]    |
[INFO] [stdout] 27 |     pub use windows::core::*;
[INFO] [stdout]    |             ^^^^^^^ use of unresolved module or unlinked crate `windows`
[INFO] [stdout]    |
[INFO] [stdout]    = help: if you wanted to use a crate named `windows`, use `cargo add windows` to add it to your `Cargo.toml`
[INFO] [stdout] 
[INFO] [stdout] 
[INFO] [stdout] error[E0433]: cannot find module or crate `windows` in this scope
[INFO] [stdout]   --> src/lib.rs:29:5
[INFO] [stdout]    |
[INFO] [stdout] 29 | use windows::Win32::Foundation::{
[INFO] [stdout]    |     ^^^^^^^ use of unresolved module or unlinked crate `windows`
[INFO] [stdout]    |
[INFO] [stdout]    = help: if you wanted to use a crate named `windows`, use `cargo add windows` to add it to your `Cargo.toml`
[INFO] [stdout] 
[INFO] [stdout] 
[INFO] [stdout] error[E0433]: cannot find module or crate `windows` in this scope
[INFO] [stdout]   --> src/lib.rs:32:5
[INFO] [stdout]    |
[INFO] [stdout] 32 | use windows::Win32::Graphics::Gdi::{CreateBitmap, DeleteObject, HBITMAP};
[INFO] [stdout]    |     ^^^^^^^ use of unresolved module or unlinked crate `windows`
[INFO] [stdout]    |
[INFO] [stdout]    = help: if you wanted to use a crate named `windows`, use `cargo add windows` to add it to your `Cargo.toml`
[INFO] [stdout] 
[INFO] [stdout] 
[INFO] [stdout] error[E0433]: cannot find module or crate `windows` in this scope
[INFO] [stdout]   --> src/lib.rs:33:5
[INFO] [stdout]    |
[INFO] [stdout] 33 | use windows::Win32::System::Com::{
[INFO] [stdout]    |     ^^^^^^^ use of unresolved module or unlinked crate `windows`
[INFO] [stdout]    |
[INFO] [stdout]    = help: if you wanted to use a crate named `windows`, use `cargo add windows` to add it to your `Cargo.toml`
[INFO] [stdout] 
[INFO] [stdout] 
[INFO] [stdout] error[E0433]: cannot find module or crate `windows` in this scope
[INFO] [stdout]   --> src/lib.rs:37:5
[INFO] [stdout]    |
[INFO] [stdout] 37 | use windows::Win32::System::Diagnostics::Debug::OutputDebugStringW;
[INFO] [stdout]    |     ^^^^^^^ use of unresolved module or unlinked crate `windows`
[INFO] [stdout]    |
[INFO] [stdout]    = help: if you wanted to use a crate named `windows`, use `cargo add windows` to add it to your `Cargo.toml`
[INFO] [stdout] 
[INFO] [stdout] 
[INFO] [stdout] error[E0433]: cannot find module or crate `windows` in this scope
[INFO] [stdout]   --> src/lib.rs:38:5
[INFO] [stdout]    |
[INFO] [stdout] 38 | use windows::core::{GUID, HRESULT, Interface, PCWSTR, PSTR, PWSTR, Result, implement};
[INFO] [stdout]    |     ^^^^^^^ use of unresolved module or unlinked crate `windows`
[INFO] [stdout]    |
[INFO] [stdout]    = help: if you wanted to use a crate named `windows`, use `cargo add windows` to add it to your `Cargo.toml`
[INFO] [stdout] 
[INFO] [stdout] 
[INFO] [stdout] error[E0433]: cannot find module or crate `windows` in this scope
[INFO] [stdout]   --> src/lib.rs:56:5
[INFO] [stdout]    |
[INFO] [stdout] 56 | use windows::Win32::System::LibraryLoader::{GetModuleFileNameW, GetModuleHandleW};
[INFO] [stdout]    |     ^^^^^^^ use of unresolved module or unlinked crate `windows`
[INFO] [stdout]    |
[INFO] [stdout]    = help: if you wanted to use a crate named `windows`, use `cargo add windows` to add it to your `Cargo.toml`
[INFO] [stdout] 
[INFO] [stdout] 
[INFO] [stdout] error[E0433]: cannot find module or crate `windows` in this scope
[INFO] [stdout]   --> src/lib.rs:57:5
[INFO] [stdout]    |
[INFO] [stdout] 57 | use windows::Win32::System::Memory::{GlobalLock, GlobalUnlock};
[INFO] [stdout]    |     ^^^^^^^ use of unresolved module or unlinked crate `windows`
[INFO] [stdout]    |
[INFO] [stdout]    = help: if you wanted to use a crate named `windows`, use `cargo add windows` to add it to your `Cargo.toml`
[INFO] [stdout] 
[INFO] [stdout] 
[INFO] [stdout] error[E0433]: cannot find module or crate `windows` in this scope
[INFO] [stdout]   --> src/lib.rs:58:5
[INFO] [stdout]    |
[INFO] [stdout] 58 | use windows::Win32::System::Registry::HKEY;
[INFO] [stdout]    |     ^^^^^^^ use of unresolved module or unlinked crate `windows`
[INFO] [stdout]    |
[INFO] [stdout]    = help: if you wanted to use a crate named `windows`, use `cargo add windows` to add it to your `Cargo.toml`
[INFO] [stdout] 
[INFO] [stdout] 
[INFO] [stdout] error[E0433]: cannot find module or crate `windows` in this scope
[INFO] [stdout]   --> src/lib.rs:59:5
[INFO] [stdout]    |
[INFO] [stdout] 59 | use windows::Win32::UI::Controls::HPROPSHEETPAGE;
[INFO] [stdout]    |     ^^^^^^^ use of unresolved module or unlinked crate `windows`
[INFO] [stdout]    |
[INFO] [stdout]    = help: if you wanted to use a crate named `windows`, use `cargo add windows` to add it to your `Cargo.toml`
[INFO] [stdout] 
[INFO] [stdout] 
[INFO] [stdout] error[E0433]: cannot find module or crate `windows` in this scope
[INFO] [stdout]   --> src/lib.rs:59:5
[INFO] [stdout]    |
[INFO] [stdout] 59 | use windows::Win32::UI::Controls::HPROPSHEETPAGE;
[INFO] [stdout]    |     ^^^^^^^ use of unresolved module or unlinked crate `windows`
[INFO] [stdout]    |
[INFO] [stdout]    = help: if you wanted to use a crate named `windows`, use `cargo add windows` to add it to your `Cargo.toml`
[INFO] [stdout] 
[INFO] [stdout] 
[INFO] [stdout] error[E0433]: cannot find module or crate `windows` in this scope
[INFO] [stdout]   --> src/lib.rs:60:5
[INFO] [stdout]    |
[INFO] [stdout] 60 | use windows::Win32::UI::Shell::Common::ITEMIDLIST;
[INFO] [stdout]    |     ^^^^^^^ use of unresolved module or unlinked crate `windows`
[INFO] [stdout]    |
[INFO] [stdout]    = help: if you wanted to use a crate named `windows`, use `cargo add windows` to add it to your `Cargo.toml`
[INFO] [stdout] 
[INFO] [stdout] 
[INFO] [stdout] error[E0433]: cannot find module or crate `windows` in this scope
[INFO] [stdout]   --> src/lib.rs:61:5
[INFO] [stdout]    |
[INFO] [stdout] 61 | use windows::Win32::UI::Shell::{
[INFO] [stdout]    |     ^^^^^^^ use of unresolved module or unlinked crate `windows`
[INFO] [stdout]    |
[INFO] [stdout]    = help: if you wanted to use a crate named `windows`, use `cargo add windows` to add it to your `Cargo.toml`
[INFO] [stdout] 
[INFO] [stdout] 
[INFO] [stdout] error[E0433]: cannot find module or crate `windows` in this scope
[INFO] [stdout]   --> src/lib.rs:69:5
[INFO] [stdout]    |
[INFO] [stdout] 69 | use windows::Win32::UI::WindowsAndMessaging::{
[INFO] [stdout]    |     ^^^^^^^ use of unresolved module or unlinked crate `windows`
[INFO] [stdout]    |
[INFO] [stdout]    = help: if you wanted to use a crate named `windows`, use `cargo add windows` to add it to your `Cargo.toml`
[INFO] [stdout] 
[INFO] [stdout] 
[INFO] [stdout] error[E0433]: cannot find module or crate `winreg` in this scope
[INFO] [stdout]    --> src/lib.rs:720:9
[INFO] [stdout]     |
[INFO] [stdout] 720 |     use winreg::enums::{HKEY_CURRENT_USER, HKEY_LOCAL_MACHINE};
[INFO] [stdout]     |         ^^^^^^ use of unresolved module or unlinked crate `winreg`
[INFO] [stdout]     |
[INFO] [stdout]     = help: if you wanted to use a crate named `winreg`, use `cargo add winreg` to add it to your `Cargo.toml`
[INFO] [stdout] 
[INFO] [stdout] 
[INFO] [stdout] error[E0433]: cannot find module or crate `windows` in this scope
[INFO] [stdout]   --> src/lib.rs:60:5
[INFO] [stdout]    |
[INFO] [stdout] 60 | use windows::Win32::UI::Shell::Common::ITEMIDLIST;
[INFO] [stdout]    |     ^^^^^^^ use of unresolved module or unlinked crate `windows`
[INFO] [stdout]    |
[INFO] [stdout]    = help: if you wanted to use a crate named `windows`, use `cargo add windows` to add it to your `Cargo.toml`
[INFO] [stdout] 
[INFO] [stdout] 
[INFO] [stdout] error[E0433]: cannot find module or crate `windows` in this scope
[INFO] [stdout]   --> src/lib.rs:61:5
[INFO] [stdout]    |
[INFO] [stdout] 61 | use windows::Win32::UI::Shell::{
[INFO] [stdout]    |     ^^^^^^^ use of unresolved module or unlinked crate `windows`
[INFO] [stdout]    |
[INFO] [stdout]    = help: if you wanted to use a crate named `windows`, use `cargo add windows` to add it to your `Cargo.toml`
[INFO] [stdout] 
[INFO] [stdout] 
[INFO] [stdout] error[E0433]: cannot find module or crate `windows` in this scope
[INFO] [stdout]   --> src/lib.rs:69:5
[INFO] [stdout]    |
[INFO] [stdout] 69 | use windows::Win32::UI::WindowsAndMessaging::{
[INFO] [stdout]    |     ^^^^^^^ use of unresolved module or unlinked crate `windows`
[INFO] [stdout]    |
[INFO] [stdout]    = help: if you wanted to use a crate named `windows`, use `cargo add windows` to add it to your `Cargo.toml`
[INFO] [stdout] 
[INFO] [stdout] 
[INFO] [stdout] error[E0432]: unresolved import `winreg`
[INFO] [stdout]    --> src/lib.rs:719:9
[INFO] [stdout]     |
[INFO] [stdout] 719 |     use winreg::RegKey;
[INFO] [stdout]     |         ^^^^^^ use of unresolved module or unlinked crate `winreg`
[INFO] [stdout]     |
[INFO] [stdout]     = help: if you wanted to use a crate named `winreg`, use `cargo add winreg` to add it to your `Cargo.toml`
[INFO] [stdout] 
[INFO] [stdout] 
[INFO] [stdout] error[E0433]: cannot find module or crate `winreg` in this scope
[INFO] [stdout]    --> src/lib.rs:720:9
[INFO] [stdout]     |
[INFO] [stdout] 720 |     use winreg::enums::{HKEY_CURRENT_USER, HKEY_LOCAL_MACHINE};
[INFO] [stdout]     |         ^^^^^^ use of unresolved module or unlinked crate `winreg`
[INFO] [stdout]     |
[INFO] [stdout]     = help: if you wanted to use a crate named `winreg`, use `cargo add winreg` to add it to your `Cargo.toml`
[INFO] [stdout] 
[INFO] [stdout] 
[INFO] [stdout] error[E0432]: unresolved import `winreg`
[INFO] [stdout]    --> src/lib.rs:719:9
[INFO] [stdout]     |
[INFO] [stdout] 719 |     use winreg::RegKey;
[INFO] [stdout]     |         ^^^^^^ use of unresolved module or unlinked crate `winreg`
[INFO] [stdout]     |
[INFO] [stdout]     = help: if you wanted to use a crate named `winreg`, use `cargo add winreg` to add it to your `Cargo.toml`
[INFO] [stdout] 
[INFO] [stdout] 
[INFO] [stdout] error[E0433]: cannot find module or crate `windows` in this scope
[INFO] [stdout]    --> src/lib.rs:367:37
[INFO] [stdout]     |
[INFO] [stdout] 367 |                         dwTypeData: windows::core::PWSTR(name_wide.as_mut_ptr()),
[INFO] [stdout]     |                                     ^^^^^^^ use of unresolved module or unlinked crate `windows`
[INFO] [stdout]     |
[INFO] [stdout]     = help: if you wanted to use a crate named `windows`, use `cargo add windows` to add it to your `Cargo.toml`
[INFO] [stdout] 
[INFO] [stdout] 
[INFO] [stdout] error[E0433]: cannot find module or crate `windows` in this scope
[INFO] [stdout]    --> src/lib.rs:367:37
[INFO] [stdout]     |
[INFO] [stdout] 367 |                         dwTypeData: windows::core::PWSTR(name_wide.as_mut_ptr()),
[INFO] [stdout]     |                                     ^^^^^^^ use of unresolved module or unlinked crate `windows`
[INFO] [stdout]     |
[INFO] [stdout]     = help: if you wanted to use a crate named `windows`, use `cargo add windows` to add it to your `Cargo.toml`
[INFO] [stdout] 
[INFO] [stdout] 
[INFO] [stdout] error[E0433]: cannot find module or crate `windows` in this scope
[INFO] [stdout]    --> src/lib.rs:400:37
[INFO] [stdout]     |
[INFO] [stdout] 400 |                         dwTypeData: windows::core::PWSTR(name_wide.as_mut_ptr()),
[INFO] [stdout]     |                                     ^^^^^^^ use of unresolved module or unlinked crate `windows`
[INFO] [stdout]     |
[INFO] [stdout]     = help: if you wanted to use a crate named `windows`, use `cargo add windows` to add it to your `Cargo.toml`
[INFO] [stdout] 
[INFO] [stdout] 
[INFO] [stdout] error[E0433]: cannot find module or crate `windows` in this scope
[INFO] [stdout]    --> src/lib.rs:400:37
[INFO] [stdout]     |
[INFO] [stdout] 400 |                         dwTypeData: windows::core::PWSTR(name_wide.as_mut_ptr()),
[INFO] [stdout]     |                                     ^^^^^^^ use of unresolved module or unlinked crate `windows`
[INFO] [stdout]     |
[INFO] [stdout]     = help: if you wanted to use a crate named `windows`, use `cargo add windows` to add it to your `Cargo.toml`
[INFO] [stdout] 
[INFO] [stdout] 
[INFO] [stdout] error[E0433]: cannot find module or crate `windows` in this scope
[INFO] [stdout]    --> src/lib.rs:426:33
[INFO] [stdout]     |
[INFO] [stdout] 426 |                     dwTypeData: windows::core::PWSTR(config_text_wide.as_mut_ptr()),
[INFO] [stdout]     |                                 ^^^^^^^ use of unresolved module or unlinked crate `windows`
[INFO] [stdout]     |
[INFO] [stdout]     = help: if you wanted to use a crate named `windows`, use `cargo add windows` to add it to your `Cargo.toml`
[INFO] [stdout] 
[INFO] [stdout] 
[INFO] [stdout] error[E0433]: cannot find module or crate `windows` in this scope
[INFO] [stdout]    --> src/lib.rs:426:33
[INFO] [stdout]     |
[INFO] [stdout] 426 |                     dwTypeData: windows::core::PWSTR(config_text_wide.as_mut_ptr()),
[INFO] [stdout]     |                                 ^^^^^^^ use of unresolved module or unlinked crate `windows`
[INFO] [stdout]     |
[INFO] [stdout]     = help: if you wanted to use a crate named `windows`, use `cargo add windows` to add it to your `Cargo.toml`
[INFO] [stdout] 
[INFO] [stdout] 
[INFO] [stdout] error[E0433]: cannot find module or crate `windows` in this scope
[INFO] [stdout]    --> src/lib.rs:443:33
[INFO] [stdout]     |
[INFO] [stdout] 443 |                     dwTypeData: windows::core::PWSTR(parent_text_wide.as_mut_ptr()),
[INFO] [stdout]     |                                 ^^^^^^^ use of unresolved module or unlinked crate `windows`
[INFO] [stdout]     |
[INFO] [stdout]     = help: if you wanted to use a crate named `windows`, use `cargo add windows` to add it to your `Cargo.toml`
[INFO] [stdout] 
[INFO] [stdout] 
[INFO] [stdout] error[E0433]: cannot find module or crate `windows` in this scope
[INFO] [stdout]    --> src/lib.rs:443:33
[INFO] [stdout]     |
[INFO] [stdout] 443 |                     dwTypeData: windows::core::PWSTR(parent_text_wide.as_mut_ptr()),
[INFO] [stdout]     |                                 ^^^^^^^ use of unresolved module or unlinked crate `windows`
[INFO] [stdout]     |
[INFO] [stdout]     = help: if you wanted to use a crate named `windows`, use `cargo add windows` to add it to your `Cargo.toml`
[INFO] [stdout] 
[INFO] [stdout] 
[INFO] [stdout] error[E0433]: cannot find module or crate `windows` in this scope
[INFO] [stdout]    --> src/lib.rs:598:24
[INFO] [stdout]     |
[INFO] [stdout] 598 |             return Err(windows::Win32::Foundation::E_OUTOFMEMORY.into());
[INFO] [stdout]     |                        ^^^^^^^ use of unresolved module or unlinked crate `windows`
[INFO] [stdout]     |
[INFO] [stdout]     = help: if you wanted to use a crate named `windows`, use `cargo add windows` to add it to your `Cargo.toml`
[INFO] [stdout] 
[INFO] [stdout] 
[INFO] [stdout] error[E0433]: cannot find module or crate `windows` in this scope
[INFO] [stdout]    --> src/lib.rs:598:24
[INFO] [stdout]     |
[INFO] [stdout] 598 |             return Err(windows::Win32::Foundation::E_OUTOFMEMORY.into());
[INFO] [stdout]     |                        ^^^^^^^ use of unresolved module or unlinked crate `windows`
[INFO] [stdout]     |
[INFO] [stdout]     = help: if you wanted to use a crate named `windows`, use `cargo add windows` to add it to your `Cargo.toml`
[INFO] [stdout] 
[INFO] [stdout] 
[INFO] [stdout] error[E0433]: cannot find module or crate `windows` in this scope
[INFO] [stdout]    --> src/lib.rs:645:16
[INFO] [stdout]     |
[INFO] [stdout] 645 |             Ok(windows::Win32::UI::Shell::ECS_HIDDEN.0 as u32)
[INFO] [stdout]     |                ^^^^^^^ use of unresolved module or unlinked crate `windows`
[INFO] [stdout]     |
[INFO] [stdout]     = help: if you wanted to use a crate named `windows`, use `cargo add windows` to add it to your `Cargo.toml`
[INFO] [stdout] 
[INFO] [stdout] 
[INFO] [stdout] error[E0433]: cannot find module or crate `windows` in this scope
[INFO] [stdout]    --> src/lib.rs:645:16
[INFO] [stdout]     |
[INFO] [stdout] 645 |             Ok(windows::Win32::UI::Shell::ECS_HIDDEN.0 as u32)
[INFO] [stdout]     |                ^^^^^^^ use of unresolved module or unlinked crate `windows`
[INFO] [stdout]     |
[INFO] [stdout]     = help: if you wanted to use a crate named `windows`, use `cargo add windows` to add it to your `Cargo.toml`
[INFO] [stdout] 
[INFO] [stdout] 
[INFO] [stdout] error[E0433]: cannot find module or crate `windows` in this scope
[INFO] [stdout]    --> src/lib.rs:699:13
[INFO] [stdout]     |
[INFO] [stdout] 699 |         Err(windows::Win32::Foundation::E_NOTIMPL.into())
[INFO] [stdout]     |             ^^^^^^^ use of unresolved module or unlinked crate `windows`
[INFO] [stdout]     |
[INFO] [stdout]     = help: if you wanted to use a crate named `windows`, use `cargo add windows` to add it to your `Cargo.toml`
[INFO] [stdout] 
[INFO] [stdout] 
[INFO] [stdout] error[E0433]: cannot find module or crate `windows` in this scope
[INFO] [stdout]    --> src/lib.rs:699:13
[INFO] [stdout]     |
[INFO] [stdout] 699 |         Err(windows::Win32::Foundation::E_NOTIMPL.into())
[INFO] [stdout]     |             ^^^^^^^ use of unresolved module or unlinked crate `windows`
[INFO] [stdout]     |
[INFO] [stdout]     = help: if you wanted to use a crate named `windows`, use `cargo add windows` to add it to your `Cargo.toml`
[INFO] [stdout] 
[INFO] [stdout] 
[INFO] [stdout] error[E0433]: cannot find module or crate `windows` in this scope
[INFO] [stdout]    --> src/lib.rs:789:28
[INFO] [stdout]     |
[INFO] [stdout] 789 |         punkouter: Option<&windows::core::IUnknown>,
[INFO] [stdout]     |                            ^^^^^^^ use of unresolved module or unlinked crate `windows`
[INFO] [stdout]     |
[INFO] [stdout]     = help: if you wanted to use a crate named `windows`, use `cargo add windows` to add it to your `Cargo.toml`
[INFO] [stdout] 
[INFO] [stdout] 
[INFO] [stdout] error[E0433]: cannot find module or crate `windows` in this scope
[INFO] [stdout]    --> src/lib.rs:789:28
[INFO] [stdout]     |
[INFO] [stdout] 789 |         punkouter: Option<&windows::core::IUnknown>,
[INFO] [stdout]     |                            ^^^^^^^ use of unresolved module or unlinked crate `windows`
[INFO] [stdout]     |
[INFO] [stdout]     = help: if you wanted to use a crate named `windows`, use `cargo add windows` to add it to your `Cargo.toml`
[INFO] [stdout] 
[INFO] [stdout] 
[INFO] [stdout] error[E0425]: cannot find type `FileConverterShellExt_Impl` in this scope
[INFO] [stdout]    --> src/lib.rs:205:29
[INFO] [stdout]     |
[INFO] [stdout] 205 | impl IShellExtInit_Impl for FileConverterShellExt_Impl {
[INFO] [stdout]     |                             ^^^^^^^^^^^^^^^^^^^^^^^^^^ not found in this scope
[INFO] [stdout]     |
[INFO] [stdout] note: similarly named struct `FileConverterShellExt` defined here
[INFO] [stdout]    --> src/lib.rs:182:1
[INFO] [stdout]     |
[INFO] [stdout] 182 | struct FileConverterShellExt {
[INFO] [stdout]     | ^^^^^^^^^^^^^^^^^^^^^^^^^^^^
[INFO] [stdout] help: a struct with a similar name exists
[INFO] [stdout]     |
[INFO] [stdout] 205 - impl IShellExtInit_Impl for FileConverterShellExt_Impl {
[INFO] [stdout] 205 + impl IShellExtInit_Impl for FileConverterShellExt {
[INFO] [stdout]     |
[INFO] [stdout] 
[INFO] [stdout] 
[INFO] [stdout] error[E0425]: cannot find type `FileConverterShellExt_Impl` in this scope
[INFO] [stdout]    --> src/lib.rs:205:29
[INFO] [stdout]     |
[INFO] [stdout] 205 | impl IShellExtInit_Impl for FileConverterShellExt_Impl {
[INFO] [stdout]     |                             ^^^^^^^^^^^^^^^^^^^^^^^^^^ not found in this scope
[INFO] [stdout]     |
[INFO] [stdout] note: similarly named struct `FileConverterShellExt` defined here
[INFO] [stdout]    --> src/lib.rs:182:1
[INFO] [stdout]     |
[INFO] [stdout] 182 | struct FileConverterShellExt {
[INFO] [stdout]     | ^^^^^^^^^^^^^^^^^^^^^^^^^^^^
[INFO] [stdout] help: a struct with a similar name exists
[INFO] [stdout]     |
[INFO] [stdout] 205 - impl IShellExtInit_Impl for FileConverterShellExt_Impl {
[INFO] [stdout] 205 + impl IShellExtInit_Impl for FileConverterShellExt {
[INFO] [stdout]     |
[INFO] [stdout] 
[INFO] [stdout] 
[INFO] [stdout] error[E0425]: cannot find type `FileConverterShellExt_Impl` in this scope
[INFO] [stdout]    --> src/lib.rs:284:28
[INFO] [stdout]     |
[INFO] [stdout] 284 | impl IContextMenu_Impl for FileConverterShellExt_Impl {
[INFO] [stdout]     |                            ^^^^^^^^^^^^^^^^^^^^^^^^^^ not found in this scope
[INFO] [stdout]     |
[INFO] [stdout] note: similarly named struct `FileConverterShellExt` defined here
[INFO] [stdout]    --> src/lib.rs:182:1
[INFO] [stdout]     |
[INFO] [stdout] 182 | struct FileConverterShellExt {
[INFO] [stdout]     | ^^^^^^^^^^^^^^^^^^^^^^^^^^^^
[INFO] [stdout] help: a struct with a similar name exists
[INFO] [stdout]     |
[INFO] [stdout] 284 - impl IContextMenu_Impl for FileConverterShellExt_Impl {
[INFO] [stdout] 284 + impl IContextMenu_Impl for FileConverterShellExt {
[INFO] [stdout]     |
[INFO] [stdout] 
[INFO] [stdout] 
[INFO] [stdout] error[E0425]: cannot find type `FileConverterShellExt_Impl` in this scope
[INFO] [stdout]    --> src/lib.rs:284:28
[INFO] [stdout]     |
[INFO] [stdout] 284 | impl IContextMenu_Impl for FileConverterShellExt_Impl {
[INFO] [stdout]     |                            ^^^^^^^^^^^^^^^^^^^^^^^^^^ not found in this scope
[INFO] [stdout]     |
[INFO] [stdout] note: similarly named struct `FileConverterShellExt` defined here
[INFO] [stdout]    --> src/lib.rs:182:1
[INFO] [stdout]     |
[INFO] [stdout] 182 | struct FileConverterShellExt {
[INFO] [stdout]     | ^^^^^^^^^^^^^^^^^^^^^^^^^^^^
[INFO] [stdout] help: a struct with a similar name exists
[INFO] [stdout]     |
[INFO] [stdout] 284 - impl IContextMenu_Impl for FileConverterShellExt_Impl {
[INFO] [stdout] 284 + impl IContextMenu_Impl for FileConverterShellExt {
[INFO] [stdout]     |
[INFO] [stdout] 
[INFO] [stdout] 
[INFO] [stdout] error[E0433]: cannot find module or crate `windows` in this scope
[INFO] [stdout]    --> src/lib.rs:379:21
[INFO] [stdout]     |
[INFO] [stdout] 379 |                 Err(windows::core::Error::from_hresult(HRESULT(
[INFO] [stdout]     |                     ^^^^^^^ use of unresolved module or unlinked crate `windows`
[INFO] [stdout]     |
[INFO] [stdout]     = help: if you wanted to use a crate named `windows`, use `cargo add windows` to add it to your `Cargo.toml`
[INFO] [stdout] help: consider importing one of these items
[INFO] [stdout]     |
[INFO] [stdout]  12 + use std::error::Error;
[INFO] [stdout]     |
[INFO] [stdout]  12 + use std::fmt::Error;
[INFO] [stdout]     |
[INFO] [stdout]  12 + use std::io::Error;
[INFO] [stdout]     |
[INFO] [stdout] help: if you import `Error`, refer to it directly
[INFO] [stdout]     |
[INFO] [stdout] 379 -                 Err(windows::core::Error::from_hresult(HRESULT(
[INFO] [stdout] 379 +                 Err(Error::from_hresult(HRESULT(
[INFO] [stdout]     |
[INFO] [stdout] 
[INFO] [stdout] 
[INFO] [stdout] error[E0433]: cannot find module or crate `windows` in this scope
[INFO] [stdout]    --> src/lib.rs:449:21
[INFO] [stdout]     |
[INFO] [stdout] 449 |                 Err(windows::core::Error::from_hresult(HRESULT(
[INFO] [stdout]     |                     ^^^^^^^ use of unresolved module or unlinked crate `windows`
[INFO] [stdout]     |
[INFO] [stdout]     = help: if you wanted to use a crate named `windows`, use `cargo add windows` to add it to your `Cargo.toml`
[INFO] [stdout] help: consider importing one of these items
[INFO] [stdout]     |
[INFO] [stdout]  12 + use std::error::Error;
[INFO] [stdout]     |
[INFO] [stdout]  12 + use std::fmt::Error;
[INFO] [stdout]     |
[INFO] [stdout]  12 + use std::io::Error;
[INFO] [stdout]     |
[INFO] [stdout] help: if you import `Error`, refer to it directly
[INFO] [stdout]     |
[INFO] [stdout] 449 -                 Err(windows::core::Error::from_hresult(HRESULT(
[INFO] [stdout] 449 +                 Err(Error::from_hresult(HRESULT(
[INFO] [stdout]     |
[INFO] [stdout] 
[INFO] [stdout] 
[INFO] [stdout] error[E0433]: cannot find module or crate `windows` in this scope
[INFO] [stdout]    --> src/lib.rs:379:21
[INFO] [stdout]     |
[INFO] [stdout] 379 |                 Err(windows::core::Error::from_hresult(HRESULT(
[INFO] [stdout]     |                     ^^^^^^^ use of unresolved module or unlinked crate `windows`
[INFO] [stdout]     |
[INFO] [stdout]     = help: if you wanted to use a crate named `windows`, use `cargo add windows` to add it to your `Cargo.toml`
[INFO] [stdout] help: consider importing one of these items
[INFO] [stdout]     |
[INFO] [stdout]  12 + use std::error::Error;
[INFO] [stdout]     |
[INFO] [stdout]  12 + use std::fmt::Error;
[INFO] [stdout]     |
[INFO] [stdout]  12 + use std::io::Error;
[INFO] [stdout]     |
[INFO] [stdout] help: if you import `Error`, refer to it directly
[INFO] [stdout]     |
[INFO] [stdout] 379 -                 Err(windows::core::Error::from_hresult(HRESULT(
[INFO] [stdout] 379 +                 Err(Error::from_hresult(HRESULT(
[INFO] [stdout]     |
[INFO] [stdout] 
[INFO] [stdout] 
[INFO] [stdout] error[E0425]: cannot find type `FileConverterShellExt_Impl` in this scope
[INFO] [stdout]    --> src/lib.rs:576:34
[INFO] [stdout]     |
[INFO] [stdout] 576 | impl IShellPropSheetExt_Impl for FileConverterShellExt_Impl {
[INFO] [stdout]     |                                  ^^^^^^^^^^^^^^^^^^^^^^^^^^ not found in this scope
[INFO] [stdout]     |
[INFO] [stdout] note: similarly named struct `FileConverterShellExt` defined here
[INFO] [stdout]    --> src/lib.rs:182:1
[INFO] [stdout]     |
[INFO] [stdout] 182 | struct FileConverterShellExt {
[INFO] [stdout]     | ^^^^^^^^^^^^^^^^^^^^^^^^^^^^
[INFO] [stdout] help: a struct with a similar name exists
[INFO] [stdout]     |
[INFO] [stdout] 576 - impl IShellPropSheetExt_Impl for FileConverterShellExt_Impl {
[INFO] [stdout] 576 + impl IShellPropSheetExt_Impl for FileConverterShellExt {
[INFO] [stdout]     |
[INFO] [stdout] 
[INFO] [stdout] 
[INFO] [stdout] error[E0425]: cannot find type `FileConverterShellExt_Impl` in this scope
[INFO] [stdout]    --> src/lib.rs:605:32
[INFO] [stdout]     |
[INFO] [stdout] 605 | impl IExplorerCommand_Impl for FileConverterShellExt_Impl {
[INFO] [stdout]     |                                ^^^^^^^^^^^^^^^^^^^^^^^^^^ not found in this scope
[INFO] [stdout]     |
[INFO] [stdout] note: similarly named struct `FileConverterShellExt` defined here
[INFO] [stdout]    --> src/lib.rs:182:1
[INFO] [stdout]     |
[INFO] [stdout] 182 | struct FileConverterShellExt {
[INFO] [stdout]     | ^^^^^^^^^^^^^^^^^^^^^^^^^^^^
[INFO] [stdout] help: a struct with a similar name exists
[INFO] [stdout]     |
[INFO] [stdout] 605 - impl IExplorerCommand_Impl for FileConverterShellExt_Impl {
[INFO] [stdout] 605 + impl IExplorerCommand_Impl for FileConverterShellExt {
[INFO] [stdout]     |
[INFO] [stdout] 
[INFO] [stdout] 
[INFO] [stdout] error[E0425]: cannot find type `FileConverterClassFactory_Impl` in this scope
[INFO] [stdout]    --> src/lib.rs:786:29
[INFO] [stdout]     |
[INFO] [stdout] 786 | impl IClassFactory_Impl for FileConverterClassFactory_Impl {
[INFO] [stdout]     |                             ^^^^^^^^^^^^^^^^^^^^^^^^^^^^^^ not found in this scope
[INFO] [stdout]     |
[INFO] [stdout] note: similarly named struct `FileConverterClassFactory` defined here
[INFO] [stdout]    --> src/lib.rs:784:1
[INFO] [stdout]     |
[INFO] [stdout] 784 | struct FileConverterClassFactory;
[INFO] [stdout]     | ^^^^^^^^^^^^^^^^^^^^^^^^^^^^^^^^^
[INFO] [stdout] help: a struct with a similar name exists
[INFO] [stdout]     |
[INFO] [stdout] 786 - impl IClassFactory_Impl for FileConverterClassFactory_Impl {
[INFO] [stdout] 786 + impl IClassFactory_Impl for FileConverterClassFactory {
[INFO] [stdout]     |
[INFO] [stdout] 
[INFO] [stdout] 
[INFO] [stdout] error[E0433]: cannot find module or crate `windows` in this scope
[INFO] [stdout]    --> src/lib.rs:449:21
[INFO] [stdout]     |
[INFO] [stdout] 449 |                 Err(windows::core::Error::from_hresult(HRESULT(
[INFO] [stdout]     |                     ^^^^^^^ use of unresolved module or unlinked crate `windows`
[INFO] [stdout]     |
[INFO] [stdout]     = help: if you wanted to use a crate named `windows`, use `cargo add windows` to add it to your `Cargo.toml`
[INFO] [stdout] help: consider importing one of these items
[INFO] [stdout]     |
[INFO] [stdout]  12 + use std::error::Error;
[INFO] [stdout]     |
[INFO] [stdout]  12 + use std::fmt::Error;
[INFO] [stdout]     |
[INFO] [stdout]  12 + use std::io::Error;
[INFO] [stdout]     |
[INFO] [stdout] help: if you import `Error`, refer to it directly
[INFO] [stdout]     |
[INFO] [stdout] 449 -                 Err(windows::core::Error::from_hresult(HRESULT(
[INFO] [stdout] 449 +                 Err(Error::from_hresult(HRESULT(
[INFO] [stdout]     |
[INFO] [stdout] 
[INFO] [stdout] 
[INFO] [stdout] error[E0425]: cannot find type `FileConverterShellExt_Impl` in this scope
[INFO] [stdout]    --> src/lib.rs:576:34
[INFO] [stdout]     |
[INFO] [stdout] 576 | impl IShellPropSheetExt_Impl for FileConverterShellExt_Impl {
[INFO] [stdout]     |                                  ^^^^^^^^^^^^^^^^^^^^^^^^^^ not found in this scope
[INFO] [stdout]     |
[INFO] [stdout] note: similarly named struct `FileConverterShellExt` defined here
[INFO] [stdout]    --> src/lib.rs:182:1
[INFO] [stdout]     |
[INFO] [stdout] 182 | struct FileConverterShellExt {
[INFO] [stdout]     | ^^^^^^^^^^^^^^^^^^^^^^^^^^^^
[INFO] [stdout] help: a struct with a similar name exists
[INFO] [stdout]     |
[INFO] [stdout] 576 - impl IShellPropSheetExt_Impl for FileConverterShellExt_Impl {
[INFO] [stdout] 576 + impl IShellPropSheetExt_Impl for FileConverterShellExt {
[INFO] [stdout]     |
[INFO] [stdout] 
[INFO] [stdout] 
[INFO] [stdout] error[E0425]: cannot find type `FileConverterShellExt_Impl` in this scope
[INFO] [stdout]    --> src/lib.rs:605:32
[INFO] [stdout]     |
[INFO] [stdout] 605 | impl IExplorerCommand_Impl for FileConverterShellExt_Impl {
[INFO] [stdout]     |                                ^^^^^^^^^^^^^^^^^^^^^^^^^^ not found in this scope
[INFO] [stdout]     |
[INFO] [stdout] note: similarly named struct `FileConverterShellExt` defined here
[INFO] [stdout]    --> src/lib.rs:182:1
[INFO] [stdout]     |
[INFO] [stdout] 182 | struct FileConverterShellExt {
[INFO] [stdout]     | ^^^^^^^^^^^^^^^^^^^^^^^^^^^^
[INFO] [stdout] help: a struct with a similar name exists
[INFO] [stdout]     |
[INFO] [stdout] 605 - impl IExplorerCommand_Impl for FileConverterShellExt_Impl {
[INFO] [stdout] 605 + impl IExplorerCommand_Impl for FileConverterShellExt {
[INFO] [stdout]     |
[INFO] [stdout] 
[INFO] [stdout] 
[INFO] [stdout] error[E0425]: cannot find type `FileConverterClassFactory_Impl` in this scope
[INFO] [stdout]    --> src/lib.rs:786:29
[INFO] [stdout]     |
[INFO] [stdout] 786 | impl IClassFactory_Impl for FileConverterClassFactory_Impl {
[INFO] [stdout]     |                             ^^^^^^^^^^^^^^^^^^^^^^^^^^^^^^ not found in this scope
[INFO] [stdout]     |
[INFO] [stdout] note: similarly named struct `FileConverterClassFactory` defined here
[INFO] [stdout]    --> src/lib.rs:784:1
[INFO] [stdout]     |
[INFO] [stdout] 784 | struct FileConverterClassFactory;
[INFO] [stdout]     | ^^^^^^^^^^^^^^^^^^^^^^^^^^^^^^^^^
[INFO] [stdout] help: a struct with a similar name exists
[INFO] [stdout]     |
[INFO] [stdout] 786 - impl IClassFactory_Impl for FileConverterClassFactory_Impl {
[INFO] [stdout] 786 + impl IClassFactory_Impl for FileConverterClassFactory {
[INFO] [stdout]     |
[INFO] [stdout] 
[INFO] [stdout] 
[INFO] [stdout] Some errors have detailed explanations: E0425, E0432, E0433.
[INFO] [stdout] 
[INFO] [stdout] For more information about an error, try `rustc --explain E0425`.
[INFO] [stdout] 
[INFO] [stdout] Some errors have detailed explanations: E0425, E0432, E0433.
[INFO] [stdout] 
[INFO] [stdout] For more information about an error, try `rustc --explain E0425`.
[INFO] [stdout] 
[INFO] [stderr] error: could not compile `file_converter_shell` (lib test) due to 31 previous errors
[INFO] [stderr] warning: build failed, waiting for other jobs to finish...
[INFO] [stderr] error: could not compile `file_converter_shell` (lib) due to 31 previous errors
[INFO] running `Command { std: "docker" "inspect" "40b27aefe30650b7b43a4e758ab83ae9754fee2c153a8903f56b4b4892730bae", kill_on_drop: false }`
[INFO] running `Command { std: "docker" "rm" "-f" "40b27aefe30650b7b43a4e758ab83ae9754fee2c153a8903f56b4b4892730bae", kill_on_drop: false }`
[INFO] [stdout] 40b27aefe30650b7b43a4e758ab83ae9754fee2c153a8903f56b4b4892730bae
