[INFO] fetching crate fiducial-eda 0.9.4...
[INFO] checking fiducial-eda-0.9.4 against 3154cc1a3e6424e44f438a95007d043ed5ceaaf6 for pr-133502-30
[INFO] extracting crate fiducial-eda 0.9.4 into /workspace/builds/worker-6-tc2/source
[INFO] started tweaking crates.io crate fiducial-eda 0.9.4
[INFO] finished tweaking crates.io crate fiducial-eda 0.9.4
[INFO] tweaked toml for crates.io crate fiducial-eda 0.9.4 written to /workspace/builds/worker-6-tc2/source/Cargo.toml
[INFO] validating manifest of crates.io crate fiducial-eda 0.9.4 on toolchain 3154cc1a3e6424e44f438a95007d043ed5ceaaf6
[INFO] running `Command { std: CARGO_HOME="/workspace/cargo-home" RUSTUP_HOME="/workspace/rustup-home" "/workspace/cargo-home/bin/cargo" "+3154cc1a3e6424e44f438a95007d043ed5ceaaf6" "metadata" "--manifest-path" "Cargo.toml" "--no-deps", kill_on_drop: false }`
[INFO] crate crates.io crate fiducial-eda 0.9.4 already has a lockfile, it will not be regenerated
[INFO] running `Command { std: CARGO_HOME="/workspace/cargo-home" RUSTUP_HOME="/workspace/rustup-home" "/workspace/cargo-home/bin/cargo" "+3154cc1a3e6424e44f438a95007d043ed5ceaaf6" "fetch" "--manifest-path" "Cargo.toml", kill_on_drop: false }`
[INFO] [stderr] warning: `package.homepage` is redundant with `package.repository`
[INFO] [stderr]   --> Cargo.toml:36:12
[INFO] [stderr]    |
[INFO] [stderr] 36 | homepage = "https://github.com/AleksaZCodes/fiducial"
[INFO] [stderr]    |            ^^^^^^^^^^^^^^^^^^^^^^^^^^^^^^^^^^^^^^^^^^
[INFO] [stderr] ...
[INFO] [stderr] 41 | repository = "https://github.com/AleksaZCodes/fiducial"
[INFO] [stderr]    |              ------------------------------------------
[INFO] [stderr]    |
[INFO] [stderr]    = note: `cargo::redundant_homepage` is set to `warn` by default
[INFO] [stderr] help: consider removing `package.homepage`
[INFO] [stderr] warning: `fiducial-eda` (manifest) generated 1 warning
[INFO] running `Command { std: "docker" "create" "-v" "/var/lib/crater-agent-workspace/builds/worker-6-tc2/source:/opt/rustwide/workdir:ro,Z" "-v" "/var/lib/crater-agent-workspace/builds/worker-6-tc2/target:/opt/rustwide/target:rw,Z" "-v" "/var/lib/crater-agent-workspace/cargo-home:/opt/rustwide/cargo-home:ro,Z" "-v" "/var/lib/crater-agent-workspace/rustup-home:/opt/rustwide/rustup-home:ro,Z" "-m" "1610612736" "--network" "none" "ghcr.io/rust-lang/crates-build-env/linux@sha256:77db811e55d90add9212f6832c23229e3de5f1c1f9905e8cb07319ea15df73ac" "sleep" "infinity", kill_on_drop: false }`
[INFO] [stdout] ee7fb1c4009a0f641a01c2f2030dee9bc842b805ca9415f6b90b336b2d8d0fc3
[INFO] running `Command { std: "docker" "start" "ee7fb1c4009a0f641a01c2f2030dee9bc842b805ca9415f6b90b336b2d8d0fc3", kill_on_drop: false }`
[INFO] running `Command { std: "docker" "inspect" "ee7fb1c4009a0f641a01c2f2030dee9bc842b805ca9415f6b90b336b2d8d0fc3", kill_on_drop: false }`
[INFO] running `Command { std: "docker" "exec" "-e" "SOURCE_DIR=/opt/rustwide/workdir" "-e" "CARGO_HOME=/opt/rustwide/cargo-home" "-e" "RUSTUP_HOME=/opt/rustwide/rustup-home" "-e" "CARGO_TARGET_DIR=/opt/rustwide/target" "-w" "/opt/rustwide/workdir" "--user" "0:0" "ee7fb1c4009a0f641a01c2f2030dee9bc842b805ca9415f6b90b336b2d8d0fc3" "/opt/rustwide/cargo-home/bin/cargo" "+3154cc1a3e6424e44f438a95007d043ed5ceaaf6" "metadata" "--no-deps" "--format-version=1", kill_on_drop: false }`
[INFO] running `Command { std: "docker" "inspect" "ee7fb1c4009a0f641a01c2f2030dee9bc842b805ca9415f6b90b336b2d8d0fc3", kill_on_drop: false }`
[INFO] running `Command { std: "docker" "exec" "-e" "SOURCE_DIR=/opt/rustwide/workdir" "-e" "CARGO_HOME=/opt/rustwide/cargo-home" "-e" "RUSTUP_HOME=/opt/rustwide/rustup-home" "-e" "CARGO_TARGET_DIR=/opt/rustwide/target" "-e" "CARGO_INCREMENTAL=0" "-e" "RUST_BACKTRACE=full" "-e" "RUSTFLAGS=--cap-lints=forbid" "-e" "RUSTDOCFLAGS=--cap-lints=forbid" "-w" "/opt/rustwide/workdir" "--user" "0:0" "ee7fb1c4009a0f641a01c2f2030dee9bc842b805ca9415f6b90b336b2d8d0fc3" "/opt/rustwide/cargo-home/bin/cargo" "+3154cc1a3e6424e44f438a95007d043ed5ceaaf6" "check" "--frozen" "--all" "--all-targets" "--message-format=json", kill_on_drop: false }`
[INFO] [stderr] warning: `package.homepage` is redundant with `package.repository`
[INFO] [stderr]   --> Cargo.toml:36:12
[INFO] [stderr]    |
[INFO] [stderr] 36 | homepage = "https://github.com/AleksaZCodes/fiducial"
[INFO] [stderr]    |            ^^^^^^^^^^^^^^^^^^^^^^^^^^^^^^^^^^^^^^^^^^
[INFO] [stderr] ...
[INFO] [stderr] 41 | repository = "https://github.com/AleksaZCodes/fiducial"
[INFO] [stderr]    |              ------------------------------------------
[INFO] [stderr]    |
[INFO] [stderr]    = note: `cargo::redundant_homepage` is set to `warn` by default
[INFO] [stderr] help: consider removing `package.homepage`
[INFO] [stderr] warning: `fiducial-eda` (manifest) generated 1 warning
[INFO] [stderr]    Compiling proc-macro2 v1.0.107
[INFO] [stderr]    Compiling quote v1.0.47
[INFO] [stderr]    Compiling serde_core v1.0.229
[INFO] [stderr]    Compiling zmij v1.0.23
[INFO] [stderr]    Compiling serde v1.0.229
[INFO] [stderr]    Compiling serde_json v1.0.151
[INFO] [stderr]     Checking memchr v2.8.3
[INFO] [stderr]     Checking fiducial-geometry v0.9.4
[INFO] [stderr]    Compiling syn v3.0.5
[INFO] [stderr]    Compiling serde_derive v1.0.229
[INFO] [stderr]     Checking fiducial-eda v0.9.4 (/opt/rustwide/workdir)
[INFO] [stdout] error: couldn't read `src/../../fiducial-cli/capabilities/eda/declarations/board/board.interface.json`: No such file or directory (os error 2)
[INFO] [stdout]    --> src/lib.rs:418:9
[INFO] [stdout]     |
[INFO] [stdout] 418 |         include_str!("../../fiducial-cli/capabilities/eda/declarations/board/board.interface.json");
[INFO] [stdout]     |         ^^^^^^^^^^^^^^^^^^^^^^^^^^^^^^^^^^^^^^^^^^^^^^^^^^^^^^^^^^^^^^^^^^^^^^^^^^^^^^^^^^^^^^^^^^^
[INFO] [stdout] 
[INFO] [stdout] 
[INFO] [stdout] error[E0425]: cannot find function `validate` in this scope
[INFO] [stdout]    --> src/lib.rs:483:22
[INFO] [stdout]     |
[INFO] [stdout] 483 |         let result = validate(SEED_JSON);
[INFO] [stdout]     |                      ^^^^^^^^ not found in this scope
[INFO] [stdout]     |
[INFO] [stdout] note: found an item that was configured out
[INFO] [stdout]    --> src/lib.rs:299:8
[INFO] [stdout]     |
[INFO] [stdout] 298 | #[cfg(feature = "std")]
[INFO] [stdout]     |       --------------- the item is gated behind the `std` feature
[INFO] [stdout] 299 | pub fn validate(json: &str) -> Result<BoardInterface, ValidationError> {
[INFO] [stdout]     |        ^^^^^^^^
[INFO] [stdout] 
[INFO] [stdout] 
[INFO] [stdout] error[E0425]: cannot find function `validate` in this scope
[INFO] [stdout]    --> src/lib.rs:495:22
[INFO] [stdout]     |
[INFO] [stdout] 495 |         let result = validate(bad);
[INFO] [stdout]     |                      ^^^^^^^^ not found in this scope
[INFO] [stdout]     |
[INFO] [stdout] note: found an item that was configured out
[INFO] [stdout]    --> src/lib.rs:299:8
[INFO] [stdout]     |
[INFO] [stdout] 298 | #[cfg(feature = "std")]
[INFO] [stdout]     |       --------------- the item is gated behind the `std` feature
[INFO] [stdout] 299 | pub fn validate(json: &str) -> Result<BoardInterface, ValidationError> {
[INFO] [stdout]     |        ^^^^^^^^
[INFO] [stdout] 
[INFO] [stdout] 
[INFO] [stdout] error[E0425]: cannot find function `validate` in this scope
[INFO] [stdout]    --> src/lib.rs:504:22
[INFO] [stdout]     |
[INFO] [stdout] 504 |         let result = validate("{not json}");
[INFO] [stdout]     |                      ^^^^^^^^ not found in this scope
[INFO] [stdout]     |
[INFO] [stdout] note: found an item that was configured out
[INFO] [stdout]    --> src/lib.rs:299:8
[INFO] [stdout]     |
[INFO] [stdout] 298 | #[cfg(feature = "std")]
[INFO] [stdout]     |       --------------- the item is gated behind the `std` feature
[INFO] [stdout] 299 | pub fn validate(json: &str) -> Result<BoardInterface, ValidationError> {
[INFO] [stdout]     |        ^^^^^^^^
[INFO] [stdout] 
[INFO] [stdout] 
[INFO] [stdout] error[E0425]: cannot find function `validate` in this scope
[INFO] [stdout]    --> src/lib.rs:512:18
[INFO] [stdout]     |
[INFO] [stdout] 512 |         let bi = validate(SEED_JSON).unwrap();
[INFO] [stdout]     |                  ^^^^^^^^ not found in this scope
[INFO] [stdout]     |
[INFO] [stdout] note: found an item that was configured out
[INFO] [stdout]    --> src/lib.rs:299:8
[INFO] [stdout]     |
[INFO] [stdout] 298 | #[cfg(feature = "std")]
[INFO] [stdout]     |       --------------- the item is gated behind the `std` feature
[INFO] [stdout] 299 | pub fn validate(json: &str) -> Result<BoardInterface, ValidationError> {
[INFO] [stdout]     |        ^^^^^^^^
[INFO] [stdout] 
[INFO] [stdout] 
[INFO] [stdout] error[E0425]: cannot find function `validate` in this scope
[INFO] [stdout]    --> src/lib.rs:522:17
[INFO] [stdout]     |
[INFO] [stdout] 522 |         assert!(validate(json).unwrap().outline.is_none());
[INFO] [stdout]     |                 ^^^^^^^^ not found in this scope
[INFO] [stdout]     |
[INFO] [stdout] note: found an item that was configured out
[INFO] [stdout]    --> src/lib.rs:299:8
[INFO] [stdout]     |
[INFO] [stdout] 298 | #[cfg(feature = "std")]
[INFO] [stdout]     |       --------------- the item is gated behind the `std` feature
[INFO] [stdout] 299 | pub fn validate(json: &str) -> Result<BoardInterface, ValidationError> {
[INFO] [stdout]     |        ^^^^^^^^
[INFO] [stdout] 
[INFO] [stdout] 
[INFO] [stdout] error[E0425]: cannot find function `validate` in this scope
[INFO] [stdout]    --> src/lib.rs:530:17
[INFO] [stdout]     |
[INFO] [stdout] 530 |         let o = validate(json).unwrap().outline.unwrap();
[INFO] [stdout]     |                 ^^^^^^^^ not found in this scope
[INFO] [stdout]     |
[INFO] [stdout] note: found an item that was configured out
[INFO] [stdout]    --> src/lib.rs:299:8
[INFO] [stdout]     |
[INFO] [stdout] 298 | #[cfg(feature = "std")]
[INFO] [stdout]     |       --------------- the item is gated behind the `std` feature
[INFO] [stdout] 299 | pub fn validate(json: &str) -> Result<BoardInterface, ValidationError> {
[INFO] [stdout]     |        ^^^^^^^^
[INFO] [stdout] 
[INFO] [stdout] 
[INFO] [stdout] error[E0425]: cannot find function `validate` in this scope
[INFO] [stdout]    --> src/lib.rs:541:13
[INFO] [stdout]     |
[INFO] [stdout] 541 |             validate(json),
[INFO] [stdout]     |             ^^^^^^^^ not found in this scope
[INFO] [stdout]     |
[INFO] [stdout] note: found an item that was configured out
[INFO] [stdout]    --> src/lib.rs:299:8
[INFO] [stdout]     |
[INFO] [stdout] 298 | #[cfg(feature = "std")]
[INFO] [stdout]     |       --------------- the item is gated behind the `std` feature
[INFO] [stdout] 299 | pub fn validate(json: &str) -> Result<BoardInterface, ValidationError> {
[INFO] [stdout]     |        ^^^^^^^^
[INFO] [stdout] 
[INFO] [stdout] 
[INFO] [stdout] error[E0425]: cannot find function `validate` in this scope
[INFO] [stdout]    --> src/lib.rs:552:13
[INFO] [stdout]     |
[INFO] [stdout] 552 |             validate(json),
[INFO] [stdout]     |             ^^^^^^^^ not found in this scope
[INFO] [stdout]     |
[INFO] [stdout] note: found an item that was configured out
[INFO] [stdout]    --> src/lib.rs:299:8
[INFO] [stdout]     |
[INFO] [stdout] 298 | #[cfg(feature = "std")]
[INFO] [stdout]     |       --------------- the item is gated behind the `std` feature
[INFO] [stdout] 299 | pub fn validate(json: &str) -> Result<BoardInterface, ValidationError> {
[INFO] [stdout]     |        ^^^^^^^^
[INFO] [stdout] 
[INFO] [stdout] 
[INFO] [stdout] error[E0425]: cannot find function `validate` in this scope
[INFO] [stdout]    --> src/lib.rs:572:18
[INFO] [stdout]     |
[INFO] [stdout] 572 |         let bi = validate(SEED_JSON).unwrap();
[INFO] [stdout]     |                  ^^^^^^^^ not found in this scope
[INFO] [stdout]     |
[INFO] [stdout] note: found an item that was configured out
[INFO] [stdout]    --> src/lib.rs:299:8
[INFO] [stdout]     |
[INFO] [stdout] 298 | #[cfg(feature = "std")]
[INFO] [stdout]     |       --------------- the item is gated behind the `std` feature
[INFO] [stdout] 299 | pub fn validate(json: &str) -> Result<BoardInterface, ValidationError> {
[INFO] [stdout]     |        ^^^^^^^^
[INFO] [stdout] 
[INFO] [stdout] 
[INFO] [stdout] error[E0425]: cannot find function `validate` in this scope
[INFO] [stdout]    --> src/lib.rs:586:18
[INFO] [stdout]     |
[INFO] [stdout] 586 |         let bi = validate(SEED_JSON).unwrap();
[INFO] [stdout]     |                  ^^^^^^^^ not found in this scope
[INFO] [stdout]     |
[INFO] [stdout] note: found an item that was configured out
[INFO] [stdout]    --> src/lib.rs:299:8
[INFO] [stdout]     |
[INFO] [stdout] 298 | #[cfg(feature = "std")]
[INFO] [stdout]     |       --------------- the item is gated behind the `std` feature
[INFO] [stdout] 299 | pub fn validate(json: &str) -> Result<BoardInterface, ValidationError> {
[INFO] [stdout]     |        ^^^^^^^^
[INFO] [stdout] 
[INFO] [stdout] 
[INFO] [stdout] error[E0425]: cannot find function `validate` in this scope
[INFO] [stdout]    --> src/lib.rs:593:18
[INFO] [stdout]     |
[INFO] [stdout] 593 |         let bi = validate(SEED_JSON).unwrap();
[INFO] [stdout]     |                  ^^^^^^^^ not found in this scope
[INFO] [stdout]     |
[INFO] [stdout] note: found an item that was configured out
[INFO] [stdout]    --> src/lib.rs:299:8
[INFO] [stdout]     |
[INFO] [stdout] 298 | #[cfg(feature = "std")]
[INFO] [stdout]     |       --------------- the item is gated behind the `std` feature
[INFO] [stdout] 299 | pub fn validate(json: &str) -> Result<BoardInterface, ValidationError> {
[INFO] [stdout]     |        ^^^^^^^^
[INFO] [stdout] 
[INFO] [stdout] 
[INFO] [stdout] error[E0425]: cannot find function `validate` in this scope
[INFO] [stdout]    --> src/lib.rs:600:18
[INFO] [stdout]     |
[INFO] [stdout] 600 |         let bi = validate(&with_mount(r#"{"side":"south","offset_mm":20.0}"#)).unwrap();
[INFO] [stdout]     |                  ^^^^^^^^ not found in this scope
[INFO] [stdout]     |
[INFO] [stdout] note: found an item that was configured out
[INFO] [stdout]    --> src/lib.rs:299:8
[INFO] [stdout]     |
[INFO] [stdout] 298 | #[cfg(feature = "std")]
[INFO] [stdout]     |       --------------- the item is gated behind the `std` feature
[INFO] [stdout] 299 | pub fn validate(json: &str) -> Result<BoardInterface, ValidationError> {
[INFO] [stdout]     |        ^^^^^^^^
[INFO] [stdout] 
[INFO] [stdout] 
[INFO] [stdout] error[E0425]: cannot find function `validate` in this scope
[INFO] [stdout]    --> src/lib.rs:612:18
[INFO] [stdout]     |
[INFO] [stdout] 612 |         let bi = validate(&json).unwrap();
[INFO] [stdout]     |                  ^^^^^^^^ not found in this scope
[INFO] [stdout]     |
[INFO] [stdout] note: found an item that was configured out
[INFO] [stdout]    --> src/lib.rs:299:8
[INFO] [stdout]     |
[INFO] [stdout] 298 | #[cfg(feature = "std")]
[INFO] [stdout]     |       --------------- the item is gated behind the `std` feature
[INFO] [stdout] 299 | pub fn validate(json: &str) -> Result<BoardInterface, ValidationError> {
[INFO] [stdout]     |        ^^^^^^^^
[INFO] [stdout] 
[INFO] [stdout] 
[INFO] [stdout] error[E0425]: cannot find function `validate` in this scope
[INFO] [stdout]    --> src/lib.rs:624:13
[INFO] [stdout]     |
[INFO] [stdout] 624 |             validate(&json),
[INFO] [stdout]     |             ^^^^^^^^ not found in this scope
[INFO] [stdout]     |
[INFO] [stdout] note: found an item that was configured out
[INFO] [stdout]    --> src/lib.rs:299:8
[INFO] [stdout]     |
[INFO] [stdout] 298 | #[cfg(feature = "std")]
[INFO] [stdout]     |       --------------- the item is gated behind the `std` feature
[INFO] [stdout] 299 | pub fn validate(json: &str) -> Result<BoardInterface, ValidationError> {
[INFO] [stdout]     |        ^^^^^^^^
[INFO] [stdout] 
[INFO] [stdout] 
[INFO] [stdout] error[E0425]: cannot find function `validate` in this scope
[INFO] [stdout]    --> src/lib.rs:633:13
[INFO] [stdout]     |
[INFO] [stdout] 633 |             validate(&json),
[INFO] [stdout]     |             ^^^^^^^^ not found in this scope
[INFO] [stdout]     |
[INFO] [stdout] note: found an item that was configured out
[INFO] [stdout]    --> src/lib.rs:299:8
[INFO] [stdout]     |
[INFO] [stdout] 298 | #[cfg(feature = "std")]
[INFO] [stdout]     |       --------------- the item is gated behind the `std` feature
[INFO] [stdout] 299 | pub fn validate(json: &str) -> Result<BoardInterface, ValidationError> {
[INFO] [stdout]     |        ^^^^^^^^
[INFO] [stdout] 
[INFO] [stdout] 
[INFO] [stdout] error[E0425]: cannot find function `validate` in this scope
[INFO] [stdout]    --> src/lib.rs:642:13
[INFO] [stdout]     |
[INFO] [stdout] 642 |             validate(&json),
[INFO] [stdout]     |             ^^^^^^^^ not found in this scope
[INFO] [stdout]     |
[INFO] [stdout] note: found an item that was configured out
[INFO] [stdout]    --> src/lib.rs:299:8
[INFO] [stdout]     |
[INFO] [stdout] 298 | #[cfg(feature = "std")]
[INFO] [stdout]     |       --------------- the item is gated behind the `std` feature
[INFO] [stdout] 299 | pub fn validate(json: &str) -> Result<BoardInterface, ValidationError> {
[INFO] [stdout]     |        ^^^^^^^^
[INFO] [stdout] 
[INFO] [stdout] 
[INFO] [stdout] error[E0425]: cannot find function `validate` in this scope
[INFO] [stdout]    --> src/lib.rs:655:13
[INFO] [stdout]     |
[INFO] [stdout] 655 |             validate(json),
[INFO] [stdout]     |             ^^^^^^^^ not found in this scope
[INFO] [stdout]     |
[INFO] [stdout] note: found an item that was configured out
[INFO] [stdout]    --> src/lib.rs:299:8
[INFO] [stdout]     |
[INFO] [stdout] 298 | #[cfg(feature = "std")]
[INFO] [stdout]     |       --------------- the item is gated behind the `std` feature
[INFO] [stdout] 299 | pub fn validate(json: &str) -> Result<BoardInterface, ValidationError> {
[INFO] [stdout]     |        ^^^^^^^^
[INFO] [stdout] 
[INFO] [stdout] 
[INFO] [stdout] error[E0425]: cannot find function `validate` in this scope
[INFO] [stdout]    --> src/lib.rs:670:19
[INFO] [stdout]     |
[INFO] [stdout] 670 |         let err = validate(json).unwrap_err();
[INFO] [stdout]     |                   ^^^^^^^^ not found in this scope
[INFO] [stdout]     |
[INFO] [stdout] note: found an item that was configured out
[INFO] [stdout]    --> src/lib.rs:299:8
[INFO] [stdout]     |
[INFO] [stdout] 298 | #[cfg(feature = "std")]
[INFO] [stdout]     |       --------------- the item is gated behind the `std` feature
[INFO] [stdout] 299 | pub fn validate(json: &str) -> Result<BoardInterface, ValidationError> {
[INFO] [stdout]     |        ^^^^^^^^
[INFO] [stdout] 
[INFO] [stdout] 
[INFO] [stdout] error[E0425]: cannot find function `validate` in this scope
[INFO] [stdout]    --> src/lib.rs:681:18
[INFO] [stdout]     |
[INFO] [stdout] 681 |         let bi = validate(SEED_JSON).unwrap();
[INFO] [stdout]     |                  ^^^^^^^^ not found in this scope
[INFO] [stdout]     |
[INFO] [stdout] note: found an item that was configured out
[INFO] [stdout]    --> src/lib.rs:299:8
[INFO] [stdout]     |
[INFO] [stdout] 298 | #[cfg(feature = "std")]
[INFO] [stdout]     |       --------------- the item is gated behind the `std` feature
[INFO] [stdout] 299 | pub fn validate(json: &str) -> Result<BoardInterface, ValidationError> {
[INFO] [stdout]     |        ^^^^^^^^
[INFO] [stdout] 
[INFO] [stdout] 
[INFO] [stdout] error[E0425]: cannot find function `validate` in this scope
[INFO] [stdout]    --> src/lib.rs:683:21
[INFO] [stdout]     |
[INFO] [stdout] 683 |         let again = validate(&json).unwrap();
[INFO] [stdout]     |                     ^^^^^^^^ not found in this scope
[INFO] [stdout]     |
[INFO] [stdout] note: found an item that was configured out
[INFO] [stdout]    --> src/lib.rs:299:8
[INFO] [stdout]     |
[INFO] [stdout] 298 | #[cfg(feature = "std")]
[INFO] [stdout]     |       --------------- the item is gated behind the `std` feature
[INFO] [stdout] 299 | pub fn validate(json: &str) -> Result<BoardInterface, ValidationError> {
[INFO] [stdout]     |        ^^^^^^^^
[INFO] [stdout] 
[INFO] [stdout] 
[INFO] [stdout] error[E0425]: cannot find function `validate` in this scope
[INFO] [stdout]    --> src/lib.rs:698:17
[INFO] [stdout]     |
[INFO] [stdout] 698 |         let e = validate(SEED_JSON)
[INFO] [stdout]     |                 ^^^^^^^^ not found in this scope
[INFO] [stdout]     |
[INFO] [stdout] note: found an item that was configured out
[INFO] [stdout]    --> src/lib.rs:299:8
[INFO] [stdout]     |
[INFO] [stdout] 298 | #[cfg(feature = "std")]
[INFO] [stdout]     |       --------------- the item is gated behind the `std` feature
[INFO] [stdout] 299 | pub fn validate(json: &str) -> Result<BoardInterface, ValidationError> {
[INFO] [stdout]     |        ^^^^^^^^
[INFO] [stdout] 
[INFO] [stdout] 
[INFO] [stdout] error[E0425]: cannot find function `validate` in this scope
[INFO] [stdout]    --> src/lib.rs:713:17
[INFO] [stdout]     |
[INFO] [stdout] 713 |         assert!(validate(json).unwrap().outline.unwrap().enclosure.is_none());
[INFO] [stdout]     |                 ^^^^^^^^ not found in this scope
[INFO] [stdout]     |
[INFO] [stdout] note: found an item that was configured out
[INFO] [stdout]    --> src/lib.rs:299:8
[INFO] [stdout]     |
[INFO] [stdout] 298 | #[cfg(feature = "std")]
[INFO] [stdout]     |       --------------- the item is gated behind the `std` feature
[INFO] [stdout] 299 | pub fn validate(json: &str) -> Result<BoardInterface, ValidationError> {
[INFO] [stdout]     |        ^^^^^^^^
[INFO] [stdout] 
[INFO] [stdout] 
[INFO] [stdout] error[E0425]: cannot find function `validate` in this scope
[INFO] [stdout]    --> src/lib.rs:723:13
[INFO] [stdout]     |
[INFO] [stdout] 723 |             validate(json),
[INFO] [stdout]     |             ^^^^^^^^ not found in this scope
[INFO] [stdout]     |
[INFO] [stdout] note: found an item that was configured out
[INFO] [stdout]    --> src/lib.rs:299:8
[INFO] [stdout]     |
[INFO] [stdout] 298 | #[cfg(feature = "std")]
[INFO] [stdout]     |       --------------- the item is gated behind the `std` feature
[INFO] [stdout] 299 | pub fn validate(json: &str) -> Result<BoardInterface, ValidationError> {
[INFO] [stdout]     |        ^^^^^^^^
[INFO] [stdout] 
[INFO] [stdout] 
[INFO] [stdout] error[E0425]: cannot find function `validate` in this scope
[INFO] [stdout]    --> src/lib.rs:730:18
[INFO] [stdout]     |
[INFO] [stdout] 730 |         let bi = validate(SEED_JSON).unwrap();
[INFO] [stdout]     |                  ^^^^^^^^ not found in this scope
[INFO] [stdout]     |
[INFO] [stdout] note: found an item that was configured out
[INFO] [stdout]    --> src/lib.rs:299:8
[INFO] [stdout]     |
[INFO] [stdout] 298 | #[cfg(feature = "std")]
[INFO] [stdout]     |       --------------- the item is gated behind the `std` feature
[INFO] [stdout] 299 | pub fn validate(json: &str) -> Result<BoardInterface, ValidationError> {
[INFO] [stdout]     |        ^^^^^^^^
[INFO] [stdout] 
[INFO] [stdout] 
[INFO] [stdout] error[E0425]: cannot find function `validate` in this scope
[INFO] [stdout]    --> src/lib.rs:732:21
[INFO] [stdout]     |
[INFO] [stdout] 732 |         let again = validate(&json).unwrap().outline.unwrap();
[INFO] [stdout]     |                     ^^^^^^^^ not found in this scope
[INFO] [stdout]     |
[INFO] [stdout] note: found an item that was configured out
[INFO] [stdout]    --> src/lib.rs:299:8
[INFO] [stdout]     |
[INFO] [stdout] 298 | #[cfg(feature = "std")]
[INFO] [stdout]     |       --------------- the item is gated behind the `std` feature
[INFO] [stdout] 299 | pub fn validate(json: &str) -> Result<BoardInterface, ValidationError> {
[INFO] [stdout]     |        ^^^^^^^^
[INFO] [stdout] 
[INFO] [stdout] 
[INFO] [stdout] error[E0433]: cannot find type `ValidationError` in this scope
[INFO] [stdout]    --> src/lib.rs:498:17
[INFO] [stdout]     |
[INFO] [stdout] 498 |             Err(ValidationError::UnsupportedVersion(_))
[INFO] [stdout]     |                 ^^^^^^^^^^^^^^^ use of undeclared type `ValidationError`
[INFO] [stdout]     |
[INFO] [stdout] note: found an item that was configured out
[INFO] [stdout]    --> src/lib.rs:261:10
[INFO] [stdout]     |
[INFO] [stdout] 259 | #[cfg(feature = "std")]
[INFO] [stdout]     |       --------------- the item is gated behind the `std` feature
[INFO] [stdout] 260 | #[derive(Debug)]
[INFO] [stdout] 261 | pub enum ValidationError {
[INFO] [stdout]     |          ^^^^^^^^^^^^^^^
[INFO] [stdout] 
[INFO] [stdout] 
[INFO] [stdout] error[E0433]: cannot find type `ValidationError` in this scope
[INFO] [stdout]    --> src/lib.rs:505:38
[INFO] [stdout]     |
[INFO] [stdout] 505 |         assert!(matches!(result, Err(ValidationError::Parse(_))));
[INFO] [stdout]     |                                      ^^^^^^^^^^^^^^^ use of undeclared type `ValidationError`
[INFO] [stdout]     |
[INFO] [stdout] note: found an item that was configured out
[INFO] [stdout]    --> src/lib.rs:261:10
[INFO] [stdout]     |
[INFO] [stdout] 259 | #[cfg(feature = "std")]
[INFO] [stdout]     |       --------------- the item is gated behind the `std` feature
[INFO] [stdout] 260 | #[derive(Debug)]
[INFO] [stdout] 261 | pub enum ValidationError {
[INFO] [stdout]     |          ^^^^^^^^^^^^^^^
[INFO] [stdout] 
[INFO] [stdout] 
[INFO] [stdout] error[E0433]: cannot find type `ValidationError` in this scope
[INFO] [stdout]    --> src/lib.rs:542:17
[INFO] [stdout]     |
[INFO] [stdout] 542 |             Err(ValidationError::InvalidOutline(_))
[INFO] [stdout]     |                 ^^^^^^^^^^^^^^^ use of undeclared type `ValidationError`
[INFO] [stdout]     |
[INFO] [stdout] note: found an item that was configured out
[INFO] [stdout]    --> src/lib.rs:261:10
[INFO] [stdout]     |
[INFO] [stdout] 259 | #[cfg(feature = "std")]
[INFO] [stdout]     |       --------------- the item is gated behind the `std` feature
[INFO] [stdout] 260 | #[derive(Debug)]
[INFO] [stdout] 261 | pub enum ValidationError {
[INFO] [stdout]     |          ^^^^^^^^^^^^^^^
[INFO] [stdout] 
[INFO] [stdout] 
[INFO] [stdout] error[E0433]: cannot find type `ValidationError` in this scope
[INFO] [stdout]    --> src/lib.rs:553:17
[INFO] [stdout]     |
[INFO] [stdout] 553 |             Err(ValidationError::InvalidOutline(_))
[INFO] [stdout]     |                 ^^^^^^^^^^^^^^^ use of undeclared type `ValidationError`
[INFO] [stdout]     |
[INFO] [stdout] note: found an item that was configured out
[INFO] [stdout]    --> src/lib.rs:261:10
[INFO] [stdout]     |
[INFO] [stdout] 259 | #[cfg(feature = "std")]
[INFO] [stdout]     |       --------------- the item is gated behind the `std` feature
[INFO] [stdout] 260 | #[derive(Debug)]
[INFO] [stdout] 261 | pub enum ValidationError {
[INFO] [stdout]     |          ^^^^^^^^^^^^^^^
[INFO] [stdout] 
[INFO] [stdout] 
[INFO] [stdout] error[E0433]: cannot find type `ValidationError` in this scope
[INFO] [stdout]    --> src/lib.rs:625:17
[INFO] [stdout]     |
[INFO] [stdout] 625 |             Err(ValidationError::InvalidMount(_))
[INFO] [stdout]     |                 ^^^^^^^^^^^^^^^ use of undeclared type `ValidationError`
[INFO] [stdout]     |
[INFO] [stdout] note: found an item that was configured out
[INFO] [stdout]    --> src/lib.rs:261:10
[INFO] [stdout]     |
[INFO] [stdout] 259 | #[cfg(feature = "std")]
[INFO] [stdout]     |       --------------- the item is gated behind the `std` feature
[INFO] [stdout] 260 | #[derive(Debug)]
[INFO] [stdout] 261 | pub enum ValidationError {
[INFO] [stdout]     |          ^^^^^^^^^^^^^^^
[INFO] [stdout] 
[INFO] [stdout] 
[INFO] [stdout] error[E0433]: cannot find type `ValidationError` in this scope
[INFO] [stdout]    --> src/lib.rs:634:17
[INFO] [stdout]     |
[INFO] [stdout] 634 |             Err(ValidationError::InvalidMount(_))
[INFO] [stdout]     |                 ^^^^^^^^^^^^^^^ use of undeclared type `ValidationError`
[INFO] [stdout]     |
[INFO] [stdout] note: found an item that was configured out
[INFO] [stdout]    --> src/lib.rs:261:10
[INFO] [stdout]     |
[INFO] [stdout] 259 | #[cfg(feature = "std")]
[INFO] [stdout]     |       --------------- the item is gated behind the `std` feature
[INFO] [stdout] 260 | #[derive(Debug)]
[INFO] [stdout] 261 | pub enum ValidationError {
[INFO] [stdout]     |          ^^^^^^^^^^^^^^^
[INFO] [stdout] 
[INFO] [stdout] 
[INFO] [stdout] error[E0433]: cannot find type `ValidationError` in this scope
[INFO] [stdout]    --> src/lib.rs:643:17
[INFO] [stdout]     |
[INFO] [stdout] 643 |             Err(ValidationError::InvalidMount(_))
[INFO] [stdout]     |                 ^^^^^^^^^^^^^^^ use of undeclared type `ValidationError`
[INFO] [stdout]     |
[INFO] [stdout] note: found an item that was configured out
[INFO] [stdout]    --> src/lib.rs:261:10
[INFO] [stdout]     |
[INFO] [stdout] 259 | #[cfg(feature = "std")]
[INFO] [stdout]     |       --------------- the item is gated behind the `std` feature
[INFO] [stdout] 260 | #[derive(Debug)]
[INFO] [stdout] 261 | pub enum ValidationError {
[INFO] [stdout]     |          ^^^^^^^^^^^^^^^
[INFO] [stdout] 
[INFO] [stdout] 
[INFO] [stdout] error[E0433]: cannot find type `ValidationError` in this scope
[INFO] [stdout]    --> src/lib.rs:656:17
[INFO] [stdout]     |
[INFO] [stdout] 656 |             Err(ValidationError::InvalidMount(_))
[INFO] [stdout]     |                 ^^^^^^^^^^^^^^^ use of undeclared type `ValidationError`
[INFO] [stdout]     |
[INFO] [stdout] note: found an item that was configured out
[INFO] [stdout]    --> src/lib.rs:261:10
[INFO] [stdout]     |
[INFO] [stdout] 259 | #[cfg(feature = "std")]
[INFO] [stdout]     |       --------------- the item is gated behind the `std` feature
[INFO] [stdout] 260 | #[derive(Debug)]
[INFO] [stdout] 261 | pub enum ValidationError {
[INFO] [stdout]     |          ^^^^^^^^^^^^^^^
[INFO] [stdout] 
[INFO] [stdout] 
[INFO] [stdout] error[E0433]: cannot find type `ValidationError` in this scope
[INFO] [stdout]    --> src/lib.rs:724:17
[INFO] [stdout]     |
[INFO] [stdout] 724 |             Err(ValidationError::InvalidOutline(_))
[INFO] [stdout]     |                 ^^^^^^^^^^^^^^^ use of undeclared type `ValidationError`
[INFO] [stdout]     |
[INFO] [stdout] note: found an item that was configured out
[INFO] [stdout]    --> src/lib.rs:261:10
[INFO] [stdout]     |
[INFO] [stdout] 259 | #[cfg(feature = "std")]
[INFO] [stdout]     |       --------------- the item is gated behind the `std` feature
[INFO] [stdout] 260 | #[derive(Debug)]
[INFO] [stdout] 261 | pub enum ValidationError {
[INFO] [stdout]     |          ^^^^^^^^^^^^^^^
[INFO] [stdout] 
[INFO] [stdout] 
[INFO] [stdout] Some errors have detailed explanations: E0425, E0433.
[INFO] [stdout] 
[INFO] [stdout] For more information about an error, try `rustc --explain E0425`.
[INFO] [stdout] 
[INFO] [stderr] error: could not compile `fiducial-eda` (lib test) due to 35 previous errors
[INFO] running `Command { std: "docker" "inspect" "ee7fb1c4009a0f641a01c2f2030dee9bc842b805ca9415f6b90b336b2d8d0fc3", kill_on_drop: false }`
[INFO] running `Command { std: "docker" "rm" "-f" "ee7fb1c4009a0f641a01c2f2030dee9bc842b805ca9415f6b90b336b2d8d0fc3", kill_on_drop: false }`
[INFO] [stdout] ee7fb1c4009a0f641a01c2f2030dee9bc842b805ca9415f6b90b336b2d8d0fc3
