[INFO] fetching crate fidoh-core 0.1.0...
[INFO] checking fidoh-core-0.1.0 against 3154cc1a3e6424e44f438a95007d043ed5ceaaf6+rustflags=-Znext-solver=coherence for pr-133502-30
[INFO] extracting crate fidoh-core 0.1.0 into /workspace/builds/worker-1-tc1/source
[INFO] started tweaking crates.io crate fidoh-core 0.1.0
[INFO] removed 0 missing tests
[INFO] finished tweaking crates.io crate fidoh-core 0.1.0
[INFO] tweaked toml for crates.io crate fidoh-core 0.1.0 written to /workspace/builds/worker-1-tc1/source/Cargo.toml
[INFO] validating manifest of crates.io crate fidoh-core 0.1.0 on toolchain 3154cc1a3e6424e44f438a95007d043ed5ceaaf6
[INFO] running `Command { std: CARGO_HOME="/workspace/cargo-home" RUSTUP_HOME="/workspace/rustup-home" "/workspace/cargo-home/bin/cargo" "+3154cc1a3e6424e44f438a95007d043ed5ceaaf6" "metadata" "--manifest-path" "Cargo.toml" "--no-deps", kill_on_drop: false }`
[INFO] crate crates.io crate fidoh-core 0.1.0 already has a lockfile, it will not be regenerated
[INFO] running `Command { std: CARGO_HOME="/workspace/cargo-home" RUSTUP_HOME="/workspace/rustup-home" "/workspace/cargo-home/bin/cargo" "+3154cc1a3e6424e44f438a95007d043ed5ceaaf6" "fetch" "--manifest-path" "Cargo.toml", kill_on_drop: false }`
[INFO] [stderr]  Downloading crates ...
[INFO] [stderr]   Downloaded base64ct v1.7.3
[INFO] running `Command { std: "docker" "create" "-v" "/var/lib/crater-agent-workspace/builds/worker-1-tc1/source:/opt/rustwide/workdir:ro,Z" "-v" "/var/lib/crater-agent-workspace/builds/worker-1-tc1/target:/opt/rustwide/target:rw,Z" "-v" "/var/lib/crater-agent-workspace/cargo-home:/opt/rustwide/cargo-home:ro,Z" "-v" "/var/lib/crater-agent-workspace/rustup-home:/opt/rustwide/rustup-home:ro,Z" "-m" "1610612736" "--network" "none" "ghcr.io/rust-lang/crates-build-env/linux@sha256:77db811e55d90add9212f6832c23229e3de5f1c1f9905e8cb07319ea15df73ac" "sleep" "infinity", kill_on_drop: false }`
[INFO] [stdout] c7a003c22422b88620b1bf3d6befef362eb9f2e0aeb8a4c9cce039c5a693037a
[INFO] running `Command { std: "docker" "start" "c7a003c22422b88620b1bf3d6befef362eb9f2e0aeb8a4c9cce039c5a693037a", kill_on_drop: false }`
[INFO] running `Command { std: "docker" "inspect" "c7a003c22422b88620b1bf3d6befef362eb9f2e0aeb8a4c9cce039c5a693037a", kill_on_drop: false }`
[INFO] running `Command { std: "docker" "exec" "-e" "SOURCE_DIR=/opt/rustwide/workdir" "-e" "CARGO_HOME=/opt/rustwide/cargo-home" "-e" "RUSTUP_HOME=/opt/rustwide/rustup-home" "-e" "CARGO_TARGET_DIR=/opt/rustwide/target" "-w" "/opt/rustwide/workdir" "--user" "0:0" "c7a003c22422b88620b1bf3d6befef362eb9f2e0aeb8a4c9cce039c5a693037a" "/opt/rustwide/cargo-home/bin/cargo" "+3154cc1a3e6424e44f438a95007d043ed5ceaaf6" "metadata" "--no-deps" "--format-version=1", kill_on_drop: false }`
[INFO] running `Command { std: "docker" "inspect" "c7a003c22422b88620b1bf3d6befef362eb9f2e0aeb8a4c9cce039c5a693037a", kill_on_drop: false }`
[INFO] running `Command { std: "docker" "exec" "-e" "SOURCE_DIR=/opt/rustwide/workdir" "-e" "CARGO_HOME=/opt/rustwide/cargo-home" "-e" "RUSTUP_HOME=/opt/rustwide/rustup-home" "-e" "CARGO_TARGET_DIR=/opt/rustwide/target" "-e" "CARGO_INCREMENTAL=0" "-e" "RUST_BACKTRACE=full" "-e" "RUSTFLAGS=--cap-lints=forbid -Znext-solver=coherence" "-e" "RUSTDOCFLAGS=--cap-lints=forbid" "-w" "/opt/rustwide/workdir" "--user" "0:0" "c7a003c22422b88620b1bf3d6befef362eb9f2e0aeb8a4c9cce039c5a693037a" "/opt/rustwide/cargo-home/bin/cargo" "+3154cc1a3e6424e44f438a95007d043ed5ceaaf6" "check" "--frozen" "--all" "--all-targets" "--message-format=json", kill_on_drop: false }`
[INFO] [stderr]     Checking zeroize v1.8.2
[INFO] [stderr]    Compiling generic-array v0.14.9
[INFO] [stderr]     Checking typenum v1.20.1
[INFO] [stderr]     Checking subtle v2.6.1
[INFO] [stderr]     Checking rand_core v0.6.4
[INFO] [stderr]     Checking cfg-if v1.0.5
[INFO] [stderr]     Checking hex v0.4.3
[INFO] [stderr]     Checking der v0.7.10
[INFO] [stderr]     Checking ff v0.13.1
[INFO] [stderr]     Checking group v0.13.0
[INFO] [stderr]     Checking spki v0.7.3
[INFO] [stderr]     Checking crypto-common v0.1.6
[INFO] [stderr]     Checking block-buffer v0.10.4
[INFO] [stderr]     Checking block-padding v0.3.3
[INFO] [stderr]     Checking crypto-bigint v0.5.5
[INFO] [stderr]     Checking sec1 v0.7.3
[INFO] [stderr]     Checking inout v0.1.4
[INFO] [stderr]     Checking digest v0.10.7
[INFO] [stderr]     Checking cipher v0.4.4
[INFO] [stderr]     Checking hmac v0.12.1
[INFO] [stderr]     Checking signature v2.2.0
[INFO] [stderr]     Checking sha2 v0.10.9
[INFO] [stderr]     Checking hkdf v0.12.4
[INFO] [stderr]     Checking rfc6979 v0.4.0
[INFO] [stderr]     Checking aes v0.8.4
[INFO] [stderr]     Checking cbc v0.1.2
[INFO] [stderr]     Checking elliptic-curve v0.13.8
[INFO] [stderr]     Checking primeorder v0.13.6
[INFO] [stderr]     Checking ecdsa v0.16.9
[INFO] [stderr]     Checking p256 v0.13.2
[INFO] [stderr]     Checking fidoh-core v0.1.0 (/opt/rustwide/workdir)
[INFO] [stdout] error[E0432]: unresolved import `fidoh_transport_soft`
[INFO] [stdout]   --> tests/ceremony.rs:60:5
[INFO] [stdout]    |
[INFO] [stdout] 60 | use fidoh_transport_soft::{
[INFO] [stdout]    |     ^^^^^^^^^^^^^^^^^^^^ use of unresolved module or unlinked crate `fidoh_transport_soft`
[INFO] [stdout]    |
[INFO] [stdout]    = help: if you wanted to use a crate named `fidoh_transport_soft`, use `cargo add fidoh_transport_soft` to add it to your `Cargo.toml`
[INFO] [stdout] 
[INFO] [stdout] 
[INFO] [stdout] error[E0432]: unresolved import `fidoh_transport_soft`
[INFO] [stdout]     --> tests/ceremony.rs:1104:5
[INFO] [stdout]      |
[INFO] [stdout] 1104 | use fidoh_transport_soft::MAX_PIN_RETRIES;
[INFO] [stdout]      |     ^^^^^^^^^^^^^^^^^^^^ use of unresolved module or unlinked crate `fidoh_transport_soft`
[INFO] [stdout]      |
[INFO] [stdout]      = help: if you wanted to use a crate named `fidoh_transport_soft`, use `cargo add fidoh_transport_soft` to add it to your `Cargo.toml`
[INFO] [stdout] 
[INFO] [stdout] 
[INFO] [stdout] error[E0433]: cannot find module or crate `fidoh_transport_soft` in this scope
[INFO] [stdout]    --> tests/ceremony.rs:116:55
[INFO] [stdout]     |
[INFO] [stdout] 116 | fn mint(auth: &mut SoftAuthenticator, user: &[u8]) -> fidoh_transport_soft::MintedCredential {
[INFO] [stdout]     |                                                       ^^^^^^^^^^^^^^^^^^^^ use of unresolved module or unlinked crate `fidoh_transport_soft`
[INFO] [stdout]     |
[INFO] [stdout]     = help: if you wanted to use a crate named `fidoh_transport_soft`, use `cargo add fidoh_transport_soft` to add it to your `Cargo.toml`
[INFO] [stdout] 
[INFO] [stdout] 
[INFO] [stdout] error[E0433]: cannot find module or crate `fidoh_transport_soft` in this scope
[INFO] [stdout]    --> tests/ceremony.rs:329:19
[INFO] [stdout]     |
[INFO] [stdout] 329 |     type Device = fidoh_transport_soft::SoftDevice;
[INFO] [stdout]     |                   ^^^^^^^^^^^^^^^^^^^^ use of unresolved module or unlinked crate `fidoh_transport_soft`
[INFO] [stdout]     |
[INFO] [stdout]     = help: if you wanted to use a crate named `fidoh_transport_soft`, use `cargo add fidoh_transport_soft` to add it to your `Cargo.toml`
[INFO] [stdout] 
[INFO] [stdout] 
[INFO] [stdout] error[E0433]: cannot find module or crate `fidoh_transport_soft` in this scope
[INFO] [stdout]    --> tests/ceremony.rs:360:19
[INFO] [stdout]     |
[INFO] [stdout] 360 |     type Device = fidoh_transport_soft::SoftDevice;
[INFO] [stdout]     |                   ^^^^^^^^^^^^^^^^^^^^ use of unresolved module or unlinked crate `fidoh_transport_soft`
[INFO] [stdout]     |
[INFO] [stdout]     = help: if you wanted to use a crate named `fidoh_transport_soft`, use `cargo add fidoh_transport_soft` to add it to your `Cargo.toml`
[INFO] [stdout] 
[INFO] [stdout] 
[INFO] [stdout] error[E0433]: cannot find module or crate `fidoh_transport_soft` in this scope
[INFO] [stdout]    --> tests/ceremony.rs:393:19
[INFO] [stdout]     |
[INFO] [stdout] 393 |     type Device = fidoh_transport_soft::SoftDevice;
[INFO] [stdout]     |                   ^^^^^^^^^^^^^^^^^^^^ use of unresolved module or unlinked crate `fidoh_transport_soft`
[INFO] [stdout]     |
[INFO] [stdout]     = help: if you wanted to use a crate named `fidoh_transport_soft`, use `cargo add fidoh_transport_soft` to add it to your `Cargo.toml`
[INFO] [stdout] 
[INFO] [stdout] 
[INFO] [stdout] error[E0433]: cannot find module or crate `fidoh_transport_soft` in this scope
[INFO] [stdout]     --> tests/ceremony.rs:1164:58
[INFO] [stdout]      |
[INFO] [stdout] 1164 | fn pin_token(auth_pin: &'static [u8]) -> (SoftTransport, fidoh_transport_soft::SoftDeviceCore) {
[INFO] [stdout]      |                                                          ^^^^^^^^^^^^^^^^^^^^ use of unresolved module or unlinked crate `fidoh_transport_soft`
[INFO] [stdout]      |
[INFO] [stdout]      = help: if you wanted to use a crate named `fidoh_transport_soft`, use `cargo add fidoh_transport_soft` to add it to your `Cargo.toml`
[INFO] [stdout] 
[INFO] [stdout] 
[INFO] [stdout] error[E0433]: cannot find module or crate `fidoh_transport_soft` in this scope
[INFO] [stdout]     --> tests/ceremony.rs:1361:12
[INFO] [stdout]      |
[INFO] [stdout] 1361 |     core: &fidoh_transport_soft::SoftDeviceCore,
[INFO] [stdout]      |            ^^^^^^^^^^^^^^^^^^^^ use of unresolved module or unlinked crate `fidoh_transport_soft`
[INFO] [stdout]      |
[INFO] [stdout]      = help: if you wanted to use a crate named `fidoh_transport_soft`, use `cargo add fidoh_transport_soft` to add it to your `Cargo.toml`
[INFO] [stdout] 
[INFO] [stdout] 
[INFO] [stdout] Some errors have detailed explanations: E0432, E0433.
[INFO] [stdout] 
[INFO] [stdout] For more information about an error, try `rustc --explain E0432`.
[INFO] [stdout] 
[INFO] [stderr] error: could not compile `fidoh-core` (test "ceremony") due to 8 previous errors
[INFO] [stderr] warning: build failed, waiting for other jobs to finish...
[INFO] running `Command { std: "docker" "inspect" "c7a003c22422b88620b1bf3d6befef362eb9f2e0aeb8a4c9cce039c5a693037a", kill_on_drop: false }`
[INFO] running `Command { std: "docker" "rm" "-f" "c7a003c22422b88620b1bf3d6befef362eb9f2e0aeb8a4c9cce039c5a693037a", kill_on_drop: false }`
[INFO] [stdout] c7a003c22422b88620b1bf3d6befef362eb9f2e0aeb8a4c9cce039c5a693037a
