[INFO] fetching crate fidelity-detect 0.4.0...
[INFO] checking fidelity-detect-0.4.0 against 3154cc1a3e6424e44f438a95007d043ed5ceaaf6+rustflags=-Znext-solver=coherence for pr-133502-30
[INFO] extracting crate fidelity-detect 0.4.0 into /workspace/builds/worker-1-tc1/source
[INFO] started tweaking crates.io crate fidelity-detect 0.4.0
[INFO] finished tweaking crates.io crate fidelity-detect 0.4.0
[INFO] tweaked toml for crates.io crate fidelity-detect 0.4.0 written to /workspace/builds/worker-1-tc1/source/Cargo.toml
[INFO] validating manifest of crates.io crate fidelity-detect 0.4.0 on toolchain 3154cc1a3e6424e44f438a95007d043ed5ceaaf6
[INFO] running `Command { std: CARGO_HOME="/workspace/cargo-home" RUSTUP_HOME="/workspace/rustup-home" "/workspace/cargo-home/bin/cargo" "+3154cc1a3e6424e44f438a95007d043ed5ceaaf6" "metadata" "--manifest-path" "Cargo.toml" "--no-deps", kill_on_drop: false }`
[INFO] crate crates.io crate fidelity-detect 0.4.0 already has a lockfile, it will not be regenerated
[INFO] running `Command { std: CARGO_HOME="/workspace/cargo-home" RUSTUP_HOME="/workspace/rustup-home" "/workspace/cargo-home/bin/cargo" "+3154cc1a3e6424e44f438a95007d043ed5ceaaf6" "fetch" "--manifest-path" "Cargo.toml", kill_on_drop: false }`
[INFO] [stderr]     Updating crates.io index
[INFO] [stderr]  Downloading crates ...
[INFO] [stderr]   Downloaded fidelity-types v0.4.0
[INFO] [stderr]   Downloaded fidelity-core v0.4.0
[INFO] running `Command { std: "docker" "create" "-v" "/var/lib/crater-agent-workspace/builds/worker-1-tc1/source:/opt/rustwide/workdir:ro,Z" "-v" "/var/lib/crater-agent-workspace/builds/worker-1-tc1/target:/opt/rustwide/target:rw,Z" "-v" "/var/lib/crater-agent-workspace/cargo-home:/opt/rustwide/cargo-home:ro,Z" "-v" "/var/lib/crater-agent-workspace/rustup-home:/opt/rustwide/rustup-home:ro,Z" "-m" "1610612736" "--network" "none" "ghcr.io/rust-lang/crates-build-env/linux@sha256:77db811e55d90add9212f6832c23229e3de5f1c1f9905e8cb07319ea15df73ac" "sleep" "infinity", kill_on_drop: false }`
[INFO] [stdout] 636c1222ff68cebf6c28f49d94901bd157577c178613f9f7f5ff169dde52c555
[INFO] running `Command { std: "docker" "start" "636c1222ff68cebf6c28f49d94901bd157577c178613f9f7f5ff169dde52c555", kill_on_drop: false }`
[INFO] running `Command { std: "docker" "inspect" "636c1222ff68cebf6c28f49d94901bd157577c178613f9f7f5ff169dde52c555", kill_on_drop: false }`
[INFO] running `Command { std: "docker" "exec" "-e" "SOURCE_DIR=/opt/rustwide/workdir" "-e" "CARGO_HOME=/opt/rustwide/cargo-home" "-e" "RUSTUP_HOME=/opt/rustwide/rustup-home" "-e" "CARGO_TARGET_DIR=/opt/rustwide/target" "-w" "/opt/rustwide/workdir" "--user" "0:0" "636c1222ff68cebf6c28f49d94901bd157577c178613f9f7f5ff169dde52c555" "/opt/rustwide/cargo-home/bin/cargo" "+3154cc1a3e6424e44f438a95007d043ed5ceaaf6" "metadata" "--no-deps" "--format-version=1", kill_on_drop: false }`
[INFO] running `Command { std: "docker" "inspect" "636c1222ff68cebf6c28f49d94901bd157577c178613f9f7f5ff169dde52c555", kill_on_drop: false }`
[INFO] running `Command { std: "docker" "exec" "-e" "SOURCE_DIR=/opt/rustwide/workdir" "-e" "CARGO_HOME=/opt/rustwide/cargo-home" "-e" "RUSTUP_HOME=/opt/rustwide/rustup-home" "-e" "CARGO_TARGET_DIR=/opt/rustwide/target" "-e" "CARGO_INCREMENTAL=0" "-e" "RUST_BACKTRACE=full" "-e" "RUSTFLAGS=--cap-lints=forbid -Znext-solver=coherence" "-e" "RUSTDOCFLAGS=--cap-lints=forbid" "-w" "/opt/rustwide/workdir" "--user" "0:0" "636c1222ff68cebf6c28f49d94901bd157577c178613f9f7f5ff169dde52c555" "/opt/rustwide/cargo-home/bin/cargo" "+3154cc1a3e6424e44f438a95007d043ed5ceaaf6" "check" "--frozen" "--all" "--all-targets" "--message-format=json", kill_on_drop: false }`
[INFO] [stderr]     Checking fidelity-types v0.4.0
[INFO] [stderr]     Checking fidelity-core v0.4.0
[INFO] [stderr]     Checking fidelity-detect v0.4.0 (/opt/rustwide/workdir)
[INFO] [stdout] error[E0432]: unresolved import `fidelity_testkit`
[INFO] [stdout]   --> src/device_compromise/verified_boot.rs:44:9
[INFO] [stdout]    |
[INFO] [stdout] 44 |     use fidelity_testkit::FakeEnvironment;
[INFO] [stdout]    |         ^^^^^^^^^^^^^^^^ use of unresolved module or unlinked crate `fidelity_testkit`
[INFO] [stdout]    |
[INFO] [stdout]    = help: if you wanted to use a crate named `fidelity_testkit`, use `cargo add fidelity_testkit` to add it to your `Cargo.toml`
[INFO] [stdout] 
[INFO] [stdout] 
[INFO] [stdout] error[E0432]: unresolved import `fidelity_testkit`
[INFO] [stdout]    --> src/instrumentation/dispatch.rs:114:9
[INFO] [stdout]     |
[INFO] [stdout] 114 |     use fidelity_testkit::FakeEnvironment;
[INFO] [stdout]     |         ^^^^^^^^^^^^^^^^ use of unresolved module or unlinked crate `fidelity_testkit`
[INFO] [stdout]     |
[INFO] [stdout]     = help: if you wanted to use a crate named `fidelity_testkit`, use `cargo add fidelity_testkit` to add it to your `Cargo.toml`
[INFO] [stdout] 
[INFO] [stdout] 
[INFO] [stdout] error[E0432]: unresolved import `fidelity_testkit`
[INFO] [stdout]   --> src/instrumentation/image_catalog.rs:43:9
[INFO] [stdout]    |
[INFO] [stdout] 43 |     use fidelity_testkit::FakeEnvironment;
[INFO] [stdout]    |         ^^^^^^^^^^^^^^^^ use of unresolved module or unlinked crate `fidelity_testkit`
[INFO] [stdout]    |
[INFO] [stdout]    = help: if you wanted to use a crate named `fidelity_testkit`, use `cargo add fidelity_testkit` to add it to your `Cargo.toml`
[INFO] [stdout] 
[INFO] [stdout] 
[INFO] [stdout] error[E0432]: unresolved import `fidelity_testkit`
[INFO] [stdout]   --> src/instrumentation/local_agent.rs:36:9
[INFO] [stdout]    |
[INFO] [stdout] 36 |     use fidelity_testkit::FakeEnvironment;
[INFO] [stdout]    |         ^^^^^^^^^^^^^^^^ use of unresolved module or unlinked crate `fidelity_testkit`
[INFO] [stdout]    |
[INFO] [stdout]    = help: if you wanted to use a crate named `fidelity_testkit`, use `cargo add fidelity_testkit` to add it to your `Cargo.toml`
[INFO] [stdout] 
[INFO] [stdout] 
[INFO] [stdout] error[E0432]: unresolved import `fidelity_testkit`
[INFO] [stdout]    --> src/lib.rs:240:9
[INFO] [stdout]     |
[INFO] [stdout] 240 |     use fidelity_testkit::FakeEnvironment;
[INFO] [stdout]     |         ^^^^^^^^^^^^^^^^ use of unresolved module or unlinked crate `fidelity_testkit`
[INFO] [stdout]     |
[INFO] [stdout]     = help: if you wanted to use a crate named `fidelity_testkit`, use `cargo add fidelity_testkit` to add it to your `Cargo.toml`
[INFO] [stdout] 
[INFO] [stdout] 
[INFO] [stdout] For more information about this error, try `rustc --explain E0432`.
[INFO] [stdout] 
[INFO] [stderr] error: could not compile `fidelity-detect` (lib test) due to 5 previous errors
[INFO] running `Command { std: "docker" "inspect" "636c1222ff68cebf6c28f49d94901bd157577c178613f9f7f5ff169dde52c555", kill_on_drop: false }`
[INFO] running `Command { std: "docker" "rm" "-f" "636c1222ff68cebf6c28f49d94901bd157577c178613f9f7f5ff169dde52c555", kill_on_drop: false }`
[INFO] [stdout] 636c1222ff68cebf6c28f49d94901bd157577c178613f9f7f5ff169dde52c555
