[INFO] fetching crate ffai-carmenta 0.11.0...
[INFO] checking ffai-carmenta-0.11.0 against 3154cc1a3e6424e44f438a95007d043ed5ceaaf6+rustflags=-Znext-solver=coherence for pr-133502-30
[INFO] extracting crate ffai-carmenta 0.11.0 into /workspace/builds/worker-4-tc1/source
[INFO] started tweaking crates.io crate ffai-carmenta 0.11.0
[INFO] removed 0 missing examples
[INFO] removed 0 missing tests
[INFO] finished tweaking crates.io crate ffai-carmenta 0.11.0
[INFO] tweaked toml for crates.io crate ffai-carmenta 0.11.0 written to /workspace/builds/worker-4-tc1/source/Cargo.toml
[INFO] validating manifest of crates.io crate ffai-carmenta 0.11.0 on toolchain 3154cc1a3e6424e44f438a95007d043ed5ceaaf6
[INFO] running `Command { std: CARGO_HOME="/workspace/cargo-home" RUSTUP_HOME="/workspace/rustup-home" "/workspace/cargo-home/bin/cargo" "+3154cc1a3e6424e44f438a95007d043ed5ceaaf6" "metadata" "--manifest-path" "Cargo.toml" "--no-deps", kill_on_drop: false }`
[INFO] crate crates.io crate ffai-carmenta 0.11.0 already has a lockfile, it will not be regenerated
[INFO] running `Command { std: CARGO_HOME="/workspace/cargo-home" RUSTUP_HOME="/workspace/rustup-home" "/workspace/cargo-home/bin/cargo" "+3154cc1a3e6424e44f438a95007d043ed5ceaaf6" "fetch" "--manifest-path" "Cargo.toml", kill_on_drop: false }`
[INFO] [stderr]     Updating crates.io index
[INFO] [stderr]  Downloading crates ...
[INFO] [stderr]   Downloaded macro_rules_attribute-proc_macro v0.2.2
[INFO] [stderr]   Downloaded macro_rules_attribute v0.2.2
[INFO] [stderr]   Downloaded fancy-regex v0.17.0
[INFO] [stderr]   Downloaded mimalloc v0.1.52
[INFO] [stderr]   Downloaded tokio-macros v2.7.1
[INFO] [stderr]   Downloaded rusty_alloc-api v2.2.0
[INFO] [stderr]   Downloaded wasite v1.0.2
[INFO] [stderr]   Downloaded tokio-retry v0.3.2
[INFO] [stderr]   Downloaded tokio_with_wasm_proc v0.8.8
[INFO] [stderr]   Downloaded whoami v2.1.2
[INFO] [stderr]   Downloaded wasi v0.14.7+wasi-0.2.4
[INFO] [stderr]   Downloaded symlink v0.1.0
[INFO] [stderr]   Downloaded ffai-models v0.6.6
[INFO] [stderr]   Downloaded tracing-appender v0.2.5
[INFO] [stderr]   Downloaded tokio_with_wasm v0.8.8
[INFO] [stderr]   Downloaded shellexpand v3.1.2
[INFO] [stderr]   Downloaded objc2-system-configuration v0.3.2
[INFO] [stderr]   Downloaded os_str_bytes v6.6.1
[INFO] [stderr]   Downloaded more-asserts v0.3.1
[INFO] [stderr]   Downloaded git-version v0.3.9
[INFO] [stderr]   Downloaded konst_proc_macros v0.4.1
[INFO] [stderr]   Downloaded git-version-macro v0.3.9
[INFO] [stderr]   Downloaded hf-xet v1.5.4
[INFO] [stderr]   Downloaded oneshot v0.1.13
[INFO] [stderr]   Downloaded linktime-proc-macro v0.2.0
[INFO] [stderr]   Downloaded xet-runtime v1.5.4
[INFO] [stderr]   Downloaded hf-hub v1.0.0
[INFO] [stderr]   Downloaded const_panic v0.2.15
[INFO] [stderr]   Downloaded ctor v1.0.11
[INFO] [stderr]   Downloaded link-section v0.19.1
[INFO] [stderr]   Downloaded const-str v1.1.0
[INFO] [stderr]   Downloaded safe-transmute v0.11.3
[INFO] [stderr]   Downloaded lz4_flex v0.13.1
[INFO] [stderr]   Downloaded heapify v0.2.0
[INFO] [stderr]   Downloaded countio v0.3.0
[INFO] [stderr]   Downloaded rusty_alloc v2.2.0
[INFO] [stderr]   Downloaded konst v0.4.3
[INFO] [stderr]   Downloaded xet-core-structures v1.5.4
[INFO] [stderr]   Downloaded libmimalloc-sys v0.1.49
[INFO] [stderr]   Downloaded bstr v1.13.0
[INFO] [stderr]   Downloaded xet-data v1.5.4
[INFO] [stderr]   Downloaded xet-client v1.5.4
[INFO] [stderr]   Downloaded statrs v0.18.0
[INFO] [stderr]   Downloaded redb v3.1.3
[INFO] [stderr]   Downloaded gearhash v0.1.3
[INFO] [stderr]   Downloaded cfg-if v0.1.10
[INFO] [stderr]   Downloaded bon v3.9.3
[INFO] [stderr]   Downloaded bon-macros v3.9.3
[INFO] [stderr]   Downloaded reqwest-middleware v0.5.2
[INFO] [stderr]   Downloaded globset v0.4.19
[INFO] [stderr]   Downloaded candle-core v0.11.0
[INFO] [stderr]   Downloaded ffai-core v0.8.0
[INFO] [stderr]   Downloaded tokenizers v0.22.2
[INFO] [stderr]   Downloaded safetensors v0.8.0
[INFO] [stderr]   Downloaded gemm v0.19.0
[INFO] [stderr]   Downloaded gemm-f64 v0.19.0
[INFO] [stderr]   Downloaded enum-as-inner v0.6.1
[INFO] [stderr]   Downloaded gemm-common v0.19.0
[INFO] [stderr]   Downloaded sysctl v0.6.0
[INFO] [stderr]   Downloaded gemm-f32 v0.19.0
[INFO] [stderr]   Downloaded gemm-c64 v0.19.0
[INFO] [stderr]   Downloaded gemm-c32 v0.19.0
[INFO] [stderr]   Downloaded dyn-stack v0.13.2
[INFO] [stderr]   Downloaded dyn-stack-macros v0.1.3
[INFO] [stderr]   Downloaded gemm-f16 v0.19.0
[INFO] [stderr]   Downloaded serde_plain v1.0.2
[INFO] [stderr]   Downloaded candle-nn v0.11.0
[INFO] [stderr]   Downloaded float8 v0.7.0
[INFO] [stderr]   Downloaded fancy-regex v0.18.0
[INFO] [stderr]   Downloaded candle-transformers v0.11.0
[INFO] running `Command { std: "docker" "create" "-v" "/var/lib/crater-agent-workspace/builds/worker-4-tc1/source:/opt/rustwide/workdir:ro,Z" "-v" "/var/lib/crater-agent-workspace/builds/worker-4-tc1/target:/opt/rustwide/target:rw,Z" "-v" "/var/lib/crater-agent-workspace/cargo-home:/opt/rustwide/cargo-home:ro,Z" "-v" "/var/lib/crater-agent-workspace/rustup-home:/opt/rustwide/rustup-home:ro,Z" "-m" "1610612736" "--network" "none" "ghcr.io/rust-lang/crates-build-env/linux@sha256:77db811e55d90add9212f6832c23229e3de5f1c1f9905e8cb07319ea15df73ac" "sleep" "infinity", kill_on_drop: false }`
[INFO] [stdout] 39832e291bada7af47ed958be0984c2029f006eccefed17f04e09a675cfb0216
[INFO] running `Command { std: "docker" "start" "39832e291bada7af47ed958be0984c2029f006eccefed17f04e09a675cfb0216", kill_on_drop: false }`
[INFO] running `Command { std: "docker" "inspect" "39832e291bada7af47ed958be0984c2029f006eccefed17f04e09a675cfb0216", kill_on_drop: false }`
[INFO] running `Command { std: "docker" "exec" "-e" "SOURCE_DIR=/opt/rustwide/workdir" "-e" "CARGO_HOME=/opt/rustwide/cargo-home" "-e" "RUSTUP_HOME=/opt/rustwide/rustup-home" "-e" "CARGO_TARGET_DIR=/opt/rustwide/target" "-w" "/opt/rustwide/workdir" "--user" "0:0" "39832e291bada7af47ed958be0984c2029f006eccefed17f04e09a675cfb0216" "/opt/rustwide/cargo-home/bin/cargo" "+3154cc1a3e6424e44f438a95007d043ed5ceaaf6" "metadata" "--no-deps" "--format-version=1", kill_on_drop: false }`
[INFO] running `Command { std: "docker" "inspect" "39832e291bada7af47ed958be0984c2029f006eccefed17f04e09a675cfb0216", kill_on_drop: false }`
[INFO] running `Command { std: "docker" "exec" "-e" "SOURCE_DIR=/opt/rustwide/workdir" "-e" "CARGO_HOME=/opt/rustwide/cargo-home" "-e" "RUSTUP_HOME=/opt/rustwide/rustup-home" "-e" "CARGO_TARGET_DIR=/opt/rustwide/target" "-e" "CARGO_INCREMENTAL=0" "-e" "RUST_BACKTRACE=full" "-e" "RUSTFLAGS=--cap-lints=forbid -Znext-solver=coherence" "-e" "RUSTDOCFLAGS=--cap-lints=forbid" "-w" "/opt/rustwide/workdir" "--user" "0:0" "39832e291bada7af47ed958be0984c2029f006eccefed17f04e09a675cfb0216" "/opt/rustwide/cargo-home/bin/cargo" "+3154cc1a3e6424e44f438a95007d043ed5ceaaf6" "check" "--frozen" "--all" "--all-targets" "--message-format=json", kill_on_drop: false }`
[INFO] [stderr]    Compiling libc v0.2.189
[INFO] [stderr]     Checking memchr v2.8.3
[INFO] [stderr]    Compiling serde_core v1.0.229
[INFO] [stderr]    Compiling serde v1.0.229
[INFO] [stderr]     Checking bitflags v2.13.1
[INFO] [stderr]    Compiling crossbeam-utils v0.8.22
[INFO] [stderr]    Compiling num-traits v0.2.19
[INFO] [stderr]     Checking stable_deref_trait v1.2.1
[INFO] [stderr]     Checking smallvec v1.15.2
[INFO] [stderr]    Compiling zerocopy v0.8.55
[INFO] [stderr]     Checking bytes v1.12.1
[INFO] [stderr]     Checking futures-core v0.3.33
[INFO] [stderr]    Compiling syn v2.0.119
[INFO] [stderr]    Compiling syn v3.0.3
[INFO] [stderr]     Checking either v1.17.0
[INFO] [stderr]    Compiling zmij v1.0.23
[INFO] [stderr]     Checking indexmap v2.14.0
[INFO] [stderr]    Compiling serde_json v1.0.151
[INFO] [stderr]    Compiling dunce v1.0.5
[INFO] [stderr]    Compiling crossbeam-epoch v0.9.20
[INFO] [stderr]    Compiling fs_extra v1.3.0
[INFO] [stderr]     Checking log v0.4.33
[INFO] [stderr]     Checking futures-sink v0.3.33
[INFO] [stderr]     Checking tracing-core v0.1.36
[INFO] [stderr]    Compiling crossbeam-deque v0.8.7
[INFO] [stderr]    Compiling getrandom v0.4.3
[INFO] [stderr]     Checking futures-channel v0.3.33
[INFO] [stderr]     Checking zeroize v1.9.0
[INFO] [stderr]     Checking futures-io v0.3.33
[INFO] [stderr]     Checking litemap v0.8.2
[INFO] [stderr]     Checking writeable v0.6.3
[INFO] [stderr]    Compiling aws-lc-rs v1.18.1
[INFO] [stderr]    Compiling thiserror v2.0.19
[INFO] [stderr]    Compiling icu_properties_data v2.2.0
[INFO] [stderr]     Checking futures-task v0.3.33
[INFO] [stderr]    Compiling icu_normalizer_data v2.2.0
[INFO] [stderr]     Checking rustls-pki-types v1.15.1
[INFO] [stderr]    Compiling pulp v0.22.3
[INFO] [stderr]     Checking aho-corasick v1.1.4
[INFO] [stderr]    Compiling rustversion v1.0.23
[INFO] [stderr]     Checking typenum v1.20.1
[INFO] [stderr]    Compiling rustls v0.23.45
[INFO] [stderr]     Checking rayon-core v1.13.0
[INFO] [stderr]     Checking itertools v0.14.0
[INFO] [stderr]     Checking raw-cpuid v11.6.0
[INFO] [stderr]    Compiling dyn-stack-macros v0.1.3
[INFO] [stderr]     Checking http v1.4.2
[INFO] [stderr]     Checking reborrow v0.5.5
[INFO] [stderr]     Checking pulp-wasm-simd-flag v0.1.1
[INFO] [stderr]    Compiling fnv v1.0.7
[INFO] [stderr]    Compiling seq-macro v0.3.6
[INFO] [stderr]     Checking getrandom v0.3.4
[INFO] [stderr]     Checking mio v1.2.2
[INFO] [stderr]     Checking socket2 v0.6.5
[INFO] [stderr]    Compiling unicase v2.9.0
[INFO] [stderr]     Checking rand_core v0.9.5
[INFO] [stderr]    Compiling mime_guess v2.0.5
[INFO] [stderr]     Checking rustix v1.1.4
[INFO] [stderr]     Checking rayon v1.12.0
[INFO] [stderr]     Checking sync_wrapper v1.0.2
[INFO] [stderr]     Checking regex-automata v0.4.16
[INFO] [stderr]     Checking fastrand v2.5.0
[INFO] [stderr]     Checking openssl-probe v0.2.1
[INFO] [stderr]     Checking rustls-native-certs v0.8.4
[INFO] [stderr]    Compiling anyhow v1.0.104
[INFO] [stderr]     Checking dirs-sys v0.5.0
[INFO] [stderr]     Checking chacha20 v0.10.2
[INFO] [stderr]     Checking tracing-log v0.2.0
[INFO] [stderr]    Compiling ahash v0.8.12
[INFO] [stderr]     Checking encoding_rs v0.8.35
[INFO] [stderr]     Checking thread_local v1.1.10
[INFO] [stderr]     Checking num-conv v0.2.2
[INFO] [stderr]     Checking minimal-lexical v0.2.1
[INFO] [stderr]     Checking time-core v0.1.9
[INFO] [stderr]     Checking http-body v1.1.0
[INFO] [stderr]    Compiling esaxx-rs v0.1.10
[INFO] [stderr]     Checking typewit v1.15.2
[INFO] [stderr]     Checking deranged v0.5.8
[INFO] [stderr]     Checking http-body-util v0.1.4
[INFO] [stderr]     Checking rand v0.10.2
[INFO] [stderr]     Checking nom v7.1.3
[INFO] [stderr]    Compiling jobserver v0.1.35
[INFO] [stderr]     Checking dirs v6.0.0
[INFO] [stderr]     Checking hybrid-array v0.4.13
[INFO] [stderr]     Checking castaway v0.2.4
[INFO] [stderr]     Checking const_panic v0.2.15
[INFO] [stderr]     Checking os_str_bytes v6.6.1
[INFO] [stderr]    Compiling cc v1.4.0
[INFO] [stderr]     Checking crossbeam-channel v0.5.16
[INFO] [stderr]     Checking unicode-segmentation v1.13.3
[INFO] [stderr]    Compiling linktime-proc-macro v0.2.0
[INFO] [stderr]    Compiling macro_rules_attribute-proc_macro v0.2.2
[INFO] [stderr]     Checking base64 v0.13.1
[INFO] [stderr]    Compiling konst_proc_macros v0.4.1
[INFO] [stderr]     Checking link-section v0.19.1
[INFO] [stderr]     Checking symlink v0.1.0
[INFO] [stderr]     Checking chrono v0.4.45
[INFO] [stderr]     Checking macro_rules_attribute v0.2.2
[INFO] [stderr]     Checking sysinfo v0.38.4
[INFO] [stderr]     Checking whoami v2.1.2
[INFO] [stderr]     Checking unicode-normalization-alignments v0.1.12
[INFO] [stderr]    Compiling redb v3.1.3
[INFO] [stderr]     Checking tempfile v3.27.0
[INFO] [stderr]     Checking ctor v1.0.11
[INFO] [stderr]     Checking unicode_categories v0.1.1
[INFO] [stderr]     Checking more-asserts v0.3.1
[INFO] [stderr]     Checking const-str v1.1.0
[INFO] [stderr]     Checking konst v0.4.3
[INFO] [stderr]     Checking rayon-cond v0.4.0
[INFO] [stderr]     Checking twox-hash v2.1.3
[INFO] [stderr]     Checking foldhash v0.2.0
[INFO] [stderr]     Checking humantime v2.4.0
[INFO] [stderr]     Checking oneshot v0.1.13
[INFO] [stderr]     Checking colored v3.1.1
[INFO] [stderr]     Checking hashbrown v0.16.1
[INFO] [stderr]     Checking lz4_flex v0.13.1
[INFO] [stderr]     Checking crypto-common v0.2.2
[INFO] [stderr]     Checking block-buffer v0.12.1
[INFO] [stderr]     Checking uuid v1.24.0
[INFO] [stderr]     Checking approx v0.5.1
[INFO] [stderr]     Checking countio v0.3.0
[INFO] [stderr]     Checking time v0.3.54
[INFO] [stderr]     Checking safe-transmute v0.11.3
[INFO] [stderr]     Checking heapify v0.2.0
[INFO] [stderr]     Checking typed-path v0.12.3
[INFO] [stderr]     Checking const-oid v0.10.2
[INFO] [stderr]     Checking statrs v0.18.0
[INFO] [stderr]     Checking generic-array v0.14.7
[INFO] [stderr]     Checking num_cpus v1.17.0
[INFO] [stderr]     Checking memmap2 v0.9.11
[INFO] [stderr]     Checking urlencoding v2.1.3
[INFO] [stderr]    Compiling cmake v0.1.58
[INFO] [stderr]     Checking cfg-if v0.1.10
[INFO] [stderr]     Checking byteorder v1.5.0
[INFO] [stderr]     Checking gearhash v0.1.3
[INFO] [stderr]     Checking simd-adler32 v0.3.10
[INFO] [stderr]     Checking bit-vec v0.8.0
[INFO] [stderr]     Checking toml_write v0.1.2
[INFO] [stderr]     Checking miniz_oxide v0.8.9
[INFO] [stderr]     Checking bit-set v0.8.0
[INFO] [stderr]     Checking pathdiff v0.2.3
[INFO] [stderr]     Checking block-buffer v0.10.4
[INFO] [stderr]     Checking crypto-common v0.1.7
[INFO] [stderr]     Checking fdeflate v0.3.7
[INFO] [stderr]     Checking daachorse v3.0.3
[INFO] [stderr]     Checking rusty_alloc v2.2.0
[INFO] [stderr]     Checking digest v0.10.7
[INFO] [stderr]    Compiling aws-lc-sys v0.45.0
[INFO] [stderr]    Compiling onig_sys v69.9.3
[INFO] [stderr]    Compiling blake3 v1.8.5
[INFO] [stderr]     Checking digest v0.11.3
[INFO] [stderr]    Compiling libmimalloc-sys v0.1.49
[INFO] [stderr]     Checking flate2 v1.1.9
[INFO] [stderr]     Checking sha2 v0.10.9
[INFO] [stderr]    Compiling synstructure v0.13.2
[INFO] [stderr]    Compiling darling_core v0.20.11
[INFO] [stderr]    Compiling darling_core v0.23.0
[INFO] [stderr]     Checking sha2 v0.11.0
[INFO] [stderr]     Checking regex v1.13.1
[INFO] [stderr]     Checking matchers v0.2.0
[INFO] [stderr]     Checking bstr v1.13.0
[INFO] [stderr]    Compiling prettyplease v0.2.37
[INFO] [stderr]     Checking fancy-regex v0.18.0
[INFO] [stderr]     Checking zip v8.6.0
[INFO] [stderr]     Checking png v0.17.16
[INFO] [stderr]    Compiling serde_derive v1.0.229
[INFO] [stderr]    Compiling thiserror-impl v2.0.19
[INFO] [stderr]    Compiling async-trait v0.1.91
[INFO] [stderr]     Checking shellexpand v3.1.2
[INFO] [stderr]    Compiling serde_repr v0.1.21
[INFO] [stderr]     Checking globset v0.4.19
[INFO] [stderr]     Checking rusty_alloc-api v2.2.0
[INFO] [stderr]    Compiling zerofrom-derive v0.1.7
[INFO] [stderr]    Compiling yoke-derive v0.8.2
[INFO] [stderr]    Compiling bytemuck_derive v1.11.0
[INFO] [stderr]    Compiling zerocopy-derive v0.8.55
[INFO] [stderr]    Compiling zerovec-derive v0.11.3
[INFO] [stderr]    Compiling displaydoc v0.2.6
[INFO] [stderr]    Compiling tokio-macros v2.7.1
[INFO] [stderr]    Compiling tracing-attributes v0.1.31
[INFO] [stderr]    Compiling futures-macro v0.3.33
[INFO] [stderr]     Checking tokio v1.53.1
[INFO] [stderr]    Compiling monostate-impl v0.1.18
[INFO] [stderr]    Compiling git-version-macro v0.3.9
[INFO] [stderr]     Checking bytemuck v1.25.2
[INFO] [stderr]     Checking num-complex v0.4.6
[INFO] [stderr]     Checking dyn-stack v0.13.2
[INFO] [stderr]    Compiling pin-project-internal v1.1.13
[INFO] [stderr]     Checking zerofrom v0.1.8
[INFO] [stderr]     Checking yoke v0.8.3
[INFO] [stderr]     Checking monostate v0.1.18
[INFO] [stderr]     Checking git-version v0.3.9
[INFO] [stderr]     Checking mimalloc v0.1.52
[INFO] [stderr]     Checking zerovec v0.11.6
[INFO] [stderr]     Checking zerotrie v0.2.4
[INFO] [stderr]     Checking tracing v0.1.44
[INFO] [stderr]     Checking futures-util v0.3.33
[INFO] [stderr]    Compiling darling_macro v0.23.0
[INFO] [stderr]     Checking onig v6.5.3
[INFO] [stderr]     Checking serde_urlencoded v0.7.1
[INFO] [stderr]     Checking tracing-serde v0.2.0
[INFO] [stderr]     Checking compact_str v0.9.1
[INFO] [stderr]     Checking pin-project v1.1.13
[INFO] [stderr]     Checking spm_precompiled v0.1.4
[INFO] [stderr]     Checking dary_heap v0.3.9
[INFO] [stderr]     Checking safetensors v0.8.0
[INFO] [stderr]     Checking serde_spanned v0.6.9
[INFO] [stderr]     Checking tracing-subscriber v0.3.23
[INFO] [stderr]     Checking toml_datetime v0.6.11
[INFO] [stderr]     Checking serde_plain v1.0.2
[INFO] [stderr]     Checking tinystr v0.8.3
[INFO] [stderr]     Checking potential_utf v0.1.5
[INFO] [stderr]    Compiling darling_macro v0.20.11
[INFO] [stderr]    Compiling darling v0.23.0
[INFO] [stderr]     Checking icu_locale_core v2.2.0
[INFO] [stderr]    Compiling bon-macros v3.9.3
[INFO] [stderr]     Checking icu_collections v2.2.0
[INFO] [stderr]     Checking toml_edit v0.22.27
[INFO] [stderr]    Compiling darling v0.20.11
[INFO] [stderr]    Compiling derive_builder_core v0.20.2
[INFO] [stderr]     Checking icu_provider v2.2.0
[INFO] [stderr]     Checking icu_properties v2.2.0
[INFO] [stderr]     Checking icu_normalizer v2.2.0
[INFO] [stderr]     Checking futures-executor v0.3.33
[INFO] [stderr]     Checking futures v0.3.33
[INFO] [stderr]     Checking idna_adapter v1.2.2
[INFO] [stderr]     Checking idna v1.1.0
[INFO] [stderr]    Compiling derive_builder_macro v0.20.2
[INFO] [stderr]     Checking tracing-appender v0.2.5
[INFO] [stderr]     Checking toml v0.8.23
[INFO] [stderr]     Checking url v2.5.8
[INFO] [stderr]     Checking derive_builder v0.20.2
[INFO] [stderr]     Checking tokio-util v0.7.19
[INFO] [stderr]     Checking tower v0.5.3
[INFO] [stderr]     Checking tokio-retry v0.3.2
[INFO] [stderr]     Checking tower-http v0.6.11
[INFO] [stderr]     Checking bon v3.9.3
[INFO] [stderr]     Checking h2 v0.4.16
[INFO] [stderr]     Checking ppv-lite86 v0.2.21
[INFO] [stderr]     Checking rand_chacha v0.9.0
[INFO] [stderr]     Checking rand v0.9.5
[INFO] [stderr]     Checking rand_distr v0.5.1
[INFO] [stderr]     Checking tokenizers v0.22.2
[INFO] [stderr]     Checking tokenizers v0.23.2
[INFO] [stderr]     Checking half v2.7.1
[INFO] [stderr]     Checking gemm-common v0.19.0
[INFO] [stderr]     Checking float8 v0.7.0
[INFO] [stderr]     Checking gemm-f32 v0.19.0
[INFO] [stderr]     Checking gemm-f64 v0.19.0
[INFO] [stderr]     Checking gemm-c32 v0.19.0
[INFO] [stderr]     Checking gemm-c64 v0.19.0
[INFO] [stderr]     Checking hyper v1.11.0
[INFO] [stderr]     Checking gemm-f16 v0.19.0
[INFO] [stderr]     Checking hyper-util v0.1.20
[INFO] [stderr]     Checking gemm v0.19.0
[INFO] [stderr]     Checking rustls-webpki v0.103.15
[INFO] [stderr]     Checking candle-core v0.11.0
[INFO] [stderr]     Checking tokio-rustls v0.26.4
[INFO] [stderr]     Checking rustls-platform-verifier v0.7.0
[INFO] [stderr]     Checking hyper-rustls v0.27.9
[INFO] [stderr]     Checking reqwest v0.13.4
[INFO] [stderr]     Checking candle-nn v0.11.0
[INFO] [stderr]     Checking ffai-core v0.8.0
[INFO] [stderr]     Checking xet-runtime v1.5.4
[INFO] [stderr]     Checking reqwest-middleware v0.5.2
[INFO] [stderr]     Checking candle-transformers v0.11.0
[INFO] [stderr]     Checking xet-core-structures v1.5.4
[INFO] [stderr]     Checking xet-client v1.5.4
[INFO] [stderr]     Checking xet-data v1.5.4
[INFO] [stderr]     Checking hf-xet v1.5.4
[INFO] [stderr]     Checking hf-hub v1.0.0
[INFO] [stderr]     Checking ffai-models v0.6.6
[INFO] [stderr]     Checking ffai-carmenta v0.11.0 (/opt/rustwide/workdir)
[INFO] [stdout] warning: usage of an `unsafe` block
[INFO] [stdout]    --> src/engine.rs:416:9
[INFO] [stdout]     |
[INFO] [stdout] 416 |         unsafe { VarBuilder::from_mmaped_safetensors(&[file], DType::F32, &device) }
[INFO] [stdout]     |         ^^^^^^^^^^^^^^^^^^^^^^^^^^^^^^^^^^^^^^^^^^^^^^^^^^^^^^^^^^^^^^^^^^^^^^^^^^^^
[INFO] [stdout]     |
[INFO] [stdout]     = note: requested on the command line with `-W unsafe-code`
[INFO] [stdout] 
[INFO] [stdout] 
[INFO] [stdout] warning: declaration of an `unsafe` function
[INFO] [stdout]    --> src/conv3x3.rs:115:1
[INFO] [stdout]     |
[INFO] [stdout] 115 | / pub(crate) unsafe fn conv3x3_avx2(
[INFO] [stdout] 116 | |     in_p: &[f32],
[INFO] [stdout] 117 | |     w: &[f32],
[INFO] [stdout] 118 | |     c_in: usize,
[INFO] [stdout] ...   |
[INFO] [stdout] 192 | | }}
[INFO] [stdout]     | |__^
[INFO] [stdout] 
[INFO] [stdout] 
[INFO] [stdout] warning: usage of an `unsafe` block
[INFO] [stdout]    --> src/conv3x3.rs:123:5
[INFO] [stdout]     |
[INFO] [stdout] 123 |   ) { unsafe {
[INFO] [stdout]     |  _____^
[INFO] [stdout] 124 | |     use std::arch::x86_64::*;
[INFO] [stdout] 125 | |     const CO: usize = 4;
[INFO] [stdout] 126 | |     let sw = wd + 2;
[INFO] [stdout] ...   |
[INFO] [stdout] 192 | | }}
[INFO] [stdout]     | |_^
[INFO] [stdout] 
[INFO] [stdout] 
[INFO] [stdout] warning: usage of an `unsafe` block
[INFO] [stdout]    --> src/conv3x3.rs:357:13
[INFO] [stdout]     |
[INFO] [stdout] 357 |             unsafe { conv3x3_avx2(&in_p, wt, c_in, c_out, h, w, &mut out) };
[INFO] [stdout]     |             ^^^^^^^^^^^^^^^^^^^^^^^^^^^^^^^^^^^^^^^^^^^^^^^^^^^^^^^^^^^^^^^
[INFO] [stdout] 
[INFO] [stdout] 
[INFO] [stdout] warning: usage of an `unsafe` block
[INFO] [stdout]    --> src/svtr.rs:646:14
[INFO] [stdout]     |
[INFO] [stdout] 646 |     let vb = unsafe { VarBuilder::from_mmaped_safetensors(&[path], DType::F32, device)? };
[INFO] [stdout]     |              ^^^^^^^^^^^^^^^^^^^^^^^^^^^^^^^^^^^^^^^^^^^^^^^^^^^^^^^^^^^^^^^^^^^^^^^^^^^^
[INFO] [stdout] 
[INFO] [stdout] 
[INFO] [stdout] warning: usage of an `unsafe` block
[INFO] [stdout]    --> src/engine.rs:416:9
[INFO] [stdout]     |
[INFO] [stdout] 416 |         unsafe { VarBuilder::from_mmaped_safetensors(&[file], DType::F32, &device) }
[INFO] [stdout]     |         ^^^^^^^^^^^^^^^^^^^^^^^^^^^^^^^^^^^^^^^^^^^^^^^^^^^^^^^^^^^^^^^^^^^^^^^^^^^^
[INFO] [stdout]     |
[INFO] [stdout]     = note: requested on the command line with `-W unsafe-code`
[INFO] [stdout] 
[INFO] [stdout] 
[INFO] [stdout] warning: declaration of an `unsafe` function
[INFO] [stdout]    --> src/conv3x3.rs:115:1
[INFO] [stdout]     |
[INFO] [stdout] 115 | / pub(crate) unsafe fn conv3x3_avx2(
[INFO] [stdout] 116 | |     in_p: &[f32],
[INFO] [stdout] 117 | |     w: &[f32],
[INFO] [stdout] 118 | |     c_in: usize,
[INFO] [stdout] ...   |
[INFO] [stdout] 192 | | }}
[INFO] [stdout]     | |__^
[INFO] [stdout] 
[INFO] [stdout] 
[INFO] [stdout] warning: usage of an `unsafe` block
[INFO] [stdout]    --> src/conv3x3.rs:123:5
[INFO] [stdout]     |
[INFO] [stdout] 123 |   ) { unsafe {
[INFO] [stdout]     |  _____^
[INFO] [stdout] 124 | |     use std::arch::x86_64::*;
[INFO] [stdout] 125 | |     const CO: usize = 4;
[INFO] [stdout] 126 | |     let sw = wd + 2;
[INFO] [stdout] ...   |
[INFO] [stdout] 192 | | }}
[INFO] [stdout]     | |_^
[INFO] [stdout] 
[INFO] [stdout] 
[INFO] [stdout] warning: usage of an `unsafe` block
[INFO] [stdout]    --> src/conv3x3.rs:357:13
[INFO] [stdout]     |
[INFO] [stdout] 357 |             unsafe { conv3x3_avx2(&in_p, wt, c_in, c_out, h, w, &mut out) };
[INFO] [stdout]     |             ^^^^^^^^^^^^^^^^^^^^^^^^^^^^^^^^^^^^^^^^^^^^^^^^^^^^^^^^^^^^^^^
[INFO] [stdout] 
[INFO] [stdout] 
[INFO] [stdout] warning: usage of an `unsafe` block
[INFO] [stdout]    --> src/conv3x3.rs:476:17
[INFO] [stdout]     |
[INFO] [stdout] 476 |                 unsafe { conv3x3_avx2(&in_p, &wt, ci, co, h, w, &mut b) };
[INFO] [stdout]     |                 ^^^^^^^^^^^^^^^^^^^^^^^^^^^^^^^^^^^^^^^^^^^^^^^^^^^^^^^^^
[INFO] [stdout] 
[INFO] [stdout] 
[INFO] [stdout] warning: usage of an `unsafe` block
[INFO] [stdout]    --> src/svtr.rs:646:14
[INFO] [stdout]     |
[INFO] [stdout] 646 |     let vb = unsafe { VarBuilder::from_mmaped_safetensors(&[path], DType::F32, device)? };
[INFO] [stdout]     |              ^^^^^^^^^^^^^^^^^^^^^^^^^^^^^^^^^^^^^^^^^^^^^^^^^^^^^^^^^^^^^^^^^^^^^^^^^^^^
[INFO] [stdout] 
[INFO] [stdout] 
[INFO] [stdout] error[E0433]: cannot find module or crate `ffai_media` in this scope
[INFO] [stdout]   --> examples/table_probe.rs:31:15
[INFO] [stdout]    |
[INFO] [stdout] 31 |     let img = ffai_media::load_image(std::path::Path::new(img_path)).expect("load image");
[INFO] [stdout]    |               ^^^^^^^^^^ use of unresolved module or unlinked crate `ffai_media`
[INFO] [stdout]    |
[INFO] [stdout]    = help: if you wanted to use a crate named `ffai_media`, use `cargo add ffai_media` to add it to your `Cargo.toml`
[INFO] [stdout] 
[INFO] [stdout] 
[INFO] [stdout] error[E0433]: cannot find module or crate `ffai_media` in this scope
[INFO] [stdout]   --> examples/formula_probe.rs:33:15
[INFO] [stdout]    |
[INFO] [stdout] 33 |     let img = ffai_media::load_image(std::path::Path::new(img_path))
[INFO] [stdout]    |               ^^^^^^^^^^ use of unresolved module or unlinked crate `ffai_media`
[INFO] [stdout]    |
[INFO] [stdout]    = help: if you wanted to use a crate named `ffai_media`, use `cargo add ffai_media` to add it to your `Cargo.toml`
[INFO] [stdout] 
[INFO] [stdout] 
[INFO] [stderr] error: could not compile `ffai-carmenta` (example "table_probe") due to 1 previous error
[INFO] [stdout] For more information about this error, try `rustc --explain E0433`.
[INFO] [stdout] 
[INFO] [stderr] warning: build failed, waiting for other jobs to finish...
[INFO] [stdout] error[E0433]: cannot find module or crate `ffai_media` in this scope
[INFO] [stdout]  --> examples/content_probe.rs:4:19
[INFO] [stdout]   |
[INFO] [stdout] 4 |         let img = ffai_media::load_image(std::path::Path::new(&p)).unwrap();
[INFO] [stdout]   |                   ^^^^^^^^^^ use of unresolved module or unlinked crate `ffai_media`
[INFO] [stdout]   |
[INFO] [stdout]   = help: if you wanted to use a crate named `ffai_media`, use `cargo add ffai_media` to add it to your `Cargo.toml`
[INFO] [stdout] 
[INFO] [stdout] 
[INFO] [stdout] For more information about this error, try `rustc --explain E0433`.
[INFO] [stdout] 
[INFO] [stdout] error[E0433]: cannot find module or crate `ffai_bench` in this scope
[INFO] [stdout]   --> examples/det_scale_sweep.rs:42:5
[INFO] [stdout]    |
[INFO] [stdout] 42 | use ffai_bench::corpus::{Manifest, Split};
[INFO] [stdout]    |     ^^^^^^^^^^ use of unresolved module or unlinked crate `ffai_bench`
[INFO] [stdout]    |
[INFO] [stdout]    = help: if you wanted to use a crate named `ffai_bench`, use `cargo add ffai_bench` to add it to your `Cargo.toml`
[INFO] [stdout] 
[INFO] [stdout] 
[INFO] [stdout] error[E0433]: cannot find module or crate `ffai_bench` in this scope
[INFO] [stdout]   --> examples/det_scale_sweep.rs:43:5
[INFO] [stdout]    |
[INFO] [stdout] 43 | use ffai_bench::metrics::cer;
[INFO] [stdout]    |     ^^^^^^^^^^ use of unresolved module or unlinked crate `ffai_bench`
[INFO] [stdout]    |
[INFO] [stdout]    = help: if you wanted to use a crate named `ffai_bench`, use `cargo add ffai_bench` to add it to your `Cargo.toml`
[INFO] [stdout] 
[INFO] [stdout] 
[INFO] [stdout] error[E0433]: cannot find module or crate `ffai_media` in this scope
[INFO] [stdout]   --> examples/fold_census.rs:72:19
[INFO] [stdout]    |
[INFO] [stdout] 72 |         let img = ffai_media::load_image(p).unwrap();
[INFO] [stdout]    |                   ^^^^^^^^^^ use of unresolved module or unlinked crate `ffai_media`
[INFO] [stdout]    |
[INFO] [stdout]    = help: if you wanted to use a crate named `ffai_media`, use `cargo add ffai_media` to add it to your `Cargo.toml`
[INFO] [stdout] 
[INFO] [stdout] 
[INFO] [stdout] error[E0433]: cannot find module or crate `ffai_media` in this scope
[INFO] [stdout]   --> examples/checkbox_bench.rs:56:19
[INFO] [stdout]    |
[INFO] [stdout] 56 |         let img = ffai_media::load_image(&m.with_extension("png")).unwrap();
[INFO] [stdout]    |                   ^^^^^^^^^^ use of unresolved module or unlinked crate `ffai_media`
[INFO] [stdout]    |
[INFO] [stdout]    = help: if you wanted to use a crate named `ffai_media`, use `cargo add ffai_media` to add it to your `Cargo.toml`
[INFO] [stdout] 
[INFO] [stdout] 
[INFO] [stderr] error: could not compile `ffai-carmenta` (example "content_probe") due to 1 previous error
[INFO] [stdout] For more information about this error, try `rustc --explain E0433`.
[INFO] [stdout] 
[INFO] [stdout] For more information about this error, try `rustc --explain E0433`.
[INFO] [stdout] 
[INFO] [stderr] error: could not compile `ffai-carmenta` (example "formula_probe") due to 1 previous error
[INFO] [stdout] For more information about this error, try `rustc --explain E0433`.
[INFO] [stdout] 
[INFO] [stderr] error: could not compile `ffai-carmenta` (example "checkbox_bench") due to 1 previous error
[INFO] [stderr] error: could not compile `ffai-carmenta` (example "fold_census") due to 1 previous error
[INFO] [stdout] error[E0433]: cannot find module or crate `ffai_bench` in this scope
[INFO] [stdout]   --> examples/bench_ocr.rs:12:5
[INFO] [stdout]    |
[INFO] [stdout] 12 | use ffai_bench::reference::ReferenceFile;
[INFO] [stdout]    |     ^^^^^^^^^^ use of unresolved module or unlinked crate `ffai_bench`
[INFO] [stdout]    |
[INFO] [stdout]    = help: if you wanted to use a crate named `ffai_bench`, use `cargo add ffai_bench` to add it to your `Cargo.toml`
[INFO] [stdout] 
[INFO] [stdout] 
[INFO] [stdout] error[E0433]: cannot find module or crate `ffai_bench` in this scope
[INFO] [stdout]   --> examples/bench_ocr.rs:13:5
[INFO] [stdout]    |
[INFO] [stdout] 13 | use ffai_bench::runner::{render, run_ocr, BenchConfig};
[INFO] [stdout]    |     ^^^^^^^^^^ use of unresolved module or unlinked crate `ffai_bench`
[INFO] [stdout]    |
[INFO] [stdout]    = help: if you wanted to use a crate named `ffai_bench`, use `cargo add ffai_bench` to add it to your `Cargo.toml`
[INFO] [stdout] 
[INFO] [stdout] 
[INFO] [stdout] error[E0433]: cannot find module or crate `ffai_media` in this scope
[INFO] [stdout]   --> examples/wasm_arms.rs:69:23
[INFO] [stdout]    |
[INFO] [stdout] 69 |             let img = ffai_media::load_image(p).unwrap_or_else(|e| panic!("{}: {e}", p.display()));
[INFO] [stdout]    |                       ^^^^^^^^^^ use of unresolved module or unlinked crate `ffai_media`
[INFO] [stdout]    |
[INFO] [stdout]    = help: if you wanted to use a crate named `ffai_media`, use `cargo add ffai_media` to add it to your `Cargo.toml`
[INFO] [stdout] 
[INFO] [stdout] 
[INFO] [stdout] warning: usage of an `unsafe` block
[INFO] [stdout]   --> examples/rec_stage.rs:11:9
[INFO] [stdout]    |
[INFO] [stdout] 11 |         unsafe { VarBuilder::from_mmaped_safetensors(&[p], DType::F32, &dev) }.unwrap()
[INFO] [stdout]    |         ^^^^^^^^^^^^^^^^^^^^^^^^^^^^^^^^^^^^^^^^^^^^^^^^^^^^^^^^^^^^^^^^^^^^^^
[INFO] [stdout]    |
[INFO] [stdout]    = note: requested on the command line with `-W unsafe-code`
[INFO] [stdout] 
[INFO] [stdout] 
[INFO] [stdout] error[E0433]: cannot find module or crate `ffai_media` in this scope
[INFO] [stdout]   --> examples/rec_stage.rs:17:19
[INFO] [stdout]    |
[INFO] [stdout] 17 |         let img = ffai_media::load_image(std::path::Path::new(path.trim())).unwrap();
[INFO] [stdout]    |                   ^^^^^^^^^^ use of unresolved module or unlinked crate `ffai_media`
[INFO] [stdout]    |
[INFO] [stdout]    = help: if you wanted to use a crate named `ffai_media`, use `cargo add ffai_media` to add it to your `Cargo.toml`
[INFO] [stdout] 
[INFO] [stdout] 
[INFO] [stdout] For more information about this error, try `rustc --explain E0433`.
[INFO] [stdout] 
[INFO] [stdout] For more information about this error, try `rustc --explain E0433`.
[INFO] [stdout] 
[INFO] [stdout] warning: usage of an `unsafe` block
[INFO] [stdout]   --> examples/parseq_probe.rs:13:18
[INFO] [stdout]    |
[INFO] [stdout] 13 |         let vb = unsafe { VarBuilder::from_mmaped_safetensors(&[weights], DType::F32, &Device::Cpu) }.unwrap();
[INFO] [stdout]    |                  ^^^^^^^^^^^^^^^^^^^^^^^^^^^^^^^^^^^^^^^^^^^^^^^^^^^^^^^^^^^^^^^^^^^^^^^^^^^^^^^^^^^^
[INFO] [stdout]    |
[INFO] [stdout]    = note: requested on the command line with `-W unsafe-code`
[INFO] [stdout] 
[INFO] [stdout] 
[INFO] [stdout] warning: usage of an `unsafe` block
[INFO] [stdout]   --> examples/parseq_probe.rs:30:14
[INFO] [stdout]    |
[INFO] [stdout] 30 |     let vb = unsafe { VarBuilder::from_mmaped_safetensors(&[weights], DType::F32, &Device::Cpu) }.unwrap();
[INFO] [stdout]    |              ^^^^^^^^^^^^^^^^^^^^^^^^^^^^^^^^^^^^^^^^^^^^^^^^^^^^^^^^^^^^^^^^^^^^^^^^^^^^^^^^^^^^
[INFO] [stdout] 
[INFO] [stdout] 
[INFO] [stdout] error[E0433]: cannot find module or crate `ffai_media` in this scope
[INFO] [stdout]   --> examples/parseq_probe.rs:19:15
[INFO] [stdout]    |
[INFO] [stdout] 19 |     let img = ffai_media::load_image(std::path::Path::new(&arg)).unwrap();
[INFO] [stdout]    |               ^^^^^^^^^^ use of unresolved module or unlinked crate `ffai_media`
[INFO] [stdout]    |
[INFO] [stdout]    = help: if you wanted to use a crate named `ffai_media`, use `cargo add ffai_media` to add it to your `Cargo.toml`
[INFO] [stdout] 
[INFO] [stdout] 
[INFO] [stderr] error: could not compile `ffai-carmenta` (example "rec_stage") due to 1 previous error; 1 warning emitted
[INFO] [stdout] For more information about this error, try `rustc --explain E0433`.
[INFO] [stdout] 
[INFO] [stderr] error: could not compile `ffai-carmenta` (example "parseq_probe") due to 1 previous error; 2 warnings emitted
[INFO] [stdout] warning: usage of an `unsafe` block
[INFO] [stdout]   --> examples/det_stage.rs:10:14
[INFO] [stdout]    |
[INFO] [stdout] 10 |     let vb = unsafe { VarBuilder::from_mmaped_safetensors(&[p], DType::F32, &dev) }.unwrap();
[INFO] [stdout]    |              ^^^^^^^^^^^^^^^^^^^^^^^^^^^^^^^^^^^^^^^^^^^^^^^^^^^^^^^^^^^^^^^^^^^^^^
[INFO] [stdout]    |
[INFO] [stdout]    = note: requested on the command line with `-W unsafe-code`
[INFO] [stdout] 
[INFO] [stdout] 
[INFO] [stderr] error: could not compile `ffai-carmenta` (example "bench_ocr") due to 2 previous errors
[INFO] [stdout] error[E0433]: cannot find module or crate `ffai_media` in this scope
[INFO] [stdout]   --> examples/det_stage.rs:13:19
[INFO] [stdout]    |
[INFO] [stdout] 13 |         let img = ffai_media::load_image(std::path::Path::new(path.trim())).unwrap();
[INFO] [stdout]    |                   ^^^^^^^^^^ use of unresolved module or unlinked crate `ffai_media`
[INFO] [stdout]    |
[INFO] [stdout]    = help: if you wanted to use a crate named `ffai_media`, use `cargo add ffai_media` to add it to your `Cargo.toml`
[INFO] [stdout] 
[INFO] [stdout] 
[INFO] [stdout] For more information about this error, try `rustc --explain E0433`.
[INFO] [stdout] 
[INFO] [stdout] error[E0433]: cannot find module or crate `ffai_media` in this scope
[INFO] [stdout]    --> examples/form_bench.rs:112:19
[INFO] [stdout]     |
[INFO] [stdout] 112 |         let img = ffai_media::load_image(&meta_path.with_extension("png")).unwrap();
[INFO] [stdout]     |                   ^^^^^^^^^^ use of unresolved module or unlinked crate `ffai_media`
[INFO] [stdout]     |
[INFO] [stdout]     = help: if you wanted to use a crate named `ffai_media`, use `cargo add ffai_media` to add it to your `Cargo.toml`
[INFO] [stdout] 
[INFO] [stdout] 
[INFO] [stdout] error[E0433]: cannot find module or crate `ffai_media` in this scope
[INFO] [stdout]   --> examples/det_scale_sweep.rs:78:26
[INFO] [stdout]    |
[INFO] [stdout] 78 |         && let Ok(img) = ffai_media::load_image(&manifest.clip_path(first))
[INFO] [stdout]    |                          ^^^^^^^^^^ use of unresolved module or unlinked crate `ffai_media`
[INFO] [stdout]    |
[INFO] [stdout]    = help: if you wanted to use a crate named `ffai_media`, use `cargo add ffai_media` to add it to your `Cargo.toml`
[INFO] [stdout] 
[INFO] [stdout] 
[INFO] [stderr] error: could not compile `ffai-carmenta` (example "det_stage") due to 1 previous error; 1 warning emitted
[INFO] [stdout] error[E0433]: cannot find module or crate `ffai_media` in this scope
[INFO] [stdout]   --> examples/det_scale_sweep.rs:90:23
[INFO] [stdout]    |
[INFO] [stdout] 90 |         let Ok(img) = ffai_media::load_image(&manifest.clip_path(clip)) else {
[INFO] [stdout]    |                       ^^^^^^^^^^ use of unresolved module or unlinked crate `ffai_media`
[INFO] [stdout]    |
[INFO] [stdout]    = help: if you wanted to use a crate named `ffai_media`, use `cargo add ffai_media` to add it to your `Cargo.toml`
[INFO] [stdout] 
[INFO] [stdout] 
[INFO] [stdout] For more information about this error, try `rustc --explain E0433`.
[INFO] [stdout] 
[INFO] [stdout] For more information about this error, try `rustc --explain E0433`.
[INFO] [stdout] 
[INFO] [stderr] error: could not compile `ffai-carmenta` (example "wasm_arms") due to 1 previous error
[INFO] [stderr] error: could not compile `ffai-carmenta` (example "det_scale_sweep") due to 4 previous errors
[INFO] [stdout] For more information about this error, try `rustc --explain E0433`.
[INFO] [stdout] 
[INFO] [stderr] error: could not compile `ffai-carmenta` (example "form_bench") due to 1 previous error
[INFO] [stderr] warning: unused dependency `candle-transformers`
[INFO] [stderr]  --> Cargo.toml:7:15
[INFO] [stderr]   |
[INFO] [stderr] 7 | [dependencies.candle-transformers]
[INFO] [stderr]   |               ^^^^^^^^^^^^^^^^^^^^
[INFO] [stderr]   |
[INFO] [stderr]   = note: `cargo::unused_dependencies` is set to `warn` by default
[INFO] [stderr] help: consider removing the dependency on `candle-transformers`
[INFO] [stderr] warning: unused dependency `tokenizers`
[INFO] [stderr]    --> Cargo.toml:248:57
[INFO] [stderr]     |
[INFO] [stderr] 248 | [target.'cfg(not(target_arch = "wasm32"))'.dependencies.tokenizers]
[INFO] [stderr]     |                                                         ^^^^^^^^^^^
[INFO] [stderr]     |
[INFO] [stderr] help: consider removing the dependency on `tokenizers`
[INFO] [stderr] warning: `ffai-carmenta` (manifest) generated 2 warnings
[INFO] running `Command { std: "docker" "inspect" "39832e291bada7af47ed958be0984c2029f006eccefed17f04e09a675cfb0216", kill_on_drop: false }`
[INFO] running `Command { std: "docker" "rm" "-f" "39832e291bada7af47ed958be0984c2029f006eccefed17f04e09a675cfb0216", kill_on_drop: false }`
[INFO] [stdout] 39832e291bada7af47ed958be0984c2029f006eccefed17f04e09a675cfb0216
