[INFO] fetching crate ffai-argus 0.7.5...
[INFO] checking ffai-argus-0.7.5 against 3154cc1a3e6424e44f438a95007d043ed5ceaaf6 for pr-133502-30
[INFO] extracting crate ffai-argus 0.7.5 into /workspace/builds/worker-6-tc2/source
[INFO] started tweaking crates.io crate ffai-argus 0.7.5
[INFO] removed 0 missing examples
[INFO] removed 0 missing tests
[INFO] finished tweaking crates.io crate ffai-argus 0.7.5
[INFO] tweaked toml for crates.io crate ffai-argus 0.7.5 written to /workspace/builds/worker-6-tc2/source/Cargo.toml
[INFO] validating manifest of crates.io crate ffai-argus 0.7.5 on toolchain 3154cc1a3e6424e44f438a95007d043ed5ceaaf6
[INFO] running `Command { std: CARGO_HOME="/workspace/cargo-home" RUSTUP_HOME="/workspace/rustup-home" "/workspace/cargo-home/bin/cargo" "+3154cc1a3e6424e44f438a95007d043ed5ceaaf6" "metadata" "--manifest-path" "Cargo.toml" "--no-deps", kill_on_drop: false }`
[INFO] crate crates.io crate ffai-argus 0.7.5 already has a lockfile, it will not be regenerated
[INFO] running `Command { std: CARGO_HOME="/workspace/cargo-home" RUSTUP_HOME="/workspace/rustup-home" "/workspace/cargo-home/bin/cargo" "+3154cc1a3e6424e44f438a95007d043ed5ceaaf6" "fetch" "--manifest-path" "Cargo.toml", kill_on_drop: false }`
[INFO] running `Command { std: "docker" "create" "-v" "/var/lib/crater-agent-workspace/builds/worker-6-tc2/source:/opt/rustwide/workdir:ro,Z" "-v" "/var/lib/crater-agent-workspace/builds/worker-6-tc2/target:/opt/rustwide/target:rw,Z" "-v" "/var/lib/crater-agent-workspace/cargo-home:/opt/rustwide/cargo-home:ro,Z" "-v" "/var/lib/crater-agent-workspace/rustup-home:/opt/rustwide/rustup-home:ro,Z" "-m" "1610612736" "--network" "none" "ghcr.io/rust-lang/crates-build-env/linux@sha256:77db811e55d90add9212f6832c23229e3de5f1c1f9905e8cb07319ea15df73ac" "sleep" "infinity", kill_on_drop: false }`
[INFO] [stdout] 85d329541f9b629a727ea4c63dfefdb81a2ac5172850ff20585f794326cef21f
[INFO] running `Command { std: "docker" "start" "85d329541f9b629a727ea4c63dfefdb81a2ac5172850ff20585f794326cef21f", kill_on_drop: false }`
[INFO] running `Command { std: "docker" "inspect" "85d329541f9b629a727ea4c63dfefdb81a2ac5172850ff20585f794326cef21f", kill_on_drop: false }`
[INFO] running `Command { std: "docker" "exec" "-e" "SOURCE_DIR=/opt/rustwide/workdir" "-e" "CARGO_HOME=/opt/rustwide/cargo-home" "-e" "RUSTUP_HOME=/opt/rustwide/rustup-home" "-e" "CARGO_TARGET_DIR=/opt/rustwide/target" "-w" "/opt/rustwide/workdir" "--user" "0:0" "85d329541f9b629a727ea4c63dfefdb81a2ac5172850ff20585f794326cef21f" "/opt/rustwide/cargo-home/bin/cargo" "+3154cc1a3e6424e44f438a95007d043ed5ceaaf6" "metadata" "--no-deps" "--format-version=1", kill_on_drop: false }`
[INFO] running `Command { std: "docker" "inspect" "85d329541f9b629a727ea4c63dfefdb81a2ac5172850ff20585f794326cef21f", kill_on_drop: false }`
[INFO] running `Command { std: "docker" "exec" "-e" "SOURCE_DIR=/opt/rustwide/workdir" "-e" "CARGO_HOME=/opt/rustwide/cargo-home" "-e" "RUSTUP_HOME=/opt/rustwide/rustup-home" "-e" "CARGO_TARGET_DIR=/opt/rustwide/target" "-e" "CARGO_INCREMENTAL=0" "-e" "RUST_BACKTRACE=full" "-e" "RUSTFLAGS=--cap-lints=forbid" "-e" "RUSTDOCFLAGS=--cap-lints=forbid" "-w" "/opt/rustwide/workdir" "--user" "0:0" "85d329541f9b629a727ea4c63dfefdb81a2ac5172850ff20585f794326cef21f" "/opt/rustwide/cargo-home/bin/cargo" "+3154cc1a3e6424e44f438a95007d043ed5ceaaf6" "check" "--frozen" "--all" "--all-targets" "--message-format=json", kill_on_drop: false }`
[INFO] [stderr]    Compiling proc-macro2 v1.0.107
[INFO] [stderr]    Compiling zerocopy v0.8.55
[INFO] [stderr]    Compiling serde_core v1.0.229
[INFO] [stderr]    Compiling crossbeam-utils v0.8.22
[INFO] [stderr]    Compiling crossbeam-epoch v0.9.20
[INFO] [stderr]    Compiling serde v1.0.229
[INFO] [stderr]    Compiling crossbeam-deque v0.8.7
[INFO] [stderr]     Checking either v1.17.0
[INFO] [stderr]    Compiling pulp v0.22.3
[INFO] [stderr]     Checking raw-cpuid v11.6.0
[INFO] [stderr]     Checking pulp-wasm-simd-flag v0.1.1
[INFO] [stderr]    Compiling dyn-stack-macros v0.1.3
[INFO] [stderr]     Checking reborrow v0.5.5
[INFO] [stderr]    Compiling seq-macro v0.3.6
[INFO] [stderr]    Compiling cc v1.4.0
[INFO] [stderr]    Compiling pkg-config v0.3.33
[INFO] [stderr]     Checking aho-corasick v1.1.4
[INFO] [stderr]    Compiling serde_json v1.0.151
[INFO] [stderr]    Compiling thiserror v2.0.19
[INFO] [stderr]    Compiling esaxx-rs v0.1.10
[INFO] [stderr]     Checking nom v7.1.3
[INFO] [stderr]     Checking castaway v0.2.4
[INFO] [stderr]     Checking smallvec v1.15.2
[INFO] [stderr]     Checking unicode-segmentation v1.13.3
[INFO] [stderr]    Compiling macro_rules_attribute-proc_macro v0.2.2
[INFO] [stderr]     Checking itertools v0.14.0
[INFO] [stderr]     Checking unicode_categories v0.1.1
[INFO] [stderr]     Checking log v0.4.33
[INFO] [stderr]     Checking unicode-normalization-alignments v0.1.12
[INFO] [stderr]     Checking stable_deref_trait v1.2.1
[INFO] [stderr]     Checking tempfile v3.27.0
[INFO] [stderr]     Checking typed-path v0.12.3
[INFO] [stderr]     Checking memmap2 v0.9.11
[INFO] [stderr]     Checking num_cpus v1.17.0
[INFO] [stderr]     Checking byteorder v1.5.0
[INFO] [stderr]     Checking macro_rules_attribute v0.2.2
[INFO] [stderr]     Checking winnow v0.7.15
[INFO] [stderr]    Compiling quote v1.0.47
[INFO] [stderr]     Checking toml_write v0.1.2
[INFO] [stderr]     Checking option-ext v0.2.0
[INFO] [stderr]     Checking dirs-sys v0.5.0
[INFO] [stderr]    Compiling syn v2.0.119
[INFO] [stderr]    Compiling syn v3.0.3
[INFO] [stderr]     Checking digest v0.10.7
[INFO] [stderr]     Checking tracing-core v0.1.36
[INFO] [stderr]     Checking dirs v6.0.0
[INFO] [stderr]     Checking daachorse v3.0.3
[INFO] [stderr]     Checking rusty_alloc v2.2.0
[INFO] [stderr]     Checking sha2 v0.10.9
[INFO] [stderr]    Compiling onig_sys v69.9.3
[INFO] [stderr]     Checking rayon-core v1.13.0
[INFO] [stderr]     Checking regex-automata v0.4.16
[INFO] [stderr]     Checking rusty_alloc-api v2.2.0
[INFO] [stderr]     Checking rayon v1.12.0
[INFO] [stderr]     Checking zip v8.6.0
[INFO] [stderr]     Checking hashbrown v0.16.1
[INFO] [stderr]    Compiling serde_derive v1.0.229
[INFO] [stderr]    Compiling thiserror-impl v2.0.19
[INFO] [stderr]     Checking rayon-cond v0.4.0
[INFO] [stderr]     Checking regex v1.13.1
[INFO] [stderr]     Checking fancy-regex v0.18.0
[INFO] [stderr]     Checking onig v6.5.3
[INFO] [stderr]    Compiling darling_core v0.20.11
[INFO] [stderr]    Compiling synstructure v0.13.2
[INFO] [stderr]    Compiling zerocopy-derive v0.8.55
[INFO] [stderr]    Compiling bytemuck_derive v1.11.0
[INFO] [stderr]    Compiling monostate-impl v0.1.18
[INFO] [stderr]    Compiling tracing-attributes v0.1.31
[INFO] [stderr]    Compiling zerofrom-derive v0.1.7
[INFO] [stderr]    Compiling yoke-derive v0.8.2
[INFO] [stderr]     Checking monostate v0.1.18
[INFO] [stderr]     Checking tracing v0.1.44
[INFO] [stderr]     Checking zerofrom v0.1.8
[INFO] [stderr]     Checking bytemuck v1.25.2
[INFO] [stderr]     Checking yoke v0.8.3
[INFO] [stderr]     Checking num-complex v0.4.6
[INFO] [stderr]     Checking dyn-stack v0.13.2
[INFO] [stderr]     Checking compact_str v0.9.1
[INFO] [stderr]     Checking dary_heap v0.3.9
[INFO] [stderr]     Checking spm_precompiled v0.1.4
[INFO] [stderr]     Checking safetensors v0.8.0
[INFO] [stderr]     Checking serde_spanned v0.6.9
[INFO] [stderr]     Checking toml_datetime v0.6.11
[INFO] [stderr]     Checking serde_plain v1.0.2
[INFO] [stderr]     Checking toml_edit v0.22.27
[INFO] [stderr]    Compiling darling_macro v0.20.11
[INFO] [stderr]    Compiling darling v0.20.11
[INFO] [stderr]    Compiling derive_builder_core v0.20.2
[INFO] [stderr]    Compiling derive_builder_macro v0.20.2
[INFO] [stderr]     Checking derive_builder v0.20.2
[INFO] [stderr]     Checking toml v0.8.23
[INFO] [stderr]     Checking ppv-lite86 v0.2.21
[INFO] [stderr]     Checking ahash v0.8.12
[INFO] [stderr]     Checking rand_chacha v0.9.0
[INFO] [stderr]     Checking rand v0.9.5
[INFO] [stderr]     Checking rand_distr v0.5.1
[INFO] [stderr]     Checking tokenizers v0.22.2
[INFO] [stderr]     Checking tokenizers v0.23.2
[INFO] [stderr]     Checking half v2.7.1
[INFO] [stderr]     Checking gemm-common v0.19.0
[INFO] [stderr]     Checking float8 v0.7.0
[INFO] [stderr]     Checking gemm-f32 v0.19.0
[INFO] [stderr]     Checking gemm-c32 v0.19.0
[INFO] [stderr]     Checking gemm-c64 v0.19.0
[INFO] [stderr]     Checking gemm-f64 v0.19.0
[INFO] [stderr]     Checking gemm-f16 v0.19.0
[INFO] [stderr]     Checking gemm v0.19.0
[INFO] [stderr]     Checking candle-core v0.11.0
[INFO] [stderr]     Checking ffai-core v0.8.0
[INFO] [stderr]     Checking candle-nn v0.11.0
[INFO] [stderr]     Checking ffai-models v0.6.6
[INFO] [stderr]     Checking candle-transformers v0.11.0
[INFO] [stderr]     Checking ffai-argus v0.7.5 (/opt/rustwide/workdir)
[INFO] [stdout] warning: usage of an `unsafe` block
[INFO] [stdout]    --> src/decode.rs:161:18
[INFO] [stdout]     |
[INFO] [stdout] 161 |           let vb = unsafe {
[INFO] [stdout]     |  __________________^
[INFO] [stdout] 162 | |             VarBuilder::from_mmaped_safetensors(std::slice::from_ref(&weights), DType::F32, device)
[INFO] [stdout] 163 | |         }
[INFO] [stdout]     | |_________^
[INFO] [stdout]     |
[INFO] [stdout]     = note: requested on the command line with `-W unsafe-code`
[INFO] [stdout] 
[INFO] [stdout] 
[INFO] [stdout] warning: usage of an `unsafe` block
[INFO] [stdout]    --> src/decode.rs:268:19
[INFO] [stdout]     |
[INFO] [stdout] 268 |           let raw = unsafe {
[INFO] [stdout]     |  ___________________^
[INFO] [stdout] 269 | |             VarBuilder::from_mmaped_safetensors(
[INFO] [stdout] 270 | |                 std::slice::from_ref(&weights),
[INFO] [stdout] 271 | |                 DType::F32,
[INFO] [stdout] ...   |
[INFO] [stdout] 274 | |         }
[INFO] [stdout]     | |_________^
[INFO] [stdout] 
[INFO] [stdout] 
[INFO] [stdout] warning: declaration of an `unsafe` function
[INFO] [stdout]    --> src/siglip.rs:680:1
[INFO] [stdout]     |
[INFO] [stdout] 680 | / unsafe fn gelu_chunk_avx2(chunk: &mut [f32]) {
[INFO] [stdout] 681 | |     for x in chunk {
[INFO] [stdout] 682 | |         *x = gelu_one(*x);
[INFO] [stdout] 683 | |     }
[INFO] [stdout] 684 | | }
[INFO] [stdout]     | |_^
[INFO] [stdout] 
[INFO] [stdout] 
[INFO] [stdout] warning: declaration of an `unsafe` function
[INFO] [stdout]    --> src/siglip.rs:751:1
[INFO] [stdout]     |
[INFO] [stdout] 751 | / unsafe fn softmax_row_avx2(dst: &mut [f32], row: &[f32]) {
[INFO] [stdout] 752 | |     softmax_row_scalar(dst, row);
[INFO] [stdout] 753 | | }
[INFO] [stdout]     | |_^
[INFO] [stdout] 
[INFO] [stdout] 
[INFO] [stdout] warning: usage of an `unsafe` block
[INFO] [stdout]    --> src/siglip.rs:809:5
[INFO] [stdout]     |
[INFO] [stdout] 809 |     unsafe { gelu_chunk_avx2(chunk) };
[INFO] [stdout]     |     ^^^^^^^^^^^^^^^^^^^^^^^^^^^^^^^^^
[INFO] [stdout] 
[INFO] [stdout] 
[INFO] [stdout] warning: usage of an `unsafe` block
[INFO] [stdout]     --> src/siglip.rs:2048:17
[INFO] [stdout]      |
[INFO] [stdout] 2048 |                 unsafe { softmax_row_avx2(dst, row) };
[INFO] [stdout]      |                 ^^^^^^^^^^^^^^^^^^^^^^^^^^^^^^^^^^^^^
[INFO] [stdout] 
[INFO] [stdout] 
[INFO] [stdout] warning: usage of an `unsafe` block
[INFO] [stdout]    --> src/vision.rs:377:14
[INFO] [stdout]     |
[INFO] [stdout] 377 |       let vb = unsafe {
[INFO] [stdout]     |  ______________^
[INFO] [stdout] 378 | |         VarBuilder::from_mmaped_safetensors(std::slice::from_ref(&weights), DType::F32, device)
[INFO] [stdout] 379 | |     }
[INFO] [stdout]     | |_____^
[INFO] [stdout] 
[INFO] [stdout] 
[INFO] [stdout] warning: usage of an `unsafe` block
[INFO] [stdout]    --> src/decode.rs:161:18
[INFO] [stdout]     |
[INFO] [stdout] 161 |           let vb = unsafe {
[INFO] [stdout]     |  __________________^
[INFO] [stdout] 162 | |             VarBuilder::from_mmaped_safetensors(std::slice::from_ref(&weights), DType::F32, device)
[INFO] [stdout] 163 | |         }
[INFO] [stdout]     | |_________^
[INFO] [stdout]     |
[INFO] [stdout]     = note: requested on the command line with `-W unsafe-code`
[INFO] [stdout] 
[INFO] [stdout] 
[INFO] [stdout] warning: usage of an `unsafe` block
[INFO] [stdout]    --> src/decode.rs:268:19
[INFO] [stdout]     |
[INFO] [stdout] 268 |           let raw = unsafe {
[INFO] [stdout]     |  ___________________^
[INFO] [stdout] 269 | |             VarBuilder::from_mmaped_safetensors(
[INFO] [stdout] 270 | |                 std::slice::from_ref(&weights),
[INFO] [stdout] 271 | |                 DType::F32,
[INFO] [stdout] ...   |
[INFO] [stdout] 274 | |         }
[INFO] [stdout]     | |_________^
[INFO] [stdout] 
[INFO] [stdout] 
[INFO] [stdout] warning: declaration of an `unsafe` function
[INFO] [stdout]    --> src/siglip.rs:680:1
[INFO] [stdout]     |
[INFO] [stdout] 680 | / unsafe fn gelu_chunk_avx2(chunk: &mut [f32]) {
[INFO] [stdout] 681 | |     for x in chunk {
[INFO] [stdout] 682 | |         *x = gelu_one(*x);
[INFO] [stdout] 683 | |     }
[INFO] [stdout] 684 | | }
[INFO] [stdout]     | |_^
[INFO] [stdout] 
[INFO] [stdout] 
[INFO] [stdout] warning: declaration of an `unsafe` function
[INFO] [stdout]    --> src/siglip.rs:751:1
[INFO] [stdout]     |
[INFO] [stdout] 751 | / unsafe fn softmax_row_avx2(dst: &mut [f32], row: &[f32]) {
[INFO] [stdout] 752 | |     softmax_row_scalar(dst, row);
[INFO] [stdout] 753 | | }
[INFO] [stdout]     | |_^
[INFO] [stdout] 
[INFO] [stdout] 
[INFO] [stdout] warning: usage of an `unsafe` block
[INFO] [stdout]    --> src/siglip.rs:809:5
[INFO] [stdout]     |
[INFO] [stdout] 809 |     unsafe { gelu_chunk_avx2(chunk) };
[INFO] [stdout]     |     ^^^^^^^^^^^^^^^^^^^^^^^^^^^^^^^^^
[INFO] [stdout] 
[INFO] [stdout] 
[INFO] [stdout] warning: usage of an `unsafe` block
[INFO] [stdout]     --> src/siglip.rs:2048:17
[INFO] [stdout]      |
[INFO] [stdout] 2048 |                 unsafe { softmax_row_avx2(dst, row) };
[INFO] [stdout]      |                 ^^^^^^^^^^^^^^^^^^^^^^^^^^^^^^^^^^^^^
[INFO] [stdout] 
[INFO] [stdout] 
[INFO] [stdout] warning: usage of an `unsafe` block
[INFO] [stdout]     --> src/siglip.rs:2455:9
[INFO] [stdout]      |
[INFO] [stdout] 2455 |         unsafe { super::gelu_chunk_avx2(&mut b) };
[INFO] [stdout]      |         ^^^^^^^^^^^^^^^^^^^^^^^^^^^^^^^^^^^^^^^^^
[INFO] [stdout] 
[INFO] [stdout] 
[INFO] [stdout] warning: usage of an `unsafe` block
[INFO] [stdout]    --> src/vision.rs:377:14
[INFO] [stdout]     |
[INFO] [stdout] 377 |       let vb = unsafe {
[INFO] [stdout]     |  ______________^
[INFO] [stdout] 378 | |         VarBuilder::from_mmaped_safetensors(std::slice::from_ref(&weights), DType::F32, device)
[INFO] [stdout] 379 | |     }
[INFO] [stdout]     | |_____^
[INFO] [stdout] 
[INFO] [stdout] 
[INFO] [stdout] error[E0433]: cannot find module or crate `ffai_media` in this scope
[INFO] [stdout]   --> examples/quickstart.rs:21:17
[INFO] [stdout]    |
[INFO] [stdout] 21 |     let image = ffai_media::load_image(std::path::Path::new(&path))?;
[INFO] [stdout]    |                 ^^^^^^^^^^ use of unresolved module or unlinked crate `ffai_media`
[INFO] [stdout]    |
[INFO] [stdout]    = help: if you wanted to use a crate named `ffai_media`, use `cargo add ffai_media` to add it to your `Cargo.toml`
[INFO] [stdout] 
[INFO] [stdout] 
[INFO] [stdout] For more information about this error, try `rustc --explain E0433`.
[INFO] [stdout] 
[INFO] [stdout] warning: usage of an `unsafe` block
[INFO] [stdout]   --> examples/alloc_ab.rs:60:14
[INFO] [stdout]    |
[INFO] [stdout] 60 |       let vb = unsafe {
[INFO] [stdout]    |  ______________^
[INFO] [stdout] 61 | |         VarBuilder::from_mmaped_safetensors(std::slice::from_ref(&weights), DType::F32, &d)?
[INFO] [stdout] 62 | |     };
[INFO] [stdout]    | |_____^
[INFO] [stdout]    |
[INFO] [stdout]    = note: requested on the command line with `-W unsafe-code`
[INFO] [stdout] 
[INFO] [stdout] 
[INFO] [stderr] error: could not compile `ffai-argus` (example "quickstart") due to 1 previous error
[INFO] [stdout] warning: usage of an `unsafe` block
[INFO] [stdout]   --> examples/tile_sched_ab.rs:25:14
[INFO] [stdout]    |
[INFO] [stdout] 25 |       let vb = unsafe { VarBuilder::from_mmaped_safetensors(
[INFO] [stdout]    |  ______________^
[INFO] [stdout] 26 | |         std::slice::from_ref(&snap.join("model.safetensors")), DType::F32, &d)? };
[INFO] [stdout]    | |_________________________________________________________________________________^
[INFO] [stdout]    |
[INFO] [stdout]    = note: requested on the command line with `-W unsafe-code`
[INFO] [stdout] 
[INFO] [stdout] 
[INFO] [stderr] warning: build failed, waiting for other jobs to finish...
[INFO] [stdout] warning: usage of an `unsafe` block
[INFO] [stdout]   --> examples/decode_inline_prof.rs:69:14
[INFO] [stdout]    |
[INFO] [stdout] 69 |       let vb = unsafe {
[INFO] [stdout]    |  ______________^
[INFO] [stdout] 70 | |         VarBuilder::from_mmaped_safetensors(std::slice::from_ref(&weights), DType::F32, &d)?
[INFO] [stdout] 71 | |     };
[INFO] [stdout]    | |_____^
[INFO] [stdout]    |
[INFO] [stdout]    = note: requested on the command line with `-W unsafe-code`
[INFO] [stdout] 
[INFO] [stdout] 
[INFO] [stdout] warning: variable does not need to be mutable
[INFO] [stdout]   --> examples/attn_gemm_probe.rs:43:9
[INFO] [stdout]    |
[INFO] [stdout] 43 |     let mut row = |n: &str, ms: f64| println!("  {n:<44} {ms:>8.2} ms  {:>7.0} GF/s", gf / (ms / 1e3));
[INFO] [stdout]    |         ----^^^
[INFO] [stdout]    |         |
[INFO] [stdout]    |         help: remove this `mut`
[INFO] [stdout]    |
[INFO] [stdout]    = note: `#[warn(unused_mut)]` (part of `#[warn(unused)]`) on by default
[INFO] [stdout] 
[INFO] [stdout] 
[INFO] [stdout] error[E0433]: cannot find module or crate `ffai_media` in this scope
[INFO] [stdout]   --> examples/stage_split.rs:36:15
[INFO] [stdout]    |
[INFO] [stdout] 36 |     let img = ffai_media::load_image(&path)?;
[INFO] [stdout]    |               ^^^^^^^^^^ use of unresolved module or unlinked crate `ffai_media`
[INFO] [stdout]    |
[INFO] [stdout]    = help: if you wanted to use a crate named `ffai_media`, use `cargo add ffai_media` to add it to your `Cargo.toml`
[INFO] [stdout] 
[INFO] [stdout] 
[INFO] [stdout] For more information about this error, try `rustc --explain E0433`.
[INFO] [stdout] 
[INFO] [stdout] error[E0433]: cannot find module or crate `ffai_media` in this scope
[INFO] [stdout]   --> examples/two_shapes_repro.rs:33:19
[INFO] [stdout]    |
[INFO] [stdout] 33 |         let img = ffai_media::load_image(&path)?;
[INFO] [stdout]    |                   ^^^^^^^^^^ use of unresolved module or unlinked crate `ffai_media`
[INFO] [stdout]    |
[INFO] [stdout]    = help: if you wanted to use a crate named `ffai_media`, use `cargo add ffai_media` to add it to your `Cargo.toml`
[INFO] [stdout] 
[INFO] [stdout] 
[INFO] [stderr] error: could not compile `ffai-argus` (example "stage_split") due to 1 previous error
[INFO] [stdout] For more information about this error, try `rustc --explain E0433`.
[INFO] [stdout] 
[INFO] [stderr] error: could not compile `ffai-argus` (example "two_shapes_repro") due to 1 previous error
[INFO] running `Command { std: "docker" "inspect" "85d329541f9b629a727ea4c63dfefdb81a2ac5172850ff20585f794326cef21f", kill_on_drop: false }`
[INFO] running `Command { std: "docker" "rm" "-f" "85d329541f9b629a727ea4c63dfefdb81a2ac5172850ff20585f794326cef21f", kill_on_drop: false }`
[INFO] [stdout] 85d329541f9b629a727ea4c63dfefdb81a2ac5172850ff20585f794326cef21f
