[INFO] fetching crate ff-pipeline 0.18.4...
[INFO] checking ff-pipeline-0.18.4 against 3154cc1a3e6424e44f438a95007d043ed5ceaaf6 for pr-133502-30
[INFO] extracting crate ff-pipeline 0.18.4 into /workspace/builds/worker-5-tc2/source
[INFO] started tweaking crates.io crate ff-pipeline 0.18.4
[INFO] removed 0 missing examples
[INFO] removed 0 missing tests
[INFO] finished tweaking crates.io crate ff-pipeline 0.18.4
[INFO] tweaked toml for crates.io crate ff-pipeline 0.18.4 written to /workspace/builds/worker-5-tc2/source/Cargo.toml
[INFO] validating manifest of crates.io crate ff-pipeline 0.18.4 on toolchain 3154cc1a3e6424e44f438a95007d043ed5ceaaf6
[INFO] running `Command { std: CARGO_HOME="/workspace/cargo-home" RUSTUP_HOME="/workspace/rustup-home" "/workspace/cargo-home/bin/cargo" "+3154cc1a3e6424e44f438a95007d043ed5ceaaf6" "metadata" "--manifest-path" "Cargo.toml" "--no-deps", kill_on_drop: false }`
[INFO] crate crates.io crate ff-pipeline 0.18.4 already has a lockfile, it will not be regenerated
[INFO] running `Command { std: CARGO_HOME="/workspace/cargo-home" RUSTUP_HOME="/workspace/rustup-home" "/workspace/cargo-home/bin/cargo" "+3154cc1a3e6424e44f438a95007d043ed5ceaaf6" "fetch" "--manifest-path" "Cargo.toml", kill_on_drop: false }`
[INFO] running `Command { std: "docker" "create" "-v" "/var/lib/crater-agent-workspace/builds/worker-5-tc2/source:/opt/rustwide/workdir:ro,Z" "-v" "/var/lib/crater-agent-workspace/builds/worker-5-tc2/target:/opt/rustwide/target:rw,Z" "-v" "/var/lib/crater-agent-workspace/cargo-home:/opt/rustwide/cargo-home:ro,Z" "-v" "/var/lib/crater-agent-workspace/rustup-home:/opt/rustwide/rustup-home:ro,Z" "-m" "1610612736" "--network" "none" "ghcr.io/rust-lang/crates-build-env/linux@sha256:77db811e55d90add9212f6832c23229e3de5f1c1f9905e8cb07319ea15df73ac" "sleep" "infinity", kill_on_drop: false }`
[INFO] [stdout] 8c979a5b10953a3825efce812e970d60ee3fde6aab9cb03ab4c637af88816f91
[INFO] running `Command { std: "docker" "start" "8c979a5b10953a3825efce812e970d60ee3fde6aab9cb03ab4c637af88816f91", kill_on_drop: false }`
[INFO] running `Command { std: "docker" "inspect" "8c979a5b10953a3825efce812e970d60ee3fde6aab9cb03ab4c637af88816f91", kill_on_drop: false }`
[INFO] running `Command { std: "docker" "exec" "-e" "SOURCE_DIR=/opt/rustwide/workdir" "-e" "CARGO_HOME=/opt/rustwide/cargo-home" "-e" "RUSTUP_HOME=/opt/rustwide/rustup-home" "-e" "CARGO_TARGET_DIR=/opt/rustwide/target" "-w" "/opt/rustwide/workdir" "--user" "0:0" "8c979a5b10953a3825efce812e970d60ee3fde6aab9cb03ab4c637af88816f91" "/opt/rustwide/cargo-home/bin/cargo" "+3154cc1a3e6424e44f438a95007d043ed5ceaaf6" "metadata" "--no-deps" "--format-version=1", kill_on_drop: false }`
[INFO] running `Command { std: "docker" "inspect" "8c979a5b10953a3825efce812e970d60ee3fde6aab9cb03ab4c637af88816f91", kill_on_drop: false }`
[INFO] running `Command { std: "docker" "exec" "-e" "SOURCE_DIR=/opt/rustwide/workdir" "-e" "CARGO_HOME=/opt/rustwide/cargo-home" "-e" "RUSTUP_HOME=/opt/rustwide/rustup-home" "-e" "CARGO_TARGET_DIR=/opt/rustwide/target" "-e" "CARGO_INCREMENTAL=0" "-e" "RUST_BACKTRACE=full" "-e" "RUSTFLAGS=--cap-lints=forbid" "-e" "RUSTDOCFLAGS=--cap-lints=forbid" "-w" "/opt/rustwide/workdir" "--user" "0:0" "8c979a5b10953a3825efce812e970d60ee3fde6aab9cb03ab4c637af88816f91" "/opt/rustwide/cargo-home/bin/cargo" "+3154cc1a3e6424e44f438a95007d043ed5ceaaf6" "check" "--frozen" "--all" "--all-targets" "--message-format=json", kill_on_drop: false }`
[INFO] [stderr]    Compiling glob v0.3.4
[INFO] [stderr]    Compiling prettyplease v0.3.0
[INFO] [stderr]    Compiling libc v0.2.189
[INFO] [stderr]    Compiling memchr v2.8.3
[INFO] [stderr]    Compiling regex-syntax v0.8.11
[INFO] [stderr]    Compiling cfg-if v1.0.5
[INFO] [stderr]    Compiling minimal-lexical v0.2.1
[INFO] [stderr]    Compiling bindgen v0.73.2
[INFO] [stderr]    Compiling log v0.4.34
[INFO] [stderr]    Compiling bitflags v2.13.2
[INFO] [stderr]    Compiling rustc-hash v2.1.3
[INFO] [stderr]    Compiling syn v3.0.6
[INFO] [stderr]     Checking ff-common v0.18.4
[INFO] [stderr]    Compiling libloading v0.8.9
[INFO] [stderr]    Compiling clang-sys v1.9.1
[INFO] [stderr]    Compiling nom v7.1.3
[INFO] [stderr]    Compiling regex-automata v0.4.18
[INFO] [stderr]    Compiling cexpr v0.6.0
[INFO] [stderr]    Compiling regex v1.13.1
[INFO] [stderr]    Compiling thiserror-impl v2.0.21
[INFO] [stderr]     Checking thiserror v2.0.21
[INFO] [stderr]     Checking ff-format v0.18.4
[INFO] [stderr]    Compiling ff-sys v0.18.4
[INFO] [stderr]     Checking ff-decode v0.18.4
[INFO] [stderr]     Checking ff-encode v0.18.4
[INFO] [stderr]     Checking ff-filter v0.18.4
[INFO] [stderr]     Checking ff-pipeline v0.18.4 (/opt/rustwide/workdir)
[INFO] [stdout] error[E0432]: unresolved import `ff_probe`
[INFO] [stdout]   --> examples/tone_map_hdr.rs:31:5
[INFO] [stdout]    |
[INFO] [stdout] 31 | use ff_probe::open;
[INFO] [stdout]    |     ^^^^^^^^ use of unresolved module or unlinked crate `ff_probe`
[INFO] [stdout]    |
[INFO] [stdout]    = help: if you wanted to use a crate named `ff_probe`, use `cargo add ff_probe` to add it to your `Cargo.toml`
[INFO] [stdout] 
[INFO] [stdout] 
[INFO] [stdout] warning: method call on a diverging inference variable
[INFO] [stdout]   --> examples/tone_map_hdr.rs:85:28
[INFO] [stdout]    |
[INFO] [stdout] 85 |     let Some(video) = info.primary_video() else {
[INFO] [stdout]    |                            ^^^^^^^^^^^^^
[INFO] [stdout]    |
[INFO] [stdout]    = help: consider providing a type annotation
[INFO] [stdout]    = warning: this was previously accepted by the compiler but is being phased out; it will become a hard error in a future release!
[INFO] [stdout]    = note: for more information, see issue #156047 <https://github.com/rust-lang/rust/issues/156047>
[INFO] [stdout]    = note: `#[warn(method_call_on_diverging_infer_var)]` (part of `#[warn(future_incompatible)]`) on by default
[INFO] [stdout] 
[INFO] [stdout] 
[INFO] [stdout] error[E0599]: no method named `primary_video` found for type `!` in the current scope
[INFO] [stdout]   --> examples/tone_map_hdr.rs:85:28
[INFO] [stdout]    |
[INFO] [stdout] 85 |     let Some(video) = info.primary_video() else {
[INFO] [stdout]    |                            ^^^^^^^^^^^^^ method not found in `!`
[INFO] [stdout] 
[INFO] [stdout] 
[INFO] [stdout] error[E0433]: cannot find module or crate `ff_probe` in this scope
[INFO] [stdout]   --> tests/thumbnail_pipeline_tests.rs:16:29
[INFO] [stdout]    |
[INFO] [stdout] 16 |     let source_info = match ff_probe::open(path) {
[INFO] [stdout]    |                             ^^^^^^^^ use of unresolved module or unlinked crate `ff_probe`
[INFO] [stdout]    |
[INFO] [stdout]    = help: if you wanted to use a crate named `ff_probe`, use `cargo add ff_probe` to add it to your `Cargo.toml`
[INFO] [stdout] 
[INFO] [stdout] 
[INFO] [stdout] warning: method call on a diverging inference variable
[INFO] [stdout]   --> tests/thumbnail_pipeline_tests.rs:23:54
[INFO] [stdout]    |
[INFO] [stdout] 23 |     let (expected_w, expected_h) = match source_info.primary_video() {
[INFO] [stdout]    |                                                      ^^^^^^^^^^^^^
[INFO] [stdout]    |
[INFO] [stdout]    = help: consider providing a type annotation
[INFO] [stdout]    = warning: this was previously accepted by the compiler but is being phased out; it will become a hard error in a future release!
[INFO] [stdout]    = note: for more information, see issue #156047 <https://github.com/rust-lang/rust/issues/156047>
[INFO] [stdout]    = note: `#[warn(method_call_on_diverging_infer_var)]` (part of `#[warn(future_incompatible)]`) on by default
[INFO] [stdout] 
[INFO] [stdout] 
[INFO] [stdout] error[E0599]: no method named `primary_video` found for type `!` in the current scope
[INFO] [stdout]   --> tests/thumbnail_pipeline_tests.rs:23:54
[INFO] [stdout]    |
[INFO] [stdout] 23 |     let (expected_w, expected_h) = match source_info.primary_video() {
[INFO] [stdout]    |                                                      ^^^^^^^^^^^^^ method not found in `!`
[INFO] [stdout] 
[INFO] [stdout] 
[INFO] [stdout] Some errors have detailed explanations: E0432, E0599.
[INFO] [stdout] 
[INFO] [stdout] For more information about an error, try `rustc --explain E0432`.
[INFO] [stdout] 
[INFO] [stderr] error: could not compile `ff-pipeline` (example "tone_map_hdr") due to 2 previous errors; 2 warnings emitted
[INFO] [stderr] warning: build failed, waiting for other jobs to finish...
[INFO] [stdout] Some errors have detailed explanations: E0433, E0599.
[INFO] [stdout] 
[INFO] [stdout] For more information about an error, try `rustc --explain E0433`.
[INFO] [stdout] 
[INFO] [stdout] error[E0432]: unresolved import `ff_probe`
[INFO] [stdout]   --> examples/concat_clips.rs:20:5
[INFO] [stdout]    |
[INFO] [stdout] 20 | use ff_probe::open;
[INFO] [stdout]    |     ^^^^^^^^ use of unresolved module or unlinked crate `ff_probe`
[INFO] [stdout]    |
[INFO] [stdout]    = help: if you wanted to use a crate named `ff_probe`, use `cargo add ff_probe` to add it to your `Cargo.toml`
[INFO] [stdout] 
[INFO] [stdout] 
[INFO] [stderr] error: could not compile `ff-pipeline` (test "thumbnail_pipeline_tests") due to 2 previous errors; 2 warnings emitted
[INFO] [stdout] error[E0433]: cannot find module or crate `ff_probe` in this scope
[INFO] [stdout]    --> tests/pipeline_run_tests.rs:322:30
[INFO] [stdout]     |
[INFO] [stdout] 322 |             let info = match ff_probe::open(&output) {
[INFO] [stdout]     |                              ^^^^^^^^ use of unresolved module or unlinked crate `ff_probe`
[INFO] [stdout]     |
[INFO] [stdout]     = help: if you wanted to use a crate named `ff_probe`, use `cargo add ff_probe` to add it to your `Cargo.toml`
[INFO] [stdout] 
[INFO] [stdout] 
[INFO] [stdout] warning: method call on a diverging inference variable
[INFO] [stdout]    --> tests/pipeline_run_tests.rs:330:22
[INFO] [stdout]     |
[INFO] [stdout] 330 |                 info.duration() > std::time::Duration::ZERO,
[INFO] [stdout]     |                      ^^^^^^^^
[INFO] [stdout]     |
[INFO] [stdout]     = help: consider providing a type annotation
[INFO] [stdout]     = warning: this was previously accepted by the compiler but is being phased out; it will become a hard error in a future release!
[INFO] [stdout]     = note: for more information, see issue #156047 <https://github.com/rust-lang/rust/issues/156047>
[INFO] [stdout]     = note: `#[warn(method_call_on_diverging_infer_var)]` (part of `#[warn(future_incompatible)]`) on by default
[INFO] [stdout] 
[INFO] [stdout] 
[INFO] [stdout] error[E0599]: no method named `duration` found for type `!` in the current scope
[INFO] [stdout]    --> tests/pipeline_run_tests.rs:330:22
[INFO] [stdout]     |
[INFO] [stdout] 330 |                 info.duration() > std::time::Duration::ZERO,
[INFO] [stdout]     |                      ^^^^^^^^ method not found in `!`
[INFO] [stdout] 
[INFO] [stdout] 
[INFO] [stdout] error[E0599]: no method named `duration` found for type `!` in the current scope
[INFO] [stdout]    --> tests/pipeline_run_tests.rs:332:22
[INFO] [stdout]     |
[INFO] [stdout] 332 |                 info.duration()
[INFO] [stdout]     |                      ^^^^^^^^ method not found in `!`
[INFO] [stdout] 
[INFO] [stdout] 
[INFO] [stdout] warning: unreachable call
[INFO] [stdout]    --> tests/pipeline_run_tests.rs:332:22
[INFO] [stdout]     |
[INFO] [stdout] 332 |                 info.duration()
[INFO] [stdout]     |                 ---- ^^^^^^^^ unreachable call
[INFO] [stdout]     |                 |
[INFO] [stdout]     |                 any code following this expression is unreachable
[INFO] [stdout]     |
[INFO] [stdout]     = note: `#[warn(unreachable_code)]` (part of `#[warn(unused)]`) on by default
[INFO] [stdout] 
[INFO] [stdout] 
[INFO] [stdout] error[E0433]: cannot find module or crate `ff_probe` in this scope
[INFO] [stdout]    --> tests/pipeline_run_tests.rs:470:28
[INFO] [stdout]     |
[INFO] [stdout] 470 |     let input_info = match ff_probe::open(&input) {
[INFO] [stdout]     |                            ^^^^^^^^ use of unresolved module or unlinked crate `ff_probe`
[INFO] [stdout]     |
[INFO] [stdout]     = help: if you wanted to use a crate named `ff_probe`, use `cargo add ff_probe` to add it to your `Cargo.toml`
[INFO] [stdout] 
[INFO] [stdout] 
[INFO] [stdout] warning: method call on a diverging inference variable
[INFO] [stdout]    --> tests/pipeline_run_tests.rs:477:37
[INFO] [stdout]     |
[INFO] [stdout] 477 |     let input_duration = input_info.duration();
[INFO] [stdout]     |                                     ^^^^^^^^
[INFO] [stdout]     |
[INFO] [stdout]     = help: consider providing a type annotation
[INFO] [stdout]     = warning: this was previously accepted by the compiler but is being phased out; it will become a hard error in a future release!
[INFO] [stdout]     = note: for more information, see issue #156047 <https://github.com/rust-lang/rust/issues/156047>
[INFO] [stdout] 
[INFO] [stdout] 
[INFO] [stdout] For more information about this error, try `rustc --explain E0432`.
[INFO] [stdout] 
[INFO] [stdout] error[E0599]: no method named `duration` found for type `!` in the current scope
[INFO] [stdout]    --> tests/pipeline_run_tests.rs:477:37
[INFO] [stdout]     |
[INFO] [stdout] 477 |     let input_duration = input_info.duration();
[INFO] [stdout]     |                                     ^^^^^^^^ method not found in `!`
[INFO] [stdout] 
[INFO] [stdout] 
[INFO] [stdout] error[E0433]: cannot find module or crate `ff_probe` in this scope
[INFO] [stdout]    --> tests/pipeline_run_tests.rs:501:37
[INFO] [stdout]     |
[INFO] [stdout] 501 |             let output_info = match ff_probe::open(&output) {
[INFO] [stdout]     |                                     ^^^^^^^^ use of unresolved module or unlinked crate `ff_probe`
[INFO] [stdout]     |
[INFO] [stdout]     = help: if you wanted to use a crate named `ff_probe`, use `cargo add ff_probe` to add it to your `Cargo.toml`
[INFO] [stdout] 
[INFO] [stdout] 
[INFO] [stdout] warning: method call on a diverging inference variable
[INFO] [stdout]    --> tests/pipeline_run_tests.rs:508:47
[INFO] [stdout]     |
[INFO] [stdout] 508 |             let output_duration = output_info.duration();
[INFO] [stdout]     |                                               ^^^^^^^^
[INFO] [stdout]     |
[INFO] [stdout]     = help: consider providing a type annotation
[INFO] [stdout]     = warning: this was previously accepted by the compiler but is being phased out; it will become a hard error in a future release!
[INFO] [stdout]     = note: for more information, see issue #156047 <https://github.com/rust-lang/rust/issues/156047>
[INFO] [stdout] 
[INFO] [stdout] 
[INFO] [stdout] error[E0599]: no method named `duration` found for type `!` in the current scope
[INFO] [stdout]    --> tests/pipeline_run_tests.rs:508:47
[INFO] [stdout]     |
[INFO] [stdout] 508 |             let output_duration = output_info.duration();
[INFO] [stdout]     |                                               ^^^^^^^^ method not found in `!`
[INFO] [stdout] 
[INFO] [stdout] 
[INFO] [stdout] error[E0599]: no method named `frame_rate` found for type `!` in the current scope
[INFO] [stdout]    --> tests/pipeline_run_tests.rs:513:40
[INFO] [stdout]     |
[INFO] [stdout] 513 |             let input_fps = input_info.frame_rate().unwrap_or(24.0);
[INFO] [stdout]     |                                        ^^^^^^^^^^ method not found in `!`
[INFO] [stdout] 
[INFO] [stdout] 
[INFO] [stdout] warning: unreachable call
[INFO] [stdout]    --> tests/pipeline_run_tests.rs:513:40
[INFO] [stdout]     |
[INFO] [stdout] 513 |             let input_fps = input_info.frame_rate().unwrap_or(24.0);
[INFO] [stdout]     |                             ---------- ^^^^^^^^^^ unreachable call
[INFO] [stdout]     |                             |
[INFO] [stdout]     |                             any code following this expression is unreachable
[INFO] [stdout] 
[INFO] [stdout] 
[INFO] [stderr] error: could not compile `ff-pipeline` (example "concat_clips") due to 1 previous error
[INFO] [stdout] Some errors have detailed explanations: E0433, E0599.
[INFO] [stdout] 
[INFO] [stdout] For more information about an error, try `rustc --explain E0433`.
[INFO] [stdout] 
[INFO] [stderr] error: could not compile `ff-pipeline` (test "pipeline_run_tests") due to 8 previous errors; 8 warnings emitted
[INFO] running `Command { std: "docker" "inspect" "8c979a5b10953a3825efce812e970d60ee3fde6aab9cb03ab4c637af88816f91", kill_on_drop: false }`
[INFO] running `Command { std: "docker" "rm" "-f" "8c979a5b10953a3825efce812e970d60ee3fde6aab9cb03ab4c637af88816f91", kill_on_drop: false }`
[INFO] [stdout] 8c979a5b10953a3825efce812e970d60ee3fde6aab9cb03ab4c637af88816f91
