[INFO] fetching crate ff-encode 0.18.4...
[INFO] checking ff-encode-0.18.4 against 3154cc1a3e6424e44f438a95007d043ed5ceaaf6+rustflags=-Znext-solver=coherence for pr-133502-30
[INFO] extracting crate ff-encode 0.18.4 into /workspace/builds/worker-7-tc1/source
[INFO] started tweaking crates.io crate ff-encode 0.18.4
[INFO] removed 0 missing examples
[INFO] removed 0 missing tests
[INFO] finished tweaking crates.io crate ff-encode 0.18.4
[INFO] tweaked toml for crates.io crate ff-encode 0.18.4 written to /workspace/builds/worker-7-tc1/source/Cargo.toml
[INFO] validating manifest of crates.io crate ff-encode 0.18.4 on toolchain 3154cc1a3e6424e44f438a95007d043ed5ceaaf6
[INFO] running `Command { std: CARGO_HOME="/workspace/cargo-home" RUSTUP_HOME="/workspace/rustup-home" "/workspace/cargo-home/bin/cargo" "+3154cc1a3e6424e44f438a95007d043ed5ceaaf6" "metadata" "--manifest-path" "Cargo.toml" "--no-deps", kill_on_drop: false }`
[INFO] crate crates.io crate ff-encode 0.18.4 already has a lockfile, it will not be regenerated
[INFO] running `Command { std: CARGO_HOME="/workspace/cargo-home" RUSTUP_HOME="/workspace/rustup-home" "/workspace/cargo-home/bin/cargo" "+3154cc1a3e6424e44f438a95007d043ed5ceaaf6" "fetch" "--manifest-path" "Cargo.toml", kill_on_drop: false }`
[INFO] [stderr]     Updating crates.io index
[INFO] [stderr]  Downloading crates ...
[INFO] [stderr]   Downloaded prettyplease v0.3.0
[INFO] [stderr]   Downloaded ff-common v0.18.4
[INFO] [stderr]   Downloaded ciborium-io v0.2.2
[INFO] [stderr]   Downloaded alloca v0.4.0
[INFO] [stderr]   Downloaded page_size v0.6.0
[INFO] [stderr]   Downloaded ciborium-ll v0.2.2
[INFO] [stderr]   Downloaded anes v0.1.6
[INFO] [stderr]   Downloaded criterion-plot v0.8.2
[INFO] [stderr]   Downloaded ciborium v0.2.2
[INFO] [stderr]   Downloaded ff-format v0.18.4
[INFO] [stderr]   Downloaded cc v1.5.1
[INFO] [stderr]   Downloaded ff-sys v0.18.4
[INFO] [stderr]   Downloaded criterion v0.8.2
[INFO] [stderr]   Downloaded bindgen v0.73.2
[INFO] running `Command { std: "docker" "create" "-v" "/var/lib/crater-agent-workspace/builds/worker-7-tc1/source:/opt/rustwide/workdir:ro,Z" "-v" "/var/lib/crater-agent-workspace/builds/worker-7-tc1/target:/opt/rustwide/target:rw,Z" "-v" "/var/lib/crater-agent-workspace/cargo-home:/opt/rustwide/cargo-home:ro,Z" "-v" "/var/lib/crater-agent-workspace/rustup-home:/opt/rustwide/rustup-home:ro,Z" "-m" "1610612736" "--network" "none" "ghcr.io/rust-lang/crates-build-env/linux@sha256:77db811e55d90add9212f6832c23229e3de5f1c1f9905e8cb07319ea15df73ac" "sleep" "infinity", kill_on_drop: false }`
[INFO] [stdout] 6479327c7bc64ab5608923653095b98fd5e95089e037a4392dd77e2b02b8e99e
[INFO] running `Command { std: "docker" "start" "6479327c7bc64ab5608923653095b98fd5e95089e037a4392dd77e2b02b8e99e", kill_on_drop: false }`
[INFO] running `Command { std: "docker" "inspect" "6479327c7bc64ab5608923653095b98fd5e95089e037a4392dd77e2b02b8e99e", kill_on_drop: false }`
[INFO] running `Command { std: "docker" "exec" "-e" "SOURCE_DIR=/opt/rustwide/workdir" "-e" "CARGO_HOME=/opt/rustwide/cargo-home" "-e" "RUSTUP_HOME=/opt/rustwide/rustup-home" "-e" "CARGO_TARGET_DIR=/opt/rustwide/target" "-w" "/opt/rustwide/workdir" "--user" "0:0" "6479327c7bc64ab5608923653095b98fd5e95089e037a4392dd77e2b02b8e99e" "/opt/rustwide/cargo-home/bin/cargo" "+3154cc1a3e6424e44f438a95007d043ed5ceaaf6" "metadata" "--no-deps" "--format-version=1", kill_on_drop: false }`
[INFO] running `Command { std: "docker" "inspect" "6479327c7bc64ab5608923653095b98fd5e95089e037a4392dd77e2b02b8e99e", kill_on_drop: false }`
[INFO] running `Command { std: "docker" "exec" "-e" "SOURCE_DIR=/opt/rustwide/workdir" "-e" "CARGO_HOME=/opt/rustwide/cargo-home" "-e" "RUSTUP_HOME=/opt/rustwide/rustup-home" "-e" "CARGO_TARGET_DIR=/opt/rustwide/target" "-e" "CARGO_INCREMENTAL=0" "-e" "RUST_BACKTRACE=full" "-e" "RUSTFLAGS=--cap-lints=forbid -Znext-solver=coherence" "-e" "RUSTDOCFLAGS=--cap-lints=forbid" "-w" "/opt/rustwide/workdir" "--user" "0:0" "6479327c7bc64ab5608923653095b98fd5e95089e037a4392dd77e2b02b8e99e" "/opt/rustwide/cargo-home/bin/cargo" "+3154cc1a3e6424e44f438a95007d043ed5ceaaf6" "check" "--frozen" "--all" "--all-targets" "--message-format=json", kill_on_drop: false }`
[INFO] [stderr]    Compiling proc-macro2 v1.0.107
[INFO] [stderr]    Compiling glob v0.3.4
[INFO] [stderr]    Compiling libc v0.2.189
[INFO] [stderr]    Compiling prettyplease v0.3.0
[INFO] [stderr]    Compiling minimal-lexical v0.2.1
[INFO] [stderr]    Compiling quote v1.0.47
[INFO] [stderr]    Compiling regex-syntax v0.8.11
[INFO] [stderr]    Compiling memchr v2.8.3
[INFO] [stderr]    Compiling libloading v0.8.9
[INFO] [stderr]    Compiling zerocopy v0.8.59
[INFO] [stderr]    Compiling bindgen v0.73.2
[INFO] [stderr]    Compiling log v0.4.34
[INFO] [stderr]    Compiling rustc-hash v2.1.3
[INFO] [stderr]    Compiling bitflags v2.13.2
[INFO] [stderr]    Compiling cc v1.5.1
[INFO] [stderr]    Compiling clang-sys v1.9.1
[INFO] [stderr]    Compiling num-traits v0.2.19
[INFO] [stderr]     Checking futures-core v0.3.34
[INFO] [stderr]    Compiling serde_json v1.0.151
[INFO] [stderr]     Checking futures-sink v0.3.34
[INFO] [stderr]    Compiling pkg-config v0.3.34
[INFO] [stderr]     Checking either v1.18.0
[INFO] [stderr]    Compiling nom v7.1.3
[INFO] [stderr]     Checking futures-channel v0.3.34
[INFO] [stderr]    Compiling syn v3.0.6
[INFO] [stderr]    Compiling syn v2.0.119
[INFO] [stderr]    Compiling thiserror v2.0.21
[INFO] [stderr]     Checking futures-task v0.3.34
[INFO] [stderr]     Checking futures-io v0.3.34
[INFO] [stderr]     Checking ciborium-io v0.2.2
[INFO] [stderr]     Checking plotters-backend v0.3.7
[INFO] [stderr]    Compiling regex-automata v0.4.18
[INFO] [stderr]    Compiling alloca v0.4.0
[INFO] [stderr]     Checking slab v0.4.12
[INFO] [stderr]     Checking plotters-svg v0.3.7
[INFO] [stderr]     Checking clap_builder v4.6.7
[INFO] [stderr]    Compiling cexpr v0.6.0
[INFO] [stderr]    Compiling regex v1.13.1
[INFO] [stderr]     Checking itertools v0.13.0
[INFO] [stderr]     Checking ff-common v0.18.4
[INFO] [stderr]     Checking cast v0.3.0
[INFO] [stderr]     Checking page_size v0.6.0
[INFO] [stderr]     Checking rayon v1.12.0
[INFO] [stderr]     Checking clap v4.6.7
[INFO] [stderr]     Checking plotters v0.3.7
[INFO] [stderr]     Checking oorandom v11.1.5
[INFO] [stderr]     Checking anes v0.1.6
[INFO] [stderr]    Compiling zerocopy-derive v0.8.59
[INFO] [stderr]     Checking criterion-plot v0.8.2
[INFO] [stderr]    Compiling serde_derive v1.0.229
[INFO] [stderr]    Compiling futures-macro v0.3.34
[INFO] [stderr]    Compiling thiserror-impl v2.0.21
[INFO] [stderr]    Compiling tokio-macros v2.7.2
[INFO] [stderr]     Checking tokio v1.53.1
[INFO] [stderr]     Checking futures-util v0.3.34
[INFO] [stderr]     Checking ff-format v0.18.4
[INFO] [stderr]     Checking serde v1.0.229
[INFO] [stderr]     Checking tinytemplate v1.2.1
[INFO] [stderr]     Checking futures-executor v0.3.34
[INFO] [stderr]     Checking futures v0.3.34
[INFO] [stderr]    Compiling ff-sys v0.18.4
[INFO] [stderr]     Checking half v2.7.1
[INFO] [stderr]     Checking ciborium-ll v0.2.2
[INFO] [stderr]     Checking ciborium v0.2.2
[INFO] [stderr]     Checking criterion v0.8.2
[INFO] [stderr]     Checking ff-encode v0.18.4 (/opt/rustwide/workdir)
[INFO] [stdout] error[E0432]: unresolved import `ff_decode`
[INFO] [stdout]   --> examples/audio_codec_options.rs:29:5
[INFO] [stdout]    |
[INFO] [stdout] 29 | use ff_decode::AudioDecoder;
[INFO] [stdout]    |     ^^^^^^^^^ use of unresolved module or unlinked crate `ff_decode`
[INFO] [stdout]    |
[INFO] [stdout] help: there is a crate or module with a similar name
[INFO] [stdout]    |
[INFO] [stdout] 29 - use ff_decode::AudioDecoder;
[INFO] [stdout] 29 + use ff_encode::AudioDecoder;
[INFO] [stdout]    |
[INFO] [stdout] 
[INFO] [stdout] 
[INFO] [stdout] warning: method call on a diverging inference variable
[INFO] [stdout]   --> examples/audio_codec_options.rs:75:29
[INFO] [stdout]    |
[INFO] [stdout] 75 |     let sample_rate = probe.sample_rate();
[INFO] [stdout]    |                             ^^^^^^^^^^^
[INFO] [stdout]    |
[INFO] [stdout]    = help: consider providing a type annotation
[INFO] [stdout]    = warning: this was previously accepted by the compiler but is being phased out; it will become a hard error in a future release!
[INFO] [stdout]    = note: for more information, see issue #156047 <https://github.com/rust-lang/rust/issues/156047>
[INFO] [stdout]    = note: `#[warn(method_call_on_diverging_infer_var)]` (part of `#[warn(future_incompatible)]`) on by default
[INFO] [stdout] 
[INFO] [stdout] 
[INFO] [stdout] error[E0432]: unresolved import `ff_decode`
[INFO] [stdout]   --> examples/image_sequence.rs:35:5
[INFO] [stdout]    |
[INFO] [stdout] 35 | use ff_decode::{HardwareAccel, VideoDecoder};
[INFO] [stdout]    |     ^^^^^^^^^ use of unresolved module or unlinked crate `ff_decode`
[INFO] [stdout]    |
[INFO] [stdout] help: there is a crate or module with a similar name
[INFO] [stdout]    |
[INFO] [stdout] 35 - use ff_decode::{HardwareAccel, VideoDecoder};
[INFO] [stdout] 35 + use ff_encode::{HardwareAccel, VideoDecoder};
[INFO] [stdout]    |
[INFO] [stdout] 
[INFO] [stdout] 
[INFO] [stdout] error[E0433]: cannot find module or crate `ff_probe` in this scope
[INFO] [stdout]   --> tests/preset_tests.rs:97:22
[INFO] [stdout]    |
[INFO] [stdout] 97 |     let info = match ff_probe::open(output) {
[INFO] [stdout]    |                      ^^^^^^^^ use of unresolved module or unlinked crate `ff_probe`
[INFO] [stdout]    |
[INFO] [stdout]    = help: if you wanted to use a crate named `ff_probe`, use `cargo add ff_probe` to add it to your `Cargo.toml`
[INFO] [stdout] 
[INFO] [stdout] 
[INFO] [stdout] warning: method call on a diverging inference variable
[INFO] [stdout]    --> examples/image_sequence.rs:110:25
[INFO] [stdout]     |
[INFO] [stdout] 110 |     let width = decoder.width();
[INFO] [stdout]     |                         ^^^^^
[INFO] [stdout]     |
[INFO] [stdout]     = help: consider providing a type annotation
[INFO] [stdout]     = warning: this was previously accepted by the compiler but is being phased out; it will become a hard error in a future release!
[INFO] [stdout]     = note: for more information, see issue #156047 <https://github.com/rust-lang/rust/issues/156047>
[INFO] [stdout]     = note: `#[warn(method_call_on_diverging_infer_var)]` (part of `#[warn(future_incompatible)]`) on by default
[INFO] [stdout] 
[INFO] [stdout] 
[INFO] [stdout] warning: method call on a diverging inference variable
[INFO] [stdout]    --> tests/preset_tests.rs:107:18
[INFO] [stdout]     |
[INFO] [stdout] 107 |             info.has_video(),
[INFO] [stdout]     |                  ^^^^^^^^^
[INFO] [stdout]     |
[INFO] [stdout]     = help: consider providing a type annotation
[INFO] [stdout]     = warning: this was previously accepted by the compiler but is being phased out; it will become a hard error in a future release!
[INFO] [stdout]     = note: for more information, see issue #156047 <https://github.com/rust-lang/rust/issues/156047>
[INFO] [stdout]     = note: `#[warn(method_call_on_diverging_infer_var)]` (part of `#[warn(future_incompatible)]`) on by default
[INFO] [stdout] 
[INFO] [stdout] 
[INFO] [stdout] error[E0432]: unresolved import `ff_decode`
[INFO] [stdout]   --> examples/encode_with_progress.rs:32:5
[INFO] [stdout]    |
[INFO] [stdout] 32 | use ff_decode::VideoDecoder;
[INFO] [stdout]    |     ^^^^^^^^^ use of unresolved module or unlinked crate `ff_decode`
[INFO] [stdout]    |
[INFO] [stdout] help: there is a crate or module with a similar name
[INFO] [stdout]    |
[INFO] [stdout] 32 - use ff_decode::VideoDecoder;
[INFO] [stdout] 32 + use ff_encode::VideoDecoder;
[INFO] [stdout]    |
[INFO] [stdout] 
[INFO] [stdout] 
[INFO] [stdout] error[E0599]: no method named `sample_rate` found for type `!` in the current scope
[INFO] [stdout]   --> examples/audio_codec_options.rs:75:29
[INFO] [stdout]    |
[INFO] [stdout] 75 |     let sample_rate = probe.sample_rate();
[INFO] [stdout]    |                             ^^^^^^^^^^^ method not found in `!`
[INFO] [stdout] 
[INFO] [stdout] 
[INFO] [stdout] error[E0599]: no method named `channels` found for type `!` in the current scope
[INFO] [stdout]   --> examples/audio_codec_options.rs:76:26
[INFO] [stdout]    |
[INFO] [stdout] 76 |     let channels = probe.channels();
[INFO] [stdout]    |                          ^^^^^^^^ method not found in `!`
[INFO] [stdout] 
[INFO] [stdout] 
[INFO] [stdout] warning: unreachable call
[INFO] [stdout]   --> examples/audio_codec_options.rs:76:26
[INFO] [stdout]    |
[INFO] [stdout] 76 |     let channels = probe.channels();
[INFO] [stdout]    |                    ----- ^^^^^^^^ unreachable call
[INFO] [stdout]    |                    |
[INFO] [stdout]    |                    any code following this expression is unreachable
[INFO] [stdout]    |
[INFO] [stdout]    = note: `#[warn(unreachable_code)]` (part of `#[warn(unused)]`) on by default
[INFO] [stdout] 
[INFO] [stdout] 
[INFO] [stdout] warning: method call on a diverging inference variable
[INFO] [stdout]    --> examples/encode_with_progress.rs:154:23
[INFO] [stdout]     |
[INFO] [stdout] 154 |     let width = probe.width();
[INFO] [stdout]     |                       ^^^^^
[INFO] [stdout]     |
[INFO] [stdout]     = help: consider providing a type annotation
[INFO] [stdout]     = warning: this was previously accepted by the compiler but is being phased out; it will become a hard error in a future release!
[INFO] [stdout]     = note: for more information, see issue #156047 <https://github.com/rust-lang/rust/issues/156047>
[INFO] [stdout]     = note: `#[warn(method_call_on_diverging_infer_var)]` (part of `#[warn(future_incompatible)]`) on by default
[INFO] [stdout] 
[INFO] [stdout] 
[INFO] [stdout] warning: unreachable call
[INFO] [stdout]   --> examples/audio_codec_options.rs:77:5
[INFO] [stdout]    |
[INFO] [stdout] 77 |     drop(probe);
[INFO] [stdout]    |     ^^^^ ----- any code following this expression is unreachable
[INFO] [stdout]    |     |
[INFO] [stdout]    |     unreachable call
[INFO] [stdout] 
[INFO] [stdout] 
[INFO] [stdout] warning: method call on a diverging inference variable
[INFO] [stdout]    --> examples/audio_codec_options.rs:222:35
[INFO] [stdout]     |
[INFO] [stdout] 222 |         let chunk = match decoder.decode_one() {
[INFO] [stdout]     |                                   ^^^^^^^^^^
[INFO] [stdout]     |
[INFO] [stdout]     = help: consider providing a type annotation
[INFO] [stdout]     = warning: this was previously accepted by the compiler but is being phased out; it will become a hard error in a future release!
[INFO] [stdout]     = note: for more information, see issue #156047 <https://github.com/rust-lang/rust/issues/156047>
[INFO] [stdout] 
[INFO] [stdout] 
[INFO] [stdout] error[E0599]: no method named `decode_one` found for type `!` in the current scope
[INFO] [stdout]    --> examples/audio_codec_options.rs:222:35
[INFO] [stdout]     |
[INFO] [stdout] 222 |         let chunk = match decoder.decode_one() {
[INFO] [stdout]     |                                   ^^^^^^^^^^ method not found in `!`
[INFO] [stdout] 
[INFO] [stdout] 
[INFO] [stdout] error[E0599]: no method named `width` found for type `!` in the current scope
[INFO] [stdout]    --> examples/image_sequence.rs:110:25
[INFO] [stdout]     |
[INFO] [stdout] 110 |     let width = decoder.width();
[INFO] [stdout]     |                         ^^^^^ method not found in `!`
[INFO] [stdout] 
[INFO] [stdout] 
[INFO] [stdout] error[E0599]: no method named `has_video` found for type `!` in the current scope
[INFO] [stdout]    --> tests/preset_tests.rs:107:18
[INFO] [stdout]     |
[INFO] [stdout] 107 |             info.has_video(),
[INFO] [stdout]     |                  ^^^^^^^^^ method not found in `!`
[INFO] [stdout] 
[INFO] [stdout] 
[INFO] [stdout] error[E0433]: cannot find module or crate `ff_probe` in this scope
[INFO] [stdout]    --> tests/faststart_tests.rs:110:16
[INFO] [stdout]     |
[INFO] [stdout] 110 |     let info = ff_probe::open(&output_path).expect("Failed to probe output");
[INFO] [stdout]     |                ^^^^^^^^ use of unresolved module or unlinked crate `ff_probe`
[INFO] [stdout]     |
[INFO] [stdout]     = help: if you wanted to use a crate named `ff_probe`, use `cargo add ff_probe` to add it to your `Cargo.toml`
[INFO] [stdout] 
[INFO] [stdout] 
[INFO] [stdout] Some errors have detailed explanations: E0432, E0599.
[INFO] [stdout] 
[INFO] [stdout] For more information about an error, try `rustc --explain E0432`.
[INFO] [stdout] 
[INFO] [stderr] error: could not compile `ff-encode` (example "audio_codec_options") due to 4 previous errors; 6 warnings emitted
[INFO] [stderr] warning: build failed, waiting for other jobs to finish...
[INFO] [stdout] error[E0599]: no method named `height` found for type `!` in the current scope
[INFO] [stdout]    --> examples/image_sequence.rs:111:26
[INFO] [stdout]     |
[INFO] [stdout] 111 |     let height = decoder.height();
[INFO] [stdout]     |                          ^^^^^^ method not found in `!`
[INFO] [stdout] 
[INFO] [stdout] 
[INFO] [stdout] warning: unreachable call
[INFO] [stdout]    --> examples/image_sequence.rs:111:26
[INFO] [stdout]     |
[INFO] [stdout] 111 |     let height = decoder.height();
[INFO] [stdout]     |                  ------- ^^^^^^ unreachable call
[INFO] [stdout]     |                  |
[INFO] [stdout]     |                  any code following this expression is unreachable
[INFO] [stdout]     |
[INFO] [stdout]     = note: `#[warn(unreachable_code)]` (part of `#[warn(unused)]`) on by default
[INFO] [stdout] 
[INFO] [stdout] 
[INFO] [stdout] error[E0599]: no method named `has_audio` found for type `!` in the current scope
[INFO] [stdout]    --> tests/preset_tests.rs:112:18
[INFO] [stdout]     |
[INFO] [stdout] 112 |             info.has_audio(),
[INFO] [stdout]     |                  ^^^^^^^^^ method not found in `!`
[INFO] [stdout] 
[INFO] [stdout] 
[INFO] [stdout] warning: unreachable call
[INFO] [stdout]    --> tests/preset_tests.rs:112:18
[INFO] [stdout]     |
[INFO] [stdout] 112 |             info.has_audio(),
[INFO] [stdout]     |             ---- ^^^^^^^^^ unreachable call
[INFO] [stdout]     |             |
[INFO] [stdout]     |             any code following this expression is unreachable
[INFO] [stdout]     |
[INFO] [stdout]     = note: `#[warn(unreachable_code)]` (part of `#[warn(unused)]`) on by default
[INFO] [stdout] 
[INFO] [stdout] 
[INFO] [stdout] error[E0432]: unresolved import `ff_decode`
[INFO] [stdout]   --> examples/codec_options.rs:29:5
[INFO] [stdout]    |
[INFO] [stdout] 29 | use ff_decode::VideoDecoder;
[INFO] [stdout]    |     ^^^^^^^^^ use of unresolved module or unlinked crate `ff_decode`
[INFO] [stdout]    |
[INFO] [stdout] help: there is a crate or module with a similar name
[INFO] [stdout]    |
[INFO] [stdout] 29 - use ff_decode::VideoDecoder;
[INFO] [stdout] 29 + use ff_encode::VideoDecoder;
[INFO] [stdout]    |
[INFO] [stdout] 
[INFO] [stdout] 
[INFO] [stdout] error[E0599]: no method named `width` found for type `!` in the current scope
[INFO] [stdout]    --> examples/encode_with_progress.rs:154:23
[INFO] [stdout]     |
[INFO] [stdout] 154 |     let width = probe.width();
[INFO] [stdout]     |                       ^^^^^ method not found in `!`
[INFO] [stdout] 
[INFO] [stdout] 
[INFO] [stdout] For more information about this error, try `rustc --explain E0433`.
[INFO] [stdout] 
[INFO] [stdout] warning: method call on a diverging inference variable
[INFO] [stdout]   --> examples/codec_options.rs:75:23
[INFO] [stdout]    |
[INFO] [stdout] 75 |     let width = probe.width();
[INFO] [stdout]    |                       ^^^^^
[INFO] [stdout]    |
[INFO] [stdout]    = help: consider providing a type annotation
[INFO] [stdout]    = warning: this was previously accepted by the compiler but is being phased out; it will become a hard error in a future release!
[INFO] [stdout]    = note: for more information, see issue #156047 <https://github.com/rust-lang/rust/issues/156047>
[INFO] [stdout]    = note: `#[warn(method_call_on_diverging_infer_var)]` (part of `#[warn(future_incompatible)]`) on by default
[INFO] [stdout] 
[INFO] [stdout] 
[INFO] [stderr] error: could not compile `ff-encode` (test "faststart_tests") due to 1 previous error
[INFO] [stdout] error[E0599]: no method named `frame_rate` found for type `!` in the current scope
[INFO] [stdout]    --> examples/image_sequence.rs:112:30
[INFO] [stdout]     |
[INFO] [stdout] 112 |     let actual_fps = decoder.frame_rate();
[INFO] [stdout]     |                              ^^^^^^^^^^ method not found in `!`
[INFO] [stdout] 
[INFO] [stdout] 
[INFO] [stdout] warning: unreachable call
[INFO] [stdout]    --> examples/image_sequence.rs:112:30
[INFO] [stdout]     |
[INFO] [stdout] 112 |     let actual_fps = decoder.frame_rate();
[INFO] [stdout]     |                      ------- ^^^^^^^^^^ unreachable call
[INFO] [stdout]     |                      |
[INFO] [stdout]     |                      any code following this expression is unreachable
[INFO] [stdout] 
[INFO] [stdout] 
[INFO] [stdout] error[E0599]: no method named `height` found for type `!` in the current scope
[INFO] [stdout]    --> examples/encode_with_progress.rs:155:24
[INFO] [stdout]     |
[INFO] [stdout] 155 |     let height = probe.height();
[INFO] [stdout]     |                        ^^^^^^ method not found in `!`
[INFO] [stdout] 
[INFO] [stdout] 
[INFO] [stdout] warning: unreachable call
[INFO] [stdout]    --> examples/encode_with_progress.rs:155:24
[INFO] [stdout]     |
[INFO] [stdout] 155 |     let height = probe.height();
[INFO] [stdout]     |                  ----- ^^^^^^ unreachable call
[INFO] [stdout]     |                  |
[INFO] [stdout]     |                  any code following this expression is unreachable
[INFO] [stdout]     |
[INFO] [stdout]     = note: `#[warn(unreachable_code)]` (part of `#[warn(unused)]`) on by default
[INFO] [stdout] 
[INFO] [stdout] 
[INFO] [stdout] error[E0599]: no method named `video_stream_count` found for type `!` in the current scope
[INFO] [stdout]    --> tests/preset_tests.rs:118:18
[INFO] [stdout]     |
[INFO] [stdout] 118 |             info.video_stream_count(),
[INFO] [stdout]     |                  ^^^^^^^^^^^^^^^^^^ method not found in `!`
[INFO] [stdout] 
[INFO] [stdout] 
[INFO] [stdout] warning: unreachable call
[INFO] [stdout]    --> tests/preset_tests.rs:118:18
[INFO] [stdout]     |
[INFO] [stdout] 118 |             info.video_stream_count(),
[INFO] [stdout]     |             ---- ^^^^^^^^^^^^^^^^^^ unreachable call
[INFO] [stdout]     |             |
[INFO] [stdout]     |             any code following this expression is unreachable
[INFO] [stdout] 
[INFO] [stdout] 
[INFO] [stdout] error[E0599]: no method named `decode_one` found for type `!` in the current scope
[INFO] [stdout]    --> examples/image_sequence.rs:132:35
[INFO] [stdout]     |
[INFO] [stdout] 132 |         let frame = match decoder.decode_one() {
[INFO] [stdout]     |                                   ^^^^^^^^^^ method not found in `!`
[INFO] [stdout] 
[INFO] [stdout] 
[INFO] [stdout] warning: unreachable call
[INFO] [stdout]    --> examples/image_sequence.rs:132:35
[INFO] [stdout]     |
[INFO] [stdout] 132 |         let frame = match decoder.decode_one() {
[INFO] [stdout]     |                           ------- ^^^^^^^^^^ unreachable call
[INFO] [stdout]     |                           |
[INFO] [stdout]     |                           any code following this expression is unreachable
[INFO] [stdout] 
[INFO] [stdout] 
[INFO] [stdout] error[E0599]: no method named `frame_rate` found for type `!` in the current scope
[INFO] [stdout]    --> examples/encode_with_progress.rs:156:21
[INFO] [stdout]     |
[INFO] [stdout] 156 |     let fps = probe.frame_rate();
[INFO] [stdout]     |                     ^^^^^^^^^^ method not found in `!`
[INFO] [stdout] 
[INFO] [stdout] 
[INFO] [stdout] warning: unreachable call
[INFO] [stdout]    --> examples/encode_with_progress.rs:156:21
[INFO] [stdout]     |
[INFO] [stdout] 156 |     let fps = probe.frame_rate();
[INFO] [stdout]     |               ----- ^^^^^^^^^^ unreachable call
[INFO] [stdout]     |               |
[INFO] [stdout]     |               any code following this expression is unreachable
[INFO] [stdout] 
[INFO] [stdout] 
[INFO] [stdout] warning: unreachable call
[INFO] [stdout]    --> examples/encode_with_progress.rs:157:5
[INFO] [stdout]     |
[INFO] [stdout] 157 |     drop(probe);
[INFO] [stdout]     |     ^^^^ ----- any code following this expression is unreachable
[INFO] [stdout]     |     |
[INFO] [stdout]     |     unreachable call
[INFO] [stdout] 
[INFO] [stdout] 
[INFO] [stdout] warning: method call on a diverging inference variable
[INFO] [stdout]    --> examples/image_sequence.rs:195:23
[INFO] [stdout]     |
[INFO] [stdout] 195 |     let width = probe.width();
[INFO] [stdout]     |                       ^^^^^
[INFO] [stdout]     |
[INFO] [stdout]     = help: consider providing a type annotation
[INFO] [stdout]     = warning: this was previously accepted by the compiler but is being phased out; it will become a hard error in a future release!
[INFO] [stdout]     = note: for more information, see issue #156047 <https://github.com/rust-lang/rust/issues/156047>
[INFO] [stdout] 
[INFO] [stdout] 
[INFO] [stdout] warning: method call on a diverging inference variable
[INFO] [stdout]    --> examples/encode_with_progress.rs:215:35
[INFO] [stdout]     |
[INFO] [stdout] 215 |         let frame = match decoder.decode_one() {
[INFO] [stdout]     |                                   ^^^^^^^^^^
[INFO] [stdout]     |
[INFO] [stdout]     = help: consider providing a type annotation
[INFO] [stdout]     = warning: this was previously accepted by the compiler but is being phased out; it will become a hard error in a future release!
[INFO] [stdout]     = note: for more information, see issue #156047 <https://github.com/rust-lang/rust/issues/156047>
[INFO] [stdout] 
[INFO] [stdout] 
[INFO] [stdout] error[E0599]: no method named `has_audio` found for type `!` in the current scope
[INFO] [stdout]    --> tests/preset_tests.rs:124:18
[INFO] [stdout]     |
[INFO] [stdout] 124 |             info.has_audio(),
[INFO] [stdout]     |                  ^^^^^^^^^ method not found in `!`
[INFO] [stdout] 
[INFO] [stdout] 
[INFO] [stdout] warning: unreachable call
[INFO] [stdout]    --> tests/preset_tests.rs:124:18
[INFO] [stdout]     |
[INFO] [stdout] 124 |             info.has_audio(),
[INFO] [stdout]     |             ---- ^^^^^^^^^ unreachable call
[INFO] [stdout]     |             |
[INFO] [stdout]     |             any code following this expression is unreachable
[INFO] [stdout] 
[INFO] [stdout] 
[INFO] [stdout] error[E0599]: no method named `decode_one` found for type `!` in the current scope
[INFO] [stdout]    --> examples/encode_with_progress.rs:215:35
[INFO] [stdout]     |
[INFO] [stdout] 215 |         let frame = match decoder.decode_one() {
[INFO] [stdout]     |                                   ^^^^^^^^^^ method not found in `!`
[INFO] [stdout] 
[INFO] [stdout] 
[INFO] [stdout] error[E0599]: no method named `width` found for type `!` in the current scope
[INFO] [stdout]    --> examples/image_sequence.rs:195:23
[INFO] [stdout]     |
[INFO] [stdout] 195 |     let width = probe.width();
[INFO] [stdout]     |                       ^^^^^ method not found in `!`
[INFO] [stdout] 
[INFO] [stdout] 
[INFO] [stderr] error: could not compile `ff-encode` (example "encode_with_progress") due to 5 previous errors; 7 warnings emitted
[INFO] [stdout] error[E0599]: no method named `width` found for type `!` in the current scope
[INFO] [stdout]   --> examples/codec_options.rs:75:23
[INFO] [stdout]    |
[INFO] [stdout] 75 |     let width = probe.width();
[INFO] [stdout]    |                       ^^^^^ method not found in `!`
[INFO] [stdout] 
[INFO] [stdout] 
[INFO] [stdout] Some errors have detailed explanations: E0432, E0599.
[INFO] [stdout] 
[INFO] [stdout] For more information about an error, try `rustc --explain E0432`.
[INFO] [stdout] 
[INFO] [stdout] error[E0599]: no method named `height` found for type `!` in the current scope
[INFO] [stdout]   --> examples/codec_options.rs:76:24
[INFO] [stdout]    |
[INFO] [stdout] 76 |     let height = probe.height();
[INFO] [stdout]    |                        ^^^^^^ method not found in `!`
[INFO] [stdout] 
[INFO] [stdout] 
[INFO] [stdout] error[E0599]: no method named `height` found for type `!` in the current scope
[INFO] [stdout]    --> examples/image_sequence.rs:196:24
[INFO] [stdout]     |
[INFO] [stdout] 196 |     let height = probe.height();
[INFO] [stdout]     |                        ^^^^^^ method not found in `!`
[INFO] [stdout] 
[INFO] [stdout] 
[INFO] [stdout] warning: unreachable call
[INFO] [stdout]    --> examples/image_sequence.rs:196:24
[INFO] [stdout]     |
[INFO] [stdout] 196 |     let height = probe.height();
[INFO] [stdout]     |                  ----- ^^^^^^ unreachable call
[INFO] [stdout]     |                  |
[INFO] [stdout]     |                  any code following this expression is unreachable
[INFO] [stdout] 
[INFO] [stdout] 
[INFO] [stdout] warning: unreachable call
[INFO] [stdout]   --> examples/codec_options.rs:76:24
[INFO] [stdout]    |
[INFO] [stdout] 76 |     let height = probe.height();
[INFO] [stdout]    |                  ----- ^^^^^^ unreachable call
[INFO] [stdout]    |                  |
[INFO] [stdout]    |                  any code following this expression is unreachable
[INFO] [stdout]    |
[INFO] [stdout]    = note: `#[warn(unreachable_code)]` (part of `#[warn(unused)]`) on by default
[INFO] [stdout] 
[INFO] [stdout] 
[INFO] [stdout] Some errors have detailed explanations: E0433, E0599.
[INFO] [stdout] 
[INFO] [stdout] For more information about an error, try `rustc --explain E0433`.
[INFO] [stdout] 
[INFO] [stdout] error[E0599]: no method named `frame_rate` found for type `!` in the current scope
[INFO] [stdout]   --> examples/codec_options.rs:77:21
[INFO] [stdout]    |
[INFO] [stdout] 77 |     let fps = probe.frame_rate();
[INFO] [stdout]    |                     ^^^^^^^^^^ method not found in `!`
[INFO] [stdout] 
[INFO] [stdout] 
[INFO] [stdout] warning: unreachable call
[INFO] [stdout]   --> examples/codec_options.rs:77:21
[INFO] [stdout]    |
[INFO] [stdout] 77 |     let fps = probe.frame_rate();
[INFO] [stdout]    |               ----- ^^^^^^^^^^ unreachable call
[INFO] [stdout]    |               |
[INFO] [stdout]    |               any code following this expression is unreachable
[INFO] [stdout] 
[INFO] [stdout] 
[INFO] [stdout] warning: unreachable call
[INFO] [stdout]   --> examples/codec_options.rs:78:5
[INFO] [stdout]    |
[INFO] [stdout] 78 |     drop(probe);
[INFO] [stdout]    |     ^^^^ ----- any code following this expression is unreachable
[INFO] [stdout]    |     |
[INFO] [stdout]    |     unreachable call
[INFO] [stdout] 
[INFO] [stdout] 
[INFO] [stdout] warning: method call on a diverging inference variable
[INFO] [stdout]    --> examples/codec_options.rs:241:35
[INFO] [stdout]     |
[INFO] [stdout] 241 |         let frame = match decoder.decode_one() {
[INFO] [stdout]     |                                   ^^^^^^^^^^
[INFO] [stdout]     |
[INFO] [stdout]     = help: consider providing a type annotation
[INFO] [stdout]     = warning: this was previously accepted by the compiler but is being phased out; it will become a hard error in a future release!
[INFO] [stdout]     = note: for more information, see issue #156047 <https://github.com/rust-lang/rust/issues/156047>
[INFO] [stdout] 
[INFO] [stdout] 
[INFO] [stdout] error[E0433]: cannot find module or crate `ff_probe` in this scope
[INFO] [stdout]    --> tests/professional_format_tests.rs:107:16
[INFO] [stdout]     |
[INFO] [stdout] 107 |     let info = ff_probe::open(&output_path).expect("Failed to probe output");
[INFO] [stdout]     |                ^^^^^^^^ use of unresolved module or unlinked crate `ff_probe`
[INFO] [stdout]     |
[INFO] [stdout]     = help: if you wanted to use a crate named `ff_probe`, use `cargo add ff_probe` to add it to your `Cargo.toml`
[INFO] [stdout] 
[INFO] [stdout] 
[INFO] [stdout] error[E0599]: no method named `decode_one` found for type `!` in the current scope
[INFO] [stdout]    --> examples/codec_options.rs:241:35
[INFO] [stdout]     |
[INFO] [stdout] 241 |         let frame = match decoder.decode_one() {
[INFO] [stdout]     |                                   ^^^^^^^^^^ method not found in `!`
[INFO] [stdout] 
[INFO] [stdout] 
[INFO] [stdout] error[E0599]: no method named `frame_rate` found for type `!` in the current scope
[INFO] [stdout]    --> examples/image_sequence.rs:197:21
[INFO] [stdout]     |
[INFO] [stdout] 197 |     let fps = probe.frame_rate();
[INFO] [stdout]     |                     ^^^^^^^^^^ method not found in `!`
[INFO] [stdout] 
[INFO] [stdout] 
[INFO] [stdout] warning: unreachable call
[INFO] [stdout]    --> examples/image_sequence.rs:197:21
[INFO] [stdout]     |
[INFO] [stdout] 197 |     let fps = probe.frame_rate();
[INFO] [stdout]     |               ----- ^^^^^^^^^^ unreachable call
[INFO] [stdout]     |               |
[INFO] [stdout]     |               any code following this expression is unreachable
[INFO] [stdout] 
[INFO] [stdout] 
[INFO] [stdout] warning: unreachable call
[INFO] [stdout]    --> examples/image_sequence.rs:198:5
[INFO] [stdout]     |
[INFO] [stdout] 198 |     drop(probe);
[INFO] [stdout]     |     ^^^^ ----- any code following this expression is unreachable
[INFO] [stdout]     |     |
[INFO] [stdout]     |     unreachable call
[INFO] [stdout] 
[INFO] [stdout] 
[INFO] [stdout] warning: method call on a diverging inference variable
[INFO] [stdout]    --> examples/image_sequence.rs:246:35
[INFO] [stdout]     |
[INFO] [stdout] 246 |         let frame = match decoder.decode_one() {
[INFO] [stdout]     |                                   ^^^^^^^^^^
[INFO] [stdout]     |
[INFO] [stdout]     = help: consider providing a type annotation
[INFO] [stdout]     = warning: this was previously accepted by the compiler but is being phased out; it will become a hard error in a future release!
[INFO] [stdout]     = note: for more information, see issue #156047 <https://github.com/rust-lang/rust/issues/156047>
[INFO] [stdout] 
[INFO] [stdout] 
[INFO] [stdout] error[E0599]: no method named `decode_one` found for type `!` in the current scope
[INFO] [stdout]    --> examples/image_sequence.rs:246:35
[INFO] [stdout]     |
[INFO] [stdout] 246 |         let frame = match decoder.decode_one() {
[INFO] [stdout]     |                                   ^^^^^^^^^^ method not found in `!`
[INFO] [stdout] 
[INFO] [stdout] 
[INFO] [stdout] error[E0433]: cannot find module or crate `ff_probe` in this scope
[INFO] [stdout]    --> tests/professional_format_tests.rs:167:16
[INFO] [stdout]     |
[INFO] [stdout] 167 |     let info = ff_probe::open(&output_path).expect("Failed to probe output");
[INFO] [stdout]     |                ^^^^^^^^ use of unresolved module or unlinked crate `ff_probe`
[INFO] [stdout]     |
[INFO] [stdout]     = help: if you wanted to use a crate named `ff_probe`, use `cargo add ff_probe` to add it to your `Cargo.toml`
[INFO] [stdout] 
[INFO] [stdout] 
[INFO] [stdout] Some errors have detailed explanations: E0432, E0599.
[INFO] [stdout] 
[INFO] [stdout] For more information about an error, try `rustc --explain E0432`.
[INFO] [stdout] 
[INFO] [stdout] Some errors have detailed explanations: E0432, E0599.
[INFO] [stdout] 
[INFO] [stdout] For more information about an error, try `rustc --explain E0432`.
[INFO] [stdout] 
[INFO] [stdout] error[E0433]: cannot find module or crate `ff_probe` in this scope
[INFO] [stdout]    --> tests/professional_format_tests.rs:242:16
[INFO] [stdout]     |
[INFO] [stdout] 242 |     let info = ff_probe::open(&output_path).expect("Failed to probe output");
[INFO] [stdout]     |                ^^^^^^^^ use of unresolved module or unlinked crate `ff_probe`
[INFO] [stdout]     |
[INFO] [stdout]     = help: if you wanted to use a crate named `ff_probe`, use `cargo add ff_probe` to add it to your `Cargo.toml`
[INFO] [stdout] 
[INFO] [stdout] 
[INFO] [stderr] error: could not compile `ff-encode` (example "codec_options") due to 5 previous errors; 7 warnings emitted
[INFO] [stderr] error: could not compile `ff-encode` (test "preset_tests") due to 5 previous errors; 5 warnings emitted
[INFO] [stderr] error: could not compile `ff-encode` (example "image_sequence") due to 9 previous errors; 12 warnings emitted
[INFO] [stdout] For more information about this error, try `rustc --explain E0433`.
[INFO] [stdout] 
[INFO] [stderr] error: could not compile `ff-encode` (test "professional_format_tests") due to 3 previous errors
[INFO] running `Command { std: "docker" "inspect" "6479327c7bc64ab5608923653095b98fd5e95089e037a4392dd77e2b02b8e99e", kill_on_drop: false }`
[INFO] running `Command { std: "docker" "rm" "-f" "6479327c7bc64ab5608923653095b98fd5e95089e037a4392dd77e2b02b8e99e", kill_on_drop: false }`
[INFO] [stdout] 6479327c7bc64ab5608923653095b98fd5e95089e037a4392dd77e2b02b8e99e
