[INFO] fetching crate ferrin-openai-compatible 0.2.0...
[INFO] checking ferrin-openai-compatible-0.2.0 against 3154cc1a3e6424e44f438a95007d043ed5ceaaf6+rustflags=-Znext-solver=coherence for pr-133502-30
[INFO] extracting crate ferrin-openai-compatible 0.2.0 into /workspace/builds/worker-0-tc1/source
[INFO] started tweaking crates.io crate ferrin-openai-compatible 0.2.0
[INFO] removed 0 missing tests
[INFO] finished tweaking crates.io crate ferrin-openai-compatible 0.2.0
[INFO] tweaked toml for crates.io crate ferrin-openai-compatible 0.2.0 written to /workspace/builds/worker-0-tc1/source/Cargo.toml
[INFO] validating manifest of crates.io crate ferrin-openai-compatible 0.2.0 on toolchain 3154cc1a3e6424e44f438a95007d043ed5ceaaf6
[INFO] running `Command { std: CARGO_HOME="/workspace/cargo-home" RUSTUP_HOME="/workspace/rustup-home" "/workspace/cargo-home/bin/cargo" "+3154cc1a3e6424e44f438a95007d043ed5ceaaf6" "metadata" "--manifest-path" "Cargo.toml" "--no-deps", kill_on_drop: false }`
[INFO] crate crates.io crate ferrin-openai-compatible 0.2.0 already has a lockfile, it will not be regenerated
[INFO] running `Command { std: CARGO_HOME="/workspace/cargo-home" RUSTUP_HOME="/workspace/rustup-home" "/workspace/cargo-home/bin/cargo" "+3154cc1a3e6424e44f438a95007d043ed5ceaaf6" "fetch" "--manifest-path" "Cargo.toml", kill_on_drop: false }`
[INFO] [stderr]     Updating crates.io index
[INFO] [stderr]     Blocking waiting for file lock on package cache
[INFO] [stderr]  Downloading crates ...
[INFO] [stderr]   Downloaded serde_derive v1.0.229
[INFO] [stderr]   Downloaded unicode-ident v1.0.24
[INFO] [stderr]   Downloaded zerofrom-derive v0.1.7
[INFO] [stderr]   Downloaded smallvec v1.16.1
[INFO] [stderr]   Downloaded tokio-macros v2.7.2
[INFO] [stderr]   Downloaded secrecy v0.10.3
[INFO] [stderr]   Downloaded windows-link v0.2.1
[INFO] [stderr]   Downloaded wasm-bindgen-shared v0.2.128
[INFO] [stderr]   Downloaded wasm-bindgen-macro v0.2.128
[INFO] [stderr]   Downloaded jni-sys-macros v0.4.1
[INFO] [stderr]   Downloaded rand v0.10.2
[INFO] [stderr]   Downloaded lru-slab v0.1.2
[INFO] [stderr]   Downloaded tinyvec_macros v0.1.1
[INFO] [stderr]   Downloaded cfg-if v1.0.4
[INFO] [stderr]   Downloaded windows-interface v0.59.3
[INFO] [stderr]   Downloaded iana-time-zone-haiku v0.1.2
[INFO] [stderr]   Downloaded wasm-bindgen-futures v0.4.78
[INFO] [stderr]   Downloaded yoke-derive v0.8.2
[INFO] [stderr]   Downloaded want v0.3.1
[INFO] [stderr]   Downloaded jni-sys v0.4.1
[INFO] [stderr]   Downloaded futures-macro v0.3.34
[INFO] [stderr]   Downloaded same-file v1.0.6
[INFO] [stderr]   Downloaded windows-result v0.4.1
[INFO] [stderr]   Downloaded windows-targets v0.52.6
[INFO] [stderr]   Downloaded winapi-util v0.1.11
[INFO] [stderr]   Downloaded windows-implement v0.60.2
[INFO] [stderr]   Downloaded android_system_properties v0.1.6
[INFO] [stderr]   Downloaded zmij v1.0.23
[INFO] [stderr]   Downloaded synstructure v0.13.2
[INFO] [stderr]   Downloaded hyper-rustls v0.27.9
[INFO] [stderr]   Downloaded zeroize v1.9.0
[INFO] [stderr]   Downloaded thiserror-impl v2.0.20
[INFO] [stderr]   Downloaded tokio-rustls v0.26.5
[INFO] [stderr]   Downloaded core-foundation v0.10.1
[INFO] [stderr]   Downloaded wasi v0.11.1+wasi-snapshot-preview1
[INFO] [stderr]   Downloaded web-time v1.1.0
[INFO] [stderr]   Downloaded rustc_version v0.4.1
[INFO] [stderr]   Downloaded quinn-udp v0.5.15
[INFO] [stderr]   Downloaded pest_generator v2.9.1
[INFO] [stderr]   Downloaded autocfg v1.5.1
[INFO] [stderr]   Downloaded security-framework-sys v2.17.0
[INFO] [stderr]   Downloaded pest_derive v2.9.1
[INFO] [stderr]   Downloaded windows-strings v0.5.1
[INFO] [stderr]   Downloaded tinyvec v1.13.2
[INFO] [stderr]   Downloaded base64 v0.22.1
[INFO] [stderr]   Downloaded hyper-util v0.1.20
[INFO] [stderr]   Downloaded hyper v1.11.1
[INFO] [stderr]   Downloaded h2 v0.4.19
[INFO] [stderr]   Downloaded quinn-proto v0.11.17
[INFO] [stderr]   Downloaded rustls-platform-verifier-android v0.1.1
[INFO] [stderr]   Downloaded diff v0.1.13
[INFO] [stderr]   Downloaded thiserror v2.0.20
[INFO] [stderr]   Downloaded iana-time-zone v0.1.65
[INFO] [stderr]   Downloaded windows-core v0.62.2
[INFO] [stderr]   Downloaded find-msvc-tools v0.1.12
[INFO] [stderr]   Downloaded core-foundation-sys v0.8.7
[INFO] [stderr]   Downloaded wasm-streams v0.5.0
[INFO] [stderr]   Downloaded schannel v0.1.29
[INFO] [stderr]   Downloaded walkdir v2.5.0
[INFO] [stderr]   Downloaded semver v1.0.28
[INFO] [stderr]   Downloaded pest_meta v2.9.1
[INFO] [stderr]   Downloaded ucd-trie v0.1.7
[INFO] [stderr]   Downloaded console v0.16.6
[INFO] [stderr]   Downloaded rustls-platform-verifier v0.7.0
[INFO] [stderr]   Downloaded tracing-attributes v0.1.31
[INFO] [stderr]   Downloaded pretty_assertions v1.4.1
[INFO] [stderr]   Downloaded yansi v1.0.1
[INFO] [stderr]   Downloaded wasm-bindgen v0.2.128
[INFO] [stderr]   Downloaded r-efi v6.0.0
[INFO] [stderr]   Downloaded similar v2.7.0
[INFO] [stderr]   Downloaded encode_unicode v1.0.0
[INFO] [stderr]   Downloaded ferrin-spec v0.2.0
[INFO] [stderr]   Downloaded num-traits v0.2.19
[INFO] [stderr]   Downloaded jni-macros v0.22.4
[INFO] [stderr]   Downloaded ferrin-provider-util v0.2.0
[INFO] [stderr]   Downloaded security-framework v3.7.0
[INFO] [stderr]   Downloaded quinn v0.11.11
[INFO] [stderr]   Downloaded mio v1.2.3
[INFO] [stderr]   Downloaded bumpalo v3.20.3
[INFO] [stderr]   Downloaded cc v1.4.5
[INFO] [stderr]   Downloaded combine v4.6.8
[INFO] [stderr]   Downloaded wasm-bindgen-macro-support v0.2.128
[INFO] [stderr]   Downloaded js-sys v0.3.105
[INFO] [stderr]   Downloaded syn v3.0.5
[INFO] [stderr]   Downloaded insta v1.48.0
[INFO] [stderr]   Downloaded tokio-util v0.7.19
[INFO] [stderr]   Downloaded webpki-root-certs v1.0.9
[INFO] [stderr]   Downloaded serde_json v1.0.151
[INFO] [stderr]   Downloaded pest v2.9.1
[INFO] [stderr]   Downloaded aho-corasick v1.1.5
[INFO] [stderr]   Downloaded regex v1.13.1
[INFO] [stderr]   Downloaded jni v0.22.4
[INFO] [stderr]   Downloaded chrono v0.4.45
[INFO] [stderr]   Downloaded syn v2.0.119
[INFO] [stderr]   Downloaded simd_cesu8 v1.2.0
[INFO] [stderr]   Downloaded regex-syntax v0.8.11
[INFO] [stderr]   Downloaded rustix v1.1.4
[INFO] [stderr]   Downloaded windows_x86_64_gnullvm v0.52.6
[INFO] [stderr]   Downloaded windows_aarch64_gnullvm v0.52.6
[INFO] [stderr]   Downloaded windows_i686_gnullvm v0.52.6
[INFO] [stderr]   Downloaded regex-automata v0.4.18
[INFO] [stderr]   Downloaded web-sys v0.3.105
[INFO] [stderr]   Downloaded windows_x86_64_msvc v0.52.6
[INFO] [stderr]   Downloaded libc v0.2.189
[INFO] [stderr]   Downloaded windows_i686_msvc v0.52.6
[INFO] [stderr]   Downloaded windows_aarch64_msvc v0.52.6
[INFO] [stderr]   Downloaded windows_x86_64_gnu v0.52.6
[INFO] [stderr]   Downloaded windows_i686_gnu v0.52.6
[INFO] [stderr]   Downloaded tokio v1.53.1
[INFO] [stderr]   Downloaded windows-sys v0.61.2
[INFO] [stderr]   Downloaded windows-sys v0.52.0
[INFO] running `Command { std: "docker" "create" "-v" "/var/lib/crater-agent-workspace/builds/worker-0-tc1/source:/opt/rustwide/workdir:ro,Z" "-v" "/var/lib/crater-agent-workspace/builds/worker-0-tc1/target:/opt/rustwide/target:rw,Z" "-v" "/var/lib/crater-agent-workspace/cargo-home:/opt/rustwide/cargo-home:ro,Z" "-v" "/var/lib/crater-agent-workspace/rustup-home:/opt/rustwide/rustup-home:ro,Z" "-m" "1610612736" "--network" "none" "ghcr.io/rust-lang/crates-build-env/linux@sha256:77db811e55d90add9212f6832c23229e3de5f1c1f9905e8cb07319ea15df73ac" "sleep" "infinity", kill_on_drop: false }`
[INFO] [stdout] bf913a6fec7f94fa2e92f15403765b665acdb137cc8fea36c10dbf5989a758b1
[INFO] running `Command { std: "docker" "start" "bf913a6fec7f94fa2e92f15403765b665acdb137cc8fea36c10dbf5989a758b1", kill_on_drop: false }`
[INFO] running `Command { std: "docker" "inspect" "bf913a6fec7f94fa2e92f15403765b665acdb137cc8fea36c10dbf5989a758b1", kill_on_drop: false }`
[INFO] running `Command { std: "docker" "exec" "-e" "SOURCE_DIR=/opt/rustwide/workdir" "-e" "CARGO_HOME=/opt/rustwide/cargo-home" "-e" "RUSTUP_HOME=/opt/rustwide/rustup-home" "-e" "CARGO_TARGET_DIR=/opt/rustwide/target" "-w" "/opt/rustwide/workdir" "--user" "0:0" "bf913a6fec7f94fa2e92f15403765b665acdb137cc8fea36c10dbf5989a758b1" "/opt/rustwide/cargo-home/bin/cargo" "+3154cc1a3e6424e44f438a95007d043ed5ceaaf6" "metadata" "--no-deps" "--format-version=1", kill_on_drop: false }`
[INFO] running `Command { std: "docker" "inspect" "bf913a6fec7f94fa2e92f15403765b665acdb137cc8fea36c10dbf5989a758b1", kill_on_drop: false }`
[INFO] running `Command { std: "docker" "exec" "-e" "SOURCE_DIR=/opt/rustwide/workdir" "-e" "CARGO_HOME=/opt/rustwide/cargo-home" "-e" "RUSTUP_HOME=/opt/rustwide/rustup-home" "-e" "CARGO_TARGET_DIR=/opt/rustwide/target" "-e" "CARGO_INCREMENTAL=0" "-e" "RUST_BACKTRACE=full" "-e" "RUSTFLAGS=--cap-lints=forbid -Znext-solver=coherence" "-e" "RUSTDOCFLAGS=--cap-lints=forbid" "-w" "/opt/rustwide/workdir" "--user" "0:0" "bf913a6fec7f94fa2e92f15403765b665acdb137cc8fea36c10dbf5989a758b1" "/opt/rustwide/cargo-home/bin/cargo" "+3154cc1a3e6424e44f438a95007d043ed5ceaaf6" "check" "--frozen" "--all" "--all-targets" "--message-format=json", kill_on_drop: false }`
[INFO] [stderr]    Compiling proc-macro2 v1.0.107
[INFO] [stderr]    Compiling quote v1.0.47
[INFO] [stderr]    Compiling unicode-ident v1.0.24
[INFO] [stderr]    Compiling libc v0.2.189
[INFO] [stderr]     Checking stable_deref_trait v1.2.1
[INFO] [stderr]    Compiling find-msvc-tools v0.1.12
[INFO] [stderr]     Checking bytes v1.12.1
[INFO] [stderr]    Compiling shlex v2.0.1
[INFO] [stderr]     Checking pin-project-lite v0.2.17
[INFO] [stderr]     Checking futures-core v0.3.34
[INFO] [stderr]     Checking once_cell v1.21.4
[INFO] [stderr]    Compiling pkg-config v0.3.34
[INFO] [stderr]    Compiling fs_extra v1.3.0
[INFO] [stderr]    Compiling dunce v1.0.5
[INFO] [stderr]     Checking itoa v1.0.18
[INFO] [stderr]     Checking smallvec v1.16.1
[INFO] [stderr]     Checking zeroize v1.9.0
[INFO] [stderr]     Checking litemap v0.8.3
[INFO] [stderr]     Checking writeable v0.6.4
[INFO] [stderr]    Compiling serde_core v1.0.229
[INFO] [stderr]     Checking http v1.5.0
[INFO] [stderr]    Compiling icu_normalizer_data v2.3.0
[INFO] [stderr]    Compiling icu_properties_data v2.3.0
[INFO] [stderr]     Checking utf8_iter v1.0.4
[INFO] [stderr]    Compiling aws-lc-rs v1.18.1
[INFO] [stderr]     Checking equivalent v1.0.2
[INFO] [stderr]     Checking hashbrown v0.17.1
[INFO] [stderr]     Checking slab v0.4.12
[INFO] [stderr]    Compiling syn v3.0.5
[INFO] [stderr]    Compiling syn v2.0.119
[INFO] [stderr]    Compiling serde v1.0.229
[INFO] [stderr]     Checking indexmap v2.14.2
[INFO] [stderr]     Checking rustls-pki-types v1.15.1
[INFO] [stderr]     Checking memchr v2.8.3
[INFO] [stderr]     Checking mio v1.2.3
[INFO] [stderr]    Compiling jobserver v0.1.35
[INFO] [stderr]     Checking socket2 v0.6.5
[INFO] [stderr]     Checking futures-sink v0.3.34
[INFO] [stderr]    Compiling cc v1.4.5
[INFO] [stderr]     Checking percent-encoding v2.3.2
[INFO] [stderr]     Checking http-body v1.1.0
[INFO] [stderr]     Checking tracing-core v0.1.36
[INFO] [stderr]    Compiling rustls v0.23.45
[INFO] [stderr]     Checking untrusted v0.9.0
[INFO] [stderr]    Compiling httparse v1.10.1
[INFO] [stderr]     Checking futures-task v0.3.34
[INFO] [stderr]     Checking try-lock v0.2.5
[INFO] [stderr]     Checking futures-util v0.3.34
[INFO] [stderr]    Compiling getrandom v0.4.3
[INFO] [stderr]    Compiling autocfg v1.5.1
[INFO] [stderr]     Checking fnv v1.0.7
[INFO] [stderr]     Checking cfg-if v1.0.4
[INFO] [stderr]     Checking atomic-waker v1.1.2
[INFO] [stderr]     Checking tower-service v0.3.3
[INFO] [stderr]     Checking subtle v2.6.1
[INFO] [stderr]     Checking bitflags v2.13.2
[INFO] [stderr]     Checking rand_core v0.10.1
[INFO] [stderr]    Compiling num-traits v0.2.19
[INFO] [stderr]     Checking want v0.3.1
[INFO] [stderr]     Checking form_urlencoded v1.2.2
[INFO] [stderr]     Checking futures-channel v0.3.34
[INFO] [stderr]    Compiling zmij v1.0.23
[INFO] [stderr]    Compiling cmake v0.1.58
[INFO] [stderr]     Checking aho-corasick v1.1.5
[INFO] [stderr]     Checking sync_wrapper v1.0.2
[INFO] [stderr]     Checking base64 v0.22.1
[INFO] [stderr]     Checking tower-layer v0.3.3
[INFO] [stderr]    Compiling ucd-trie v0.1.7
[INFO] [stderr]     Checking openssl-probe v0.2.1
[INFO] [stderr]     Checking ipnet v2.12.2
[INFO] [stderr]    Compiling serde_json v1.0.151
[INFO] [stderr]    Compiling thiserror v2.0.20
[INFO] [stderr]     Checking regex-syntax v0.8.11
[INFO] [stderr]     Checking rustls-native-certs v0.8.4
[INFO] [stderr]    Compiling aws-lc-sys v0.45.0
[INFO] [stderr]     Checking base64 v0.23.1
[INFO] [stderr]    Compiling pest v2.9.1
[INFO] [stderr]     Checking log v0.4.34
[INFO] [stderr]    Compiling rustix v1.1.4
[INFO] [stderr]     Checking cpufeatures v0.3.1
[INFO] [stderr]     Checking iana-time-zone v0.1.65
[INFO] [stderr]     Checking chacha20 v0.10.2
[INFO] [stderr]     Checking http-body-util v0.1.5
[INFO] [stderr]     Checking linux-raw-sys v0.12.1
[INFO] [stderr]     Checking rand v0.10.2
[INFO] [stderr]     Checking regex-automata v0.4.18
[INFO] [stderr]     Checking secrecy v0.10.3
[INFO] [stderr]     Checking fastrand v2.5.0
[INFO] [stderr]     Checking console v0.16.6
[INFO] [stderr]    Compiling synstructure v0.13.2
[INFO] [stderr]    Compiling pest_meta v2.9.1
[INFO] [stderr]     Checking diff v0.1.13
[INFO] [stderr]    Compiling zerovec-derive v0.11.6
[INFO] [stderr]    Compiling displaydoc v0.2.7
[INFO] [stderr]    Compiling tokio-macros v2.7.2
[INFO] [stderr]    Compiling serde_derive v1.0.229
[INFO] [stderr]     Checking tokio v1.53.1
[INFO] [stderr]    Compiling thiserror-impl v2.0.20
[INFO] [stderr]    Compiling zerofrom-derive v0.1.7
[INFO] [stderr]    Compiling yoke-derive v0.8.2
[INFO] [stderr]    Compiling tracing-attributes v0.1.31
[INFO] [stderr]     Checking regex v1.13.1
[INFO] [stderr]    Compiling pest_generator v2.9.1
[INFO] [stderr]     Checking tempfile v3.27.0
[INFO] [stderr]     Checking similar v2.7.0
[INFO] [stderr]     Checking zerofrom v0.1.8
[INFO] [stderr]     Checking yansi v1.0.1
[INFO] [stderr]     Checking yoke v0.8.3
[INFO] [stderr]     Checking pretty_assertions v1.4.1
[INFO] [stderr]     Checking zerovec v0.11.8
[INFO] [stderr]     Checking zerotrie v0.2.5
[INFO] [stderr]     Checking tracing v0.1.44
[INFO] [stderr]    Compiling pest_derive v2.9.1
[INFO] [stderr]     Checking tinystr v0.8.4
[INFO] [stderr]     Checking potential_utf v0.1.6
[INFO] [stderr]     Checking icu_collections v2.3.0
[INFO] [stderr]     Checking icu_locale_core v2.3.0
[INFO] [stderr]     Checking chrono v0.4.45
[INFO] [stderr]     Checking insta v1.48.0
[INFO] [stderr]     Checking icu_provider v2.3.1
[INFO] [stderr]     Checking icu_properties v2.3.0
[INFO] [stderr]     Checking icu_normalizer v2.3.0
[INFO] [stderr]     Checking tokio-util v0.7.19
[INFO] [stderr]     Checking tower v0.5.3
[INFO] [stderr]     Checking idna_adapter v1.2.2
[INFO] [stderr]     Checking idna v1.1.0
[INFO] [stderr]     Checking url v2.5.8
[INFO] [stderr]     Checking h2 v0.4.19
[INFO] [stderr]     Checking tower-http v0.6.11
[INFO] [stderr]     Checking ferrin-spec v0.2.0
[INFO] [stderr]     Checking hyper v1.11.1
[INFO] [stderr]     Checking hyper-util v0.1.20
[INFO] [stderr]     Checking rustls-webpki v0.103.15
[INFO] [stderr]     Checking tokio-rustls v0.26.5
[INFO] [stderr]     Checking rustls-platform-verifier v0.7.0
[INFO] [stderr]     Checking hyper-rustls v0.27.9
[INFO] [stderr]     Checking reqwest v0.13.5
[INFO] [stderr]     Checking ferrin-provider-util v0.2.0
[INFO] [stderr]     Checking ferrin-openai-compatible v0.2.0 (/opt/rustwide/workdir)
[INFO] [stdout] error[E0432]: unresolved import `ferrin_testing`
[INFO] [stdout]   --> tests/suite/common.rs:14:5
[INFO] [stdout]    |
[INFO] [stdout] 14 | use ferrin_testing::FixtureServer;
[INFO] [stdout]    |     ^^^^^^^^^^^^^^ use of unresolved module or unlinked crate `ferrin_testing`
[INFO] [stdout]    |
[INFO] [stdout]    = help: if you wanted to use a crate named `ferrin_testing`, use `cargo add ferrin_testing` to add it to your `Cargo.toml`
[INFO] [stdout] 
[INFO] [stdout] 
[INFO] [stdout] error[E0432]: unresolved import `ferrin_testing`
[INFO] [stdout]   --> tests/suite/common.rs:15:5
[INFO] [stdout]    |
[INFO] [stdout] 15 | use ferrin_testing::ReceivedRequest;
[INFO] [stdout]    |     ^^^^^^^^^^^^^^ use of unresolved module or unlinked crate `ferrin_testing`
[INFO] [stdout]    |
[INFO] [stdout]    = help: if you wanted to use a crate named `ferrin_testing`, use `cargo add ferrin_testing` to add it to your `Cargo.toml`
[INFO] [stdout] 
[INFO] [stdout] 
[INFO] [stdout] error[E0432]: unresolved import `ferrin_testing`
[INFO] [stdout]   --> tests/suite/common.rs:16:5
[INFO] [stdout]    |
[INFO] [stdout] 16 | use ferrin_testing::SequentialIdGenerator;
[INFO] [stdout]    |     ^^^^^^^^^^^^^^ use of unresolved module or unlinked crate `ferrin_testing`
[INFO] [stdout]    |
[INFO] [stdout]    = help: if you wanted to use a crate named `ferrin_testing`, use `cargo add ferrin_testing` to add it to your `Cargo.toml`
[INFO] [stdout] 
[INFO] [stdout] 
[INFO] [stdout] error[E0432]: unresolved import `ferrin_testing`
[INFO] [stdout]   --> tests/suite/common.rs:17:5
[INFO] [stdout]    |
[INFO] [stdout] 17 | use ferrin_testing::StreamContractChecker;
[INFO] [stdout]    |     ^^^^^^^^^^^^^^ use of unresolved module or unlinked crate `ferrin_testing`
[INFO] [stdout]    |
[INFO] [stdout]    = help: if you wanted to use a crate named `ferrin_testing`, use `cargo add ferrin_testing` to add it to your `Cargo.toml`
[INFO] [stdout] 
[INFO] [stdout] 
[INFO] [stdout] error[E0432]: unresolved import `ferrin_testing`
[INFO] [stdout]  --> tests/suite/stream_eof.rs:7:5
[INFO] [stdout]   |
[INFO] [stdout] 7 | use ferrin_testing::Fixture;
[INFO] [stdout]   |     ^^^^^^^^^^^^^^ use of unresolved module or unlinked crate `ferrin_testing`
[INFO] [stdout]   |
[INFO] [stdout]   = help: if you wanted to use a crate named `ferrin_testing`, use `cargo add ferrin_testing` to add it to your `Cargo.toml`
[INFO] [stdout] 
[INFO] [stdout] 
[INFO] [stdout] error[E0433]: cannot find module or crate `ferrin_testing` in this scope
[INFO] [stdout]   --> tests/suite/embedding.rs:22:9
[INFO] [stdout]    |
[INFO] [stdout] 22 |         ferrin_testing::Fixture::json(&json!({
[INFO] [stdout]    |         ^^^^^^^^^^^^^^ use of unresolved module or unlinked crate `ferrin_testing`
[INFO] [stdout]    |
[INFO] [stdout]    = help: if you wanted to use a crate named `ferrin_testing`, use `cargo add ferrin_testing` to add it to your `Cargo.toml`
[INFO] [stdout] 
[INFO] [stdout] 
[INFO] [stdout] Some errors have detailed explanations: E0432, E0433.
[INFO] [stdout] 
[INFO] [stdout] For more information about an error, try `rustc --explain E0432`.
[INFO] [stdout] 
[INFO] [stderr] error: could not compile `ferrin-openai-compatible` (test "all") due to 6 previous errors
[INFO] running `Command { std: "docker" "inspect" "bf913a6fec7f94fa2e92f15403765b665acdb137cc8fea36c10dbf5989a758b1", kill_on_drop: false }`
[INFO] running `Command { std: "docker" "rm" "-f" "bf913a6fec7f94fa2e92f15403765b665acdb137cc8fea36c10dbf5989a758b1", kill_on_drop: false }`
[INFO] [stdout] bf913a6fec7f94fa2e92f15403765b665acdb137cc8fea36c10dbf5989a758b1
