[INFO] fetching crate ferrin-core 0.2.0...
[INFO] checking ferrin-core-0.2.0 against 3154cc1a3e6424e44f438a95007d043ed5ceaaf6 for pr-133502-30
[INFO] extracting crate ferrin-core 0.2.0 into /workspace/builds/worker-6-tc2/source
[INFO] started tweaking crates.io crate ferrin-core 0.2.0
[INFO] removed 0 missing tests
[INFO] finished tweaking crates.io crate ferrin-core 0.2.0
[INFO] tweaked toml for crates.io crate ferrin-core 0.2.0 written to /workspace/builds/worker-6-tc2/source/Cargo.toml
[INFO] validating manifest of crates.io crate ferrin-core 0.2.0 on toolchain 3154cc1a3e6424e44f438a95007d043ed5ceaaf6
[INFO] running `Command { std: CARGO_HOME="/workspace/cargo-home" RUSTUP_HOME="/workspace/rustup-home" "/workspace/cargo-home/bin/cargo" "+3154cc1a3e6424e44f438a95007d043ed5ceaaf6" "metadata" "--manifest-path" "Cargo.toml" "--no-deps", kill_on_drop: false }`
[INFO] crate crates.io crate ferrin-core 0.2.0 already has a lockfile, it will not be regenerated
[INFO] running `Command { std: CARGO_HOME="/workspace/cargo-home" RUSTUP_HOME="/workspace/rustup-home" "/workspace/cargo-home/bin/cargo" "+3154cc1a3e6424e44f438a95007d043ed5ceaaf6" "fetch" "--manifest-path" "Cargo.toml", kill_on_drop: false }`
[INFO] running `Command { std: "docker" "create" "-v" "/var/lib/crater-agent-workspace/builds/worker-6-tc2/source:/opt/rustwide/workdir:ro,Z" "-v" "/var/lib/crater-agent-workspace/builds/worker-6-tc2/target:/opt/rustwide/target:rw,Z" "-v" "/var/lib/crater-agent-workspace/cargo-home:/opt/rustwide/cargo-home:ro,Z" "-v" "/var/lib/crater-agent-workspace/rustup-home:/opt/rustwide/rustup-home:ro,Z" "-m" "1610612736" "--network" "none" "ghcr.io/rust-lang/crates-build-env/linux@sha256:77db811e55d90add9212f6832c23229e3de5f1c1f9905e8cb07319ea15df73ac" "sleep" "infinity", kill_on_drop: false }`
[INFO] [stdout] bdd8569698633b430a544e944a858178a7653c3f4a38a85280981460f687334e
[INFO] running `Command { std: "docker" "start" "bdd8569698633b430a544e944a858178a7653c3f4a38a85280981460f687334e", kill_on_drop: false }`
[INFO] running `Command { std: "docker" "inspect" "bdd8569698633b430a544e944a858178a7653c3f4a38a85280981460f687334e", kill_on_drop: false }`
[INFO] running `Command { std: "docker" "exec" "-e" "SOURCE_DIR=/opt/rustwide/workdir" "-e" "CARGO_HOME=/opt/rustwide/cargo-home" "-e" "RUSTUP_HOME=/opt/rustwide/rustup-home" "-e" "CARGO_TARGET_DIR=/opt/rustwide/target" "-w" "/opt/rustwide/workdir" "--user" "0:0" "bdd8569698633b430a544e944a858178a7653c3f4a38a85280981460f687334e" "/opt/rustwide/cargo-home/bin/cargo" "+3154cc1a3e6424e44f438a95007d043ed5ceaaf6" "metadata" "--no-deps" "--format-version=1", kill_on_drop: false }`
[INFO] running `Command { std: "docker" "inspect" "bdd8569698633b430a544e944a858178a7653c3f4a38a85280981460f687334e", kill_on_drop: false }`
[INFO] running `Command { std: "docker" "exec" "-e" "SOURCE_DIR=/opt/rustwide/workdir" "-e" "CARGO_HOME=/opt/rustwide/cargo-home" "-e" "RUSTUP_HOME=/opt/rustwide/rustup-home" "-e" "CARGO_TARGET_DIR=/opt/rustwide/target" "-e" "CARGO_INCREMENTAL=0" "-e" "RUST_BACKTRACE=full" "-e" "RUSTFLAGS=--cap-lints=forbid" "-e" "RUSTDOCFLAGS=--cap-lints=forbid" "-w" "/opt/rustwide/workdir" "--user" "0:0" "bdd8569698633b430a544e944a858178a7653c3f4a38a85280981460f687334e" "/opt/rustwide/cargo-home/bin/cargo" "+3154cc1a3e6424e44f438a95007d043ed5ceaaf6" "check" "--frozen" "--all" "--all-targets" "--message-format=json", kill_on_drop: false }`
[INFO] [stderr]    Compiling proc-macro2 v1.0.107
[INFO] [stderr]    Compiling quote v1.0.47
[INFO] [stderr]    Compiling unicode-ident v1.0.24
[INFO] [stderr]    Compiling libc v0.2.189
[INFO] [stderr]    Compiling serde_core v1.0.229
[INFO] [stderr]     Checking itoa v1.0.18
[INFO] [stderr]     Checking bytes v1.12.1
[INFO] [stderr]    Compiling serde v1.0.229
[INFO] [stderr]     Checking cfg-if v1.0.4
[INFO] [stderr]     Checking pin-project-lite v0.2.17
[INFO] [stderr]    Compiling autocfg v1.5.1
[INFO] [stderr]     Checking stable_deref_trait v1.2.1
[INFO] [stderr]     Checking equivalent v1.0.2
[INFO] [stderr]    Compiling shlex v2.0.1
[INFO] [stderr]     Checking foldhash v0.2.0
[INFO] [stderr]    Compiling find-msvc-tools v0.1.12
[INFO] [stderr]     Checking futures-core v0.3.34
[INFO] [stderr]     Checking allocator-api2 v0.2.21
[INFO] [stderr]    Compiling num-traits v0.2.19
[INFO] [stderr]     Checking smallvec v1.16.1
[INFO] [stderr]     Checking once_cell v1.21.4
[INFO] [stderr]     Checking memchr v2.8.3
[INFO] [stderr]     Checking http v1.5.0
[INFO] [stderr]     Checking hashbrown v0.17.1
[INFO] [stderr]    Compiling syn v3.0.5
[INFO] [stderr]    Compiling syn v2.0.119
[INFO] [stderr]     Checking futures-sink v0.3.34
[INFO] [stderr]    Compiling jobserver v0.1.35
[INFO] [stderr]     Checking mio v1.2.3
[INFO] [stderr]     Checking socket2 v0.6.5
[INFO] [stderr]    Compiling cc v1.4.5
[INFO] [stderr]    Compiling zmij v1.0.23
[INFO] [stderr]     Checking litemap v0.8.3
[INFO] [stderr]     Checking writeable v0.6.4
[INFO] [stderr]    Compiling icu_properties_data v2.3.0
[INFO] [stderr]     Checking utf8_iter v1.0.4
[INFO] [stderr]     Checking percent-encoding v2.3.2
[INFO] [stderr]    Compiling fs_extra v1.3.0
[INFO] [stderr]    Compiling serde_json v1.0.151
[INFO] [stderr]    Compiling dunce v1.0.5
[INFO] [stderr]    Compiling icu_normalizer_data v2.3.0
[INFO] [stderr]    Compiling pkg-config v0.3.34
[INFO] [stderr]    Compiling zerocopy v0.8.57
[INFO] [stderr]     Checking regex-syntax v0.8.11
[INFO] [stderr]     Checking slab v0.4.12
[INFO] [stderr]     Checking zeroize v1.9.0
[INFO] [stderr]     Checking aho-corasick v1.1.5
[INFO] [stderr]    Compiling aws-lc-rs v1.18.1
[INFO] [stderr]     Checking typenum v1.20.1
[INFO] [stderr]     Checking num-integer v0.1.47
[INFO] [stderr]    Compiling thiserror v2.0.20
[INFO] [stderr]     Checking indexmap v2.14.2
[INFO] [stderr]    Compiling cmake v0.1.58
[INFO] [stderr]    Compiling httparse v1.10.1
[INFO] [stderr]     Checking futures-task v0.3.34
[INFO] [stderr]     Checking futures-util v0.3.34
[INFO] [stderr]     Checking rustls-pki-types v1.15.1
[INFO] [stderr]    Compiling aws-lc-sys v0.45.0
[INFO] [stderr]     Checking form_urlencoded v1.2.2
[INFO] [stderr]    Compiling getrandom v0.3.4
[INFO] [stderr]    Compiling version_check v0.9.5
[INFO] [stderr]     Checking regex-automata v0.4.18
[INFO] [stderr]     Checking hybrid-array v0.4.15
[INFO] [stderr]     Checking cpufeatures v0.3.1
[INFO] [stderr]    Compiling ref-cast v1.0.27
[INFO] [stderr]     Checking cmov v0.5.4
[INFO] [stderr]     Checking ctutils v0.4.2
[INFO] [stderr]    Compiling ahash v0.8.12
[INFO] [stderr]     Checking num-bigint v0.4.8
[INFO] [stderr]     Checking http-body v1.1.0
[INFO] [stderr]     Checking tracing-core v0.1.36
[INFO] [stderr]     Checking crypto-common v0.2.2
[INFO] [stderr]     Checking block-buffer v0.12.1
[INFO] [stderr]     Checking untrusted v0.9.0
[INFO] [stderr]    Compiling rustls v0.23.45
[INFO] [stderr]    Compiling parking_lot_core v0.9.12
[INFO] [stderr]     Checking const-oid v0.10.2
[INFO] [stderr]     Checking digest v0.11.3
[INFO] [stderr]     Checking num-iter v0.1.46
[INFO] [stderr]    Compiling synstructure v0.13.2
[INFO] [stderr]     Checking num-complex v0.4.6
[INFO] [stderr]     Checking subtle v2.6.1
[INFO] [stderr]    Compiling getrandom v0.4.3
[INFO] [stderr]     Checking fnv v1.0.7
[INFO] [stderr]     Checking num-rational v0.4.2
[INFO] [stderr]     Checking base64 v0.23.1
[INFO] [stderr]     Checking atomic-waker v1.1.2
[INFO] [stderr]     Checking tower-service v0.3.3
[INFO] [stderr]    Compiling crossbeam-utils v0.8.23
[INFO] [stderr]     Checking scopeguard v1.2.0
[INFO] [stderr]     Checking try-lock v0.2.5
[INFO] [stderr]     Checking iana-time-zone v0.1.65
[INFO] [stderr]     Checking rand_core v0.10.1
[INFO] [stderr]     Checking want v0.3.1
[INFO] [stderr]     Checking regex v1.13.1
[INFO] [stderr]     Checking lock_api v0.4.14
[INFO] [stderr]     Checking num v0.4.3
[INFO] [stderr]     Checking futures-channel v0.3.34
[INFO] [stderr]     Checking data-encoding v2.11.1
[INFO] [stderr]    Compiling unicode-general-category v1.1.0
[INFO] [stderr]    Compiling crossbeam-epoch v0.9.21
[INFO] [stderr]     Checking bit-vec v0.8.0
[INFO] [stderr]     Checking borrow-or-share v0.2.4
[INFO] [stderr]     Checking log v0.4.34
[INFO] [stderr]    Compiling heck v0.5.0
[INFO] [stderr]     Checking parking_lot v0.12.5
[INFO] [stderr]     Checking bit-set v0.8.0
[INFO] [stderr]     Checking chacha20 v0.10.2
[INFO] [stderr]     Checking fraction v0.17.0
[INFO] [stderr]    Compiling serde_derive_internals v0.30.0
[INFO] [stderr]     Checking sync_wrapper v1.0.2
[INFO] [stderr]     Checking ipnet v2.12.2
[INFO] [stderr]    Compiling serde_derive v1.0.229
[INFO] [stderr]    Compiling tokio-macros v2.7.2
[INFO] [stderr]    Compiling zerovec-derive v0.11.6
[INFO] [stderr]    Compiling displaydoc v0.2.7
[INFO] [stderr]    Compiling thiserror-impl v2.0.20
[INFO] [stderr]    Compiling zerofrom-derive v0.1.7
[INFO] [stderr]    Compiling yoke-derive v0.8.2
[INFO] [stderr]     Checking tokio v1.53.1
[INFO] [stderr]    Compiling zerocopy-derive v0.8.57
[INFO] [stderr]    Compiling tracing-attributes v0.1.31
[INFO] [stderr]    Compiling ref-cast-impl v1.0.27
[INFO] [stderr]    Compiling strum_macros v0.28.0
[INFO] [stderr]     Checking zerofrom v0.1.8
[INFO] [stderr]     Checking yoke v0.8.3
[INFO] [stderr]     Checking zerovec v0.11.8
[INFO] [stderr]     Checking zerotrie v0.2.5
[INFO] [stderr]     Checking tower-layer v0.3.3
[INFO] [stderr]    Compiling crossbeam-deque v0.8.8
[INFO] [stderr]     Checking vsimd v0.8.0
[INFO] [stderr]     Checking tracing v0.1.44
[INFO] [stderr]     Checking tinystr v0.8.4
[INFO] [stderr]     Checking potential_utf v0.1.6
[INFO] [stderr]     Checking icu_collections v2.3.0
[INFO] [stderr]     Checking icu_locale_core v2.3.0
[INFO] [stderr]     Checking bytecount v0.6.9
[INFO] [stderr]     Checking micromap v0.3.0
[INFO] [stderr]     Checking outref v0.5.2
[INFO] [stderr]     Checking openssl-probe v0.2.1
[INFO] [stderr]     Checking num-cmp v0.1.0
[INFO] [stderr]     Checking base64 v0.22.1
[INFO] [stderr]     Checking rustls-native-certs v0.8.4
[INFO] [stderr]     Checking uuid-simd v0.8.0
[INFO] [stderr]    Compiling schemars_derive v1.2.2
[INFO] [stderr]     Checking icu_provider v2.3.1
[INFO] [stderr]     Checking icu_normalizer v2.3.0
[INFO] [stderr]     Checking icu_properties v2.3.0
[INFO] [stderr]     Checking strum v0.28.0
[INFO] [stderr]     Checking chrono v0.4.45
[INFO] [stderr]     Checking fluent-uri v0.4.1
[INFO] [stderr]     Checking email_address v0.2.9
[INFO] [stderr]     Checking rand v0.10.2
[INFO] [stderr]     Checking fancy-regex v0.19.1
[INFO] [stderr]     Checking jsonschema-regex v0.56.0
[INFO] [stderr]     Checking bitflags v2.13.2
[INFO] [stderr]     Checking either v1.18.0
[INFO] [stderr]     Checking dyn-clone v1.0.20
[INFO] [stderr]    Compiling rayon-core v1.13.0
[INFO] [stderr]     Checking idna_adapter v1.2.2
[INFO] [stderr]     Checking http-body-util v0.1.5
[INFO] [stderr]     Checking schemars v1.2.2
[INFO] [stderr]     Checking idna v1.1.0
[INFO] [stderr]    Compiling alloca v0.4.0
[INFO] [stderr]     Checking anstyle v1.0.14
[INFO] [stderr]     Checking clap_lex v1.1.0
[INFO] [stderr]     Checking url v2.5.8
[INFO] [stderr]     Checking ciborium-io v0.2.2
[INFO] [stderr]     Checking plotters-backend v0.3.7
[INFO] [stderr]     Checking clap_builder v4.6.6
[INFO] [stderr]     Checking plotters-svg v0.3.7
[INFO] [stderr]     Checking itertools v0.13.0
[INFO] [stderr]     Checking sha1 v0.11.0
[INFO] [stderr]     Checking sha2 v0.11.0
[INFO] [stderr]     Checking secrecy v0.10.3
[INFO] [stderr]     Checking tokio-util v0.7.19
[INFO] [stderr]     Checking tower v0.5.3
[INFO] [stderr]     Checking same-file v1.0.6
[INFO] [stderr]     Checking cast v0.3.0
[INFO] [stderr]     Checking walkdir v2.5.0
[INFO] [stderr]     Checking rayon v1.12.0
[INFO] [stderr]     Checking h2 v0.4.19
[INFO] [stderr]     Checking ferrin-spec v0.2.0
[INFO] [stderr]     Checking tower-http v0.6.11
[INFO] [stderr]     Checking tokio-stream v0.1.19
[INFO] [stderr]     Checking clap v4.6.6
[INFO] [stderr]     Checking tungstenite v0.30.0
[INFO] [stderr]     Checking criterion-plot v0.8.2
[INFO] [stderr]     Checking plotters v0.3.7
[INFO] [stderr]     Checking tinytemplate v1.2.1
[INFO] [stderr]     Checking hmac v0.13.0
[INFO] [stderr]     Checking half v2.7.1
[INFO] [stderr]     Checking page_size v0.6.0
[INFO] [stderr]     Checking unicode-segmentation v1.13.3
[INFO] [stderr]     Checking referencing v0.56.0
[INFO] [stderr]     Checking jsonschema-value v0.56.0
[INFO] [stderr]     Checking ciborium-ll v0.2.2
[INFO] [stderr]     Checking diff v0.1.13
[INFO] [stderr]     Checking ciborium v0.2.2
[INFO] [stderr]     Checking anes v0.1.6
[INFO] [stderr]     Checking oorandom v11.1.5
[INFO] [stderr]     Checking yansi v1.0.1
[INFO] [stderr]     Checking tokio-tungstenite v0.30.0
[INFO] [stderr]     Checking jsonschema v0.56.0
[INFO] [stderr]     Checking pretty_assertions v1.4.1
[INFO] [stderr]     Checking static_assertions v1.1.0
[INFO] [stderr]     Checking hyper v1.11.1
[INFO] [stderr]     Checking criterion v0.8.2
[INFO] [stderr]     Checking hyper-util v0.1.20
[INFO] [stderr]     Checking ferrin-message v0.2.0
[INFO] [stderr]     Checking ferrin-schema v0.2.0
[INFO] [stderr]     Checking ferrin-tool v0.2.0
[INFO] [stderr]     Checking rustls-webpki v0.103.15
[INFO] [stderr]     Checking tokio-rustls v0.26.5
[INFO] [stderr]     Checking rustls-platform-verifier v0.7.0
[INFO] [stderr]     Checking hyper-rustls v0.27.9
[INFO] [stderr]     Checking reqwest v0.13.5
[INFO] [stderr]     Checking ferrin-provider-util v0.2.0
[INFO] [stderr]     Checking ferrin-core v0.2.0 (/opt/rustwide/workdir)
[INFO] [stdout] error[E0432]: unresolved import `ferrin_testing`
[INFO] [stdout]   --> benches/stream_text.rs:24:5
[INFO] [stdout]    |
[INFO] [stdout] 24 | use ferrin_testing::MockLanguageModel;
[INFO] [stdout]    |     ^^^^^^^^^^^^^^ use of unresolved module or unlinked crate `ferrin_testing`
[INFO] [stdout]    |
[INFO] [stdout]    = help: if you wanted to use a crate named `ferrin_testing`, use `cargo add ferrin_testing` to add it to your `Cargo.toml`
[INFO] [stdout] 
[INFO] [stdout] 
[INFO] [stdout] error[E0432]: unresolved import `ferrin_testing`
[INFO] [stdout]   --> benches/stream_text.rs:25:5
[INFO] [stdout]    |
[INFO] [stdout] 25 | use ferrin_testing::text_parts;
[INFO] [stdout]    |     ^^^^^^^^^^^^^^ use of unresolved module or unlinked crate `ferrin_testing`
[INFO] [stdout]    |
[INFO] [stdout]    = help: if you wanted to use a crate named `ferrin_testing`, use `cargo add ferrin_testing` to add it to your `Cargo.toml`
[INFO] [stdout] 
[INFO] [stdout] 
[INFO] [stdout] error[E0432]: unresolved import `ferrin_testing`
[INFO] [stdout]   --> benches/generate_text.rs:36:5
[INFO] [stdout]    |
[INFO] [stdout] 36 | use ferrin_testing::MockLanguageModel;
[INFO] [stdout]    |     ^^^^^^^^^^^^^^ use of unresolved module or unlinked crate `ferrin_testing`
[INFO] [stdout]    |
[INFO] [stdout]    = help: if you wanted to use a crate named `ferrin_testing`, use `cargo add ferrin_testing` to add it to your `Cargo.toml`
[INFO] [stdout] 
[INFO] [stdout] 
[INFO] [stdout] For more information about this error, try `rustc --explain E0432`.
[INFO] [stdout] 
[INFO] [stderr] error: could not compile `ferrin-core` (bench "stream_text") due to 2 previous errors
[INFO] [stderr] warning: build failed, waiting for other jobs to finish...
[INFO] [stdout] For more information about this error, try `rustc --explain E0432`.
[INFO] [stdout] 
[INFO] [stderr] error: could not compile `ferrin-core` (bench "generate_text") due to 1 previous error
[INFO] [stdout] error[E0432]: unresolved import `ferrin_testing`
[INFO] [stdout]   --> tests/suite/common.rs:12:5
[INFO] [stdout]    |
[INFO] [stdout] 12 | use ferrin_testing::MockLanguageModel;
[INFO] [stdout]    |     ^^^^^^^^^^^^^^ use of unresolved module or unlinked crate `ferrin_testing`
[INFO] [stdout]    |
[INFO] [stdout]    = help: if you wanted to use a crate named `ferrin_testing`, use `cargo add ferrin_testing` to add it to your `Cargo.toml`
[INFO] [stdout] 
[INFO] [stdout] 
[INFO] [stdout] error[E0432]: unresolved import `ferrin_testing`
[INFO] [stdout]   --> tests/suite/common.rs:13:5
[INFO] [stdout]    |
[INFO] [stdout] 13 | use ferrin_testing::MockLanguageModelBuilder;
[INFO] [stdout]    |     ^^^^^^^^^^^^^^ use of unresolved module or unlinked crate `ferrin_testing`
[INFO] [stdout]    |
[INFO] [stdout]    = help: if you wanted to use a crate named `ferrin_testing`, use `cargo add ferrin_testing` to add it to your `Cargo.toml`
[INFO] [stdout] 
[INFO] [stdout] 
[INFO] [stdout] error[E0432]: unresolved import `ferrin_testing`
[INFO] [stdout]   --> tests/suite/middleware/common.rs:16:5
[INFO] [stdout]    |
[INFO] [stdout] 16 | use ferrin_testing::MockLanguageModel;
[INFO] [stdout]    |     ^^^^^^^^^^^^^^ use of unresolved module or unlinked crate `ferrin_testing`
[INFO] [stdout]    |
[INFO] [stdout]    = help: if you wanted to use a crate named `ferrin_testing`, use `cargo add ferrin_testing` to add it to your `Cargo.toml`
[INFO] [stdout] 
[INFO] [stdout] 
[INFO] [stdout] error[E0432]: unresolved import `ferrin_testing`
[INFO] [stdout]   --> tests/suite/agent.rs:16:5
[INFO] [stdout]    |
[INFO] [stdout] 16 | use ferrin_testing::text_parts;
[INFO] [stdout]    |     ^^^^^^^^^^^^^^ use of unresolved module or unlinked crate `ferrin_testing`
[INFO] [stdout]    |
[INFO] [stdout]    = help: if you wanted to use a crate named `ferrin_testing`, use `cargo add ferrin_testing` to add it to your `Cargo.toml`
[INFO] [stdout] 
[INFO] [stdout] 
[INFO] [stdout] error[E0432]: unresolved import `ferrin_testing`
[INFO] [stdout]   --> tests/suite/generate.rs:20:5
[INFO] [stdout]    |
[INFO] [stdout] 20 | use ferrin_testing::SequentialIdGenerator;
[INFO] [stdout]    |     ^^^^^^^^^^^^^^ use of unresolved module or unlinked crate `ferrin_testing`
[INFO] [stdout]    |
[INFO] [stdout]    = help: if you wanted to use a crate named `ferrin_testing`, use `cargo add ferrin_testing` to add it to your `Cargo.toml`
[INFO] [stdout] 
[INFO] [stdout] 
[INFO] [stdout] error[E0432]: unresolved import `ferrin_testing`
[INFO] [stdout]   --> tests/suite/hooks.rs:16:5
[INFO] [stdout]    |
[INFO] [stdout] 16 | use ferrin_testing::text_parts;
[INFO] [stdout]    |     ^^^^^^^^^^^^^^ use of unresolved module or unlinked crate `ferrin_testing`
[INFO] [stdout]    |
[INFO] [stdout]    = help: if you wanted to use a crate named `ferrin_testing`, use `cargo add ferrin_testing` to add it to your `Cargo.toml`
[INFO] [stdout] 
[INFO] [stdout] 
[INFO] [stdout] error[E0432]: unresolved import `ferrin_testing`
[INFO] [stdout]  --> tests/suite/middleware/default_instructions.rs:3:5
[INFO] [stdout]   |
[INFO] [stdout] 3 | use ferrin_testing::MockLanguageModel;
[INFO] [stdout]   |     ^^^^^^^^^^^^^^ use of unresolved module or unlinked crate `ferrin_testing`
[INFO] [stdout]   |
[INFO] [stdout]   = help: if you wanted to use a crate named `ferrin_testing`, use `cargo add ferrin_testing` to add it to your `Cargo.toml`
[INFO] [stdout] 
[INFO] [stdout] 
[INFO] [stdout] error[E0432]: unresolved import `ferrin_testing`
[INFO] [stdout]  --> tests/suite/middleware/extract_json.rs:4:5
[INFO] [stdout]   |
[INFO] [stdout] 4 | use ferrin_testing::MockLanguageModel;
[INFO] [stdout]   |     ^^^^^^^^^^^^^^ use of unresolved module or unlinked crate `ferrin_testing`
[INFO] [stdout]   |
[INFO] [stdout]   = help: if you wanted to use a crate named `ferrin_testing`, use `cargo add ferrin_testing` to add it to your `Cargo.toml`
[INFO] [stdout] 
[INFO] [stdout] 
[INFO] [stdout] error[E0432]: unresolved import `ferrin_testing`
[INFO] [stdout]   --> tests/suite/middleware/extract_reasoning.rs:12:5
[INFO] [stdout]    |
[INFO] [stdout] 12 | use ferrin_testing::MockLanguageModel;
[INFO] [stdout]    |     ^^^^^^^^^^^^^^ use of unresolved module or unlinked crate `ferrin_testing`
[INFO] [stdout]    |
[INFO] [stdout]    = help: if you wanted to use a crate named `ferrin_testing`, use `cargo add ferrin_testing` to add it to your `Cargo.toml`
[INFO] [stdout] 
[INFO] [stdout] 
[INFO] [stdout] error[E0432]: unresolved import `ferrin_testing`
[INFO] [stdout]   --> tests/suite/middleware/simulate_streaming.rs:10:5
[INFO] [stdout]    |
[INFO] [stdout] 10 | use ferrin_testing::MockLanguageModel;
[INFO] [stdout]    |     ^^^^^^^^^^^^^^ use of unresolved module or unlinked crate `ferrin_testing`
[INFO] [stdout]    |
[INFO] [stdout]    = help: if you wanted to use a crate named `ferrin_testing`, use `cargo add ferrin_testing` to add it to your `Cargo.toml`
[INFO] [stdout] 
[INFO] [stdout] 
[INFO] [stdout] error[E0432]: unresolved import `ferrin_testing`
[INFO] [stdout]   --> tests/suite/middleware/wrap.rs:18:5
[INFO] [stdout]    |
[INFO] [stdout] 18 | use ferrin_testing::text_parts;
[INFO] [stdout]    |     ^^^^^^^^^^^^^^ use of unresolved module or unlinked crate `ferrin_testing`
[INFO] [stdout]    |
[INFO] [stdout]    = help: if you wanted to use a crate named `ferrin_testing`, use `cargo add ferrin_testing` to add it to your `Cargo.toml`
[INFO] [stdout] 
[INFO] [stdout] 
[INFO] [stdout] error[E0432]: unresolved import `ferrin_testing`
[INFO] [stdout]   --> tests/suite/output_parity.rs:17:5
[INFO] [stdout]    |
[INFO] [stdout] 17 | use ferrin_testing::text_parts;
[INFO] [stdout]    |     ^^^^^^^^^^^^^^ use of unresolved module or unlinked crate `ferrin_testing`
[INFO] [stdout]    |
[INFO] [stdout]    = help: if you wanted to use a crate named `ferrin_testing`, use `cargo add ferrin_testing` to add it to your `Cargo.toml`
[INFO] [stdout] 
[INFO] [stdout] 
[INFO] [stdout] error[E0432]: unresolved import `ferrin_testing`
[INFO] [stdout]   --> tests/suite/retry.rs:10:5
[INFO] [stdout]    |
[INFO] [stdout] 10 | use ferrin_testing::api_call_error;
[INFO] [stdout]    |     ^^^^^^^^^^^^^^ use of unresolved module or unlinked crate `ferrin_testing`
[INFO] [stdout]    |
[INFO] [stdout]    = help: if you wanted to use a crate named `ferrin_testing`, use `cargo add ferrin_testing` to add it to your `Cargo.toml`
[INFO] [stdout] 
[INFO] [stdout] 
[INFO] [stdout] error[E0432]: unresolved import `ferrin_testing`
[INFO] [stdout]   --> tests/suite/runtime_context.rs:31:5
[INFO] [stdout]    |
[INFO] [stdout] 31 | use ferrin_testing::text_parts;
[INFO] [stdout]    |     ^^^^^^^^^^^^^^ use of unresolved module or unlinked crate `ferrin_testing`
[INFO] [stdout]    |
[INFO] [stdout]    = help: if you wanted to use a crate named `ferrin_testing`, use `cargo add ferrin_testing` to add it to your `Cargo.toml`
[INFO] [stdout] 
[INFO] [stdout] 
[INFO] [stdout] error[E0432]: unresolved import `ferrin_testing`
[INFO] [stdout]   --> tests/suite/stream.rs:28:5
[INFO] [stdout]    |
[INFO] [stdout] 28 | use ferrin_testing::SimulatedStream;
[INFO] [stdout]    |     ^^^^^^^^^^^^^^ use of unresolved module or unlinked crate `ferrin_testing`
[INFO] [stdout]    |
[INFO] [stdout]    = help: if you wanted to use a crate named `ferrin_testing`, use `cargo add ferrin_testing` to add it to your `Cargo.toml`
[INFO] [stdout] 
[INFO] [stdout] 
[INFO] [stdout] error[E0432]: unresolved import `ferrin_testing`
[INFO] [stdout]   --> tests/suite/stream.rs:29:5
[INFO] [stdout]    |
[INFO] [stdout] 29 | use ferrin_testing::text_parts;
[INFO] [stdout]    |     ^^^^^^^^^^^^^^ use of unresolved module or unlinked crate `ferrin_testing`
[INFO] [stdout]    |
[INFO] [stdout]    = help: if you wanted to use a crate named `ferrin_testing`, use `cargo add ferrin_testing` to add it to your `Cargo.toml`
[INFO] [stdout] 
[INFO] [stdout] 
[INFO] [stdout] error[E0432]: unresolved import `ferrin_testing`
[INFO] [stdout]   --> tests/suite/stream_transform_parity.rs:21:5
[INFO] [stdout]    |
[INFO] [stdout] 21 | use ferrin_testing::text_parts;
[INFO] [stdout]    |     ^^^^^^^^^^^^^^ use of unresolved module or unlinked crate `ferrin_testing`
[INFO] [stdout]    |
[INFO] [stdout]    = help: if you wanted to use a crate named `ferrin_testing`, use `cargo add ferrin_testing` to add it to your `Cargo.toml`
[INFO] [stdout] 
[INFO] [stdout] 
[INFO] [stdout] error[E0432]: unresolved import `ferrin_testing`
[INFO] [stdout]   --> tests/suite/stream_views.rs:16:5
[INFO] [stdout]    |
[INFO] [stdout] 16 | use ferrin_testing::text_parts;
[INFO] [stdout]    |     ^^^^^^^^^^^^^^ use of unresolved module or unlinked crate `ferrin_testing`
[INFO] [stdout]    |
[INFO] [stdout]    = help: if you wanted to use a crate named `ferrin_testing`, use `cargo add ferrin_testing` to add it to your `Cargo.toml`
[INFO] [stdout] 
[INFO] [stdout] 
[INFO] [stdout] error[E0432]: unresolved import `ferrin_testing`
[INFO] [stdout]   --> tests/suite/telemetry_async.rs:18:5
[INFO] [stdout]    |
[INFO] [stdout] 18 | use ferrin_testing::text_parts;
[INFO] [stdout]    |     ^^^^^^^^^^^^^^ use of unresolved module or unlinked crate `ferrin_testing`
[INFO] [stdout]    |
[INFO] [stdout]    = help: if you wanted to use a crate named `ferrin_testing`, use `cargo add ferrin_testing` to add it to your `Cargo.toml`
[INFO] [stdout] 
[INFO] [stdout] 
[INFO] [stdout] error[E0433]: cannot find module or crate `ferrin_testing` in this scope
[INFO] [stdout]    --> tests/suite/modalities/common.rs:116:28
[INFO] [stdout]     |
[INFO] [stdout] 116 |                 return Err(ferrin_testing::api_call_error(
[INFO] [stdout]     |                            ^^^^^^^^^^^^^^ use of unresolved module or unlinked crate `ferrin_testing`
[INFO] [stdout]     |
[INFO] [stdout]     = help: if you wanted to use a crate named `ferrin_testing`, use `cargo add ferrin_testing` to add it to your `Cargo.toml`
[INFO] [stdout] 
[INFO] [stdout] 
[INFO] [stdout] error[E0433]: cannot find module or crate `ferrin_testing` in this scope
[INFO] [stdout]   --> tests/suite/prompt_conversion.rs:18:17
[INFO] [stdout]    |
[INFO] [stdout] 18 |         .stream(ferrin_testing::text_parts(["done"], Usage::default()))
[INFO] [stdout]    |                 ^^^^^^^^^^^^^^ use of unresolved module or unlinked crate `ferrin_testing`
[INFO] [stdout]    |
[INFO] [stdout]    = help: if you wanted to use a crate named `ferrin_testing`, use `cargo add ferrin_testing` to add it to your `Cargo.toml`
[INFO] [stdout] 
[INFO] [stdout] 
[INFO] [stdout] error[E0433]: cannot find module or crate `ferrin_testing` in this scope
[INFO] [stdout]   --> tests/suite/agent_options.rs:51:25
[INFO] [stdout]    |
[INFO] [stdout] 51 |                 .stream(ferrin_testing::text_parts(["done"], Usage::default()))
[INFO] [stdout]    |                         ^^^^^^^^^^^^^^ use of unresolved module or unlinked crate `ferrin_testing`
[INFO] [stdout]    |
[INFO] [stdout]    = help: if you wanted to use a crate named `ferrin_testing`, use `cargo add ferrin_testing` to add it to your `Cargo.toml`
[INFO] [stdout] 
[INFO] [stdout] 
[INFO] [stdout] error[E0433]: cannot find module or crate `ferrin_testing` in this scope
[INFO] [stdout]   --> tests/suite/agent_overrides.rs:59:25
[INFO] [stdout]    |
[INFO] [stdout] 59 |                 .stream(ferrin_testing::text_parts(["done"], Usage::default()))
[INFO] [stdout]    |                         ^^^^^^^^^^^^^^ use of unresolved module or unlinked crate `ferrin_testing`
[INFO] [stdout]    |
[INFO] [stdout]    = help: if you wanted to use a crate named `ferrin_testing`, use `cargo add ferrin_testing` to add it to your `Cargo.toml`
[INFO] [stdout] 
[INFO] [stdout] 
[INFO] [stdout] error[E0433]: cannot find module or crate `ferrin_testing` in this scope
[INFO] [stdout]    --> tests/suite/agent_overrides.rs:251:21
[INFO] [stdout]     |
[INFO] [stdout] 251 |             .stream(ferrin_testing::text_parts(["done"], Usage::default()))
[INFO] [stdout]     |                     ^^^^^^^^^^^^^^ use of unresolved module or unlinked crate `ferrin_testing`
[INFO] [stdout]     |
[INFO] [stdout]     = help: if you wanted to use a crate named `ferrin_testing`, use `cargo add ferrin_testing` to add it to your `Cargo.toml`
[INFO] [stdout] 
[INFO] [stdout] 
[INFO] [stdout] error[E0308]: mismatched types
[INFO] [stdout]    --> tests/suite/agent_overrides.rs:394:13
[INFO] [stdout]     |
[INFO] [stdout] 394 |             assert_eq!(provider_options, &None);
[INFO] [stdout]     |             ^^^^^^^^^^^^^^^^^^^^^^^^^^^^^^^^^^^
[INFO] [stdout]     |             |
[INFO] [stdout]     |             expected `Option<BTreeMap<String, _>>`, found `&Option<_>`
[INFO] [stdout]     |             expected because this is `std::option::Option<BTreeMap<std::string::String, serde_json::Map<std::string::String, serde_json::Value>>>`
[INFO] [stdout]     |
[INFO] [stdout]     = note:   expected enum `Option<BTreeMap<std::string::String, serde_json::Map<std::string::String, serde_json::Value>>>`
[INFO] [stdout]             found reference `&Option<_>`
[INFO] [stdout]     = note: this error originates in the macro `$crate::assert_eq` which comes from the expansion of the macro `assert_eq` (in Nightly builds, run with -Z macro-backtrace for more info)
[INFO] [stdout] 
[INFO] [stdout] 
[INFO] [stdout] error[E0433]: cannot find module or crate `ferrin_testing` in this scope
[INFO] [stdout]    --> tests/suite/approval.rs:308:21
[INFO] [stdout]     |
[INFO] [stdout] 308 |             .stream(ferrin_testing::text_parts(
[INFO] [stdout]     |                     ^^^^^^^^^^^^^^ use of unresolved module or unlinked crate `ferrin_testing`
[INFO] [stdout]     |
[INFO] [stdout]     = help: if you wanted to use a crate named `ferrin_testing`, use `cargo add ferrin_testing` to add it to your `Cargo.toml`
[INFO] [stdout] 
[INFO] [stdout] 
[INFO] [stdout] error[E0433]: cannot find module or crate `ferrin_testing` in this scope
[INFO] [stdout]    --> tests/suite/approval.rs:389:21
[INFO] [stdout]     |
[INFO] [stdout] 389 |             .stream(ferrin_testing::text_parts(
[INFO] [stdout]     |                     ^^^^^^^^^^^^^^ use of unresolved module or unlinked crate `ferrin_testing`
[INFO] [stdout]     |
[INFO] [stdout]     = help: if you wanted to use a crate named `ferrin_testing`, use `cargo add ferrin_testing` to add it to your `Cargo.toml`
[INFO] [stdout] 
[INFO] [stdout] 
[INFO] [stdout] error[E0433]: cannot find module or crate `ferrin_testing` in this scope
[INFO] [stdout]   --> tests/suite/approval_provider_metadata.rs:91:21
[INFO] [stdout]    |
[INFO] [stdout] 91 |             .stream(ferrin_testing::text_parts(["denied"], Usage::default()))
[INFO] [stdout]    |                     ^^^^^^^^^^^^^^ use of unresolved module or unlinked crate `ferrin_testing`
[INFO] [stdout]    |
[INFO] [stdout]    = help: if you wanted to use a crate named `ferrin_testing`, use `cargo add ferrin_testing` to add it to your `Cargo.toml`
[INFO] [stdout] 
[INFO] [stdout] 
[INFO] [stdout] error[E0433]: cannot find module or crate `ferrin_testing` in this scope
[INFO] [stdout]    --> tests/suite/approval_provider_metadata.rs:154:25
[INFO] [stdout]     |
[INFO] [stdout] 154 |                 .stream(ferrin_testing::text_parts(["done"], Usage::default()))
[INFO] [stdout]     |                         ^^^^^^^^^^^^^^ use of unresolved module or unlinked crate `ferrin_testing`
[INFO] [stdout]     |
[INFO] [stdout]     = help: if you wanted to use a crate named `ferrin_testing`, use `cargo add ferrin_testing` to add it to your `Cargo.toml`
[INFO] [stdout] 
[INFO] [stdout] 
[INFO] [stdout] error[E0433]: cannot find module or crate `ferrin_testing` in this scope
[INFO] [stdout]   --> tests/suite/download.rs:72:29
[INFO] [stdout]    |
[INFO] [stdout] 72 |                     .stream(ferrin_testing::text_parts(["done"], Usage::default()))
[INFO] [stdout]    |                             ^^^^^^^^^^^^^^ use of unresolved module or unlinked crate `ferrin_testing`
[INFO] [stdout]    |
[INFO] [stdout]    = help: if you wanted to use a crate named `ferrin_testing`, use `cargo add ferrin_testing` to add it to your `Cargo.toml`
[INFO] [stdout] 
[INFO] [stdout] 
[INFO] [stdout] error[E0433]: cannot find module or crate `ferrin_testing` in this scope
[INFO] [stdout]    --> tests/suite/download.rs:142:25
[INFO] [stdout]     |
[INFO] [stdout] 142 |                 .stream(ferrin_testing::text_parts(["done"], Usage::default()))
[INFO] [stdout]     |                         ^^^^^^^^^^^^^^ use of unresolved module or unlinked crate `ferrin_testing`
[INFO] [stdout]     |
[INFO] [stdout]     = help: if you wanted to use a crate named `ferrin_testing`, use `cargo add ferrin_testing` to add it to your `Cargo.toml`
[INFO] [stdout] 
[INFO] [stdout] 
[INFO] [stdout] error[E0433]: cannot find module or crate `ferrin_testing` in this scope
[INFO] [stdout]    --> tests/suite/download.rs:217:21
[INFO] [stdout]     |
[INFO] [stdout] 217 |             .stream(ferrin_testing::text_parts(["done"], Usage::default()))
[INFO] [stdout]     |                     ^^^^^^^^^^^^^^ use of unresolved module or unlinked crate `ferrin_testing`
[INFO] [stdout]     |
[INFO] [stdout]     = help: if you wanted to use a crate named `ferrin_testing`, use `cargo add ferrin_testing` to add it to your `Cargo.toml`
[INFO] [stdout] 
[INFO] [stdout] 
[INFO] [stdout] error[E0433]: cannot find module or crate `ferrin_testing` in this scope
[INFO] [stdout]    --> tests/suite/prepare_step.rs:109:21
[INFO] [stdout]     |
[INFO] [stdout] 109 |             .stream(ferrin_testing::text_parts(
[INFO] [stdout]     |                     ^^^^^^^^^^^^^^ use of unresolved module or unlinked crate `ferrin_testing`
[INFO] [stdout]     |
[INFO] [stdout]     = help: if you wanted to use a crate named `ferrin_testing`, use `cargo add ferrin_testing` to add it to your `Cargo.toml`
[INFO] [stdout] 
[INFO] [stdout] 
[INFO] [stdout] error[E0433]: cannot find module or crate `ferrin_testing` in this scope
[INFO] [stdout]   --> tests/suite/prompt_instructions.rs:42:25
[INFO] [stdout]    |
[INFO] [stdout] 42 |                 .stream(ferrin_testing::text_parts(["done"], Usage::default()))
[INFO] [stdout]    |                         ^^^^^^^^^^^^^^ use of unresolved module or unlinked crate `ferrin_testing`
[INFO] [stdout]    |
[INFO] [stdout]    = help: if you wanted to use a crate named `ferrin_testing`, use `cargo add ferrin_testing` to add it to your `Cargo.toml`
[INFO] [stdout] 
[INFO] [stdout] 
[INFO] [stdout] error[E0433]: cannot find module or crate `ferrin_testing` in this scope
[INFO] [stdout]    --> tests/suite/stream.rs:320:23
[INFO] [stdout]     |
[INFO] [stdout] 320 |         .stream_error(ferrin_testing::api_call_error(
[INFO] [stdout]     |                       ^^^^^^^^^^^^^^ use of unresolved module or unlinked crate `ferrin_testing`
[INFO] [stdout]     |
[INFO] [stdout]     = help: if you wanted to use a crate named `ferrin_testing`, use `cargo add ferrin_testing` to add it to your `Cargo.toml`
[INFO] [stdout] 
[INFO] [stdout] 
[INFO] [stdout] error[E0614]: type `Option<BTreeMap<String, Map<String, Value>>>` cannot be dereferenced
[INFO] [stdout]    --> tests/suite/stream_transform_parity.rs:340:9
[INFO] [stdout]     |
[INFO] [stdout] 340 |         *provider_metadata = Some(
[INFO] [stdout]     |         ^^^^^^^^^^^^^^^^^^ can't be dereferenced
[INFO] [stdout]     |
[INFO] [stdout]     = note: the full name for the type has been written to '/opt/rustwide/target/debug/build/ferrin-core/15a101874d0a164d/out/all-15a101874d0a164d.long-type-16704939584383673914.txt'
[INFO] [stdout]     = note: consider using `--verbose` to print the full type name to the console
[INFO] [stdout] 
[INFO] [stdout] 
[INFO] [stdout] error[E0433]: cannot find module or crate `ferrin_testing` in this scope
[INFO] [stdout]   --> tests/suite/telemetry_content.rs:71:33
[INFO] [stdout]    |
[INFO] [stdout] 71 |                 let mut parts = ferrin_testing::text_parts(["SECRET_OUTPUT"], Usage::default());
[INFO] [stdout]    |                                 ^^^^^^^^^^^^^^ use of unresolved module or unlinked crate `ferrin_testing`
[INFO] [stdout]    |
[INFO] [stdout]    = help: if you wanted to use a crate named `ferrin_testing`, use `cargo add ferrin_testing` to add it to your `Cargo.toml`
[INFO] [stdout] 
[INFO] [stdout] 
[INFO] [stdout] error[E0433]: cannot find module or crate `ferrin_testing` in this scope
[INFO] [stdout]   --> tests/suite/telemetry_errors.rs:74:29
[INFO] [stdout]    |
[INFO] [stdout] 74 |                     .stream(ferrin_testing::text_parts([text], Usage::totals(2, 3)))
[INFO] [stdout]    |                             ^^^^^^^^^^^^^^ use of unresolved module or unlinked crate `ferrin_testing`
[INFO] [stdout]    |
[INFO] [stdout]    = help: if you wanted to use a crate named `ferrin_testing`, use `cargo add ferrin_testing` to add it to your `Cargo.toml`
[INFO] [stdout] 
[INFO] [stdout] 
[INFO] [stdout] error[E0433]: cannot find module or crate `ferrin_testing` in this scope
[INFO] [stdout]    --> tests/suite/telemetry_errors.rs:154:21
[INFO] [stdout]     |
[INFO] [stdout] 154 |             .stream(ferrin_testing::text_parts(["done"], Usage::default()))
[INFO] [stdout]     |                     ^^^^^^^^^^^^^^ use of unresolved module or unlinked crate `ferrin_testing`
[INFO] [stdout]     |
[INFO] [stdout]     = help: if you wanted to use a crate named `ferrin_testing`, use `cargo add ferrin_testing` to add it to your `Cargo.toml`
[INFO] [stdout] 
[INFO] [stdout] 
[INFO] [stdout] error[E0433]: cannot find module or crate `ferrin_testing` in this scope
[INFO] [stdout]    --> tests/suite/tool_contract_parity.rs:313:25
[INFO] [stdout]     |
[INFO] [stdout] 313 |                 .stream(ferrin_testing::text_parts(["done"], Usage::default()))
[INFO] [stdout]     |                         ^^^^^^^^^^^^^^ use of unresolved module or unlinked crate `ferrin_testing`
[INFO] [stdout]     |
[INFO] [stdout]     = help: if you wanted to use a crate named `ferrin_testing`, use `cargo add ferrin_testing` to add it to your `Cargo.toml`
[INFO] [stdout] 
[INFO] [stdout] 
[INFO] [stdout] error[E0433]: cannot find module or crate `ferrin_testing` in this scope
[INFO] [stdout]    --> tests/suite/tool_metadata.rs:351:21
[INFO] [stdout]     |
[INFO] [stdout] 351 |             .stream(ferrin_testing::text_parts(["done"], Usage::default()))
[INFO] [stdout]     |                     ^^^^^^^^^^^^^^ use of unresolved module or unlinked crate `ferrin_testing`
[INFO] [stdout]     |
[INFO] [stdout]     = help: if you wanted to use a crate named `ferrin_testing`, use `cargo add ferrin_testing` to add it to your `Cargo.toml`
[INFO] [stdout] 
[INFO] [stdout] 
[INFO] [stdout] Some errors have detailed explanations: E0308, E0432, E0433, E0614.
[INFO] [stdout] 
[INFO] [stdout] For more information about an error, try `rustc --explain E0308`.
[INFO] [stdout] 
[INFO] [stderr] error: could not compile `ferrin-core` (test "all") due to 41 previous errors
[INFO] running `Command { std: "docker" "inspect" "bdd8569698633b430a544e944a858178a7653c3f4a38a85280981460f687334e", kill_on_drop: false }`
[INFO] running `Command { std: "docker" "rm" "-f" "bdd8569698633b430a544e944a858178a7653c3f4a38a85280981460f687334e", kill_on_drop: false }`
[INFO] [stdout] bdd8569698633b430a544e944a858178a7653c3f4a38a85280981460f687334e
