[INFO] fetching crate fedora-cve-triage 0.25.3...
[INFO] checking fedora-cve-triage-0.25.3 against 3154cc1a3e6424e44f438a95007d043ed5ceaaf6+rustflags=-Znext-solver=coherence for pr-133502-30
[INFO] extracting crate fedora-cve-triage 0.25.3 into /workspace/builds/worker-6-tc1/source
[INFO] started tweaking crates.io crate fedora-cve-triage 0.25.3
[INFO] finished tweaking crates.io crate fedora-cve-triage 0.25.3
[INFO] tweaked toml for crates.io crate fedora-cve-triage 0.25.3 written to /workspace/builds/worker-6-tc1/source/Cargo.toml
[INFO] validating manifest of crates.io crate fedora-cve-triage 0.25.3 on toolchain 3154cc1a3e6424e44f438a95007d043ed5ceaaf6
[INFO] running `Command { std: CARGO_HOME="/workspace/cargo-home" RUSTUP_HOME="/workspace/rustup-home" "/workspace/cargo-home/bin/cargo" "+3154cc1a3e6424e44f438a95007d043ed5ceaaf6" "metadata" "--manifest-path" "Cargo.toml" "--no-deps", kill_on_drop: false }`
[INFO] crate crates.io crate fedora-cve-triage 0.25.3 already has a lockfile, it will not be regenerated
[INFO] running `Command { std: CARGO_HOME="/workspace/cargo-home" RUSTUP_HOME="/workspace/rustup-home" "/workspace/cargo-home/bin/cargo" "+3154cc1a3e6424e44f438a95007d043ed5ceaaf6" "fetch" "--manifest-path" "Cargo.toml", kill_on_drop: false }`
[INFO] [stderr]     Blocking waiting for file lock on package cache
[INFO] [stderr]     Updating crates.io index
[INFO] [stderr]  Downloading crates ...
[INFO] [stderr]   Downloaded toml_writer v1.1.1+spec-1.1.0
[INFO] [stderr]   Downloaded toml_edit v0.25.12+spec-1.1.0
[INFO] [stderr]   Downloaded toml_datetime v1.1.1+spec-1.1.0
[INFO] [stderr]   Downloaded toml_parser v1.1.2+spec-1.1.0
[INFO] [stderr]   Downloaded document-features v0.2.12
[INFO] [stderr]   Downloaded option-ext v0.2.0
[INFO] [stderr]   Downloaded libredox v0.1.15
[INFO] [stderr]   Downloaded serde_spanned v1.1.1
[INFO] [stderr]   Downloaded wait-timeout v0.2.1
[INFO] [stderr]   Downloaded dirs-sys v0.5.0
[INFO] [stderr]   Downloaded sandogasa-review v0.25.3
[INFO] [stderr]   Downloaded dirs v6.0.0
[INFO] [stderr]   Downloaded sandogasa-build v0.25.3
[INFO] [stderr]   Downloaded rtoolbox v0.0.3
[INFO] [stderr]   Downloaded num-conv v0.2.2
[INFO] [stderr]   Downloaded redox_users v0.5.2
[INFO] [stderr]   Downloaded psl-types v2.0.11
[INFO] [stderr]   Downloaded sandogasa-rpmvercmp v0.25.3
[INFO] [stderr]   Downloaded rpassword v7.5.4
[INFO] [stderr]   Downloaded deranged v0.5.8
[INFO] [stderr]   Downloaded sandogasa-koji v0.25.3
[INFO] [stderr]   Downloaded sandogasa-config v0.25.3
[INFO] [stderr]   Downloaded iana-time-zone v0.1.65
[INFO] [stderr]   Downloaded sandogasa-fedrq v0.25.3
[INFO] [stderr]   Downloaded sandogasa-cli v0.25.3
[INFO] [stderr]   Downloaded sandogasa-cve v0.25.3
[INFO] [stderr]   Downloaded redox_syscall v0.5.18
[INFO] [stderr]   Downloaded sandogasa-bodhi v0.25.3
[INFO] [stderr]   Downloaded parking_lot_core v0.9.12
[INFO] [stderr]   Downloaded sandogasa-nvd v0.25.3
[INFO] [stderr]   Downloaded cookie_store v0.22.1
[INFO] [stderr]   Downloaded cookie v0.18.1
[INFO] [stderr]   Downloaded sandogasa-bugzilla v0.25.3
[INFO] [stderr]   Downloaded parking_lot v0.12.5
[INFO] [stderr]   Downloaded sandogasa-distgit v0.25.3
[INFO] [stderr]   Downloaded toml v1.1.2+spec-1.1.0
[INFO] [stderr]   Downloaded litrs v1.0.0
[INFO] [stderr]   Downloaded clap v4.6.6
[INFO] [stderr]   Downloaded publicsuffix v2.3.0
[INFO] [stderr]   Downloaded winnow v1.0.3
[INFO] [stderr]   Downloaded reqwest v0.13.3
[INFO] [stderr]   Downloaded clap_builder v4.6.6
[INFO] [stderr]   Downloaded h2 v0.4.16
[INFO] [stderr]   Downloaded chrono v0.4.44
[INFO] [stderr]   Downloaded syn v3.0.5
[INFO] [stderr]   Downloaded tokio v1.51.0
[INFO] running `Command { std: "docker" "create" "-v" "/var/lib/crater-agent-workspace/builds/worker-6-tc1/source:/opt/rustwide/workdir:ro,Z" "-v" "/var/lib/crater-agent-workspace/builds/worker-6-tc1/target:/opt/rustwide/target:rw,Z" "-v" "/var/lib/crater-agent-workspace/cargo-home:/opt/rustwide/cargo-home:ro,Z" "-v" "/var/lib/crater-agent-workspace/rustup-home:/opt/rustwide/rustup-home:ro,Z" "-m" "1610612736" "--network" "none" "ghcr.io/rust-lang/crates-build-env/linux@sha256:77db811e55d90add9212f6832c23229e3de5f1c1f9905e8cb07319ea15df73ac" "sleep" "infinity", kill_on_drop: false }`
[INFO] [stdout] f5dc3590a437ea1b209c7db0745f15863c52020754f699003347c1061f33ad15
[INFO] running `Command { std: "docker" "start" "f5dc3590a437ea1b209c7db0745f15863c52020754f699003347c1061f33ad15", kill_on_drop: false }`
[INFO] running `Command { std: "docker" "inspect" "f5dc3590a437ea1b209c7db0745f15863c52020754f699003347c1061f33ad15", kill_on_drop: false }`
[INFO] running `Command { std: "docker" "exec" "-e" "SOURCE_DIR=/opt/rustwide/workdir" "-e" "CARGO_HOME=/opt/rustwide/cargo-home" "-e" "RUSTUP_HOME=/opt/rustwide/rustup-home" "-e" "CARGO_TARGET_DIR=/opt/rustwide/target" "-w" "/opt/rustwide/workdir" "--user" "0:0" "f5dc3590a437ea1b209c7db0745f15863c52020754f699003347c1061f33ad15" "/opt/rustwide/cargo-home/bin/cargo" "+3154cc1a3e6424e44f438a95007d043ed5ceaaf6" "metadata" "--no-deps" "--format-version=1", kill_on_drop: false }`
[INFO] running `Command { std: "docker" "inspect" "f5dc3590a437ea1b209c7db0745f15863c52020754f699003347c1061f33ad15", kill_on_drop: false }`
[INFO] running `Command { std: "docker" "exec" "-e" "SOURCE_DIR=/opt/rustwide/workdir" "-e" "CARGO_HOME=/opt/rustwide/cargo-home" "-e" "RUSTUP_HOME=/opt/rustwide/rustup-home" "-e" "CARGO_TARGET_DIR=/opt/rustwide/target" "-e" "CARGO_INCREMENTAL=0" "-e" "RUST_BACKTRACE=full" "-e" "RUSTFLAGS=--cap-lints=forbid -Znext-solver=coherence" "-e" "RUSTDOCFLAGS=--cap-lints=forbid" "-w" "/opt/rustwide/workdir" "--user" "0:0" "f5dc3590a437ea1b209c7db0745f15863c52020754f699003347c1061f33ad15" "/opt/rustwide/cargo-home/bin/cargo" "+3154cc1a3e6424e44f438a95007d043ed5ceaaf6" "check" "--frozen" "--all" "--all-targets" "--message-format=json", kill_on_drop: false }`
[INFO] [stderr]    Compiling proc-macro2 v1.0.106
[INFO] [stderr]    Compiling unicode-ident v1.0.24
[INFO] [stderr]    Compiling quote v1.0.45
[INFO] [stderr]    Compiling libc v0.2.184
[INFO] [stderr]     Checking smallvec v1.15.1
[INFO] [stderr]     Checking cfg-if v1.0.4
[INFO] [stderr]     Checking itoa v1.0.18
[INFO] [stderr]     Checking stable_deref_trait v1.2.1
[INFO] [stderr]    Compiling serde_core v1.0.228
[INFO] [stderr]    Compiling parking_lot_core v0.9.12
[INFO] [stderr]     Checking pin-project-lite v0.2.17
[INFO] [stderr]     Checking bytes v1.11.1
[INFO] [stderr]     Checking futures-core v0.3.32
[INFO] [stderr]     Checking scopeguard v1.2.0
[INFO] [stderr]    Compiling find-msvc-tools v0.1.9
[INFO] [stderr]     Checking lock_api v0.4.14
[INFO] [stderr]    Compiling shlex v1.3.0
[INFO] [stderr]     Checking once_cell v1.21.4
[INFO] [stderr]     Checking futures-sink v0.3.32
[INFO] [stderr]    Compiling cc v1.2.59
[INFO] [stderr]     Checking memchr v2.8.0
[INFO] [stderr]     Checking litemap v0.8.2
[INFO] [stderr]     Checking writeable v0.6.3
[INFO] [stderr]    Compiling serde v1.0.228
[INFO] [stderr]    Compiling icu_normalizer_data v2.2.0
[INFO] [stderr]    Compiling icu_properties_data v2.2.0
[INFO] [stderr]     Checking utf8_iter v1.0.4
[INFO] [stderr]     Checking http v1.4.0
[INFO] [stderr]     Checking zeroize v1.8.2
[INFO] [stderr]     Checking hashbrown v0.16.1
[INFO] [stderr]    Compiling syn v2.0.117
[INFO] [stderr]     Checking percent-encoding v2.3.2
[INFO] [stderr]     Checking equivalent v1.0.2
[INFO] [stderr]     Checking slab v0.4.12
[INFO] [stderr]     Checking rustls-pki-types v1.14.0
[INFO] [stderr]    Compiling zmij v1.0.21
[INFO] [stderr]     Checking untrusted v0.9.0
[INFO] [stderr]     Checking errno v0.3.14
[INFO] [stderr]     Checking mio v1.2.0
[INFO] [stderr]     Checking socket2 v0.6.3
[INFO] [stderr]     Checking signal-hook-registry v1.4.8
[INFO] [stderr]     Checking parking_lot v0.12.5
[INFO] [stderr]     Checking getrandom v0.2.17
[INFO] [stderr]     Checking http-body v1.0.1
[INFO] [stderr]     Checking tracing-core v0.1.36
[INFO] [stderr]     Checking indexmap v2.13.1
[INFO] [stderr]    Compiling rustls v0.23.45
[INFO] [stderr]    Compiling serde_json v1.0.149
[INFO] [stderr]     Checking log v0.4.29
[INFO] [stderr]     Checking futures-io v0.3.32
[INFO] [stderr]    Compiling httparse v1.10.1
[INFO] [stderr]    Compiling ring v0.17.14
[INFO] [stderr]     Checking bitflags v2.11.0
[INFO] [stderr]     Checking futures-task v0.3.32
[INFO] [stderr]    Compiling rustix v1.1.4
[INFO] [stderr]     Checking futures-util v0.3.32
[INFO] [stderr]     Checking tracing v0.1.44
[INFO] [stderr]    Compiling autocfg v1.5.0
[INFO] [stderr]    Compiling num-conv v0.2.2
[INFO] [stderr]    Compiling version_check v0.9.5
[INFO] [stderr]     Checking try-lock v0.2.5
[INFO] [stderr]     Checking tower-service v0.3.3
[INFO] [stderr]     Checking powerfmt v0.2.0
[INFO] [stderr]     Checking fnv v1.0.7
[INFO] [stderr]     Checking subtle v2.6.1
[INFO] [stderr]    Compiling time-core v0.1.8
[INFO] [stderr]     Checking atomic-waker v1.1.2
[INFO] [stderr]    Compiling num-traits v0.2.19
[INFO] [stderr]    Compiling time-macros v0.2.27
[INFO] [stderr]    Compiling cookie v0.18.1
[INFO] [stderr]     Checking want v0.3.1
[INFO] [stderr]     Checking deranged v0.5.8
[INFO] [stderr]     Checking form_urlencoded v1.2.2
[INFO] [stderr]     Checking futures-channel v0.3.32
[INFO] [stderr]     Checking option-ext v0.2.0
[INFO] [stderr]     Checking linux-raw-sys v0.12.1
[INFO] [stderr]     Checking winnow v1.0.3
[INFO] [stderr]     Checking utf8parse v0.2.2
[INFO] [stderr]     Checking anstyle-parse v1.0.0
[INFO] [stderr]     Checking dirs-sys v0.5.0
[INFO] [stderr]     Checking toml_datetime v1.1.1+spec-1.1.0
[INFO] [stderr]     Checking sync_wrapper v1.0.2
[INFO] [stderr]     Checking toml_parser v1.1.2+spec-1.1.0
[INFO] [stderr]     Checking toml_writer v1.1.1+spec-1.1.0
[INFO] [stderr]     Checking time v0.3.47
[INFO] [stderr]     Checking anstyle v1.0.14
[INFO] [stderr]     Checking colorchoice v1.0.5
[INFO] [stderr]     Checking ipnet v2.12.0
[INFO] [stderr]     Checking tower-layer v0.3.3
[INFO] [stderr]    Compiling litrs v1.0.0
[INFO] [stderr]     Checking openssl-probe v0.2.1
[INFO] [stderr]     Checking anstyle-query v1.1.5
[INFO] [stderr]     Checking base64 v0.22.1
[INFO] [stderr]     Checking psl-types v2.0.11
[INFO] [stderr]     Checking is_terminal_polyfill v1.70.2
[INFO] [stderr]     Checking anstream v1.0.0
[INFO] [stderr]     Checking rustls-native-certs v0.8.4
[INFO] [stderr]     Checking dirs v6.0.0
[INFO] [stderr]     Checking terminal_size v0.4.4
[INFO] [stderr]     Checking serde_spanned v1.1.1
[INFO] [stderr]     Checking rtoolbox v0.0.3
[INFO] [stderr]    Compiling syn v3.0.5
[INFO] [stderr]     Checking strsim v0.11.1
[INFO] [stderr]    Compiling heck v0.5.0
[INFO] [stderr]     Checking clap_lex v1.1.0
[INFO] [stderr]     Checking iri-string v0.7.12
[INFO] [stderr]    Compiling document-features v0.2.12
[INFO] [stderr]     Checking ryu v1.0.23
[INFO] [stderr]     Checking iana-time-zone v0.1.65
[INFO] [stderr]     Checking clap_builder v4.6.6
[INFO] [stderr]     Checking rpassword v7.5.4
[INFO] [stderr]     Checking toml v1.1.2+spec-1.1.0
[INFO] [stderr]     Checking toml_edit v0.25.12+spec-1.1.0
[INFO] [stderr]    Compiling synstructure v0.13.2
[INFO] [stderr]     Checking http-body-util v0.1.3
[INFO] [stderr]    Compiling sandogasa-build v0.25.3
[INFO] [stderr]     Checking wait-timeout v0.2.1
[INFO] [stderr]     Checking version-compare v0.2.1
[INFO] [stderr]     Checking sandogasa-rpmvercmp v0.25.3
[INFO] [stderr]    Compiling fedora-cve-triage v0.25.3 (/opt/rustwide/workdir)
[INFO] [stderr]     Checking sandogasa-review v0.25.3
[INFO] [stderr]     Checking rustls-webpki v0.103.15
[INFO] [stderr]    Compiling zerofrom-derive v0.1.7
[INFO] [stderr]    Compiling yoke-derive v0.8.2
[INFO] [stderr]    Compiling zerovec-derive v0.11.3
[INFO] [stderr]    Compiling displaydoc v0.2.5
[INFO] [stderr]    Compiling tokio-macros v2.7.0
[INFO] [stderr]    Compiling serde_derive v1.0.228
[INFO] [stderr]     Checking tokio v1.51.0
[INFO] [stderr]     Checking zerofrom v0.1.7
[INFO] [stderr]     Checking yoke v0.8.2
[INFO] [stderr]     Checking zerovec v0.11.6
[INFO] [stderr]     Checking zerotrie v0.2.4
[INFO] [stderr]    Compiling clap_derive v4.6.4
[INFO] [stderr]     Checking tinystr v0.8.3
[INFO] [stderr]     Checking potential_utf v0.1.5
[INFO] [stderr]     Checking icu_collections v2.2.0
[INFO] [stderr]     Checking icu_locale_core v2.2.0
[INFO] [stderr]     Checking icu_provider v2.2.0
[INFO] [stderr]     Checking icu_properties v2.2.0
[INFO] [stderr]     Checking icu_normalizer v2.2.0
[INFO] [stderr]     Checking serde_urlencoded v0.7.1
[INFO] [stderr]     Checking chrono v0.4.44
[INFO] [stderr]     Checking rustls-platform-verifier v0.6.2
[INFO] [stderr]     Checking sandogasa-config v0.25.3
[INFO] [stderr]     Checking sandogasa-fedrq v0.25.3
[INFO] [stderr]     Checking clap v4.6.6
[INFO] [stderr]     Checking idna_adapter v1.2.1
[INFO] [stderr]     Checking sandogasa-koji v0.25.3
[INFO] [stderr]     Checking idna v1.1.0
[INFO] [stderr]     Checking publicsuffix v2.3.0
[INFO] [stderr]     Checking url v2.5.8
[INFO] [stderr]     Checking cookie_store v0.22.1
[INFO] [stderr]     Checking tokio-util v0.7.18
[INFO] [stderr]     Checking tokio-rustls v0.26.4
[INFO] [stderr]     Checking tower v0.5.3
[INFO] [stderr]     Checking tower-http v0.6.8
[INFO] [stderr]     Checking h2 v0.4.16
[INFO] [stderr]     Checking hyper v1.9.0
[INFO] [stderr]     Checking hyper-util v0.1.20
[INFO] [stderr]     Checking hyper-rustls v0.27.7
[INFO] [stderr]     Checking reqwest v0.13.3
[INFO] [stderr]     Checking sandogasa-cli v0.25.3
[INFO] [stderr]     Checking sandogasa-nvd v0.25.3
[INFO] [stderr]     Checking sandogasa-bodhi v0.25.3
[INFO] [stderr]     Checking sandogasa-bugzilla v0.25.3
[INFO] [stderr]     Checking sandogasa-distgit v0.25.3
[INFO] [stderr]     Checking sandogasa-cve v0.25.3
[INFO] [stdout] error[E0433]: cannot find module or crate `wiremock` in this scope
[INFO] [stdout]    --> src/release_date.rs:226:9
[INFO] [stdout]     |
[INFO] [stdout] 226 |     use wiremock::matchers::{method, path};
[INFO] [stdout]     |         ^^^^^^^^ use of unresolved module or unlinked crate `wiremock`
[INFO] [stdout]     |
[INFO] [stdout]     = help: if you wanted to use a crate named `wiremock`, use `cargo add wiremock` to add it to your `Cargo.toml`
[INFO] [stdout] 
[INFO] [stdout] 
[INFO] [stdout] error[E0432]: unresolved import `wiremock`
[INFO] [stdout]    --> src/release_date.rs:227:9
[INFO] [stdout]     |
[INFO] [stdout] 227 |     use wiremock::{Mock, MockServer, ResponseTemplate};
[INFO] [stdout]     |         ^^^^^^^^ use of unresolved module or unlinked crate `wiremock`
[INFO] [stdout]     |
[INFO] [stdout]     = help: if you wanted to use a crate named `wiremock`, use `cargo add wiremock` to add it to your `Cargo.toml`
[INFO] [stdout] 
[INFO] [stdout] 
[INFO] [stdout] error[E0433]: cannot find module or crate `tempfile` in this scope
[INFO] [stdout]    --> src/config.rs:244:23
[INFO] [stdout]     |
[INFO] [stdout] 244 |         let mut tmp = tempfile::NamedTempFile::new().unwrap();
[INFO] [stdout]     |                       ^^^^^^^^ use of unresolved module or unlinked crate `tempfile`
[INFO] [stdout]     |
[INFO] [stdout]     = help: if you wanted to use a crate named `tempfile`, use `cargo add tempfile` to add it to your `Cargo.toml`
[INFO] [stdout] 
[INFO] [stdout] 
[INFO] [stdout] error[E0433]: cannot find module or crate `tempfile` in this scope
[INFO] [stdout]    --> src/config.rs:272:23
[INFO] [stdout]     |
[INFO] [stdout] 272 |         let mut tmp = tempfile::NamedTempFile::new().unwrap();
[INFO] [stdout]     |                       ^^^^^^^^ use of unresolved module or unlinked crate `tempfile`
[INFO] [stdout]     |
[INFO] [stdout]     = help: if you wanted to use a crate named `tempfile`, use `cargo add tempfile` to add it to your `Cargo.toml`
[INFO] [stdout] 
[INFO] [stdout] 
[INFO] [stdout] error[E0433]: cannot find module or crate `tempfile` in this scope
[INFO] [stdout]    --> src/config.rs:317:23
[INFO] [stdout]     |
[INFO] [stdout] 317 |         let mut tmp = tempfile::NamedTempFile::new().unwrap();
[INFO] [stdout]     |                       ^^^^^^^^ use of unresolved module or unlinked crate `tempfile`
[INFO] [stdout]     |
[INFO] [stdout]     = help: if you wanted to use a crate named `tempfile`, use `cargo add tempfile` to add it to your `Cargo.toml`
[INFO] [stdout] 
[INFO] [stdout] 
[INFO] [stdout] error[E0433]: cannot find module or crate `tempfile` in this scope
[INFO] [stdout]    --> src/config.rs:366:23
[INFO] [stdout]     |
[INFO] [stdout] 366 |         let mut tmp = tempfile::NamedTempFile::new().unwrap();
[INFO] [stdout]     |                       ^^^^^^^^ use of unresolved module or unlinked crate `tempfile`
[INFO] [stdout]     |
[INFO] [stdout]     = help: if you wanted to use a crate named `tempfile`, use `cargo add tempfile` to add it to your `Cargo.toml`
[INFO] [stdout] 
[INFO] [stdout] 
[INFO] [stdout] error[E0433]: cannot find `man` in `sandogasa_cli`
[INFO] [stdout]     --> src/main.rs:4705:24
[INFO] [stdout]      |
[INFO] [stdout] 4705 |         sandogasa_cli::man::check::<super::Cli>(
[INFO] [stdout]      |                        ^^^ could not find `man` in `sandogasa_cli`
[INFO] [stdout]      |
[INFO] [stdout] note: found an item that was configured out
[INFO] [stdout]     --> /opt/rustwide/cargo-home/registry/src/index.crates.io-1949cf8c6b5b557f/sandogasa-cli-0.25.3/src/lib.rs:37:9
[INFO] [stdout]      |
[INFO] [stdout]   36 | #[cfg(feature = "man")]
[INFO] [stdout]      |       --------------- the item is gated behind the `man` feature
[INFO] [stdout]   37 | pub mod man;
[INFO] [stdout]      |         ^^^
[INFO] [stdout] 
[INFO] [stdout] 
[INFO] [stdout] error[E0433]: cannot find module or crate `tempfile` in this scope
[INFO] [stdout]    --> src/config.rs:339:19
[INFO] [stdout]     |
[INFO] [stdout] 339 |         let dir = tempfile::tempdir().unwrap();
[INFO] [stdout]     |                   ^^^^^^^^ use of unresolved module or unlinked crate `tempfile`
[INFO] [stdout]     |
[INFO] [stdout]     = help: if you wanted to use a crate named `tempfile`, use `cargo add tempfile` to add it to your `Cargo.toml`
[INFO] [stdout] 
[INFO] [stdout] 
[INFO] [stdout] error[E0433]: cannot find module or crate `tempfile` in this scope
[INFO] [stdout]     --> src/main.rs:5567:19
[INFO] [stdout]      |
[INFO] [stdout] 5567 |         let dir = tempfile::tempdir().unwrap();
[INFO] [stdout]      |                   ^^^^^^^^ use of unresolved module or unlinked crate `tempfile`
[INFO] [stdout]      |
[INFO] [stdout]      = help: if you wanted to use a crate named `tempfile`, use `cargo add tempfile` to add it to your `Cargo.toml`
[INFO] [stdout] 
[INFO] [stdout] 
[INFO] [stdout] error[E0433]: cannot find module or crate `tempfile` in this scope
[INFO] [stdout]     --> src/main.rs:5582:19
[INFO] [stdout]      |
[INFO] [stdout] 5582 |         let dir = tempfile::tempdir().unwrap();
[INFO] [stdout]      |                   ^^^^^^^^ use of unresolved module or unlinked crate `tempfile`
[INFO] [stdout]      |
[INFO] [stdout]      = help: if you wanted to use a crate named `tempfile`, use `cargo add tempfile` to add it to your `Cargo.toml`
[INFO] [stdout] 
[INFO] [stdout] 
[INFO] [stdout] error[E0433]: cannot find module or crate `tempfile` in this scope
[INFO] [stdout]     --> src/main.rs:5594:19
[INFO] [stdout]      |
[INFO] [stdout] 5594 |         let dir = tempfile::tempdir().unwrap();
[INFO] [stdout]      |                   ^^^^^^^^ use of unresolved module or unlinked crate `tempfile`
[INFO] [stdout]      |
[INFO] [stdout]      = help: if you wanted to use a crate named `tempfile`, use `cargo add tempfile` to add it to your `Cargo.toml`
[INFO] [stdout] 
[INFO] [stdout] 
[INFO] [stdout] error[E0433]: cannot find module or crate `tempfile` in this scope
[INFO] [stdout]     --> src/main.rs:5614:19
[INFO] [stdout]      |
[INFO] [stdout] 5614 |         let dir = tempfile::tempdir().unwrap();
[INFO] [stdout]      |                   ^^^^^^^^ use of unresolved module or unlinked crate `tempfile`
[INFO] [stdout]      |
[INFO] [stdout]      = help: if you wanted to use a crate named `tempfile`, use `cargo add tempfile` to add it to your `Cargo.toml`
[INFO] [stdout] 
[INFO] [stdout] 
[INFO] [stdout] error[E0433]: cannot find module or crate `tempfile` in this scope
[INFO] [stdout]     --> src/main.rs:5634:19
[INFO] [stdout]      |
[INFO] [stdout] 5634 |         let dir = tempfile::tempdir().unwrap();
[INFO] [stdout]      |                   ^^^^^^^^ use of unresolved module or unlinked crate `tempfile`
[INFO] [stdout]      |
[INFO] [stdout]      = help: if you wanted to use a crate named `tempfile`, use `cargo add tempfile` to add it to your `Cargo.toml`
[INFO] [stdout] 
[INFO] [stdout] 
[INFO] [stdout] Some errors have detailed explanations: E0432, E0433.
[INFO] [stdout] 
[INFO] [stdout] For more information about an error, try `rustc --explain E0432`.
[INFO] [stdout] 
[INFO] [stderr] error: could not compile `fedora-cve-triage` (bin "fedora-cve-triage" test) due to 13 previous errors
[INFO] running `Command { std: "docker" "inspect" "f5dc3590a437ea1b209c7db0745f15863c52020754f699003347c1061f33ad15", kill_on_drop: false }`
[INFO] running `Command { std: "docker" "rm" "-f" "f5dc3590a437ea1b209c7db0745f15863c52020754f699003347c1061f33ad15", kill_on_drop: false }`
[INFO] [stdout] f5dc3590a437ea1b209c7db0745f15863c52020754f699003347c1061f33ad15
