[INFO] fetching crate fedimint-dummy-client 0.12.0...
[INFO] checking fedimint-dummy-client-0.12.0 against 3154cc1a3e6424e44f438a95007d043ed5ceaaf6+rustflags=-Znext-solver=coherence for pr-133502-30
[INFO] extracting crate fedimint-dummy-client 0.12.0 into /workspace/builds/worker-4-tc1/source
[INFO] started tweaking crates.io crate fedimint-dummy-client 0.12.0
[INFO] finished tweaking crates.io crate fedimint-dummy-client 0.12.0
[INFO] tweaked toml for crates.io crate fedimint-dummy-client 0.12.0 written to /workspace/builds/worker-4-tc1/source/Cargo.toml
[INFO] validating manifest of crates.io crate fedimint-dummy-client 0.12.0 on toolchain 3154cc1a3e6424e44f438a95007d043ed5ceaaf6
[INFO] running `Command { std: CARGO_HOME="/workspace/cargo-home" RUSTUP_HOME="/workspace/rustup-home" "/workspace/cargo-home/bin/cargo" "+3154cc1a3e6424e44f438a95007d043ed5ceaaf6" "metadata" "--manifest-path" "Cargo.toml" "--no-deps", kill_on_drop: false }`
[INFO] crate crates.io crate fedimint-dummy-client 0.12.0 already has a lockfile, it will not be regenerated
[INFO] running `Command { std: CARGO_HOME="/workspace/cargo-home" RUSTUP_HOME="/workspace/rustup-home" "/workspace/cargo-home/bin/cargo" "+3154cc1a3e6424e44f438a95007d043ed5ceaaf6" "fetch" "--manifest-path" "Cargo.toml", kill_on_drop: false }`
[INFO] [stderr]     Blocking waiting for file lock on package cache
[INFO] [stderr]     Updating crates.io index
[INFO] [stderr]     Blocking waiting for file lock on package cache
[INFO] [stderr]  Downloading crates ...
[INFO] [stderr]   Downloaded fedimint-dummy-common v0.12.0
[INFO] [stderr]   Downloaded futures-timer v3.0.3
[INFO] [stderr]   Downloaded send_wrapper v0.4.0
[INFO] [stderr]   Downloaded gloo-timers v0.2.6
[INFO] [stderr]   Downloaded fedimint-core v0.12.0
[INFO] [stderr]   Downloaded fedimint-hkdf v0.12.0
[INFO] [stderr]   Downloaded fedimint-client-module v0.12.0
[INFO] [stderr]   Downloaded fedimint-eventlog v0.12.0
[INFO] [stderr]   Downloaded fedimint-connectors v0.12.0
[INFO] [stderr]   Downloaded jsonrpsee-ws-client v0.24.9
[INFO] [stderr]   Downloaded jsonrpsee-client-transport v0.24.9
[INFO] [stderr]   Downloaded fedimint-derive-secret v0.12.0
[INFO] [stderr]   Downloaded gloo-net v0.6.0
[INFO] [stderr]   Downloaded spez v0.1.2
[INFO] [stderr]   Downloaded crypto-common v0.2.1
[INFO] [stderr]   Downloaded rand v0.10.1
[INFO] [stderr]   Downloaded hybrid-array v0.4.10
[INFO] [stderr]   Downloaded block-buffer v0.12.0
[INFO] [stderr]   Downloaded gloo-utils v0.2.0
[INFO] [stderr]   Downloaded noq-udp v1.1.0
[INFO] [stderr]   Downloaded n0-error v1.0.0
[INFO] [stderr]   Downloaded n0-error-macros v1.0.0
[INFO] [stderr]   Downloaded lru v0.18.0
[INFO] [stderr]   Downloaded chacha20 v0.10.0
[INFO] [stderr]   Downloaded jsonrpsee-wasm-client v0.24.9
[INFO] [stderr]   Downloaded n0-mainline v0.5.0
[INFO] [stderr]   Downloaded iroh-mainline-address-lookup v0.4.0
[INFO] [stderr]   Downloaded n0-future v0.3.2
[INFO] [stderr]   Downloaded iroh-dns v1.0.3
[INFO] [stderr]   Downloaded soketto v0.8.1
[INFO] [stderr]   Downloaded ed25519-dalek v3.0.0-rc.0
[INFO] [stderr]   Downloaded der v0.8.0
[INFO] [stderr]   Downloaded curve25519-dalek v5.0.0-rc.0
[INFO] [stderr]   Downloaded reqwest v0.13.1
[INFO] [stderr]   Downloaded data-encoding-macro-internal v0.1.18
[INFO] [stderr]   Downloaded data-encoding-macro v0.1.20
[INFO] [stderr]   Downloaded objc2-security-foundation v0.3.2
[INFO] [stderr]   Downloaded iroh-metrics-derive v1.0.1
[INFO] [stderr]   Downloaded simple-dns v0.11.3
[INFO] [stderr]   Downloaded iroh-base v1.0.3
[INFO] [stderr]   Downloaded prefix-trie v0.8.4
[INFO] [stderr]   Downloaded arc-swap v1.9.1
[INFO] [stderr]   Downloaded portmapper v0.19.1
[INFO] [stderr]   Downloaded netwatch v0.19.1
[INFO] [stderr]   Downloaded netlink-proto v0.12.0
[INFO] [stderr]   Downloaded netlink-packet-core v0.8.1
[INFO] [stderr]   Downloaded plist v1.9.0
[INFO] [stderr]   Downloaded objc2-core-wlan v0.3.2
[INFO] [stderr]   Downloaded mac-addr v0.3.0
[INFO] [stderr]   Downloaded n0-watcher v1.0.0
[INFO] [stderr]   Downloaded igd-next v0.17.0
[INFO] [stderr]   Downloaded hickory-net v0.26.1
[INFO] [stderr]   Downloaded wmi v0.18.4
[INFO] [stderr]   Downloaded hickory-resolver v0.26.1
[INFO] [stderr]   Downloaded netlink-packet-route v0.31.0
[INFO] [stderr]   Downloaded netdev v0.45.0
[INFO] [stderr]   Downloaded iroh-metrics v1.0.1
[INFO] [stderr]   Downloaded simd_cesu8 v1.1.1
[INFO] [stderr]   Downloaded hickory-proto v0.26.1
[INFO] [stderr]   Downloaded iroh v1.0.3
[INFO] [stderr]   Downloaded objc2-security v0.3.2
[INFO] [stderr]   Downloaded enum-assoc v1.3.0
[INFO] [stderr]   Downloaded serde_path_to_error v0.1.17
[INFO] [stderr]   Downloaded fedimint-build v0.12.0
[INFO] [stderr]   Downloaded seize v0.5.1
[INFO] [stderr]   Downloaded sorted-index-buffer v0.2.1
[INFO] [stderr]   Downloaded identity-hash v0.1.0
[INFO] [stderr]   Downloaded noq v1.1.0
[INFO] [stderr]   Downloaded fedimint-bitcoind v0.12.0
[INFO] [stderr]   Downloaded papaya v0.2.4
[INFO] [stderr]   Downloaded tokio-websockets v0.13.2
[INFO] [stderr]   Downloaded fedimint-metrics v0.12.0
[INFO] [stderr]   Downloaded axum-core v0.5.5
[INFO] [stderr]   Downloaded lru v0.16.3
[INFO] [stderr]   Downloaded attohttpc v0.30.1
[INFO] [stderr]   Downloaded esplora-client v0.12.3
[INFO] [stderr]   Downloaded fedimint-api-client v0.12.0
[INFO] [stderr]   Downloaded constant_time_eq v0.4.2
[INFO] [stderr]   Downloaded blake3 v1.8.4
[INFO] [stderr]   Downloaded iroh-relay v1.0.3
[INFO] [stderr]   Downloaded noq-proto v1.1.0
[INFO] [stderr]   Downloaded aquamarine v0.5.0
[INFO] running `Command { std: "docker" "create" "-v" "/var/lib/crater-agent-workspace/builds/worker-4-tc1/source:/opt/rustwide/workdir:ro,Z" "-v" "/var/lib/crater-agent-workspace/builds/worker-4-tc1/target:/opt/rustwide/target:rw,Z" "-v" "/var/lib/crater-agent-workspace/cargo-home:/opt/rustwide/cargo-home:ro,Z" "-v" "/var/lib/crater-agent-workspace/rustup-home:/opt/rustwide/rustup-home:ro,Z" "-m" "1610612736" "--network" "none" "ghcr.io/rust-lang/crates-build-env/linux@sha256:77db811e55d90add9212f6832c23229e3de5f1c1f9905e8cb07319ea15df73ac" "sleep" "infinity", kill_on_drop: false }`
[INFO] [stdout] ae57713b442067639194facda3d46534f9ff1bc330bd80535f0b0047cbcb0d33
[INFO] running `Command { std: "docker" "start" "ae57713b442067639194facda3d46534f9ff1bc330bd80535f0b0047cbcb0d33", kill_on_drop: false }`
[INFO] running `Command { std: "docker" "inspect" "ae57713b442067639194facda3d46534f9ff1bc330bd80535f0b0047cbcb0d33", kill_on_drop: false }`
[INFO] running `Command { std: "docker" "exec" "-e" "SOURCE_DIR=/opt/rustwide/workdir" "-e" "CARGO_HOME=/opt/rustwide/cargo-home" "-e" "RUSTUP_HOME=/opt/rustwide/rustup-home" "-e" "CARGO_TARGET_DIR=/opt/rustwide/target" "-w" "/opt/rustwide/workdir" "--user" "0:0" "ae57713b442067639194facda3d46534f9ff1bc330bd80535f0b0047cbcb0d33" "/opt/rustwide/cargo-home/bin/cargo" "+3154cc1a3e6424e44f438a95007d043ed5ceaaf6" "metadata" "--no-deps" "--format-version=1", kill_on_drop: false }`
[INFO] running `Command { std: "docker" "inspect" "ae57713b442067639194facda3d46534f9ff1bc330bd80535f0b0047cbcb0d33", kill_on_drop: false }`
[INFO] running `Command { std: "docker" "exec" "-e" "SOURCE_DIR=/opt/rustwide/workdir" "-e" "CARGO_HOME=/opt/rustwide/cargo-home" "-e" "RUSTUP_HOME=/opt/rustwide/rustup-home" "-e" "CARGO_TARGET_DIR=/opt/rustwide/target" "-e" "CARGO_INCREMENTAL=0" "-e" "RUST_BACKTRACE=full" "-e" "RUSTFLAGS=--cap-lints=forbid -Znext-solver=coherence" "-e" "RUSTDOCFLAGS=--cap-lints=forbid" "-w" "/opt/rustwide/workdir" "--user" "0:0" "ae57713b442067639194facda3d46534f9ff1bc330bd80535f0b0047cbcb0d33" "/opt/rustwide/cargo-home/bin/cargo" "+3154cc1a3e6424e44f438a95007d043ed5ceaaf6" "check" "--frozen" "--all" "--all-targets" "--message-format=json", kill_on_drop: false }`
[INFO] [stderr]    Compiling proc-macro2 v1.0.95
[INFO] [stderr]    Compiling unicode-ident v1.0.18
[INFO] [stderr]    Compiling libc v0.2.185
[INFO] [stderr]     Checking cfg-if v1.0.1
[INFO] [stderr]    Compiling serde_core v1.0.228
[INFO] [stderr]    Compiling serde v1.0.228
[INFO] [stderr]     Checking pin-project-lite v0.2.16
[INFO] [stderr]    Compiling autocfg v1.5.0
[INFO] [stderr]     Checking smallvec v1.15.1
[INFO] [stderr]     Checking bytes v1.11.1
[INFO] [stderr]     Checking log v0.4.27
[INFO] [stderr]    Compiling portable-atomic v1.11.1
[INFO] [stderr]     Checking memchr v2.7.5
[INFO] [stderr]     Checking critical-section v1.2.0
[INFO] [stderr]     Checking futures-core v0.3.32
[INFO] [stderr]     Checking scopeguard v1.2.0
[INFO] [stderr]    Compiling shlex v1.3.0
[INFO] [stderr]    Compiling parking_lot_core v0.9.11
[INFO] [stderr]     Checking subtle v2.6.1
[INFO] [stderr]    Compiling typenum v1.18.0
[INFO] [stderr]     Checking itoa v1.0.15
[INFO] [stderr]     Checking slab v0.4.11
[INFO] [stderr]     Checking futures-sink v0.3.32
[INFO] [stderr]     Checking futures-io v0.3.32
[INFO] [stderr]     Checking futures-task v0.3.32
[INFO] [stderr]    Compiling generic-array v0.14.7
[INFO] [stderr]     Checking stable_deref_trait v1.2.0
[INFO] [stderr]     Checking futures-channel v0.3.32
[INFO] [stderr]     Checking fnv v1.0.7
[INFO] [stderr]    Compiling thiserror v2.0.18
[INFO] [stderr]    Compiling lock_api v0.4.13
[INFO] [stderr]    Compiling dunce v1.0.5
[INFO] [stderr]    Compiling fs_extra v1.3.0
[INFO] [stderr]     Checking writeable v0.6.1
[INFO] [stderr]     Checking litemap v0.8.0
[INFO] [stderr]    Compiling icu_normalizer_data v2.0.0
[INFO] [stderr]    Compiling icu_properties_data v2.0.1
[INFO] [stderr]     Checking percent-encoding v2.3.1
[INFO] [stderr]     Checking equivalent v1.0.2
[INFO] [stderr]     Checking allocator-api2 v0.2.21
[INFO] [stderr]    Compiling zerocopy v0.8.26
[INFO] [stderr]     Checking form_urlencoded v1.2.1
[INFO] [stderr]    Compiling aws-lc-rs v1.16.2
[INFO] [stderr]     Checking cpufeatures v0.2.17
[INFO] [stderr]    Compiling rustls v0.23.38
[INFO] [stderr]     Checking foldhash v0.1.5
[INFO] [stderr]    Compiling heck v0.5.0
[INFO] [stderr]     Checking base64ct v1.8.0
[INFO] [stderr]    Compiling getrandom v0.3.3
[INFO] [stderr]    Compiling semver v1.0.28
[INFO] [stderr]    Compiling unicode-xid v0.2.6
[INFO] [stderr]     Checking bitflags v2.11.1
[INFO] [stderr]    Compiling paste v1.0.15
[INFO] [stderr]     Checking tinyvec_macros v0.1.1
[INFO] [stderr]     Checking http v1.3.1
[INFO] [stderr]     Checking tinyvec v1.11.0
[INFO] [stderr]     Checking parking v2.2.1
[INFO] [stderr]     Checking hashbrown v0.15.4
[INFO] [stderr]    Compiling regex-syntax v0.8.5
[INFO] [stderr]     Checking httpdate v1.0.3
[INFO] [stderr]    Compiling zmij v1.0.21
[INFO] [stderr]    Compiling num-traits v0.2.19
[INFO] [stderr]     Checking fastrand v2.3.0
[INFO] [stderr]    Compiling quote v1.0.40
[INFO] [stderr]    Compiling rustc_version v0.4.1
[INFO] [stderr]    Compiling aho-corasick v1.1.3
[INFO] [stderr]    Compiling crossbeam-utils v0.8.21
[INFO] [stderr]    Compiling rustversion v1.0.22
[INFO] [stderr]     Checking futures-lite v2.6.0
[INFO] [stderr]    Compiling syn v2.0.104
[INFO] [stderr]     Checking spin v0.10.0
[INFO] [stderr]     Checking tower-layer v0.3.3
[INFO] [stderr]     Checking indexmap v2.9.0
[INFO] [stderr]     Checking diatomic-waker v0.2.3
[INFO] [stderr]     Checking cordyceps v0.3.4
[INFO] [stderr]    Compiling time-core v0.1.8
[INFO] [stderr]     Checking data-encoding v2.11.0
[INFO] [stderr]    Compiling jobserver v0.1.33
[INFO] [stderr]     Checking http-body v1.0.1
[INFO] [stderr]     Checking arrayvec v0.7.6
[INFO] [stderr]     Checking powerfmt v0.2.0
[INFO] [stderr]     Checking http-body-util v0.1.3
[INFO] [stderr]    Compiling num-conv v0.2.0
[INFO] [stderr]     Checking deranged v0.5.5
[INFO] [stderr]     Checking futures-buffered v0.2.13
[INFO] [stderr]    Compiling time-macros v0.2.27
[INFO] [stderr]    Compiling cc v1.2.27
[INFO] [stderr]     Checking getrandom v0.2.16
[INFO] [stderr]     Checking socket2 v0.6.1
[INFO] [stderr]     Checking rand_core v0.6.4
[INFO] [stderr]     Checking signal-hook-registry v1.4.5
[INFO] [stderr]     Checking mio v1.0.4
[INFO] [stderr]     Checking parking_lot v0.12.4
[INFO] [stderr]     Checking socket2 v0.5.10
[INFO] [stderr]     Checking cpufeatures v0.3.0
[INFO] [stderr]     Checking rand_core v0.10.1
[INFO] [stderr]    Compiling syn v1.0.109
[INFO] [stderr]     Checking rand_core v0.9.3
[INFO] [stderr]     Checking sync_wrapper v1.0.2
[INFO] [stderr]    Compiling toml_datetime v0.6.11
[INFO] [stderr]    Compiling winnow v0.7.11
[INFO] [stderr]    Compiling anyhow v1.0.102
[INFO] [stderr]    Compiling serde_json v1.0.150
[INFO] [stderr]     Checking ryu v1.0.20
[INFO] [stderr]     Checking rustc-hash v2.1.1
[INFO] [stderr]    Compiling bitcoin-io v0.1.3
[INFO] [stderr]     Checking opaque-debug v0.3.1
[INFO] [stderr]    Compiling getrandom v0.4.2
[INFO] [stderr]    Compiling regex-lite v0.1.6
[INFO] [stderr]    Compiling crossbeam-epoch v0.9.20
[INFO] [stderr]     Checking hex-conservative v0.2.2
[INFO] [stderr]     Checking pem-rfc7468 v0.7.0
[INFO] [stderr]     Checking ppv-lite86 v0.2.21
[INFO] [stderr]    Compiling bitcoin-internals v0.3.0
[INFO] [stderr]    Compiling lazy_static v1.5.0
[INFO] [stderr]     Checking iri-string v0.7.8
[INFO] [stderr]     Checking byteorder v1.5.0
[INFO] [stderr]    Compiling moka v0.12.10
[INFO] [stderr]     Checking const-oid v0.9.6
[INFO] [stderr]     Checking rand_chacha v0.3.1
[INFO] [stderr]     Checking rand_chacha v0.9.0
[INFO] [stderr]     Checking time v0.3.47
[INFO] [stderr]     Checking rand v0.8.5
[INFO] [stderr]     Checking chacha20 v0.10.0
[INFO] [stderr]     Checking uuid v1.17.0
[INFO] [stderr]     Checking rand v0.9.4
[INFO] [stderr]     Checking crossbeam-channel v0.5.15
[INFO] [stderr]    Compiling curve25519-dalek v4.1.3
[INFO] [stderr]    Compiling cmake v0.1.54
[INFO] [stderr]    Compiling regex-automata v0.4.9
[INFO] [stderr]     Checking sha1_smol v1.0.1
[INFO] [stderr]    Compiling ucd-parse v0.1.13
[INFO] [stderr]     Checking tagptr v0.2.0
[INFO] [stderr]     Checking either v1.15.0
[INFO] [stderr]     Checking rand v0.10.1
[INFO] [stderr]    Compiling hex_lit v0.1.1
[INFO] [stderr]    Compiling ucd-trie v0.1.7
[INFO] [stderr]    Compiling glob v0.3.4
[INFO] [stderr]     Checking xml-rs v0.8.26
[INFO] [stderr]    Compiling unicode-segmentation v1.12.0
[INFO] [stderr]     Checking crc-catalog v2.4.0
[INFO] [stderr]    Compiling radium v0.7.0
[INFO] [stderr]     Checking resolv-conf v0.7.4
[INFO] [stderr]    Compiling ring v0.17.14
[INFO] [stderr]    Compiling aws-lc-sys v0.39.1
[INFO] [stderr]    Compiling secp256k1-sys v0.10.1
[INFO] [stderr]    Compiling clang-sys v1.8.1
[INFO] [stderr]    Compiling convert_case v0.10.0
[INFO] [stderr]     Checking crc v3.3.0
[INFO] [stderr]    Compiling iroh-quinn-udp v0.5.7
[INFO] [stderr]     Checking tap v1.0.1
[INFO] [stderr]     Checking minimal-lexical v0.2.1
[INFO] [stderr]    Compiling prettyplease v0.2.35
[INFO] [stderr]     Checking xmltree v0.10.3
[INFO] [stderr]     Checking signature v2.2.0
[INFO] [stderr]     Checking mime v0.3.17
[INFO] [stderr]    Compiling bitcoin v0.32.8
[INFO] [stderr]     Checking simdutf8 v0.1.5
[INFO] [stderr]     Checking nom v7.1.3
[INFO] [stderr]     Checking wyz v0.5.1
[INFO] [stderr]     Checking hybrid-array v0.4.10
[INFO] [stderr]    Compiling n0-future v0.1.3
[INFO] [stderr]     Checking funty v2.0.0
[INFO] [stderr]    Compiling toml_edit v0.22.27
[INFO] [stderr]     Checking dyn-clone v1.0.19
[INFO] [stderr]     Checking bech32 v0.11.1
[INFO] [stderr]     Checking cobs v0.2.3
[INFO] [stderr]    Compiling litrs v0.4.1
[INFO] [stderr]    Compiling libloading v0.8.8
[INFO] [stderr]     Checking unicode-normalization v0.1.24
[INFO] [stderr]     Checking pem-rfc7468 v1.0.0
[INFO] [stderr]     Checking spin v0.9.8
[INFO] [stderr]     Checking encoding_rs v0.8.35
[INFO] [stderr]     Checking const-oid v0.10.2
[INFO] [stderr]    Compiling bindgen v0.72.1
[INFO] [stderr]     Checking no-std-net v0.6.0
[INFO] [stderr]     Checking pnet_base v0.34.0
[INFO] [stderr]     Checking bitvec v1.0.1
[INFO] [stderr]    Compiling document-features v0.2.11
[INFO] [stderr]     Checking crypto-common v0.2.1
[INFO] [stderr]     Checking block-buffer v0.12.0
[INFO] [stderr]     Checking flume v0.11.1
[INFO] [stderr]    Compiling itertools v0.13.0
[INFO] [stderr]     Checking num-integer v0.1.46
[INFO] [stderr]     Checking concurrent-queue v2.5.0
[INFO] [stderr]     Checking http v0.2.12
[INFO] [stderr]    Compiling iroh-quinn v0.13.0
[INFO] [stderr]    Compiling netwatch v0.5.0
[INFO] [stderr]    Compiling pkarr v3.10.0
[INFO] [stderr]     Checking base32 v0.5.1
[INFO] [stderr]    Compiling crunchy v0.2.3
[INFO] [stderr]    Compiling synstructure v0.13.2
[INFO] [stderr]    Compiling regex v1.11.1
[INFO] [stderr]     Checking rusticata-macros v4.1.0
[INFO] [stderr]    Compiling cexpr v0.6.0
[INFO] [stderr]    Compiling oid-registry v0.7.1
[INFO] [stderr]    Compiling proc-macro-crate v3.3.0
[INFO] [stderr]    Compiling precis-tools v0.1.9
[INFO] [stderr]     Checking ff v0.13.1
[INFO] [stderr]     Checking lru v0.13.0
[INFO] [stderr]     Checking digest v0.11.3
[INFO] [stderr]     Checking group v0.13.0
[INFO] [stderr]     Checking num-bigint v0.4.6
[INFO] [stderr]     Checking pnet_macros_support v0.34.0
[INFO] [stderr]    Compiling postcard-derive v0.1.2
[INFO] [stderr]    Compiling curve25519-dalek v5.0.0-rc.0
[INFO] [stderr]     Checking simple-dns v0.9.3
[INFO] [stderr]    Compiling noq-udp v1.1.0
[INFO] [stderr]    Compiling n0-future v0.3.2
[INFO] [stderr]    Compiling iroh-relay v0.35.0
[INFO] [stderr]     Checking bounded-integer v0.5.8
[INFO] [stderr]     Checking fallible-iterator v0.3.0
[INFO] [stderr]     Checking futures-timer v3.0.3
[INFO] [stderr]     Checking hostname-validator v1.1.1
[INFO] [stderr]    Compiling tiny-keccak v2.0.2
[INFO] [stderr]    Compiling object v0.37.3
[INFO] [stderr]     Checking self_cell v1.2.0
[INFO] [stderr]     Checking hmac-sha256 v1.1.12
[INFO] [stderr]     Checking base16ct v1.0.0
[INFO] [stderr]    Compiling precis-core v0.1.11
[INFO] [stderr]    Compiling precis-profiles v0.1.12
[INFO] [stderr]     Checking base16ct v0.2.0
[INFO] [stderr]     Checking md5 v0.7.0
[INFO] [stderr]    Compiling libm v0.2.15
[INFO] [stderr]    Compiling nested_enum_utils v0.2.2
[INFO] [stderr]    Compiling typeid v1.0.3
[INFO] [stderr]     Checking pairing v0.23.0
[INFO] [stderr]     Checking event-listener v5.4.0
[INFO] [stderr]     Checking yasna v0.5.2
[INFO] [stderr]     Checking sharded-slab v0.1.7
[INFO] [stderr]     Checking lru v0.12.5
[INFO] [stderr]     Checking pem v3.0.5
[INFO] [stderr]    Compiling iroh v0.35.0
[INFO] [stderr]    Compiling slotmap v1.0.7
[INFO] [stderr]     Checking thread_local v1.1.9
[INFO] [stderr]     Checking bitmaps v3.2.1
[INFO] [stderr]    Compiling serde_derive v1.0.228
[INFO] [stderr]    Compiling zeroize_derive v1.5.0
[INFO] [stderr]    Compiling tokio-macros v2.6.0
[INFO] [stderr]    Compiling tracing-attributes v0.1.31
[INFO] [stderr]    Compiling futures-macro v0.3.32
[INFO] [stderr]    Compiling zerofrom-derive v0.1.6
[INFO] [stderr]    Compiling displaydoc v0.2.5
[INFO] [stderr]    Compiling yoke-derive v0.8.0
[INFO] [stderr]    Compiling zerovec-derive v0.11.1
[INFO] [stderr]    Compiling thiserror-impl v2.0.18
[INFO] [stderr]    Compiling thiserror-impl v1.0.69
[INFO] [stderr]    Compiling curve25519-dalek-derive v0.1.1
[INFO] [stderr]     Checking tokio v1.50.0
[INFO] [stderr]     Checking zeroize v1.9.0
[INFO] [stderr]     Checking futures-util v0.3.32
[INFO] [stderr]    Compiling async-trait v0.1.89
[INFO] [stderr]     Checking rustls-pki-types v1.12.0
[INFO] [stderr]    Compiling pin-project-internal v1.1.13
[INFO] [stderr]     Checking webpki-roots v1.0.8
[INFO] [stderr]    Compiling der_derive v0.7.3
[INFO] [stderr]    Compiling num_enum_derive v0.7.4
[INFO] [stderr]     Checking crypto-common v0.1.6
[INFO] [stderr]     Checking block-buffer v0.10.4
[INFO] [stderr]     Checking zerofrom v0.1.6
[INFO] [stderr]     Checking inout v0.1.4
[INFO] [stderr]     Checking yoke v0.8.0
[INFO] [stderr]     Checking digest v0.10.7
[INFO] [stderr]     Checking cipher v0.4.4
[INFO] [stderr]     Checking zerovec v0.11.2
[INFO] [stderr]     Checking zerotrie v0.2.2
[INFO] [stderr]     Checking thiserror v1.0.69
[INFO] [stderr]     Checking universal-hash v0.5.1
[INFO] [stderr]     Checking aead v0.5.2
[INFO] [stderr]     Checking sha1 v0.10.6
[INFO] [stderr]    Compiling derive_more-impl v1.0.0
[INFO] [stderr]     Checking netlink-packet-utils v0.5.2
[INFO] [stderr]     Checking sha2 v0.10.9
[INFO] [stderr]    Compiling pest v2.8.1
[INFO] [stderr]    Compiling derive_more-impl v2.1.1
[INFO] [stderr]    Compiling snafu-derive v0.8.6
[INFO] [stderr]     Checking netlink-packet-core v0.7.0
[INFO] [stderr]     Checking pin-project v1.1.13
[INFO] [stderr]    Compiling spez v0.1.2
[INFO] [stderr]    Compiling n0-error-macros v1.0.0
[INFO] [stderr]     Checking der v0.7.10
[INFO] [stderr]     Checking num_enum v0.7.4
[INFO] [stderr]    Compiling asn1-rs-impl v0.2.0
[INFO] [stderr]    Compiling asn1-rs-derive v0.5.1
[INFO] [stderr]     Checking tinystr v0.8.1
[INFO] [stderr]     Checking potential_utf v0.1.2
[INFO] [stderr]     Checking icu_collections v2.0.0
[INFO] [stderr]     Checking icu_locale_core v2.0.0
[INFO] [stderr]     Checking asn1-rs v0.6.2
[INFO] [stderr]     Checking spki v0.7.3
[INFO] [stderr]     Checking hmac v0.12.1
[INFO] [stderr]     Checking der v0.8.0
[INFO] [stderr]     Checking pkcs8 v0.10.2
[INFO] [stderr]    Compiling iroh-metrics-derive v0.2.0
[INFO] [stderr]     Checking n0-error v1.0.0
[INFO] [stderr]     Checking icu_provider v2.0.0
[INFO] [stderr]    Compiling enum-as-inner v0.6.1
[INFO] [stderr]     Checking icu_properties v2.0.1
[INFO] [stderr]     Checking icu_normalizer v2.0.0
[INFO] [stderr]    Compiling pest_meta v2.8.1
[INFO] [stderr]    Compiling enumflags2_derive v0.7.12
[INFO] [stderr]     Checking futures-executor v0.3.32
[INFO] [stderr]     Checking hmac-sha1 v0.2.2
[INFO] [stderr]     Checking futures v0.3.32
[INFO] [stderr]     Checking netlink-packet-route v0.23.0
[INFO] [stderr]     Checking poly1305 v0.8.0
[INFO] [stderr]     Checking enumflags2 v0.7.12
[INFO] [stderr]     Checking salsa20 v0.10.2
[INFO] [stderr]     Checking chacha20 v0.9.1
[INFO] [stderr]    Compiling pnet_macros v0.34.0
[INFO] [stderr]     Checking snafu v0.8.6
[INFO] [stderr]    Compiling strum_macros v0.26.4
[INFO] [stderr]     Checking crypto_secretbox v0.1.1
[INFO] [stderr]     Checking spki v0.8.0
[INFO] [stderr]     Checking der-parser v9.0.0
[INFO] [stderr]     Checking pkcs8 v0.11.0
[INFO] [stderr]     Checking webpki-roots v0.26.11
[INFO] [stderr]     Checking rustls-webpki v0.102.8
[INFO] [stderr]     Checking matchers v0.2.0
[INFO] [stderr]     Checking gimli v0.32.3
[INFO] [stderr]     Checking foldhash v0.2.0
[INFO] [stderr]     Checking ipnet v2.12.0
[INFO] [stderr]     Checking idna_adapter v1.2.1
[INFO] [stderr]     Checking bitcoin_hashes v0.14.0
[INFO] [stderr]     Checking idna v1.0.3
[INFO] [stderr]     Checking serde_bytes v0.11.17
[INFO] [stderr]     Checking url v2.5.4
[INFO] [stderr]     Checking bitcoin-units v0.1.2
[INFO] [stderr]     Checking serde_bencode v0.2.4
[INFO] [stderr]     Checking serde_urlencoded v0.7.1
[INFO] [stderr]     Checking derive_more v1.0.0
[INFO] [stderr]     Checking ed25519 v2.2.3
[INFO] [stderr]     Checking postcard v1.1.1
[INFO] [stderr]    Compiling pest_generator v2.8.1
[INFO] [stderr]     Checking netdev v0.31.0
[INFO] [stderr]     Checking jsonrpsee-types v0.24.9
[INFO] [stderr]     Checking pnet_packet v0.34.0
[INFO] [stderr]     Checking secp256k1 v0.29.1
[INFO] [stderr]     Checking base58ck v0.1.0
[INFO] [stderr]     Checking once_cell v1.21.3
[INFO] [stderr]     Checking attohttpc v0.24.1
[INFO] [stderr]     Checking hex v0.4.3
[INFO] [stderr]     Checking tokio-util v0.7.18
[INFO] [stderr]     Checking tracing-core v0.1.36
[INFO] [stderr]     Checking netlink-sys v0.8.8
[INFO] [stderr]     Checking async-compat v0.2.4
[INFO] [stderr]     Checking ed25519-dalek v2.2.0
[INFO] [stderr]     Checking netlink-proto v0.11.5
[INFO] [stderr]     Checking tracing v0.1.44
[INFO] [stderr]     Checking ntimestamp v1.0.0
[INFO] [stderr]     Checking backon v1.5.1
[INFO] [stderr]    Compiling pest_derive v2.8.1
[INFO] [stderr]     Checking tower v0.5.2
[INFO] [stderr]     Checking mainline v5.4.0
[INFO] [stderr]     Checking iroh-metrics v0.34.0
[INFO] [stderr]     Checking quoted-string-parser v0.1.0
[INFO] [stderr]     Checking derive_more v2.1.1
[INFO] [stderr]     Checking hickory-proto v0.25.2
[INFO] [stderr]     Checking iroh-base v0.35.0
[INFO] [stderr]     Checking tracing-log v0.2.0
[INFO] [stderr]     Checking serdect v0.2.0
[INFO] [stderr]     Checking h2 v0.4.17
[INFO] [stderr]     Checking tokio-stream v0.1.18
[INFO] [stderr]     Checking serdect v0.4.3
[INFO] [stderr]     Checking stun-rs v0.1.11
[INFO] [stderr]     Checking nu-ansi-term v0.50.1
[INFO] [stderr]     Checking signature v3.0.0
[INFO] [stderr]     Checking z32 v1.3.0
[INFO] [stderr]     Checking tracing-subscriber v0.3.23
[INFO] [stderr]     Checking ed25519 v3.0.0
[INFO] [stderr]     Checking tower-http v0.6.8
[INFO] [stderr]     Checking jsonrpsee-core v0.24.9
[INFO] [stderr]     Checking miniz_oxide v0.8.9
[INFO] [stderr]     Checking crypto_box v0.9.1
[INFO] [stderr]     Checking strum v0.26.3
[INFO] [stderr]     Checking x509-parser v0.16.0
[INFO] [stderr]     Checking prefix-trie v0.8.4
[INFO] [stderr]     Checking addr2line v0.25.1
[INFO] [stderr]     Checking polyval v0.6.2
[INFO] [stderr]     Checking rcgen v0.13.2
[INFO] [stderr]     Checking bls12_381 v0.8.0
[INFO] [stderr]     Checking surge-ping v0.8.2
[INFO] [stderr]     Checking imbl-sized-chunks v0.1.3
[INFO] [stderr]    Compiling strum_macros v0.27.1
[INFO] [stderr]     Checking event-listener-strategy v0.5.4
[INFO] [stderr]     Checking sha2 v0.11.0
[INFO] [stderr]    Compiling itertools v0.14.0
[INFO] [stderr]     Checking rand_xoshiro v0.7.0
[INFO] [stderr]     Checking possiblyrandom v0.2.0
[INFO] [stderr]     Checking netlink-packet-core v0.8.1
[INFO] [stderr]    Compiling macro_rules_attribute-proc_macro v0.2.2
[INFO] [stderr]     Checking hex_fmt v0.3.0
[INFO] [stderr]     Checking rustc-demangle v0.1.25
[INFO] [stderr]     Checking dnssec-prover v0.6.7
[INFO] [stderr]     Checking archery v1.2.1
[INFO] [stderr]     Checking hashbrown v0.13.2
[INFO] [stderr]     Checking ed25519-dalek v3.0.0-rc.0
[INFO] [stderr]     Checking fedimint-logging v0.12.0
[INFO] [stderr]     Checking imbl v5.0.0
[INFO] [stderr]     Checking macro_rules_attribute v0.2.2
[INFO] [stderr]     Checking fedimint-threshold-crypto v0.2.1
[INFO] [stderr]     Checking async-channel v2.5.0
[INFO] [stderr]     Checking erased-serde v0.4.6
[INFO] [stderr]     Checking hickory-proto v0.26.1
[INFO] [stderr]     Checking ghash v0.5.1
[INFO] [stderr]    Compiling data-encoding-macro-internal v0.1.18
[INFO] [stderr]     Checking ctr v0.9.2
[INFO] [stderr]     Checking aes v0.8.4
[INFO] [stderr]    Compiling async-recursion v1.1.1
[INFO] [stderr]     Checking hickory-resolver v0.25.2
[INFO] [stderr]     Checking fedimint-util-error v0.12.0
[INFO] [stderr]     Checking hex-conservative v1.0.1
[INFO] [stderr]     Checking openssl-probe v0.2.1
[INFO] [stderr]    Compiling netdev v0.45.0
[INFO] [stderr]     Checking data-encoding-macro v0.1.20
[INFO] [stderr]     Checking rustls-native-certs v0.8.3
[INFO] [stderr]     Checking netlink-packet-route v0.31.0
[INFO] [stderr]     Checking hashbrown v0.17.1
[INFO] [stderr]    Compiling strum_macros v0.28.0
[INFO] [stderr]    Compiling enum-assoc v1.3.0
[INFO] [stderr]    Compiling iroh-metrics-derive v1.0.1
[INFO] [stderr]    Compiling fedimint-derive v0.12.0
[INFO] [stderr]     Checking aes-gcm v0.10.3
[INFO] [stderr]    Compiling blake3 v1.8.4
[INFO] [stderr]     Checking rand_pcg v0.10.2
[INFO] [stderr]    Compiling netwatch v0.19.1
[INFO] [stderr]    Compiling iroh-dns v1.0.3
[INFO] [stderr]    Compiling noq v1.1.0
[INFO] [stderr]    Compiling protobuf v3.7.2
[INFO] [stderr]     Checking lightning-types v0.2.0
[INFO] [stderr]     Checking strum v0.27.1
[INFO] [stderr]     Checking miniscript v12.3.4
[INFO] [stderr]     Checking mac-addr v0.3.0
[INFO] [stderr]     Checking sorted-index-buffer v0.2.1
[INFO] [stderr]     Checking identity-hash v0.1.0
[INFO] [stderr]     Checking lru-slab v0.1.2
[INFO] [stderr]     Checking iroh-metrics v1.0.1
[INFO] [stderr]     Checking lru v0.18.0
[INFO] [stderr]     Checking iroh-base v1.0.3
[INFO] [stderr]     Checking netlink-proto v0.12.0
[INFO] [stderr]     Checking n0-watcher v1.0.0
[INFO] [stderr]     Checking attohttpc v0.30.1
[INFO] [stderr]     Checking protobuf-support v3.7.2
[INFO] [stderr]     Checking arc-swap v1.9.1
[INFO] [stderr]     Checking simple-dns v0.11.3
[INFO] [stderr]    Compiling iroh-relay v1.0.3
[INFO] [stderr]     Checking lightning-invoice v0.33.2
[INFO] [stderr]    Compiling prometheus v0.14.0
[INFO] [stderr]     Checking arrayref v0.3.9
[INFO] [stderr]     Checking constant_time_eq v0.4.2
[INFO] [stderr]     Checking axum-core v0.5.5
[INFO] [stderr]     Checking hyper v1.9.0
[INFO] [stderr]     Checking serde_path_to_error v0.1.17
[INFO] [stderr]     Checking seize v0.5.1
[INFO] [stderr]    Compiling iroh v1.0.3
[INFO] [stderr]     Checking matchit v0.8.4
[INFO] [stderr]     Checking lightning v0.1.4
[INFO] [stderr]     Checking cmov v0.5.4
[INFO] [stderr]     Checking papaya v0.2.4
[INFO] [stderr]     Checking ctutils v0.4.2
[INFO] [stderr]     Checking soketto v0.8.1
[INFO] [stderr]     Checking backtrace v0.3.76
[INFO] [stderr]    Compiling aws-lc-sys v0.41.0
[INFO] [stderr]    Compiling proc-macro-error-attr v1.0.4
[INFO] [stderr]     Checking n0-mainline v0.5.0
[INFO] [stderr]    Compiling proc-macro-error v1.0.4
[INFO] [stderr]     Checking hashbrown v0.16.1
[INFO] [stderr]    Compiling include_dir_macros v0.7.4
[INFO] [stderr]     Checking fedimint-hkdf v0.12.0
[INFO] [stderr]    Compiling async-stream-impl v0.3.6
[INFO] [stderr]    Compiling itertools v0.10.5
[INFO] [stderr]     Checking strum v0.28.0
[INFO] [stderr]    Compiling include_dir v0.7.4
[INFO] [stderr]     Checking async-stream v0.3.6
[INFO] [stderr]     Checking lru v0.16.3
[INFO] [stderr]     Checking hyper-util v0.1.14
[INFO] [stderr]    Compiling aquamarine v0.5.0
[INFO] [stderr]     Checking igd-next v0.16.1
[INFO] [stderr]     Checking igd-next v0.17.0
[INFO] [stderr]     Checking axum v0.8.9
[INFO] [stderr]     Checking portmapper v0.5.0
[INFO] [stderr]    Compiling fedimint-build v0.12.0
[INFO] [stderr]    Compiling fedimint-client-module v0.12.0
[INFO] [stderr]     Checking portmapper v0.19.1
[INFO] [stderr]     Checking rustls-webpki v0.103.13
[INFO] [stderr]     Checking tokio-rustls v0.26.4
[INFO] [stderr]     Checking iroh-quinn-proto v0.13.0
[INFO] [stderr]     Checking rustls-platform-verifier v0.6.2
[INFO] [stderr]     Checking noq-proto v1.1.0
[INFO] [stderr]     Checking hyper-rustls v0.27.7
[INFO] [stderr]     Checking tokio-websockets v0.11.4
[INFO] [stderr]     Checking hickory-net v0.26.1
[INFO] [stderr]     Checking tokio-websockets v0.13.2
[INFO] [stderr]     Checking jsonrpsee-client-transport v0.24.9
[INFO] [stderr]     Checking reqwest v0.12.28
[INFO] [stderr]     Checking reqwest v0.13.1
[INFO] [stderr]     Checking jsonrpsee-ws-client v0.24.9
[INFO] [stderr]     Checking esplora-client v0.12.3
[INFO] [stderr] error: could not compile `lightning` (lib)
[INFO] [stderr] 
[INFO] [stderr] Caused by:
[INFO] [stderr]   process didn't exit successfully: `/opt/rustwide/rustup-home/toolchains/3154cc1a3e6424e44f438a95007d043ed5ceaaf6/bin/rustc --crate-name lightning --edition=2021 /opt/rustwide/cargo-home/registry/src/index.crates.io-1949cf8c6b5b557f/lightning-0.1.4/src/lib.rs --error-format=json --json=diagnostic-rendered-ansi,artifacts,future-incompat,unused-externs-silent --crate-type lib --emit=dep-info,metadata -C embed-bitcode=no -C debuginfo=2 --cfg 'feature="default"' --cfg 'feature="grind_signatures"' --cfg 'feature="std"' --check-cfg 'cfg(docsrs,test)' --check-cfg 'cfg(feature, values("_test_utils", "backtrace", "criterion", "default", "dnssec", "grind_signatures", "regex", "std", "unsafe_revoked_tx_signing"))' -C metadata=a730e43ceb0af5d8 -C extra-filename=-e0d4d03abcc8d8de --out-dir /opt/rustwide/target/debug/build/lightning/e0d4d03abcc8d8de/out -L dependency=/opt/rustwide/target/debug/build/arrayvec/95e2f129589424ce/out -L dependency=/opt/rustwide/target/debug/build/base58ck/93137e6e3d4e5dd4/out -L dependency=/opt/rustwide/target/debug/build/bech32/628e42573f9d6bbf/out -L dependency=/opt/rustwide/target/debug/build/bitcoin-internals/b74c9d62fd8cf59a/out -L dependency=/opt/rustwide/target/debug/build/bitcoin-io/f8cdd589ca818f14/out -L dependency=/opt/rustwide/target/debug/build/bitcoin-units/dbb3763bb5068867/out -L dependency=/opt/rustwide/target/debug/build/bitcoin/c0f7ac162e0e7710/out -L dependency=/opt/rustwide/target/debug/build/bitcoin_hashes/81af26f29fafbe30/out -L dependency=/opt/rustwide/target/debug/build/cfg-if/97566ef4c1407e22/out -L dependency=/opt/rustwide/target/debug/build/getrandom/4bc365f209075ca9/out -L dependency=/opt/rustwide/target/debug/build/hex-conservative/30abe93c4aae9aa7/out -L dependency=/opt/rustwide/target/debug/build/hex_lit/81a16ad837b98db2/out -L dependency=/opt/rustwide/target/debug/build/libc/768e003cab86f49a/out -L dependency=/opt/rustwide/target/debug/build/lightning-types/62567083b6b25953/out -L dependency=/opt/rustwide/target/debug/build/ppv-lite86/eada6b55163d407d/out -L dependency=/opt/rustwide/target/debug/build/rand/2dcbdaf252a78f08/out -L dependency=/opt/rustwide/target/debug/build/rand_chacha/8c69bbe3693ed7d9/out -L dependency=/opt/rustwide/target/debug/build/rand_core/21b475698d8cf543/out -L dependency=/opt/rustwide/target/debug/build/secp256k1-sys/b91889348a6f4714/out -L dependency=/opt/rustwide/target/debug/build/secp256k1/bc7a222e5a8f0b8c/out -L dependency=/opt/rustwide/target/debug/build/serde/adb0e29740f09194/out -L dependency=/opt/rustwide/target/debug/build/serde_core/6e1907735d488b51/out -L dependency=/opt/rustwide/target/debug/build/serde_derive/a8647c3cb326805d/out -L dependency=/opt/rustwide/target/debug/build/zerocopy/ac087877efdde750/out --extern bech32=/opt/rustwide/target/debug/build/bech32/628e42573f9d6bbf/out/libbech32-628e42573f9d6bbf.rmeta --extern bitcoin=/opt/rustwide/target/debug/build/bitcoin/c0f7ac162e0e7710/out/libbitcoin-c0f7ac162e0e7710.rmeta --extern dnssec_prover=/opt/rustwide/target/debug/build/dnssec-prover/34b75f4928fac08d/out/libdnssec_prover-34b75f4928fac08d.rmeta --extern hashbrown=/opt/rustwide/target/debug/build/hashbrown/133300c3d87a61e6/out/libhashbrown-133300c3d87a61e6.rmeta --extern libm=/opt/rustwide/target/debug/build/libm/ebbe50b952ea1cc0/out/liblibm-ebbe50b952ea1cc0.rmeta --extern lightning_invoice=/opt/rustwide/target/debug/build/lightning-invoice/3ddc5f5bc4503e1a/out/liblightning_invoice-3ddc5f5bc4503e1a.rmeta --extern lightning_types=/opt/rustwide/target/debug/build/lightning-types/62567083b6b25953/out/liblightning_types-62567083b6b25953.rmeta --extern possiblyrandom=/opt/rustwide/target/debug/build/possiblyrandom/7ebd78f03493c8cd/out/libpossiblyrandom-7ebd78f03493c8cd.rmeta --cap-lints allow --cap-lints=forbid -Znext-solver=coherence --force-warn=unused_crate_dependencies -L native=/opt/rustwide/target/debug/build/secp256k1-sys/c37cff0abac0bb78/out` (signal: 9, SIGKILL: kill)
[INFO] [stderr] warning: build failed, waiting for other jobs to finish...
[INFO] [stderr] error: could not compile `noq-proto` (lib)
[INFO] [stderr] 
[INFO] [stderr] Caused by:
[INFO] [stderr]   process didn't exit successfully: `/opt/rustwide/rustup-home/toolchains/3154cc1a3e6424e44f438a95007d043ed5ceaaf6/bin/rustc --crate-name noq_proto --edition=2024 /opt/rustwide/cargo-home/registry/src/index.crates.io-1949cf8c6b5b557f/noq-proto-1.1.0/src/lib.rs --error-format=json --json=diagnostic-rendered-ansi,artifacts,future-incompat,unused-externs-silent --crate-type lib --emit=dep-info,metadata -C embed-bitcode=no -C debuginfo=2 --cfg 'feature="ring"' --cfg 'feature="rustls"' --check-cfg 'cfg(docsrs,test)' --check-cfg 'cfg(feature, values("__all_without_fips", "__rustls-post-quantum-test", "arbitrary", "aws-lc-rs", "aws-lc-rs-fips", "bench", "bloom", "default", "platform-verifier", "qlog", "ring", "rustls", "rustls-aws-lc-rs", "rustls-log", "rustls-ring", "tracing-log"))' -C metadata=20a7bf002c5600a6 -C extra-filename=-2b613f5046c80e1a --out-dir /opt/rustwide/target/debug/build/noq-proto/2b613f5046c80e1a/out -L dependency=/opt/rustwide/target/debug/build/aead/efa1c4056c802a4c/out -L dependency=/opt/rustwide/target/debug/build/aes/7fbf6045c9ad954d/out -L dependency=/opt/rustwide/target/debug/build/aws-lc-rs/dc3b24ceda74fb49/out -L dependency=/opt/rustwide/target/debug/build/aws-lc-sys/3789379199500dbf/out -L dependency=/opt/rustwide/target/debug/build/bytes/3aadfa1b17fcccf1/out -L dependency=/opt/rustwide/target/debug/build/cfg-if/97566ef4c1407e22/out -L dependency=/opt/rustwide/target/debug/build/chacha20/6cd60e51504ce81e/out -L dependency=/opt/rustwide/target/debug/build/cipher/25dda2a6ffde3b58/out -L dependency=/opt/rustwide/target/debug/build/cpufeatures/1dc4fc21797f1e07/out -L dependency=/opt/rustwide/target/debug/build/cpufeatures/d69d304f9ccab94d/out -L dependency=/opt/rustwide/target/debug/build/critical-section/eccb42b79f92499e/out -L dependency=/opt/rustwide/target/debug/build/crypto-common/702b858b7b3cc721/out -L dependency=/opt/rustwide/target/debug/build/ctr/e903abb66985877a/out -L dependency=/opt/rustwide/target/debug/build/derive_more-impl/e1b3499b55c67e16/out -L dependency=/opt/rustwide/target/debug/build/generic-array/258acf5e7e37eabe/out -L dependency=/opt/rustwide/target/debug/build/getrandom/0d4d4990d5267f96/out -L dependency=/opt/rustwide/target/debug/build/getrandom/4bc365f209075ca9/out -L dependency=/opt/rustwide/target/debug/build/ghash/d38755f9b9394416/out -L dependency=/opt/rustwide/target/debug/build/inout/f564b93e3ababa6c/out -L dependency=/opt/rustwide/target/debug/build/libc/768e003cab86f49a/out -L dependency=/opt/rustwide/target/debug/build/log/626edcd732fe224d/out -L dependency=/opt/rustwide/target/debug/build/once_cell/b67ec5bb1b488f06/out -L dependency=/opt/rustwide/target/debug/build/opaque-debug/eb419a8313c052e0/out -L dependency=/opt/rustwide/target/debug/build/pin-project-lite/1b81da4f494a9bc3/out -L dependency=/opt/rustwide/target/debug/build/polyval/d644a4963620bfed/out -L dependency=/opt/rustwide/target/debug/build/portable-atomic/2286df68729b9549/out -L dependency=/opt/rustwide/target/debug/build/rand_core/21b475698d8cf543/out -L dependency=/opt/rustwide/target/debug/build/rand_core/790bef9d05f5e688/out -L dependency=/opt/rustwide/target/debug/build/ring/d15ec4343e0b70f6/out -L dependency=/opt/rustwide/target/debug/build/rustls-pki-types/89048a067a057af3/out -L dependency=/opt/rustwide/target/debug/build/rustls-webpki/736b374898ca0e29/out -L dependency=/opt/rustwide/target/debug/build/serde/adb0e29740f09194/out -L dependency=/opt/rustwide/target/debug/build/serde_core/6e1907735d488b51/out -L dependency=/opt/rustwide/target/debug/build/serde_derive/a8647c3cb326805d/out -L dependency=/opt/rustwide/target/debug/build/subtle/f9befcc2f633f476/out -L dependency=/opt/rustwide/target/debug/build/thiserror-impl/a3744aab1bb87f88/out -L dependency=/opt/rustwide/target/debug/build/tinyvec_macros/124a72ced85adfc8/out -L dependency=/opt/rustwide/target/debug/build/tracing-attributes/ec0943c727f2b051/out -L dependency=/opt/rustwide/target/debug/build/tracing-core/58d308e7e73f171f/out -L dependency=/opt/rustwide/target/debug/build/typenum/5c5f489924537006/out -L dependency=/opt/rustwide/target/debug/build/universal-hash/2333cea2a0c6c289/out -L dependency=/opt/rustwide/target/debug/build/untrusted/6fab01473f7c0eb0/out -L dependency=/opt/rustwide/target/debug/build/zeroize/95370854d4b3c57e/out -L dependency=/opt/rustwide/target/debug/build/zeroize_derive/ef7de6beb0595c32/out --extern aes_gcm=/opt/rustwide/target/debug/build/aes-gcm/4d29a060094aa1be/out/libaes_gcm-4d29a060094aa1be.rmeta --extern bytes=/opt/rustwide/target/debug/build/bytes/3aadfa1b17fcccf1/out/libbytes-3aadfa1b17fcccf1.rmeta --extern derive_more=/opt/rustwide/target/debug/build/derive_more/b277f22b26dcc1eb/out/libderive_more-b277f22b26dcc1eb.rmeta --extern enum_assoc=/opt/rustwide/target/debug/build/enum-assoc/6846f0fb3544f6b2/out/libenum_assoc-6846f0fb3544f6b2.so --extern identity_hash=/opt/rustwide/target/debug/build/identity-hash/166f8d19971fcf10/out/libidentity_hash-166f8d19971fcf10.rmeta --extern lru_slab=/opt/rustwide/target/debug/build/lru-slab/c9845ce8df9d7473/out/liblru_slab-c9845ce8df9d7473.rmeta --extern rand=/opt/rustwide/target/debug/build/rand/03be4b12e3c9e6b6/out/librand-03be4b12e3c9e6b6.rmeta --extern rand_pcg=/opt/rustwide/target/debug/build/rand_pcg/ebd206e47316bef2/out/librand_pcg-ebd206e47316bef2.rmeta --extern ring=/opt/rustwide/target/debug/build/ring/d15ec4343e0b70f6/out/libring-d15ec4343e0b70f6.rmeta --extern rustc_hash=/opt/rustwide/target/debug/build/rustc-hash/ed73b79c6871c314/out/librustc_hash-ed73b79c6871c314.rmeta --extern rustls=/opt/rustwide/target/debug/build/rustls/f4963a10b15dce10/out/librustls-f4963a10b15dce10.rmeta --extern slab=/opt/rustwide/target/debug/build/slab/5b4561caabd64ab3/out/libslab-5b4561caabd64ab3.rmeta --extern sorted_index_buffer=/opt/rustwide/target/debug/build/sorted-index-buffer/9cdfdcd8e206c62a/out/libsorted_index_buffer-9cdfdcd8e206c62a.rmeta --extern thiserror=/opt/rustwide/target/debug/build/thiserror/3e37013f77614b81/out/libthiserror-3e37013f77614b81.rmeta --extern tinyvec=/opt/rustwide/target/debug/build/tinyvec/0373cb4718d6fde3/out/libtinyvec-0373cb4718d6fde3.rmeta --extern tracing=/opt/rustwide/target/debug/build/tracing/6bbe8074084ddebe/out/libtracing-6bbe8074084ddebe.rmeta --cap-lints allow --cap-lints=forbid -Znext-solver=coherence --force-warn=unused_crate_dependencies -L native=/opt/rustwide/target/debug/build/ring/02d1f5d46985fdea/out -L native=/opt/rustwide/target/debug/build/aws-lc-sys/7967bc680a4304df/out` (signal: 9, SIGKILL: kill)
[INFO] [stderr] warning: aws-lc-sys@0.41.0: Building with: CMake
[INFO] [stderr] warning: aws-lc-sys@0.41.0: Symbol Prefix: Some("aws_lc_0_41_0")
[INFO] [stderr] warning: aws-lc-sys@0.41.0: Environment Variable found 'CMAKE': 'cmake'
[INFO] [stderr] warning: aws-lc-sys@0.41.0: CMAKE environment variable set: cmake
[INFO] [stderr] warning: aws-lc-sys@0.41.0: Target platform: 'x86_64-unknown-linux-gnu'
[INFO] [stderr] warning: aws-lc-sys@0.41.0: ######
[INFO] [stderr] warning: aws-lc-sys@0.41.0: If bindgen is unable to locate a header file, use the BINDGEN_EXTRA_CLANG_ARGS environment variable to specify additional include paths.
[INFO] [stderr] warning: aws-lc-sys@0.41.0: See: https://github.com/rust-lang/rust-bindgen?tab=readme-ov-file#environment-variables
[INFO] [stderr] warning: aws-lc-sys@0.41.0: ######
[INFO] [stderr] warning: aws-lc-sys@0.41.0: Clang version: Ubuntu clang version 21.1.8 (6ubuntu1)
[INFO] [stderr] warning: aws-lc-sys@0.41.0: Generating bindings - internal bindgen. Platform: x86_64-unknown-linux-gnu
[INFO] [stderr] warning: aws-lc-sys@0.41.0: Emitting configuration: cargo:rustc-cfg=use_bindgen_pregenerated
[INFO] [stderr] warning: aws-lc-sys@0.41.0: Compilation of 'c11.c' succeeded - Ok(["/opt/rustwide/target/debug/build/aws-lc-sys/dc79409e71865f6e/out/out-c11/7dfda64fdf5a526c-c11.o"]).
[INFO] [stderr] error: failed to run custom build command for `aws-lc-sys v0.41.0`
[INFO] [stderr] note: To improve backtraces for build dependencies, set the CARGO_PROFILE_DEV_BUILD_OVERRIDE_DEBUG=true environment variable to enable debug information generation.
[INFO] [stderr] 
[INFO] [stderr] Caused by:
[INFO] [stderr]   process didn't exit successfully: `/opt/rustwide/target/debug/build/aws-lc-sys/fa730b5442aa25b0/out/build_script_main` (exit status: 101)
[INFO] [stderr]   --- stdout
[INFO] [stderr]   cargo:rerun-if-env-changed=AWS_LC_SYS_NO_PREFIX_x86_64_unknown_linux_gnu
[INFO] [stderr]   cargo:rerun-if-env-changed=AWS_LC_SYS_NO_PREFIX
[INFO] [stderr]   cargo:rerun-if-env-changed=AWS_LC_SYS_PREGENERATING_BINDINGS_x86_64_unknown_linux_gnu
[INFO] [stderr]   cargo:rerun-if-env-changed=AWS_LC_SYS_PREGENERATING_BINDINGS
[INFO] [stderr]   cargo:rerun-if-env-changed=AWS_LC_SYS_EXTERNAL_BINDGEN_x86_64_unknown_linux_gnu
[INFO] [stderr]   cargo:rerun-if-env-changed=AWS_LC_SYS_EXTERNAL_BINDGEN
[INFO] [stderr]   cargo:rerun-if-env-changed=AWS_LC_SYS_NO_ASM_x86_64_unknown_linux_gnu
[INFO] [stderr]   cargo:rerun-if-env-changed=AWS_LC_SYS_NO_ASM
[INFO] [stderr]   cargo:rerun-if-env-changed=AWS_LC_SYS_PREBUILT_NASM_x86_64_unknown_linux_gnu
[INFO] [stderr]   cargo:rerun-if-env-changed=AWS_LC_SYS_PREBUILT_NASM
[INFO] [stderr]   cargo:rerun-if-env-changed=AWS_LC_SYS_C_STD_x86_64_unknown_linux_gnu
[INFO] [stderr]   cargo:rerun-if-env-changed=AWS_LC_SYS_C_STD
[INFO] [stderr]   cargo:rerun-if-env-changed=AWS_LC_SYS_CMAKE_BUILDER_x86_64_unknown_linux_gnu
[INFO] [stderr]   cargo:rerun-if-env-changed=AWS_LC_SYS_CMAKE_BUILDER
[INFO] [stderr]   cargo:rerun-if-env-changed=AWS_LC_SYS_NO_PREGENERATED_SRC_x86_64_unknown_linux_gnu
[INFO] [stderr]   cargo:rerun-if-env-changed=AWS_LC_SYS_NO_PREGENERATED_SRC
[INFO] [stderr]   cargo:rerun-if-env-changed=AWS_LC_SYS_EFFECTIVE_TARGET_x86_64_unknown_linux_gnu
[INFO] [stderr]   cargo:rerun-if-env-changed=AWS_LC_SYS_EFFECTIVE_TARGET
[INFO] [stderr]   cargo:rerun-if-env-changed=AWS_LC_SYS_NO_JITTER_ENTROPY_x86_64_unknown_linux_gnu
[INFO] [stderr]   cargo:rerun-if-env-changed=AWS_LC_SYS_NO_JITTER_ENTROPY
[INFO] [stderr]   cargo:rerun-if-env-changed=AWS_LC_SYS_NO_U1_BINDINGS_x86_64_unknown_linux_gnu
[INFO] [stderr]   cargo:rerun-if-env-changed=AWS_LC_SYS_NO_U1_BINDINGS
[INFO] [stderr]   cargo:rerun-if-env-changed=AWS_LC_SYS_INCLUDES_x86_64_unknown_linux_gnu
[INFO] [stderr]   cargo:rerun-if-env-changed=AWS_LC_SYS_INCLUDES
[INFO] [stderr]   cargo:rerun-if-env-changed=AWS_LC_SYS_SANITIZER_x86_64_unknown_linux_gnu
[INFO] [stderr]   cargo:rerun-if-env-changed=AWS_LC_SYS_SANITIZER
[INFO] [stderr]   cargo:rerun-if-env-changed=AWS_LC_SYS_STATIC_x86_64_unknown_linux_gnu
[INFO] [stderr]   cargo:rerun-if-env-changed=AWS_LC_SYS_STATIC
[INFO] [stderr]   cargo:rerun-if-env-changed=AWS_LC_SYS_CMAKE_x86_64_unknown_linux_gnu
[INFO] [stderr]   cargo:rerun-if-env-changed=AWS_LC_SYS_CMAKE
[INFO] [stderr]   cargo:rerun-if-env-changed=CMAKE_x86_64_unknown_linux_gnu
[INFO] [stderr]   cargo:rerun-if-env-changed=CMAKE
[INFO] [stderr]   cargo:warning=Building with: CMake
[INFO] [stderr]   cargo:warning=Symbol Prefix: Some("aws_lc_0_41_0")
[INFO] [stderr]   cargo:rerun-if-env-changed=AWS_LC_SYS_CMAKE_x86_64_unknown_linux_gnu
[INFO] [stderr]   cargo:rerun-if-env-changed=AWS_LC_SYS_CMAKE
[INFO] [stderr]   cargo:rerun-if-env-changed=CMAKE_x86_64_unknown_linux_gnu
[INFO] [stderr]   cargo:rerun-if-env-changed=CMAKE
[INFO] [stderr]   cargo:warning=Environment Variable found 'CMAKE': 'cmake'
[INFO] [stderr]   cargo:warning=CMAKE environment variable set: cmake
[INFO] [stderr]   cargo:warning=Target platform: 'x86_64-unknown-linux-gnu'
[INFO] [stderr]   cargo:warning=######
[INFO] [stderr]   cargo:warning=If bindgen is unable to locate a header file, use the BINDGEN_EXTRA_CLANG_ARGS environment variable to specify additional include paths.
[INFO] [stderr]   cargo:warning=See: https://github.com/rust-lang/rust-bindgen?tab=readme-ov-file#environment-variables
[INFO] [stderr]   cargo:warning=######
[INFO] [stderr]   cargo:warning=Clang version: Ubuntu clang version 21.1.8 (6ubuntu1)
[INFO] [stderr]   cargo:warning=Generating bindings - internal bindgen. Platform: x86_64-unknown-linux-gnu
[INFO] [stderr]   cargo:warning=Emitting configuration: cargo:rustc-cfg=use_bindgen_pregenerated
[INFO] [stderr]   cargo:rustc-cfg=use_bindgen_pregenerated
[INFO] [stderr]   cargo:rerun-if-env-changed=AWS_LC_SYS_CMAKE_GENERATOR_x86_64_unknown_linux_gnu
[INFO] [stderr]   cargo:rerun-if-env-changed=AWS_LC_SYS_CMAKE_GENERATOR
[INFO] [stderr]   cargo:rerun-if-env-changed=CMAKE_GENERATOR_x86_64_unknown_linux_gnu
[INFO] [stderr]   cargo:rerun-if-env-changed=CMAKE_GENERATOR
[INFO] [stderr]   cargo:rerun-if-env-changed=AWS_LC_SYS_STATIC_x86_64_unknown_linux_gnu
[INFO] [stderr]   cargo:rerun-if-env-changed=AWS_LC_SYS_STATIC
[INFO] [stderr]   cargo:rerun-if-env-changed=AWS_LC_SYS_TARGET_CFLAGS_x86_64_unknown_linux_gnu
[INFO] [stderr]   cargo:rerun-if-env-changed=AWS_LC_SYS_TARGET_CFLAGS
[INFO] [stderr]   cargo:rerun-if-env-changed=TARGET_CFLAGS_x86_64_unknown_linux_gnu
[INFO] [stderr]   cargo:rerun-if-env-changed=TARGET_CFLAGS
[INFO] [stderr]   cargo:rerun-if-env-changed=AWS_LC_SYS_CFLAGS_x86_64_unknown_linux_gnu
[INFO] [stderr]   cargo:rerun-if-env-changed=AWS_LC_SYS_CFLAGS
[INFO] [stderr]   cargo:rerun-if-env-changed=CFLAGS_x86_64_unknown_linux_gnu
[INFO] [stderr]   cargo:rerun-if-env-changed=CFLAGS
[INFO] [stderr]   cargo:rerun-if-env-changed=AWS_LC_SYS_TARGET_CFLAGS_x86_64_unknown_linux_gnu
[INFO] [stderr]   cargo:rerun-if-env-changed=AWS_LC_SYS_TARGET_CFLAGS
[INFO] [stderr]   cargo:rerun-if-env-changed=TARGET_CFLAGS_x86_64_unknown_linux_gnu
[INFO] [stderr]   cargo:rerun-if-env-changed=TARGET_CFLAGS
[INFO] [stderr]   cargo:rerun-if-env-changed=AWS_LC_SYS_CFLAGS_x86_64_unknown_linux_gnu
[INFO] [stderr]   cargo:rerun-if-env-changed=AWS_LC_SYS_CFLAGS
[INFO] [stderr]   cargo:rerun-if-env-changed=CFLAGS_x86_64_unknown_linux_gnu
[INFO] [stderr]   cargo:rerun-if-env-changed=CFLAGS
[INFO] [stderr]   cargo:rerun-if-env-changed=AWS_LC_SYS_CMAKE_TOOLCHAIN_FILE_x86_64_unknown_linux_gnu
[INFO] [stderr]   cargo:rerun-if-env-changed=AWS_LC_SYS_CMAKE_TOOLCHAIN_FILE
[INFO] [stderr]   cargo:rerun-if-env-changed=CMAKE_TOOLCHAIN_FILE_x86_64_unknown_linux_gnu
[INFO] [stderr]   cargo:rerun-if-env-changed=CMAKE_TOOLCHAIN_FILE
[INFO] [stderr]   OPT_LEVEL = Some(0)
[INFO] [stderr]   OUT_DIR = Some(/opt/rustwide/target/debug/build/aws-lc-sys/dc79409e71865f6e/out)
[INFO] [stderr]   TARGET = Some(x86_64-unknown-linux-gnu)
[INFO] [stderr]   HOST = Some(x86_64-unknown-linux-gnu)
[INFO] [stderr]   cargo:rerun-if-env-changed=CC_x86_64-unknown-linux-gnu
[INFO] [stderr]   CC_x86_64-unknown-linux-gnu = None
[INFO] [stderr]   cargo:rerun-if-env-changed=CC_x86_64_unknown_linux_gnu
[INFO] [stderr]   CC_x86_64_unknown_linux_gnu = None
[INFO] [stderr]   cargo:rerun-if-env-changed=HOST_CC
[INFO] [stderr]   HOST_CC = None
[INFO] [stderr]   cargo:rerun-if-env-changed=CC
[INFO] [stderr]   CC = None
[INFO] [stderr]   cargo:rerun-if-env-changed=CC_ENABLE_DEBUG_OUTPUT
[INFO] [stderr]   RUSTC_WRAPPER = None
[INFO] [stderr]   cargo:rerun-if-env-changed=CRATE_CC_NO_DEFAULTS
[INFO] [stderr]   CRATE_CC_NO_DEFAULTS = None
[INFO] [stderr]   DEBUG = Some(true)
[INFO] [stderr]   CARGO_CFG_TARGET_FEATURE = Some(fxsr,sse,sse2,x87)
[INFO] [stderr]   cargo:rerun-if-env-changed=CFLAGS
[INFO] [stderr]   CFLAGS = None
[INFO] [stderr]   cargo:rerun-if-env-changed=HOST_CFLAGS
[INFO] [stderr]   HOST_CFLAGS = None
[INFO] [stderr]   cargo:rerun-if-env-changed=CFLAGS_x86_64_unknown_linux_gnu
[INFO] [stderr]   CFLAGS_x86_64_unknown_linux_gnu = None
[INFO] [stderr]   cargo:rerun-if-env-changed=CFLAGS_x86_64-unknown-linux-gnu
[INFO] [stderr]   CFLAGS_x86_64-unknown-linux-gnu = None
[INFO] [stderr]   CARGO_ENCODED_RUSTFLAGS = Some(--cap-lints=forbid-Znext-solver=coherence)
[INFO] [stderr]   OPT_LEVEL = Some(0)
[INFO] [stderr]   TARGET = Some(x86_64-unknown-linux-gnu)
[INFO] [stderr]   HOST = Some(x86_64-unknown-linux-gnu)
[INFO] [stderr]   cargo:rerun-if-env-changed=CC_x86_64-unknown-linux-gnu
[INFO] [stderr]   CC_x86_64-unknown-linux-gnu = None
[INFO] [stderr]   cargo:rerun-if-env-changed=CC_x86_64_unknown_linux_gnu
[INFO] [stderr]   CC_x86_64_unknown_linux_gnu = None
[INFO] [stderr]   cargo:rerun-if-env-changed=HOST_CC
[INFO] [stderr]   HOST_CC = None
[INFO] [stderr]   cargo:rerun-if-env-changed=CC
[INFO] [stderr]   CC = None
[INFO] [stderr]   cargo:rerun-if-env-changed=CC_ENABLE_DEBUG_OUTPUT
[INFO] [stderr]   RUSTC_WRAPPER = None
[INFO] [stderr]   cargo:rerun-if-env-changed=CRATE_CC_NO_DEFAULTS
[INFO] [stderr]   CRATE_CC_NO_DEFAULTS = None
[INFO] [stderr]   DEBUG = Some(true)
[INFO] [stderr]   CARGO_CFG_TARGET_FEATURE = Some(fxsr,sse,sse2,x87)
[INFO] [stderr]   cargo:rerun-if-env-changed=CFLAGS
[INFO] [stderr]   CFLAGS = None
[INFO] [stderr]   cargo:rerun-if-env-changed=HOST_CFLAGS
[INFO] [stderr]   HOST_CFLAGS = None
[INFO] [stderr]   cargo:rerun-if-env-changed=CFLAGS_x86_64_unknown_linux_gnu
[INFO] [stderr]   CFLAGS_x86_64_unknown_linux_gnu = None
[INFO] [stderr]   cargo:rerun-if-env-changed=CFLAGS_x86_64-unknown-linux-gnu
[INFO] [stderr]   CFLAGS_x86_64-unknown-linux-gnu = None
[INFO] [stderr]   CARGO_ENCODED_RUSTFLAGS = Some(--cap-lints=forbid-Znext-solver=coherence)
[INFO] [stderr]   cargo:warning=Compilation of 'c11.c' succeeded - Ok(["/opt/rustwide/target/debug/build/aws-lc-sys/dc79409e71865f6e/out/out-c11/7dfda64fdf5a526c-c11.o"]).
[INFO] [stderr]   cargo:rerun-if-env-changed=AWS_LC_SYS_TARGET_CC_x86_64_unknown_linux_gnu
[INFO] [stderr]   cargo:rerun-if-env-changed=AWS_LC_SYS_TARGET_CC
[INFO] [stderr]   cargo:rerun-if-env-changed=TARGET_CC_x86_64_unknown_linux_gnu
[INFO] [stderr]   cargo:rerun-if-env-changed=TARGET_CC
[INFO] [stderr]   cargo:rerun-if-env-changed=AWS_LC_SYS_CC_x86_64_unknown_linux_gnu
[INFO] [stderr]   cargo:rerun-if-env-changed=AWS_LC_SYS_CC
[INFO] [stderr]   cargo:rerun-if-env-changed=CC_x86_64_unknown_linux_gnu
[INFO] [stderr]   cargo:rerun-if-env-changed=CC
[INFO] [stderr]   cargo:rerun-if-env-changed=AWS_LC_SYS_TARGET_CXX_x86_64_unknown_linux_gnu
[INFO] [stderr]   cargo:rerun-if-env-changed=AWS_LC_SYS_TARGET_CXX
[INFO] [stderr]   cargo:rerun-if-env-changed=TARGET_CXX_x86_64_unknown_linux_gnu
[INFO] [stderr]   cargo:rerun-if-env-changed=TARGET_CXX
[INFO] [stderr]   cargo:rerun-if-env-changed=AWS_LC_SYS_CXX_x86_64_unknown_linux_gnu
[INFO] [stderr]   cargo:rerun-if-env-changed=AWS_LC_SYS_CXX
[INFO] [stderr]   cargo:rerun-if-env-changed=CXX_x86_64_unknown_linux_gnu
[INFO] [stderr]   cargo:rerun-if-env-changed=CXX
[INFO] [stderr]   CMAKE_TOOLCHAIN_FILE_x86_64-unknown-linux-gnu = None
[INFO] [stderr]   CMAKE_TOOLCHAIN_FILE_x86_64_unknown_linux_gnu = None
[INFO] [stderr]   HOST_CMAKE_TOOLCHAIN_FILE = None
[INFO] [stderr]   CMAKE_TOOLCHAIN_FILE = None
[INFO] [stderr]   CMAKE_GENERATOR_x86_64-unknown-linux-gnu = None
[INFO] [stderr]   CMAKE_GENERATOR_x86_64_unknown_linux_gnu = None
[INFO] [stderr]   HOST_CMAKE_GENERATOR = None
[INFO] [stderr]   CMAKE_GENERATOR = None
[INFO] [stderr]   CMAKE_PREFIX_PATH_x86_64-unknown-linux-gnu = None
[INFO] [stderr]   CMAKE_PREFIX_PATH_x86_64_unknown_linux_gnu = None
[INFO] [stderr]   HOST_CMAKE_PREFIX_PATH = None
[INFO] [stderr]   CMAKE_PREFIX_PATH = None
[INFO] [stderr]   CMAKE_x86_64-unknown-linux-gnu = None
[INFO] [stderr]   CMAKE_x86_64_unknown_linux_gnu = None
[INFO] [stderr]   HOST_CMAKE = None
[INFO] [stderr]   CMAKE = Some("cmake")
[INFO] [stderr]   running: cd "/opt/rustwide/target/debug/build/aws-lc-sys/dc79409e71865f6e/out/build" && CMAKE_PREFIX_PATH="" LC_ALL="C" "cmake" "/opt/rustwide/cargo-home/registry/src/index.crates.io-1949cf8c6b5b557f/aws-lc-sys-0.41.0" "-DBUILD_SHARED_LIBS=0" "-DBORINGSSL_PREFIX=aws_lc_0_41_0_" "-DBORINGSSL_PREFIX_HEADERS=/opt/rustwide/cargo-home/registry/src/index.crates.io-1949cf8c6b5b557f/aws-lc-sys-0.41.0/generated-include" "-DBUILD_TESTING=OFF" "-DBUILD_TOOL=OFF" "-DENABLE_SOURCE_MODIFICATION=OFF" "-DBUILD_LIBSSL=OFF" "-DDISABLE_PERL=ON" "-DDISABLE_GO=ON" "-DCMAKE_C_STANDARD=11" "-DCMAKE_INSTALL_PREFIX=/opt/rustwide/target/debug/build/aws-lc-sys/dc79409e71865f6e/out" "-DCMAKE_C_FLAGS= -ffunction-sections -fdata-sections -fPIC -m64" "-DCMAKE_C_COMPILER=/usr/bin/cc" "-DCMAKE_CXX_FLAGS= -ffunction-sections -fdata-sections -fPIC -m64" "-DCMAKE_CXX_COMPILER=/usr/bin/c++" "-DCMAKE_ASM_FLAGS= -ffunction-sections -fdata-sections -fPIC -m64" "-DCMAKE_ASM_COMPILER=/usr/bin/cc" "-DCMAKE_BUILD_TYPE=Debug" "--no-warn-unused-cli"
[INFO] [stderr]   Not searching for unused variables given on the command line.
[INFO] [stderr]   -- The C compiler identification is GNU 15.2.0
[INFO] [stderr]   -- Detecting C compiler ABI info
[INFO] [stderr]   -- Detecting C compiler ABI info - done
[INFO] [stderr]   -- Check for working C compiler: /usr/bin/cc - skipped
[INFO] [stderr]   -- Detecting C compile features
[INFO] [stderr]   -- Detecting C compile features - done
[INFO] [stderr]   -- SET_LIB_SONAME: 0
[INFO] [stderr]   -- COHABITANT_HEADERS: 0
[INFO] [stderr]   -- INSTALL_OPENSSL_SHIM: 1
[INFO] [stderr]   -- Entropy source configured: Dynamic (default: CPU Jitter)
[INFO] [stderr]   -- Go not found. Disabling some code generation and using pre-generated code in generated-src/
[INFO] [stderr]   -- Perl not found. Disabling some code generation and using pre-generated code in generated-src/
[INFO] [stderr]   -- Prefix build configured: performing build using prefix "aws_lc_0_41_0_" and headers path "/opt/rustwide/cargo-home/registry/src/index.crates.io-1949cf8c6b5b557f/aws-lc-sys-0.41.0/generated-include"
[INFO] [stderr]   -- Setting CMAKE_C_STANDARD=11
[INFO] [stderr]   -- Performing Test HAVE_C_FLAG__Wno_cast_function_type
[INFO] [stderr]   -- Performing Test HAVE_C_FLAG__Wno_cast_function_type - Success
[INFO] [stderr]   -- Compiler supports '-Wno-cast-function-type', adding to CMAKE_C_FLAGS
[INFO] [stderr]   -- Performing Test HAVE_C_FLAG__Wno_free_nonheap_object
[INFO] [stderr]   -- Performing Test HAVE_C_FLAG__Wno_free_nonheap_object - Success
[INFO] [stderr]   -- Compiler supports '-Wno-free-nonheap-object', adding to C_CXX_FLAGS
[INFO] [stderr]   -- Performing Test HAVE_C_FLAG__Wmissing_braces
[INFO] [stderr]   -- Performing Test HAVE_C_FLAG__Wmissing_braces - Success
[INFO] [stderr]   -- Compiler supports '-Wmissing-braces', adding to C_CXX_FLAGS
[INFO] [stderr]   -- Performing Test HAVE_C_FLAG__Wstring_concatenation
[INFO] [stderr]   -- Performing Test HAVE_C_FLAG__Wstring_concatenation - Failed
[INFO] [stderr]   -- Performing Test HAVE_C_FLAG__Wimplicit_fallthrough
[INFO] [stderr]   -- Performing Test HAVE_C_FLAG__Wimplicit_fallthrough - Success
[INFO] [stderr]   -- Compiler supports '-Wimplicit-fallthrough', adding to C_CXX_FLAGS
[INFO] [stderr]   -- linux_random_h.c probe is positive, enabling HAVE_LINUX_RANDOM_H
[INFO] [stderr]   -- stdalign_check.c probe is positive, enabling AWS_LC_STDALIGN_AVAILABLE
[INFO] [stderr]   -- builtin_swap_check.c probe is positive, enabling AWS_LC_BUILTIN_SWAP_SUPPORTED
[INFO] [stderr]   -- Performing Test HAVE_C_FLAG__Wshadow
[INFO] [stderr]   -- Performing Test HAVE_C_FLAG__Wshadow - Success
[INFO] [stderr]   -- Compiler supports '-Wshadow', adding to C_CXX_FLAGS
[INFO] [stderr]   -- Performing Test CMAKE_HAVE_LIBC_PTHREAD
[INFO] [stderr]   -- Performing Test CMAKE_HAVE_LIBC_PTHREAD - Success
[INFO] [stderr]   -- Found Threads: TRUE
[INFO] [stderr]   -- The ASM compiler identification is GNU
[INFO] [stderr]   -- Found assembler: /usr/bin/cc
[INFO] [stderr]   -- Configuring done (2.8s)
[INFO] [stderr]   -- Generating done (0.2s)
[INFO] [stderr]   -- Build files have been written to: /opt/rustwide/target/debug/build/aws-lc-sys/dc79409e71865f6e/out/build
[INFO] [stderr]   running: cd "/opt/rustwide/target/debug/build/aws-lc-sys/dc79409e71865f6e/out/build" && LC_ALL="C" MAKEFLAGS="-j --jobserver-fds=4,5 --jobserver-auth=4,5" "cmake" "--build" "/opt/rustwide/target/debug/build/aws-lc-sys/dc79409e71865f6e/out/build" "--target" "install" "--config" "Debug"
[INFO] [stderr]   [  0%] Built target boringssl_prefix_symbols
[INFO] [stderr]   [  1%] Building C object aws-lc/third_party/jitterentropy/CMakeFiles/jitterentropy.dir/jitterentropy-library/src/jitterentropy-health.c.o
[INFO] [stderr]   [  1%] Building C object aws-lc/third_party/jitterentropy/CMakeFiles/jitterentropy.dir/jitterentropy-library/src/jitterentropy-base.c.o
[INFO] [stderr]   [  1%] Building C object aws-lc/third_party/jitterentropy/CMakeFiles/jitterentropy.dir/jitterentropy-library/src/jitterentropy-noise.c.o
[INFO] [stderr]   [  1%] Building C object aws-lc/third_party/jitterentropy/CMakeFiles/jitterentropy.dir/jitterentropy-library/src/jitterentropy-gcd.c.o
[INFO] [stderr]   [  1%] Building C object aws-lc/third_party/jitterentropy/CMakeFiles/jitterentropy.dir/jitterentropy-library/src/jitterentropy-sha3.c.o
[INFO] [stderr]   [  2%] Building C object aws-lc/third_party/jitterentropy/CMakeFiles/jitterentropy.dir/jitterentropy-library/src/jitterentropy-timer.c.o
[INFO] [stderr]   [  2%] Building C object aws-lc/crypto/CMakeFiles/crypto_objects.dir/asn1/a_bitstr.c.o
[INFO] [stderr]   [  2%] Building C object aws-lc/crypto/CMakeFiles/crypto_objects.dir/asn1/a_i2d_fp.c.o
[INFO] [stderr]   [  2%] Building C object aws-lc/crypto/CMakeFiles/crypto_objects.dir/asn1/a_dup.c.o
[INFO] [stderr]   [  3%] Building C object aws-lc/crypto/CMakeFiles/crypto_objects.dir/asn1/a_int.c.o
[INFO] [stderr]   [  4%] Building C object aws-lc/crypto/CMakeFiles/crypto_objects.dir/asn1/a_d2i_fp.c.o
[INFO] [stderr]   [  4%] Building C object aws-lc/crypto/CMakeFiles/crypto_objects.dir/asn1/a_bool.c.o
[INFO] [stderr]   [  4%] Building C object aws-lc/crypto/CMakeFiles/crypto_objects.dir/asn1/a_gentm.c.o
[INFO] [stderr]   [  4%] Building C object aws-lc/crypto/fipsmodule/CMakeFiles/fipsmodule.dir/bcm.c.o
[INFO] [stderr]   [  5%] Building C object aws-lc/crypto/fipsmodule/CMakeFiles/fipsmodule.dir/fips_shared_support.c.o
[INFO] [stderr]   [  5%] Building C object aws-lc/crypto/fipsmodule/CMakeFiles/fipsmodule.dir/cpucap/cpucap.c.o
[INFO] [stderr]   [  5%] Building ASM object aws-lc/crypto/fipsmodule/CMakeFiles/fipsmodule.dir/aesni-gcm-avx512.S.o
[INFO] [stderr]   [  5%] Building C object aws-lc/crypto/CMakeFiles/crypto_objects.dir/asn1/a_mbstr.c.o
[INFO] [stderr]   [  5%] Building C object aws-lc/crypto/CMakeFiles/crypto_objects.dir/asn1/a_object.c.o
[INFO] [stderr]   [  5%] Building ASM object aws-lc/crypto/fipsmodule/CMakeFiles/fipsmodule.dir/aesni-gcm-x86_64.S.o
[INFO] [stderr]   [  6%] Building C object aws-lc/crypto/CMakeFiles/crypto_objects.dir/asn1/a_octet.c.o
[INFO] [stderr]   [  7%] Building ASM object aws-lc/crypto/fipsmodule/CMakeFiles/fipsmodule.dir/aesni-xts-avx512.S.o
[INFO] [stderr]   [  7%] Building C object aws-lc/crypto/CMakeFiles/crypto_objects.dir/asn1/a_strex.c.o
[INFO] [stderr]   [  7%] Building C object aws-lc/crypto/CMakeFiles/crypto_objects.dir/asn1/a_strnid.c.o
[INFO] [stderr]   [  7%] Building ASM object aws-lc/crypto/fipsmodule/CMakeFiles/fipsmodule.dir/ghash-ssse3-x86_64.S.o
[INFO] [stderr]   [  7%] Building ASM object aws-lc/crypto/fipsmodule/CMakeFiles/fipsmodule.dir/aesni-x86_64.S.o
[INFO] [stderr]   [  7%] Building C object aws-lc/crypto/CMakeFiles/crypto_objects.dir/asn1/a_time.c.o
[INFO] [stderr]   [  7%] Built target jitterentropy
[INFO] [stderr]   [  8%] Building ASM object aws-lc/crypto/fipsmodule/CMakeFiles/fipsmodule.dir/ghash-x86_64.S.o
[INFO] [stderr]   [  8%] Building C object aws-lc/crypto/CMakeFiles/crypto_objects.dir/asn1/a_utctm.c.o
[INFO] [stderr]   [  8%] Building ASM object aws-lc/crypto/fipsmodule/CMakeFiles/fipsmodule.dir/md5-x86_64.S.o
[INFO] [stderr]   [  9%] Building C object aws-lc/crypto/CMakeFiles/crypto_objects.dir/asn1/a_type.c.o
[INFO] [stderr]   [  9%] Building ASM object aws-lc/crypto/fipsmodule/CMakeFiles/fipsmodule.dir/p256-x86_64-asm.S.o
[INFO] [stderr]   [  9%] Building ASM object aws-lc/crypto/fipsmodule/CMakeFiles/fipsmodule.dir/p256_beeu-x86_64-asm.S.o
[INFO] [stderr]   [  9%] Building C object aws-lc/crypto/CMakeFiles/crypto_objects.dir/asn1/a_utf8.c.o
[INFO] [stderr]   [ 10%] Building C object aws-lc/crypto/CMakeFiles/crypto_objects.dir/asn1/asn1_lib.c.o
[INFO] [stderr]   [ 10%] Building C object aws-lc/crypto/CMakeFiles/crypto_objects.dir/asn1/asn1_par.c.o
[INFO] [stderr]   [ 10%] Building C object aws-lc/crypto/CMakeFiles/crypto_objects.dir/asn1/asn_pack.c.o
[INFO] [stderr]   [ 11%] Building C object aws-lc/crypto/CMakeFiles/crypto_objects.dir/asn1/f_string.c.o
[INFO] [stderr]   [ 11%] Building ASM object aws-lc/crypto/fipsmodule/CMakeFiles/fipsmodule.dir/rsaz-avx2.S.o
[INFO] [stderr]   [ 11%] Building C object aws-lc/crypto/CMakeFiles/crypto_objects.dir/asn1/tasn_enc.c.o
[INFO] [stderr]   [ 11%] Building C object aws-lc/crypto/CMakeFiles/crypto_objects.dir/asn1/tasn_dec.c.o
[INFO] [stderr]   [ 12%] Building C object aws-lc/crypto/CMakeFiles/crypto_objects.dir/asn1/tasn_fre.c.o
[INFO] [stderr]   [ 13%] Building ASM object aws-lc/crypto/fipsmodule/CMakeFiles/fipsmodule.dir/rdrand-x86_64.S.o
[INFO] [stderr]   [ 13%] Building C object aws-lc/crypto/CMakeFiles/crypto_objects.dir/asn1/tasn_new.c.o
[INFO] [stderr]   [ 13%] Building C object aws-lc/crypto/CMakeFiles/crypto_objects.dir/asn1/tasn_typ.c.o
[INFO] [stderr]   [ 13%] Building C object aws-lc/crypto/CMakeFiles/crypto_objects.dir/asn1/f_int.c.o
[INFO] [stderr]   [ 13%] Building ASM object aws-lc/crypto/fipsmodule/CMakeFiles/fipsmodule.dir/rsaz-2k-avx512.S.o
[INFO] [stderr]   [ 13%] Building C object aws-lc/crypto/CMakeFiles/crypto_objects.dir/asn1/tasn_utl.c.o
[INFO] [stderr]   [ 14%] Building C object aws-lc/crypto/CMakeFiles/crypto_objects.dir/asn1/posix_time.c.o
[INFO] [stderr]   [ 15%] Building ASM object aws-lc/crypto/fipsmodule/CMakeFiles/fipsmodule.dir/rsaz-4k-avx512.S.o
[INFO] [stderr]   [ 15%] Building ASM object aws-lc/crypto/fipsmodule/CMakeFiles/fipsmodule.dir/sha1-x86_64.S.o
[INFO] [stderr]   [ 16%] Building ASM object aws-lc/crypto/fipsmodule/CMakeFiles/fipsmodule.dir/sha512-x86_64.S.o
[INFO] [stderr]   [ 16%] Building ASM object aws-lc/crypto/fipsmodule/CMakeFiles/fipsmodule.dir/x86_64-mont5.S.o
[INFO] [stderr]   [ 16%] Building ASM object aws-lc/crypto/fipsmodule/CMakeFiles/fipsmodule.dir/sha256-x86_64.S.o
[INFO] [stderr]   [ 16%] Building C object aws-lc/crypto/CMakeFiles/crypto_objects.dir/base64/base64.c.o
[INFO] [stderr]   [ 16%] Building C object aws-lc/crypto/CMakeFiles/crypto_objects.dir/bio/bio.c.o
[INFO] [stderr]   [ 16%] Building ASM object aws-lc/crypto/fipsmodule/CMakeFiles/fipsmodule.dir/rsaz-3k-avx512.S.o
[INFO] [stderr]   [ 17%] Building ASM object aws-lc/crypto/fipsmodule/CMakeFiles/fipsmodule.dir/__/__/third_party/s2n-bignum/s2n-bignum-imported/x86_att/p256/p256_montjscalarmul.S.o
[INFO] [stderr]   [ 17%] Building ASM object aws-lc/crypto/fipsmodule/CMakeFiles/fipsmodule.dir/vpaes-x86_64.S.o
[INFO] [stderr]   [ 18%] Building C object aws-lc/crypto/CMakeFiles/crypto_objects.dir/bio/bio_addr.c.o
[INFO] [stderr]   [ 18%] Building ASM object aws-lc/crypto/fipsmodule/CMakeFiles/fipsmodule.dir/__/__/third_party/s2n-bignum/s2n-bignum-imported/x86_att/p256/p256_montjscalarmul_alt.S.o
[INFO] [stderr]   [ 18%] Building C object aws-lc/crypto/CMakeFiles/crypto_objects.dir/bio/bio_mem.c.o
[INFO] [stderr]   [ 18%] Building C object aws-lc/crypto/CMakeFiles/crypto_objects.dir/bio/connect.c.o
[INFO] [stderr]   [ 18%] Building ASM object aws-lc/crypto/fipsmodule/CMakeFiles/fipsmodule.dir/__/__/third_party/s2n-bignum/s2n-bignum-imported/x86_att/p256/bignum_montinv_p256.S.o
[INFO] [stderr]   [ 19%] Building C object aws-lc/crypto/CMakeFiles/crypto_objects.dir/bio/errno.c.o
[INFO] [stderr]   [ 20%] Building ASM object aws-lc/crypto/fipsmodule/CMakeFiles/fipsmodule.dir/__/__/third_party/s2n-bignum/s2n-bignum-imported/x86_att/p384/bignum_add_p384.S.o
[INFO] [stderr]   [ 20%] Building C object aws-lc/crypto/CMakeFiles/crypto_objects.dir/bio/dgram.c.o
[INFO] [stderr]   [ 20%] Building C object aws-lc/crypto/CMakeFiles/crypto_objects.dir/bio/fd.c.o
[INFO] [stderr]   [ 20%] Building ASM object aws-lc/crypto/fipsmodule/CMakeFiles/fipsmodule.dir/__/__/third_party/s2n-bignum/s2n-bignum-imported/x86_att/p384/bignum_sub_p384.S.o
[INFO] [stderr]   [ 20%] Building C object aws-lc/crypto/CMakeFiles/crypto_objects.dir/bio/file.c.o
[INFO] [stderr]   [ 21%] Building C object aws-lc/crypto/CMakeFiles/crypto_objects.dir/bio/hexdump.c.o
[INFO] [stderr]   [ 21%] Building C object aws-lc/crypto/CMakeFiles/crypto_objects.dir/bio/md.c.o
[INFO] [stderr]   [ 21%] Building C object aws-lc/crypto/CMakeFiles/crypto_objects.dir/bio/pair.c.o
[INFO] [stderr]   [ 21%] Building ASM object aws-lc/crypto/fipsmodule/CMakeFiles/fipsmodule.dir/x86_64-mont.S.o
[INFO] [stderr]   [ 21%] Building C object aws-lc/crypto/CMakeFiles/crypto_objects.dir/bio/printf.c.o
[INFO] [stderr]   [ 21%] Building ASM object aws-lc/crypto/fipsmodule/CMakeFiles/fipsmodule.dir/__/__/third_party/s2n-bignum/s2n-bignum-imported/x86_att/p384/bignum_neg_p384.S.o
[INFO] [stderr]   [ 22%] Building ASM object aws-lc/crypto/fipsmodule/CMakeFiles/fipsmodule.dir/__/__/third_party/s2n-bignum/s2n-bignum-imported/x86_att/p384/bignum_deamont_p384.S.o
[INFO] [stderr]   [ 22%] Building C object aws-lc/crypto/CMakeFiles/crypto_objects.dir/bio/socket_helper.c.o
[INFO] [stderr]   [ 23%] Building C object aws-lc/crypto/CMakeFiles/crypto_objects.dir/bio/socket.c.o
[INFO] [stderr]   [ 23%] Building ASM object aws-lc/crypto/fipsmodule/CMakeFiles/fipsmodule.dir/__/__/third_party/s2n-bignum/s2n-bignum-imported/x86_att/p384/bignum_montmul_p384.S.o
[INFO] [stderr]   [ 24%] Building C object aws-lc/crypto/CMakeFiles/crypto_objects.dir/bn_extra/convert.c.o
[INFO] [stderr]   [ 23%] Building C object aws-lc/crypto/CMakeFiles/crypto_objects.dir/bn_extra/bn_asn1.c.o
[INFO] [stderr]   [ 24%] Building C object aws-lc/crypto/CMakeFiles/crypto_objects.dir/blake2/blake2.c.o
[INFO] [stderr]   [ 24%] Building ASM object aws-lc/crypto/fipsmodule/CMakeFiles/fipsmodule.dir/__/__/third_party/s2n-bignum/s2n-bignum-imported/x86_att/p384/bignum_montmul_p384_alt.S.o
[INFO] [stderr]   [ 25%] Building ASM object aws-lc/crypto/fipsmodule/CMakeFiles/fipsmodule.dir/__/__/third_party/s2n-bignum/s2n-bignum-imported/x86_att/p384/bignum_montsqr_p384.S.o
[INFO] [stderr]   [ 25%] Building C object aws-lc/crypto/CMakeFiles/crypto_objects.dir/buf/buf.c.o
[INFO] [stderr]   [ 25%] Building C object aws-lc/crypto/CMakeFiles/crypto_objects.dir/bytestring/asn1_compat.c.o
[INFO] [stderr]   [ 25%] Building ASM object aws-lc/crypto/fipsmodule/CMakeFiles/fipsmodule.dir/__/__/third_party/s2n-bignum/s2n-bignum-imported/x86_att/p384/bignum_tomont_p384.S.o
[INFO] [stderr]   [ 26%] Building C object aws-lc/crypto/CMakeFiles/crypto_objects.dir/bytestring/ber.c.o
[INFO] [stderr]   [ 26%] Building C object aws-lc/crypto/CMakeFiles/crypto_objects.dir/bytestring/cbb.c.o
[INFO] [stderr]   [ 26%] Building C object aws-lc/crypto/CMakeFiles/crypto_objects.dir/bytestring/cbs.c.o
[INFO] [stderr]   [ 26%] Building ASM object aws-lc/crypto/fipsmodule/CMakeFiles/fipsmodule.dir/__/__/third_party/s2n-bignum/s2n-bignum-imported/x86_att/p384/bignum_nonzero_6.S.o
[INFO] [stderr]   [ 26%] Building C object aws-lc/crypto/CMakeFiles/crypto_objects.dir/bytestring/unicode.c.o
[INFO] [stderr]   [ 26%] Building ASM object aws-lc/crypto/fipsmodule/CMakeFiles/fipsmodule.dir/__/__/third_party/s2n-bignum/s2n-bignum-imported/x86_att/p384/bignum_montsqr_p384_alt.S.o
[INFO] [stderr]   [ 27%] Building ASM object aws-lc/crypto/fipsmodule/CMakeFiles/fipsmodule.dir/__/__/third_party/s2n-bignum/s2n-bignum-imported/x86_att/p384/p384_montjdouble.S.o
[INFO] [stderr]   [ 27%] Building ASM object aws-lc/crypto/fipsmodule/CMakeFiles/fipsmodule.dir/__/__/third_party/s2n-bignum/s2n-bignum-imported/x86_att/p384/p384_montjdouble_alt.S.o
[INFO] [stderr]   [ 27%] Building ASM object aws-lc/crypto/fipsmodule/CMakeFiles/fipsmodule.dir/__/__/third_party/s2n-bignum/s2n-bignum-imported/x86_att/p384/p384_montjscalarmul.S.o
[INFO] [stderr]   [ 28%] Building C object aws-lc/crypto/CMakeFiles/crypto_objects.dir/chacha/chacha.c.o
[INFO] [stderr]   [ 29%] Building ASM object aws-lc/crypto/fipsmodule/CMakeFiles/fipsmodule.dir/__/__/third_party/s2n-bignum/s2n-bignum-imported/x86_att/p384/p384_montjscalarmul_alt.S.o
[INFO] [stderr]   [ 29%] Building C object aws-lc/crypto/CMakeFiles/crypto_objects.dir/cipher_extra/cipher_extra.c.o
[INFO] [stderr]   [ 29%] Building ASM object aws-lc/crypto/fipsmodule/CMakeFiles/fipsmodule.dir/__/__/third_party/s2n-bignum/s2n-bignum-imported/x86_att/p384/bignum_littleendian_6.S.o
[INFO] [stderr]   [ 29%] Building ASM object aws-lc/crypto/fipsmodule/CMakeFiles/fipsmodule.dir/__/__/third_party/s2n-bignum/s2n-bignum-imported/x86_att/p384/bignum_montinv_p384.S.o
[INFO] [stderr]   [ 29%] Building C object aws-lc/crypto/CMakeFiles/crypto_objects.dir/cipher_extra/derive_key.c.o
[INFO] [stderr]   [ 30%] Building C object aws-lc/crypto/CMakeFiles/crypto_objects.dir/cipher_extra/e_aesctrhmac.c.o
[INFO] [stderr]   [ 30%] Building C object aws-lc/crypto/CMakeFiles/crypto_objects.dir/cipher_extra/e_aesgcmsiv.c.o
[INFO] [stderr]   [ 30%] Building ASM object aws-lc/crypto/fipsmodule/CMakeFiles/fipsmodule.dir/__/__/third_party/s2n-bignum/s2n-bignum-imported/x86_att/p521/bignum_add_p521.S.o
[INFO] [stderr]   [ 30%] Building ASM object aws-lc/crypto/fipsmodule/CMakeFiles/fipsmodule.dir/__/__/third_party/s2n-bignum/s2n-bignum-imported/x86_att/p521/bignum_sub_p521.S.o
[INFO] [stderr]   [ 31%] Building ASM object aws-lc/crypto/fipsmodule/CMakeFiles/fipsmodule.dir/__/__/third_party/s2n-bignum/s2n-bignum-imported/x86_att/p521/bignum_neg_p521.S.o
[INFO] [stderr]   [ 31%] Building C object aws-lc/crypto/CMakeFiles/crypto_objects.dir/cipher_extra/e_chacha20poly1305.c.o
[INFO] [stderr]   [ 31%] Building ASM object aws-lc/crypto/fipsmodule/CMakeFiles/fipsmodule.dir/__/__/third_party/s2n-bignum/s2n-bignum-imported/x86_att/p521/bignum_mul_p521.S.o
[INFO] [stderr]   [ 31%] Building C object aws-lc/crypto/CMakeFiles/crypto_objects.dir/cipher_extra/e_aes_cbc_hmac_sha1.c.o
[INFO] [stderr]   [ 32%] Building ASM object aws-lc/crypto/fipsmodule/CMakeFiles/fipsmodule.dir/__/__/third_party/s2n-bignum/s2n-bignum-imported/x86_att/p521/bignum_sqr_p521.S.o
[INFO] [stderr]   [ 32%] Building ASM object aws-lc/crypto/fipsmodule/CMakeFiles/fipsmodule.dir/__/__/third_party/s2n-bignum/s2n-bignum-imported/x86_att/p521/bignum_mul_p521_alt.S.o
[INFO] [stderr]   [ 33%] Building C object aws-lc/crypto/CMakeFiles/crypto_objects.dir/cipher_extra/e_aes_cbc_hmac_sha256.c.o
[INFO] [stderr]   [ 33%] Building ASM object aws-lc/crypto/fipsmodule/CMakeFiles/fipsmodule.dir/__/__/third_party/s2n-bignum/s2n-bignum-imported/x86_att/p521/bignum_tolebytes_p521.S.o
[INFO] [stderr]   [ 33%] Building ASM object aws-lc/crypto/fipsmodule/CMakeFiles/fipsmodule.dir/__/__/third_party/s2n-bignum/s2n-bignum-imported/x86_att/p521/bignum_sqr_p521_alt.S.o
[INFO] [stderr]   [ 33%] Building C object aws-lc/crypto/CMakeFiles/crypto_objects.dir/cipher_extra/e_des.c.o
[INFO] [stderr]   [ 33%] Building C object aws-lc/crypto/CMakeFiles/crypto_objects.dir/cipher_extra/e_null.c.o
[INFO] [stderr]   [ 33%] Building ASM object aws-lc/crypto/fipsmodule/CMakeFiles/fipsmodule.dir/__/__/third_party/s2n-bignum/s2n-bignum-imported/x86_att/p521/bignum_fromlebytes_p521.S.o
[INFO] [stderr]   [ 34%] Building ASM object aws-lc/crypto/fipsmodule/CMakeFiles/fipsmodule.dir/__/__/third_party/s2n-bignum/s2n-bignum-imported/x86_att/p521/p521_jdouble.S.o
[INFO] [stderr]   [ 34%] Building ASM object aws-lc/crypto/fipsmodule/CMakeFiles/fipsmodule.dir/__/__/third_party/s2n-bignum/s2n-bignum-imported/x86_att/p521/p521_jscalarmul.S.o
[INFO] [stderr]   [ 34%] Building ASM object aws-lc/crypto/fipsmodule/CMakeFiles/fipsmodule.dir/__/__/third_party/s2n-bignum/s2n-bignum-imported/x86_att/p521/p521_jdouble_alt.S.o
[INFO] [stderr]   [ 34%] Building C object aws-lc/crypto/CMakeFiles/crypto_objects.dir/cipher_extra/e_rc4.c.o
[INFO] [stderr]   [ 35%] Building C object aws-lc/crypto/CMakeFiles/crypto_objects.dir/cipher_extra/e_rc2.c.o
[INFO] [stderr]   [ 35%] Building C object aws-lc/crypto/CMakeFiles/crypto_objects.dir/cipher_extra/tls_cbc.c.o
[INFO] [stderr]   [ 35%] Building C object aws-lc/crypto/CMakeFiles/crypto_objects.dir/cipher_extra/e_tls.c.o
[INFO] [stderr]   [ 36%] Building C object aws-lc/crypto/CMakeFiles/crypto_objects.dir/conf/conf.c.o
[INFO] [stderr]   [ 37%] Building ASM object aws-lc/crypto/fipsmodule/CMakeFiles/fipsmodule.dir/__/__/third_party/s2n-bignum/s2n-bignum-imported/x86_att/p521/p521_jscalarmul_alt.S.o
[INFO] [stderr]   [ 37%] Building C object aws-lc/crypto/CMakeFiles/crypto_objects.dir/console/console.c.o
[INFO] [stderr]   [ 37%] Building ASM object aws-lc/crypto/fipsmodule/CMakeFiles/fipsmodule.dir/__/__/third_party/s2n-bignum/s2n-bignum-imported/x86_att/p521/bignum_inv_p521.S.o
[INFO] [stderr]   [ 37%] Building C object aws-lc/crypto/CMakeFiles/crypto_objects.dir/crypto.c.o
[INFO] [stderr]   [ 37%] Building ASM object aws-lc/crypto/fipsmodule/CMakeFiles/fipsmodule.dir/__/__/third_party/s2n-bignum/s2n-bignum-imported/x86_att/curve25519/bignum_neg_p25519.S.o
[INFO] [stderr]   [ 37%] Building ASM object aws-lc/crypto/fipsmodule/CMakeFiles/fipsmodule.dir/__/__/third_party/s2n-bignum/s2n-bignum-imported/x86_att/curve25519/bignum_mod_n25519.S.o
[INFO] [stderr]   [ 38%] Building C object aws-lc/crypto/CMakeFiles/crypto_objects.dir/des/des.c.o
[INFO] [stderr]   [ 39%] Building ASM object aws-lc/crypto/fipsmodule/CMakeFiles/fipsmodule.dir/__/__/third_party/s2n-bignum/s2n-bignum-imported/x86_att/curve25519/bignum_madd_n25519.S.o
[INFO] [stderr]   [ 39%] Building C object aws-lc/crypto/CMakeFiles/crypto_objects.dir/dh_extra/params.c.o
[INFO] [stderr]   [ 39%] Building C object aws-lc/crypto/CMakeFiles/crypto_objects.dir/dh_extra/dh_asn1.c.o
[INFO] [stderr]   [ 39%] Building ASM object aws-lc/crypto/fipsmodule/CMakeFiles/fipsmodule.dir/__/__/third_party/s2n-bignum/s2n-bignum-imported/x86_att/curve25519/bignum_madd_n25519_alt.S.o
[INFO] [stderr]   [ 39%] Building ASM object aws-lc/crypto/fipsmodule/CMakeFiles/fipsmodule.dir/__/__/third_party/s2n-bignum/s2n-bignum-imported/x86_att/curve25519/edwards25519_decode.S.o
[INFO] [stderr]   [ 39%] Building C object aws-lc/crypto/CMakeFiles/crypto_objects.dir/digest_extra/digest_extra.c.o
[INFO] [stderr]   [ 39%] Building ASM object aws-lc/crypto/fipsmodule/CMakeFiles/fipsmodule.dir/__/__/third_party/s2n-bignum/s2n-bignum-imported/x86_att/curve25519/edwards25519_decode_alt.S.o
[INFO] [stderr]   [ 40%] Building C object aws-lc/crypto/CMakeFiles/crypto_objects.dir/dsa/dsa.c.o
[INFO] [stderr]   [ 41%] Building ASM object aws-lc/crypto/fipsmodule/CMakeFiles/fipsmodule.dir/__/__/third_party/s2n-bignum/s2n-bignum-imported/x86_att/curve25519/edwards25519_encode.S.o
[INFO] [stderr]   [ 41%] Building ASM object aws-lc/crypto/fipsmodule/CMakeFiles/fipsmodule.dir/__/__/third_party/s2n-bignum/s2n-bignum-imported/x86_att/curve25519/edwards25519_scalarmulbase.S.o
[INFO] [stderr]   [ 41%] Building C object aws-lc/crypto/CMakeFiles/crypto_objects.dir/dsa/dsa_asn1.c.o
[INFO] [stderr]   [ 41%] Building ASM object aws-lc/crypto/fipsmodule/CMakeFiles/fipsmodule.dir/__/__/third_party/s2n-bignum/s2n-bignum-imported/x86_att/curve25519/edwards25519_scalarmulbase_alt.S.o
[INFO] [stderr]   [ 41%] Building C object aws-lc/crypto/CMakeFiles/crypto_objects.dir/ecdh_extra/ecdh_extra.c.o
[INFO] [stderr]   [ 42%] Building ASM object aws-lc/crypto/fipsmodule/CMakeFiles/fipsmodule.dir/__/__/third_party/s2n-bignum/s2n-bignum-imported/x86_att/curve25519/edwards25519_scalarmuldouble.S.o
[INFO] [stderr]   [ 42%] Building ASM object aws-lc/crypto/fipsmodule/CMakeFiles/fipsmodule.dir/__/__/third_party/s2n-bignum/s2n-bignum-imported/x86_att/curve25519/edwards25519_scalarmuldouble_alt.S.o
[INFO] [stderr]   [ 43%] Building C object aws-lc/crypto/CMakeFiles/crypto_objects.dir/ecdsa_extra/ecdsa_asn1.c.o
[INFO] [stderr]   [ 43%] Building C object aws-lc/crypto/CMakeFiles/crypto_objects.dir/ec_extra/ec_asn1.c.o
[INFO] [stderr]   [ 43%] Building C object aws-lc/crypto/CMakeFiles/crypto_objects.dir/ec_extra/ec_derive.c.o
[INFO] [stderr]   [ 43%] Building ASM object aws-lc/crypto/fipsmodule/CMakeFiles/fipsmodule.dir/__/__/third_party/s2n-bignum/s2n-bignum-imported/x86_att/sha3/sha3_keccak4_f1600_alt.S.o
[INFO] [stderr]   [ 43%] Building C object aws-lc/crypto/CMakeFiles/crypto_objects.dir/ec_extra/hash_to_curve.c.o
[INFO] [stderr]   [ 43%] Building ASM object aws-lc/crypto/fipsmodule/CMakeFiles/fipsmodule.dir/__/__/third_party/s2n-bignum/s2n-bignum-imported/x86_att/sha3/sha3_keccak_f1600.S.o
[INFO] [stderr]   [ 44%] Building C object aws-lc/crypto/CMakeFiles/crypto_objects.dir/err/err.c.o
[INFO] [stderr]   [ 44%] Building C object aws-lc/crypto/CMakeFiles/crypto_objects.dir/engine/engine.c.o
[INFO] [stderr]   [ 45%] Building ASM object aws-lc/crypto/fipsmodule/CMakeFiles/fipsmodule.dir/__/__/third_party/s2n-bignum/s2n-bignum-imported/x86_att/p384/bignum_tomont_p384_alt.S.o
[INFO] [stderr]   [ 45%] Building ASM object aws-lc/crypto/fipsmodule/CMakeFiles/fipsmodule.dir/__/__/third_party/s2n-bignum/s2n-bignum-imported/x86_att/p384/bignum_deamont_p384_alt.S.o
[INFO] [stderr]   [ 45%] Building C object aws-lc/crypto/CMakeFiles/crypto_objects.dir/err_data.c.o
[INFO] [stderr]   [ 45%] Building ASM object aws-lc/crypto/fipsmodule/CMakeFiles/fipsmodule.dir/__/__/third_party/s2n-bignum/s2n-bignum-imported/x86_att/curve25519/curve25519_x25519.S.o
[INFO] [stderr]   [ 46%] Building ASM object aws-lc/crypto/fipsmodule/CMakeFiles/fipsmodule.dir/__/__/third_party/s2n-bignum/s2n-bignum-imported/x86_att/curve25519/curve25519_x25519_alt.S.o
[INFO] [stderr]   [ 46%] Building C object aws-lc/crypto/CMakeFiles/crypto_objects.dir/evp_extra/p_dh.c.o
[INFO] [stderr]   [ 46%] Building ASM object aws-lc/crypto/fipsmodule/CMakeFiles/fipsmodule.dir/__/__/third_party/s2n-bignum/s2n-bignum-imported/x86_att/curve25519/curve25519_x25519base.S.o
[INFO] [stderr]   [ 47%] Building C object aws-lc/crypto/CMakeFiles/crypto_objects.dir/evp_extra/evp_asn1.c.o
[INFO] [stderr]   [ 47%] Building ASM object aws-lc/crypto/fipsmodule/CMakeFiles/fipsmodule.dir/ml_kem/mlkem/native/x86_64/src/intt.S.o
[INFO] [stderr]   [ 47%] Building C object aws-lc/crypto/CMakeFiles/crypto_objects.dir/evp_extra/p_dh_asn1.c.o
[INFO] [stderr]   [ 47%] Building C object aws-lc/crypto/CMakeFiles/crypto_objects.dir/evp_extra/p_dsa.c.o
[INFO] [stderr]   [ 48%] Building C object aws-lc/crypto/CMakeFiles/crypto_objects.dir/evp_extra/p_dsa_asn1.c.o
[INFO] [stderr]   [ 48%] Building ASM object aws-lc/crypto/fipsmodule/CMakeFiles/fipsmodule.dir/__/__/third_party/s2n-bignum/s2n-bignum-imported/x86_att/curve25519/curve25519_x25519base_alt.S.o
[INFO] [stderr]   [ 48%] Building C object aws-lc/crypto/CMakeFiles/crypto_objects.dir/evp_extra/p_ec_asn1.c.o
[INFO] [stderr]   [ 49%] Building ASM object aws-lc/crypto/fipsmodule/CMakeFiles/fipsmodule.dir/ml_kem/mlkem/native/x86_64/src/ntt.S.o
[INFO] [stderr]   [ 49%] Building ASM object aws-lc/crypto/fipsmodule/CMakeFiles/fipsmodule.dir/ml_kem/mlkem/native/x86_64/src/mulcache_compute.S.o
[INFO] [stderr]   [ 49%] Building C object aws-lc/crypto/CMakeFiles/crypto_objects.dir/evp_extra/p_ed25519_asn1.c.o
[INFO] [stderr]   [ 49%] Building ASM object aws-lc/crypto/fipsmodule/CMakeFiles/fipsmodule.dir/ml_kem/mlkem/native/x86_64/src/nttfrombytes.S.o
[INFO] [stderr]   [ 50%] Building ASM object aws-lc/crypto/fipsmodule/CMakeFiles/fipsmodule.dir/ml_kem/mlkem/native/x86_64/src/ntttobytes.S.o
[INFO] [stderr]   [ 50%] Building ASM object aws-lc/crypto/fipsmodule/CMakeFiles/fipsmodule.dir/ml_kem/mlkem/native/x86_64/src/nttunpack.S.o
[INFO] [stderr]   [ 50%] Building ASM object aws-lc/crypto/fipsmodule/CMakeFiles/fipsmodule.dir/ml_kem/mlkem/native/x86_64/src/tomont.S.o
[INFO] [stderr]   [ 50%] Building ASM object aws-lc/crypto/fipsmodule/CMakeFiles/fipsmodule.dir/ml_kem/mlkem/native/x86_64/src/reduce.S.o
[INFO] [stderr]   [ 50%] Building C object aws-lc/crypto/CMakeFiles/crypto_objects.dir/evp_extra/p_hmac_asn1.c.o
[INFO] [stderr]   [ 50%] Building C object aws-lc/crypto/CMakeFiles/crypto_objects.dir/evp_extra/p_pqdsa_asn1.c.o
[INFO] [stderr]   [ 51%] Building C object aws-lc/crypto/CMakeFiles/crypto_objects.dir/evp_extra/p_kem_asn1.c.o
[INFO] [stderr]   [ 52%] Building ASM object aws-lc/crypto/fipsmodule/CMakeFiles/fipsmodule.dir/ml_kem/mlkem/native/x86_64/src/polyvec_basemul_acc_montgomery_cached_asm_k2.S.o
[INFO] [stderr]   [ 52%] Building ASM object aws-lc/crypto/fipsmodule/CMakeFiles/fipsmodule.dir/ml_kem/mlkem/native/x86_64/src/polyvec_basemul_acc_montgomery_cached_asm_k3.S.o
[INFO] [stderr]   [ 52%] Building C object aws-lc/crypto/CMakeFiles/crypto_objects.dir/evp_extra/p_rsa_asn1.c.o
[INFO] [stderr]   [ 53%] Building ASM object aws-lc/crypto/fipsmodule/CMakeFiles/fipsmodule.dir/ml_kem/mlkem/native/x86_64/src/rej_uniform_asm.S.o
[INFO] [stderr]   [ 53%] Building ASM object aws-lc/crypto/fipsmodule/CMakeFiles/fipsmodule.dir/ml_kem/mlkem/native/x86_64/src/poly_compress_d10.S.o
[INFO] [stderr]   [ 54%] Building C object aws-lc/crypto/CMakeFiles/crypto_objects.dir/evp_extra/p_x25519.c.o
[INFO] [stderr]   [ 54%] Building C object aws-lc/crypto/CMakeFiles/crypto_objects.dir/evp_extra/p_x25519_asn1.c.o
[INFO] [stderr]   [ 54%] Building ASM object aws-lc/crypto/fipsmodule/CMakeFiles/fipsmodule.dir/ml_kem/mlkem/native/x86_64/src/polyvec_basemul_acc_montgomery_cached_asm_k4.S.o
[INFO] [stderr]   [ 54%] Building C object aws-lc/crypto/CMakeFiles/crypto_objects.dir/evp_extra/print.c.o
[INFO] [stderr]   [ 54%] Building C object aws-lc/crypto/CMakeFiles/crypto_objects.dir/evp_extra/p_methods.c.o
[INFO] [stderr]   [ 55%] Building C object aws-lc/crypto/CMakeFiles/crypto_objects.dir/evp_extra/scrypt.c.o
[INFO] [stderr]   [ 55%] Building ASM object aws-lc/crypto/fipsmodule/CMakeFiles/fipsmodule.dir/ml_kem/mlkem/native/x86_64/src/poly_compress_d11.S.o
[INFO] [stderr]   [ 55%] Building ASM object aws-lc/crypto/fipsmodule/CMakeFiles/fipsmodule.dir/ml_kem/mlkem/native/x86_64/src/poly_compress_d4.S.o
[INFO] [stderr]   [ 55%] Building C object aws-lc/crypto/CMakeFiles/crypto_objects.dir/ex_data.c.o
[INFO] [stderr]   [ 55%] Building C object aws-lc/crypto/CMakeFiles/crypto_objects.dir/evp_extra/sign.c.o
[INFO] [stderr]   [ 56%] Building ASM object aws-lc/crypto/fipsmodule/CMakeFiles/fipsmodule.dir/ml_kem/mlkem/native/x86_64/src/poly_compress_d5.S.o
[INFO] [stderr]   [ 57%] Building C object aws-lc/crypto/CMakeFiles/crypto_objects.dir/hpke/hpke.c.o
[INFO] [stderr]   [ 57%] Building ASM object aws-lc/crypto/fipsmodule/CMakeFiles/fipsmodule.dir/ml_kem/mlkem/native/x86_64/src/poly_decompress_d10.S.o
[INFO] [stderr]   [ 57%] Building C object aws-lc/crypto/CMakeFiles/crypto_objects.dir/hrss/hrss.c.o
[INFO] [stderr]   [ 57%] Building ASM object aws-lc/crypto/fipsmodule/CMakeFiles/fipsmodule.dir/ml_kem/mlkem/native/x86_64/src/poly_decompress_d11.S.o
[INFO] [stderr]   [ 58%] Building ASM object aws-lc/crypto/fipsmodule/CMakeFiles/fipsmodule.dir/ml_kem/mlkem/native/x86_64/src/poly_decompress_d4.S.o
[INFO] [stderr]   [ 59%] Building C object aws-lc/crypto/CMakeFiles/crypto_objects.dir/mem.c.o
[INFO] [stderr]   [ 59%] Building ASM object aws-lc/crypto/fipsmodule/CMakeFiles/fipsmodule.dir/ml_kem/mlkem/native/x86_64/src/poly_decompress_d5.S.o
[INFO] [stderr]   [ 59%] Building C object aws-lc/crypto/CMakeFiles/crypto_objects.dir/lhash/lhash.c.o
[INFO] [stderr]   [ 59%] Building C object aws-lc/crypto/CMakeFiles/crypto_objects.dir/md4/md4.c.o
[INFO] [stderr]   [ 59%] Building C object aws-lc/crypto/CMakeFiles/crypto_objects.dir/obj/obj.c.o
[INFO] [stderr]   [ 60%] Building C object aws-lc/crypto/CMakeFiles/crypto_objects.dir/ocsp/ocsp_client.c.o
[INFO] [stderr]   [ 60%] Building C object aws-lc/crypto/CMakeFiles/crypto_objects.dir/ocsp/ocsp_asn.c.o
[INFO] [stderr]   [ 60%] Building C object aws-lc/crypto/CMakeFiles/crypto_objects.dir/ocsp/ocsp_extension.c.o
[INFO] [stderr]   [ 60%] Building C object aws-lc/crypto/CMakeFiles/crypto_objects.dir/ocsp/ocsp_http.c.o
[INFO] [stderr]   [ 61%] Building C object aws-lc/crypto/CMakeFiles/crypto_objects.dir/ocsp/ocsp_lib.c.o
[INFO] [stderr]   [ 61%] Building C object aws-lc/crypto/CMakeFiles/crypto_objects.dir/obj/obj_xref.c.o
[INFO] [stderr]   [ 61%] Building C object aws-lc/crypto/CMakeFiles/crypto_objects.dir/ocsp/ocsp_print.c.o
[INFO] [stderr]   [ 61%] Building C object aws-lc/crypto/CMakeFiles/crypto_objects.dir/ocsp/ocsp_server.c.o
[INFO] [stderr]   [ 62%] Building C object aws-lc/crypto/CMakeFiles/crypto_objects.dir/ocsp/ocsp_verify.c.o
[INFO] [stderr]   [ 62%] Building C object aws-lc/crypto/CMakeFiles/crypto_objects.dir/pem/pem_all.c.o
[INFO] [stderr]   [ 62%] Building C object aws-lc/crypto/CMakeFiles/crypto_objects.dir/pem/pem_info.c.o
[INFO] [stderr]   [ 63%] Building C object aws-lc/crypto/CMakeFiles/crypto_objects.dir/pem/pem_oth.c.o
[INFO] [stderr]   [ 63%] Building C object aws-lc/crypto/CMakeFiles/crypto_objects.dir/pem/pem_lib.c.o
[INFO] [stderr]   [ 63%] Building C object aws-lc/crypto/CMakeFiles/crypto_objects.dir/pem/pem_pk8.c.o
[INFO] [stderr]   [ 64%] Building C object aws-lc/crypto/CMakeFiles/crypto_objects.dir/pem/pem_x509.c.o
[INFO] [stderr]   [ 64%] Building C object aws-lc/crypto/CMakeFiles/crypto_objects.dir/pem/pem_pkey.c.o
[INFO] [stderr]   [ 64%] Building C object aws-lc/crypto/CMakeFiles/crypto_objects.dir/pem/pem_xaux.c.o
[INFO] [stderr]   [ 64%] Building C object aws-lc/crypto/CMakeFiles/crypto_objects.dir/pkcs7/bio/cipher.c.o
[INFO] [stderr]   [ 64%] Building C object aws-lc/crypto/CMakeFiles/crypto_objects.dir/pkcs7/pkcs7.c.o
[INFO] [stderr]   [ 65%] Building C object aws-lc/crypto/CMakeFiles/crypto_objects.dir/pkcs7/pkcs7_asn1.c.o
[INFO] [stderr]   [ 65%] Building C object aws-lc/crypto/CMakeFiles/crypto_objects.dir/pkcs8/pkcs8.c.o
[INFO] [stderr]   [ 65%] Building C object aws-lc/crypto/CMakeFiles/crypto_objects.dir/pkcs7/pkcs7_x509.c.o
[INFO] [stderr]   [ 66%] Building C object aws-lc/crypto/CMakeFiles/crypto_objects.dir/pkcs8/pkcs8_x509.c.o
[INFO] [stderr]   [ 66%] Building C object aws-lc/crypto/CMakeFiles/crypto_objects.dir/pkcs8/p5_pbev2.c.o
[INFO] [stderr]   [ 66%] Building C object aws-lc/crypto/CMakeFiles/crypto_objects.dir/poly1305/poly1305.c.o
[INFO] [stderr]   [ 66%] Building C object aws-lc/crypto/CMakeFiles/crypto_objects.dir/poly1305/poly1305_arm.c.o
[INFO] [stderr]   [ 67%] Building C object aws-lc/crypto/CMakeFiles/crypto_objects.dir/poly1305/poly1305_vec.c.o
[INFO] [stderr]   [ 67%] Building C object aws-lc/crypto/CMakeFiles/crypto_objects.dir/rand_extra/ccrandomgeneratebytes.c.o
[INFO] [stderr]   [ 67%] Building C object aws-lc/crypto/CMakeFiles/crypto_objects.dir/pool/pool.c.o
[INFO] [stderr]   [ 67%] Building C object aws-lc/crypto/CMakeFiles/crypto_objects.dir/rand_extra/deterministic.c.o
[INFO] [stderr]   [ 67%] Building C object aws-lc/crypto/CMakeFiles/crypto_objects.dir/rand_extra/vm_ube_fallback.c.o
[INFO] [stderr]   [ 68%] Building C object aws-lc/crypto/CMakeFiles/crypto_objects.dir/rand_extra/getentropy.c.o
[INFO] [stderr]   [ 68%] Building C object aws-lc/crypto/CMakeFiles/crypto_objects.dir/rand_extra/windows.c.o
[INFO] [stderr]   [ 68%] Building C object aws-lc/crypto/CMakeFiles/crypto_objects.dir/rand_extra/rand_extra.c.o
[INFO] [stderr]   [ 69%] Building C object aws-lc/crypto/CMakeFiles/crypto_objects.dir/rand_extra/urandom.c.o
[INFO] [stderr]   [ 69%] Building C object aws-lc/crypto/CMakeFiles/crypto_objects.dir/rc4/rc4.c.o
[INFO] [stderr]   [ 69%] Building C object aws-lc/crypto/CMakeFiles/crypto_objects.dir/refcount_c11.c.o
[INFO] [stderr]   [ 69%] Building C object aws-lc/crypto/CMakeFiles/crypto_objects.dir/refcount_win.c.o
[INFO] [stderr]   [ 70%] Building C object aws-lc/crypto/CMakeFiles/crypto_objects.dir/refcount_lock.c.o
[INFO] [stderr]   [ 70%] Building C object aws-lc/crypto/CMakeFiles/crypto_objects.dir/rsa_extra/rsa_crypt.c.o
[INFO] [stderr]   [ 70%] Building C object aws-lc/crypto/CMakeFiles/crypto_objects.dir/rsa_extra/rsa_asn1.c.o
[INFO] [stderr]   [ 71%] Building C object aws-lc/crypto/CMakeFiles/crypto_objects.dir/rsa_extra/rsassa_pss_asn1.c.o
[INFO] [stderr]   [ 71%] Building C object aws-lc/crypto/CMakeFiles/crypto_objects.dir/stack/stack.c.o
[INFO] [stderr]   [ 71%] Building C object aws-lc/crypto/CMakeFiles/crypto_objects.dir/rsa_extra/rsa_print.c.o
[INFO] [stderr]   [ 72%] Building C object aws-lc/crypto/CMakeFiles/crypto_objects.dir/siphash/siphash.c.o
[INFO] [stderr]   [ 72%] Building C object aws-lc/crypto/CMakeFiles/crypto_objects.dir/thread.c.o
[INFO] [stderr]   [ 72%] Building C object aws-lc/crypto/CMakeFiles/crypto_objects.dir/spake25519/spake25519.c.o
[INFO] [stderr]   [ 73%] Building C object aws-lc/crypto/CMakeFiles/crypto_objects.dir/thread_none.c.o
[INFO] [stderr]   [ 73%] Building C object aws-lc/crypto/CMakeFiles/crypto_objects.dir/thread_pthread.c.o
[INFO] [stderr]   [ 73%] Building C object aws-lc/crypto/CMakeFiles/crypto_objects.dir/trust_token/pmbtoken.c.o
[INFO] [stderr]   [ 73%] Building C object aws-lc/crypto/CMakeFiles/crypto_objects.dir/thread_win.c.o
[INFO] [stderr]   [ 73%] Building C object aws-lc/crypto/CMakeFiles/crypto_objects.dir/trust_token/voprf.c.o
[INFO] [stderr]   [ 73%] Building C object aws-lc/crypto/CMakeFiles/crypto_objects.dir/ube/ube.c.o
[INFO] [stderr]   [ 74%] Building C object aws-lc/crypto/CMakeFiles/crypto_objects.dir/trust_token/trust_token.c.o
[INFO] [stderr]   [ 75%] Building C object aws-lc/crypto/CMakeFiles/crypto_objects.dir/ube/fork_ube_detect.c.o
[INFO] [stderr]   [ 75%] Building C object aws-lc/crypto/CMakeFiles/crypto_objects.dir/x509/a_sign.c.o
[INFO] [stderr]   [ 75%] Building C object aws-lc/crypto/CMakeFiles/crypto_objects.dir/ube/vm_ube_detect.c.o
[INFO] [stderr]   [ 75%] Building C object aws-lc/crypto/CMakeFiles/crypto_objects.dir/x509/a_digest.c.o
[INFO] [stderr]   [ 76%] Building C object aws-lc/crypto/CMakeFiles/crypto_objects.dir/x509/a_verify.c.o
[INFO] [stderr]   [ 76%] Building C object aws-lc/crypto/CMakeFiles/crypto_objects.dir/x509/algorithm.c.o
[INFO] [stderr]   [ 76%] Building C object aws-lc/crypto/CMakeFiles/crypto_objects.dir/x509/asn1_gen.c.o
[INFO] [stderr]   [ 77%] Building C object aws-lc/crypto/CMakeFiles/crypto_objects.dir/x509/by_dir.c.o
[INFO] [stderr]   [ 77%] Building C object aws-lc/crypto/CMakeFiles/crypto_objects.dir/x509/by_file.c.o
[INFO] [stderr]   [ 77%] Building C object aws-lc/crypto/CMakeFiles/crypto_objects.dir/x509/name_print.c.o
[INFO] [stderr]   [ 77%] Building C object aws-lc/crypto/CMakeFiles/crypto_objects.dir/x509/i2d_pr.c.o
[INFO] [stderr]   [ 77%] Building C object aws-lc/crypto/CMakeFiles/crypto_objects.dir/x509/rsa_pss.c.o
[INFO] [stderr]   [ 78%] Building C object aws-lc/crypto/CMakeFiles/crypto_objects.dir/x509/policy.c.o
[INFO] [stderr]   [ 79%] Building C object aws-lc/crypto/CMakeFiles/crypto_objects.dir/x509/t_req.c.o
[INFO] [stderr]   [ 79%] Building C object aws-lc/crypto/CMakeFiles/crypto_objects.dir/x509/t_crl.c.o
[INFO] [stderr]   [ 79%] Building C object aws-lc/crypto/CMakeFiles/crypto_objects.dir/x509/t_x509a.c.o
[INFO] [stderr]   [ 79%] Building C object aws-lc/crypto/CMakeFiles/crypto_objects.dir/x509/t_x509.c.o
[INFO] [stderr]   [ 80%] Building C object aws-lc/crypto/CMakeFiles/crypto_objects.dir/x509/v3_akeya.c.o
[INFO] [stderr]   [ 80%] Building C object aws-lc/crypto/CMakeFiles/crypto_objects.dir/x509/v3_akey.c.o
[INFO] [stderr]   [ 80%] Building C object aws-lc/crypto/CMakeFiles/crypto_objects.dir/x509/v3_alt.c.o
[INFO] [stderr]   [ 80%] Building C object aws-lc/crypto/CMakeFiles/crypto_objects.dir/x509/v3_bcons.c.o
[INFO] [stderr]   [ 80%] Building C object aws-lc/crypto/CMakeFiles/crypto_objects.dir/x509/v3_bitst.c.o
[INFO] [stderr]   [ 81%] Building C object aws-lc/crypto/CMakeFiles/crypto_objects.dir/x509/v3_conf.c.o
[INFO] [stderr]   [ 81%] Building C object aws-lc/crypto/CMakeFiles/crypto_objects.dir/x509/v3_cpols.c.o
[INFO] [stderr]   [ 82%] Building C object aws-lc/crypto/CMakeFiles/crypto_objects.dir/x509/v3_enum.c.o
[INFO] [stderr]   [ 82%] Building C object aws-lc/crypto/CMakeFiles/crypto_objects.dir/x509/v3_crld.c.o
[INFO] [stderr]   [ 82%] Building C object aws-lc/crypto/CMakeFiles/crypto_objects.dir/x509/v3_extku.c.o
[INFO] [stderr]   [ 82%] Building C object aws-lc/crypto/CMakeFiles/crypto_objects.dir/x509/v3_genn.c.o
[INFO] [stderr]   [ 82%] Building C object aws-lc/crypto/CMakeFiles/crypto_objects.dir/x509/v3_ia5.c.o
[INFO] [stderr]   [ 83%] Building C object aws-lc/crypto/CMakeFiles/crypto_objects.dir/x509/v3_info.c.o
[INFO] [stderr]   [ 83%] Building C object aws-lc/crypto/CMakeFiles/crypto_objects.dir/x509/v3_int.c.o
[INFO] [stderr]   [ 83%] Building C object aws-lc/crypto/CMakeFiles/crypto_objects.dir/x509/v3_lib.c.o
[INFO] [stderr]   [ 84%] Building C object aws-lc/crypto/CMakeFiles/crypto_objects.dir/x509/v3_ncons.c.o
[INFO] [stderr]   [ 84%] Building C object aws-lc/crypto/CMakeFiles/crypto_objects.dir/x509/v3_ocsp.c.o
[INFO] [stderr]   [ 84%] Building C object aws-lc/crypto/CMakeFiles/crypto_objects.dir/x509/v3_pcons.c.o
[INFO] [stderr]   [ 84%] Building C object aws-lc/crypto/CMakeFiles/crypto_objects.dir/x509/v3_pmaps.c.o
[INFO] [stderr]   [ 85%] Building C object aws-lc/crypto/CMakeFiles/crypto_objects.dir/x509/v3_prn.c.o
[INFO] [stderr]   [ 85%] Building C object aws-lc/crypto/CMakeFiles/crypto_objects.dir/x509/v3_skey.c.o
[INFO] [stderr]   [ 85%] Building C object aws-lc/crypto/CMakeFiles/crypto_objects.dir/x509/v3_purp.c.o
[INFO] [stderr]   [ 86%] Building C object aws-lc/crypto/CMakeFiles/crypto_objects.dir/x509/v3_utl.c.o
[INFO] [stderr]   [ 86%] Building C object aws-lc/crypto/CMakeFiles/crypto_objects.dir/x509/x_all.c.o
[INFO] [stderr]   [ 86%] Building C object aws-lc/crypto/CMakeFiles/crypto_objects.dir/x509/x_attrib.c.o
[INFO] [stderr]   [ 87%] Building C object aws-lc/crypto/CMakeFiles/crypto_objects.dir/x509/x_crl.c.o
[INFO] [stderr]   [ 87%] Building C object aws-lc/crypto/CMakeFiles/crypto_objects.dir/x509/x_algor.c.o
[INFO] [stderr]   [ 87%] Building C object aws-lc/crypto/CMakeFiles/crypto_objects.dir/x509/x_name.c.o
[INFO] [stderr]   [ 88%] Building C object aws-lc/crypto/CMakeFiles/crypto_objects.dir/x509/x_pubkey.c.o
[INFO] [stderr]   [ 88%] Building C object aws-lc/crypto/CMakeFiles/crypto_objects.dir/x509/x_req.c.o
[INFO] [stderr]   [ 88%] Building C object aws-lc/crypto/CMakeFiles/crypto_objects.dir/x509/x_exten.c.o
[INFO] [stderr]   [ 88%] Building C object aws-lc/crypto/CMakeFiles/crypto_objects.dir/x509/x_sig.c.o
[INFO] [stderr]   [ 88%] Building C object aws-lc/crypto/CMakeFiles/crypto_objects.dir/x509/x_spki.c.o
[INFO] [stderr]   [ 89%] Building C object aws-lc/crypto/CMakeFiles/crypto_objects.dir/x509/x_val.c.o
[INFO] [stderr]   [ 89%] Building C object aws-lc/crypto/CMakeFiles/crypto_objects.dir/x509/x_x509.c.o
[INFO] [stderr]   [ 89%] Building C object aws-lc/crypto/CMakeFiles/crypto_objects.dir/x509/x_x509a.c.o
[INFO] [stderr]   [ 89%] Building C object aws-lc/crypto/CMakeFiles/crypto_objects.dir/x509/x509_cmp.c.o
[INFO] [stderr]   [ 89%] Building C object aws-lc/crypto/CMakeFiles/crypto_objects.dir/x509/x509_d2.c.o
[INFO] [stderr]   [ 90%] Building C object aws-lc/crypto/CMakeFiles/crypto_objects.dir/x509/x509_att.c.o
[INFO] [stderr]   [ 90%] Building C object aws-lc/crypto/CMakeFiles/crypto_objects.dir/x509/x509_def.c.o
[INFO] [stderr]   [ 91%] Building C object aws-lc/crypto/CMakeFiles/crypto_objects.dir/x509/x509_ext.c.o
[INFO] [stderr]   [ 91%] Building C object aws-lc/crypto/CMakeFiles/crypto_objects.dir/x509/x509_lu.c.o
[INFO] [stderr]   [ 91%] Building C object aws-lc/crypto/CMakeFiles/crypto_objects.dir/x509/x509_obj.c.o
[INFO] [stderr]   [ 91%] Building C object aws-lc/crypto/CMakeFiles/crypto_objects.dir/x509/x509_req.c.o
[INFO] [stderr]   [ 91%] Building C object aws-lc/crypto/CMakeFiles/crypto_objects.dir/x509/x509_vpm.c.o
[INFO] [stderr]   [ 91%] Building C object aws-lc/crypto/CMakeFiles/crypto_objects.dir/x509/x509_txt.c.o
[INFO] [stderr]   [ 91%] Building C object aws-lc/crypto/CMakeFiles/crypto_objects.dir/x509/x509.c.o
[INFO] [stderr]   [ 91%] Building C object aws-lc/crypto/CMakeFiles/crypto_objects.dir/x509/x509_vfy.c.o
[INFO] [stderr]   [ 92%] Building C object aws-lc/crypto/CMakeFiles/crypto_objects.dir/x509/x509_set.c.o
[INFO] [stderr]   [ 93%] Building C object aws-lc/crypto/CMakeFiles/crypto_objects.dir/x509/x509_v3.c.o
[INFO] [stderr]   [ 93%] Building C object aws-lc/crypto/CMakeFiles/crypto_objects.dir/x509/x509_trs.c.o
[INFO] [stderr]   [ 94%] Building C object aws-lc/crypto/CMakeFiles/crypto_objects.dir/x509/x509cset.c.o
[INFO] [stderr]   [ 95%] Building C object aws-lc/crypto/CMakeFiles/crypto_objects.dir/x509/x509spki.c.o
[INFO] [stderr]   [ 95%] Building C object aws-lc/crypto/CMakeFiles/crypto_objects.dir/x509/x509rset.c.o
[INFO] [stderr]   [ 95%] Building C object aws-lc/crypto/CMakeFiles/crypto_objects.dir/ui/ui.c.o
[INFO] [stderr]   [ 95%] Building C object aws-lc/crypto/CMakeFiles/crypto_objects.dir/x509/x509name.c.o
[INFO] [stderr]   [ 95%] Building C object aws-lc/crypto/CMakeFiles/crypto_objects.dir/decrepit/bio/base64_bio.c.o
[INFO] [stderr]   [ 95%] Building C object aws-lc/crypto/CMakeFiles/crypto_objects.dir/decrepit/blowfish/blowfish.c.o
[INFO] [stderr]   [ 96%] Building C object aws-lc/crypto/CMakeFiles/crypto_objects.dir/decrepit/cast/cast.c.o
[INFO] [stderr]   [ 96%] Building C object aws-lc/crypto/CMakeFiles/crypto_objects.dir/decrepit/cast/cast_tables.c.o
[INFO] [stderr]   [ 96%] Building C object aws-lc/crypto/CMakeFiles/crypto_objects.dir/decrepit/cfb/cfb.c.o
[INFO] [stderr]   [ 97%] Building C object aws-lc/crypto/CMakeFiles/crypto_objects.dir/decrepit/dh/dh_decrepit.c.o
[INFO] [stderr]   [ 97%] Building C object aws-lc/crypto/CMakeFiles/crypto_objects.dir/decrepit/obj/obj_decrepit.c.o
[INFO] [stderr]   [ 97%] Building C object aws-lc/crypto/CMakeFiles/crypto_objects.dir/decrepit/ripemd/ripemd.c.o
[INFO] [stderr]   [ 97%] Building C object aws-lc/crypto/CMakeFiles/crypto_objects.dir/decrepit/evp/evp_do_all.c.o
[INFO] [stderr]   [ 98%] Building C object aws-lc/crypto/CMakeFiles/crypto_objects.dir/decrepit/rsa/rsa_decrepit.c.o
[INFO] [stderr]   [ 98%] Building ASM object aws-lc/crypto/CMakeFiles/crypto_objects.dir/chacha/chacha-x86_64.S.o
[INFO] [stderr]   [ 98%] Building C object aws-lc/crypto/CMakeFiles/crypto_objects.dir/decrepit/x509/x509_decrepit.c.o
[INFO] [stderr]   [ 99%] Building ASM object aws-lc/crypto/CMakeFiles/crypto_objects.dir/cipher_extra/chacha20_poly1305_x86_64.S.o
[INFO] [stderr]   [ 99%] Building ASM object aws-lc/crypto/CMakeFiles/crypto_objects.dir/cipher_extra/aes128gcmsiv-x86_64.S.o
[INFO] [stderr]   [100%] Building ASM object aws-lc/crypto/CMakeFiles/crypto_objects.dir/test/trampoline-x86_64.S.o
[INFO] [stderr]   [100%] Building ASM object aws-lc/crypto/CMakeFiles/crypto_objects.dir/hrss/asm/poly_rq_mul.S.o
[INFO] [stderr]   [100%] Building ASM object aws-lc/crypto/CMakeFiles/crypto_objects.dir/cipher_extra/aesni-sha1-x86_64.S.o
[INFO] [stderr]   [100%] Building ASM object aws-lc/crypto/CMakeFiles/crypto_objects.dir/cipher_extra/aesni-sha256-x86_64.S.o
[INFO] [stderr]   [100%] Built target crypto_objects
[INFO] [stderr] 
[INFO] [stderr]   --- stderr
[INFO] [stderr]   error: 'rustfmt' is not installed for the custom toolchain '3154cc1a3e6424e44f438a95007d043ed5ceaaf6'.
[INFO] [stderr]   note: this is a custom toolchain, which cannot use `rustup component add`
[INFO] [stderr]   help: if you built this toolchain from source, and used `rustup toolchain link`, then you may be able to build the component with `x.py`
[INFO] [stderr]   Failed to run rustfmt: Internal rustfmt error (non-fatal, continuing)
[INFO] [stderr]   CMake Deprecation Warning at aws-lc/CMakeLists.txt:1 (cmake_minimum_required):
[INFO] [stderr]     Compatibility with CMake < 3.10 will be removed from a future version of
[INFO] [stderr]     CMake.
[INFO] [stderr] 
[INFO] [stderr]     Update the VERSION argument <min> value.  Or, use the <min>...<max> syntax
[INFO] [stderr]     to tell CMake that the project requires at least <min> but has been updated
[INFO] [stderr]     to work with policies introduced by <max> or earlier.
[INFO] [stderr] 
[INFO] [stderr] 
[INFO] [stderr]   Copying platform assembly files from /opt/rustwide/cargo-home/registry/src/index.crates.io-1949cf8c6b5b557f/aws-lc-sys-0.41.0/aws-lc/generated-src/linux-x86_64/crypto/ to /opt/rustwide/target/debug/build/aws-lc-sys/dc79409e71865f6e/out/build/aws-lc/crypto
[INFO] [stderr]   cc: fatal error: Killed signal terminated program cc1
[INFO] [stderr]   compilation terminated.
[INFO] [stderr]   gmake[2]: *** [aws-lc/crypto/fipsmodule/CMakeFiles/fipsmodule.dir/build.make:79: aws-lc/crypto/fipsmodule/CMakeFiles/fipsmodule.dir/bcm.c.o] Error 1
[INFO] [stderr]   gmake[1]: *** [CMakeFiles/Makefile2:361: aws-lc/crypto/fipsmodule/CMakeFiles/fipsmodule.dir/all] Error 2
[INFO] [stderr]   gmake[1]: *** Waiting for unfinished jobs....
[INFO] [stderr]   gmake: *** [Makefile:136: all] Error 2
[INFO] [stderr] 
[INFO] [stderr]   thread 'main' (6430) panicked at /opt/rustwide/cargo-home/registry/src/index.crates.io-1949cf8c6b5b557f/cmake-0.1.54/src/lib.rs:1119:5:
[INFO] [stderr] 
[INFO] [stderr]   command did not execute successfully, got: exit status: 2
[INFO] [stderr] 
[INFO] [stderr]   build script failed, must exit now
[INFO] [stderr]   stack backtrace:
[INFO] [stderr]      0:     0x5950ad373931 - std[3164a59e47d3bde]::backtrace_rs::backtrace::libunwind::trace
[INFO] [stderr]                                  at /rustc/3154cc1a3e6424e44f438a95007d043ed5ceaaf6/library/std/src/../../backtrace/src/backtrace/libunwind.rs:117:9
[INFO] [stderr]      1:     0x5950ad373931 - std[3164a59e47d3bde]::backtrace_rs::backtrace::trace_unsynchronized::<std[3164a59e47d3bde]::sys::backtrace::_print_fmt::{closure#1}>
[INFO] [stderr]                                  at /rustc/3154cc1a3e6424e44f438a95007d043ed5ceaaf6/library/std/src/../../backtrace/src/backtrace/mod.rs:66:14
[INFO] [stderr]      2:     0x5950ad373931 - std[3164a59e47d3bde]::sys::backtrace::_print_fmt
[INFO] [stderr]                                  at /rustc/3154cc1a3e6424e44f438a95007d043ed5ceaaf6/library/std/src/sys/backtrace.rs:74:9
[INFO] [stderr]      3:     0x5950ad373931 - <<std[3164a59e47d3bde]::sys::backtrace::BacktraceLock>::print::DisplayBacktrace as core[934024a1e6126fb4]::fmt::Display>::fmt
[INFO] [stderr]                                  at /rustc/3154cc1a3e6424e44f438a95007d043ed5ceaaf6/library/std/src/sys/backtrace.rs:44:26
[INFO] [stderr]      4:     0x5950ad38d6ea - <core[934024a1e6126fb4]::fmt::rt::Argument>::fmt
[INFO] [stderr]                                  at /rustc/3154cc1a3e6424e44f438a95007d043ed5ceaaf6/library/core/src/fmt/rt.rs:152:76
[INFO] [stderr]      5:     0x5950ad38d6ea - core[934024a1e6126fb4]::fmt::write
[INFO] [stderr]      6:     0x5950ad37ac2c - core[934024a1e6126fb4]::io::write::default_write_fmt::<std[3164a59e47d3bde]::sys::stdio::unix::Stderr>
[INFO] [stderr]                                  at /rustc/3154cc1a3e6424e44f438a95007d043ed5ceaaf6/library/core/src/io/write.rs:402:11
[INFO] [stderr]      7:     0x5950ad37ac2c - <std[3164a59e47d3bde]::sys::stdio::unix::Stderr as core[934024a1e6126fb4]::io::write::Write>::write_fmt
[INFO] [stderr]                                  at /rustc/3154cc1a3e6424e44f438a95007d043ed5ceaaf6/library/core/src/io/write.rs:335:13
[INFO] [stderr]      8:     0x5950ad34bf26 - <std[3164a59e47d3bde]::sys::backtrace::BacktraceLock>::print
[INFO] [stderr]                                  at /rustc/3154cc1a3e6424e44f438a95007d043ed5ceaaf6/library/std/src/sys/backtrace.rs:47:9
[INFO] [stderr]      9:     0x5950ad34bf26 - std[3164a59e47d3bde]::panicking::default_hook::{closure#0}
[INFO] [stderr]                                  at /rustc/3154cc1a3e6424e44f438a95007d043ed5ceaaf6/library/std/src/panicking.rs:289:27
[INFO] [stderr]     10:     0x5950ad36a131 - std[3164a59e47d3bde]::panicking::default_hook
[INFO] [stderr]                                  at /rustc/3154cc1a3e6424e44f438a95007d043ed5ceaaf6/library/std/src/panicking.rs:316:9
[INFO] [stderr]     11:     0x5950ad36a45b - std[3164a59e47d3bde]::panicking::panic_with_hook
[INFO] [stderr]                                  at /rustc/3154cc1a3e6424e44f438a95007d043ed5ceaaf6/library/std/src/panicking.rs:811:13
[INFO] [stderr]     12:     0x5950ad34bfd2 - std[3164a59e47d3bde]::panicking::panic_handler::{closure#0}
[INFO] [stderr]                                  at /rustc/3154cc1a3e6424e44f438a95007d043ed5ceaaf6/library/std/src/panicking.rs:685:13
[INFO] [stderr]     13:     0x5950ad344929 - std[3164a59e47d3bde]::sys::backtrace::__rust_end_short_backtrace::<std[3164a59e47d3bde]::panicking::panic_handler::{closure#0}, !>
[INFO] [stderr]                                  at /rustc/3154cc1a3e6424e44f438a95007d043ed5ceaaf6/library/std/src/sys/backtrace.rs:182:18
[INFO] [stderr]     14:     0x5950ad34cedd - __rustc[2e7b49d4226056d3]::rust_begin_unwind
[INFO] [stderr]                                  at /rustc/3154cc1a3e6424e44f438a95007d043ed5ceaaf6/library/std/src/panicking.rs:676:5
[INFO] [stderr]     15:     0x5950ad38df8c - core[934024a1e6126fb4]::panicking::panic_fmt
[INFO] [stderr]                                  at /rustc/3154cc1a3e6424e44f438a95007d043ed5ceaaf6/library/core/src/panicking.rs:80:14
[INFO] [stderr]     16:     0x5950acc7e027 - cmake[62084747c07859e9]::fail
[INFO] [stderr]     17:     0x5950acc7dcb3 - cmake[62084747c07859e9]::run
[INFO] [stderr]     18:     0x5950acc83b24 - <cmake[62084747c07859e9]::Config>::build
[INFO] [stderr]     19:     0x5950acc65e90 - <build_script_main[3b7f6b5470fde44e]::cmake_builder::CmakeBuilder>::build_library
[INFO] [stderr]     20:     0x5950acc6bbe5 - <build_script_main[3b7f6b5470fde44e]::cmake_builder::CmakeBuilder as build_script_main[3b7f6b5470fde44e]::Builder>::build
[INFO] [stderr]     21:     0x5950acc4198f - build_script_main[3b7f6b5470fde44e]::main
[INFO] [stderr]     22:     0x5950acc4a323 - <fn() as core[934024a1e6126fb4]::ops::function::FnOnce<()>>::call_once
[INFO] [stderr]     23:     0x5950acc50f16 - std[3164a59e47d3bde]::sys::backtrace::__rust_begin_short_backtrace::<fn(), ()>
[INFO] [stderr]     24:     0x5950acc46099 - std[3164a59e47d3bde]::rt::lang_start::<()>::{closure#0}
[INFO] [stderr]     25:     0x5950ad369428 - <&dyn core[934024a1e6126fb4]::ops::function::Fn<(), Output = i32> + core[934024a1e6126fb4]::marker::Sync + core[934024a1e6126fb4]::panic::unwind_safe::RefUnwindSafe as core[934024a1e6126fb4]::ops::function::FnOnce<()>>::call_once
[INFO] [stderr]                                  at /rustc/3154cc1a3e6424e44f438a95007d043ed5ceaaf6/library/core/src/ops/function.rs:287:21
[INFO] [stderr]     26:     0x5950ad369428 - std[3164a59e47d3bde]::panicking::catch_unwind::do_call::<&dyn core[934024a1e6126fb4]::ops::function::Fn<(), Output = i32> + core[934024a1e6126fb4]::marker::Sync + core[934024a1e6126fb4]::panic::unwind_safe::RefUnwindSafe, i32>
[INFO] [stderr]                                  at /rustc/3154cc1a3e6424e44f438a95007d043ed5ceaaf6/library/std/src/panicking.rs:573:43
[INFO] [stderr]     27:     0x5950ad369428 - std[3164a59e47d3bde]::panicking::catch_unwind::<i32, &dyn core[934024a1e6126fb4]::ops::function::Fn<(), Output = i32> + core[934024a1e6126fb4]::marker::Sync + core[934024a1e6126fb4]::panic::unwind_safe::RefUnwindSafe>
[INFO] [stderr]                                  at /rustc/3154cc1a3e6424e44f438a95007d043ed5ceaaf6/library/std/src/panicking.rs:541:19
[INFO] [stderr]     28:     0x5950ad369428 - std[3164a59e47d3bde]::panic::catch_unwind::<&dyn core[934024a1e6126fb4]::ops::function::Fn<(), Output = i32> + core[934024a1e6126fb4]::marker::Sync + core[934024a1e6126fb4]::panic::unwind_safe::RefUnwindSafe, i32>
[INFO] [stderr]                                  at /rustc/3154cc1a3e6424e44f438a95007d043ed5ceaaf6/library/std/src/panic.rs:359:14
[INFO] [stderr]     29:     0x5950ad369428 - std[3164a59e47d3bde]::rt::lang_start_internal::{closure#0}
[INFO] [stderr]                                  at /rustc/3154cc1a3e6424e44f438a95007d043ed5ceaaf6/library/std/src/rt.rs:175:24
[INFO] [stderr]     30:     0x5950ad369428 - std[3164a59e47d3bde]::panicking::catch_unwind::do_call::<std[3164a59e47d3bde]::rt::lang_start_internal::{closure#0}, isize>
[INFO] [stderr]                                  at /rustc/3154cc1a3e6424e44f438a95007d043ed5ceaaf6/library/std/src/panicking.rs:573:43
[INFO] [stderr]     31:     0x5950ad369428 - std[3164a59e47d3bde]::panicking::catch_unwind::<isize, std[3164a59e47d3bde]::rt::lang_start_internal::{closure#0}>
[INFO] [stderr]                                  at /rustc/3154cc1a3e6424e44f438a95007d043ed5ceaaf6/library/std/src/panicking.rs:541:19
[INFO] [stderr]     32:     0x5950ad369428 - std[3164a59e47d3bde]::panic::catch_unwind::<std[3164a59e47d3bde]::rt::lang_start_internal::{closure#0}, isize>
[INFO] [stderr]                                  at /rustc/3154cc1a3e6424e44f438a95007d043ed5ceaaf6/library/std/src/panic.rs:359:14
[INFO] [stderr]     33:     0x5950ad369428 - std[3164a59e47d3bde]::rt::lang_start_internal
[INFO] [stderr]                                  at /rustc/3154cc1a3e6424e44f438a95007d043ed5ceaaf6/library/std/src/rt.rs:171:5
[INFO] [stderr]     34:     0x5950acc454d1 - std[3164a59e47d3bde]::rt::lang_start::<()>
[INFO] [stderr]     35:     0x5950acc427f5 - main
[INFO] [stderr]     36:     0x70e96c1ad601 - <unknown>
[INFO] [stderr]     37:     0x70e96c1ad718 - __libc_start_main
[INFO] [stderr]     38:     0x5950acc35895 - _start
[INFO] [stderr]     39:                0x0 - <unknown>
[INFO] running `Command { std: "docker" "inspect" "ae57713b442067639194facda3d46534f9ff1bc330bd80535f0b0047cbcb0d33", kill_on_drop: false }`
[INFO] running `Command { std: "docker" "rm" "-f" "ae57713b442067639194facda3d46534f9ff1bc330bd80535f0b0047cbcb0d33", kill_on_drop: false }`
[INFO] [stdout] ae57713b442067639194facda3d46534f9ff1bc330bd80535f0b0047cbcb0d33
